-- Table structure for table `llx_ecommerce_category`
--

CREATE TABLE `llx_ecommerce_category` (
  `rowid` int(11) NOT NULL AUTO_INCREMENT,
  `label` varchar(255) COLLATE utf8_unicode_ci DEFAULT NULL,
  `type` tinyint(4) NOT NULL DEFAULT '1',
  `description` text COLLATE utf8_unicode_ci,
  `fk_category` int(11) NOT NULL,
  `fk_site` int(11) NOT NULL,
  `remote_id` int(11) NOT NULL,
  `remote_parent_id` int(11) DEFAULT NULL,
  `last_update` datetime DEFAULT NULL,
  PRIMARY KEY (`rowid`),
  UNIQUE KEY `uk_ecommerce_category_fk_site_fk_category` (`fk_site`,`fk_category`),
  KEY `idx_ecommerce_category_fk_category` (`fk_category`),
  KEY `idx_ecommerce_category_fk_site` (`fk_site`)
) ENGINE=InnoDB AUTO_INCREMENT=2268 DEFAULT CHARSET=utf8 COLLATE=utf8_unicode_ci COMMENT='Table transition remote site -  Dolibarr';

--
-- Dumping data for table `llx_ecommerce_category`
--

INSERT INTO `llx_ecommerce_category` VALUES (2260,'Default Category',0,'',35,2,2,1,'2017-09-22 14:46:27'),(2261,'categ1',0,'',36,2,3,2,'2017-09-23 14:53:15'),(2262,'categ1-a',0,'',37,2,6,3,'2018-09-25 15:11:47'),(2263,'categ1-b',0,'',38,2,7,3,'2017-09-23 14:45:50'),(2264,'categ2',0,'',39,2,4,1,'2017-09-23 14:45:54'),(2265,'categxxx',0,'',40,2,8,4,'2017-09-23 16:53:22'),(2266,'root2',0,'',41,2,9,1,'2017-09-23 16:53:31'),(2267,'root2-b',0,'',42,2,10,9,'2017-09-23 16:53:41');

--
-- Table structure for table `llx_element_contact`
--

CREATE TABLE `llx_element_contact` (
  `rowid` int(11) NOT NULL AUTO_INCREMENT,
  `datecreate` datetime DEFAULT NULL,
  `statut` smallint(6) DEFAULT '5',
  `element_id` int(11) NOT NULL,
  `fk_c_type_contact` int(11) NOT NULL,
  `fk_socpeople` int(11) NOT NULL,
  PRIMARY KEY (`rowid`),
  UNIQUE KEY `idx_element_contact_idx1` (`element_id`,`fk_c_type_contact`,`fk_socpeople`),
  KEY `fk_element_contact_fk_c_type_contact` (`fk_c_type_contact`),
  KEY `idx_element_contact_fk_socpeople` (`fk_socpeople`),
  CONSTRAINT `fk_element_contact_fk_c_type_contact` FOREIGN KEY (`fk_c_type_contact`) REFERENCES `llx_c_type_contact` (`rowid`)
) ENGINE=InnoDB AUTO_INCREMENT=29 DEFAULT CHARSET=utf8 COLLATE=utf8_unicode_ci;

--
-- Dumping data for table `llx_element_contact`
--

INSERT INTO `llx_element_contact` VALUES (1,'2012-07-09 00:49:43',4,1,160,1),(2,'2012-07-09 00:49:56',4,2,160,1),(3,'2012-07-09 00:50:19',4,3,160,1),(4,'2012-07-09 00:50:42',4,4,160,1),(5,'2012-07-09 01:52:36',4,1,120,1),(6,'2012-07-09 01:53:25',4,1,10,2),(7,'2012-07-09 01:53:25',4,1,11,2),(8,'2012-07-10 18:13:37',4,2,10,2),(9,'2012-07-10 18:13:37',4,2,11,2),(11,'2012-07-11 16:22:36',4,5,160,1),(12,'2012-07-11 16:23:53',4,2,180,1),(13,'2015-01-23 15:04:27',4,19,200,5),(14,'2015-01-23 16:06:37',4,19,210,2),(15,'2015-01-23 16:12:43',4,19,220,2),(16,'2015-03-06 10:04:57',4,3,10,1),(17,'2015-03-06 10:04:57',4,3,11,1),(18,'2016-12-21 13:52:41',4,3,180,1),(19,'2016-12-21 13:55:39',4,4,180,1),(20,'2016-12-21 14:16:58',4,5,180,1),(21,'2018-07-30 15:29:07',4,6,160,12),(22,'2018-07-30 15:29:48',4,7,160,12),(23,'2018-07-30 15:30:25',4,8,160,12),(24,'2018-07-30 15:33:27',4,6,180,12),(25,'2018-07-30 15:33:39',4,7,180,12),(26,'2018-07-30 15:33:54',4,8,180,12),(27,'2018-07-30 15:34:09',4,9,180,12),(28,'2018-07-31 18:27:20',4,9,160,12);

--
-- Table structure for table `llx_element_element`
--

CREATE TABLE `llx_element_element` (
  `rowid` int(11) NOT NULL AUTO_INCREMENT,
  `fk_source` int(11) NOT NULL,
  `sourcetype` varchar(32) COLLATE utf8_unicode_ci NOT NULL,
  `fk_target` int(11) NOT NULL,
  `targettype` varchar(32) COLLATE utf8_unicode_ci NOT NULL,
  PRIMARY KEY (`rowid`),
  UNIQUE KEY `idx_element_element_idx1` (`fk_source`,`sourcetype`,`fk_target`,`targettype`),
  KEY `idx_element_element_fk_target` (`fk_target`)
) ENGINE=InnoDB AUTO_INCREMENT=14 DEFAULT CHARSET=utf8 COLLATE=utf8_unicode_ci;

--
-- Dumping data for table `llx_element_element`
--

INSERT INTO `llx_element_element` VALUES (4,1,'order_supplier',20,'invoice_supplier'),(12,1,'shipping',217,'facture'),(5,2,'cabinetmed_cabinetmedcons',216,'facture'),(1,2,'contrat',2,'facture'),(2,2,'propal',1,'commande'),(3,5,'commande',1,'shipping'),(13,5,'commande',217,'facture'),(11,25,'propal',92,'commande'),(9,28,'propal',90,'commande'),(10,29,'propal',91,'commande'),(6,75,'commande',2,'shipping');

--
-- Table structure for table `llx_element_lock`
--

CREATE TABLE `llx_element_lock` (
  `rowid` int(11) NOT NULL AUTO_INCREMENT,
  `fk_element` int(11) NOT NULL,
  `elementtype` varchar(32) COLLATE utf8_unicode_ci NOT NULL,
  `datel` datetime DEFAULT NULL,
  `datem` datetime DEFAULT NULL,
  `sessionid` varchar(255) COLLATE utf8_unicode_ci DEFAULT NULL,
  PRIMARY KEY (`rowid`)
) ENGINE=InnoDB DEFAULT CHARSET=utf8 COLLATE=utf8_unicode_ci;

--
-- Dumping data for table `llx_element_lock`
--


--
-- Table structure for table `llx_element_resources`
--

CREATE TABLE `llx_element_resources` (
  `rowid` int(11) NOT NULL AUTO_INCREMENT,
  `element_id` int(11) DEFAULT NULL,
  `element_type` varchar(64) COLLATE utf8_unicode_ci DEFAULT NULL,
  `resource_id` int(11) DEFAULT NULL,
  `resource_type` varchar(64) COLLATE utf8_unicode_ci DEFAULT NULL,
  `busy` int(11) DEFAULT NULL,
  `mandatory` int(11) DEFAULT NULL,
  `fk_user_create` int(11) DEFAULT NULL,
  `tms` timestamp NOT NULL DEFAULT CURRENT_TIMESTAMP ON UPDATE CURRENT_TIMESTAMP,
  `duree` double DEFAULT NULL,
  PRIMARY KEY (`rowid`),
  UNIQUE KEY `idx_element_resources_idx1` (`resource_id`,`resource_type`,`element_id`,`element_type`),
  KEY `idx_element_element_element_id` (`element_id`)
) ENGINE=InnoDB DEFAULT CHARSET=utf8 COLLATE=utf8_unicode_ci;

--
-- Dumping data for table `llx_element_resources`
--


--
-- Table structure for table `llx_emailcollector_emailcollector`
--

CREATE TABLE `llx_emailcollector_emailcollector` (
  `rowid` int(11) NOT NULL AUTO_INCREMENT,
  `entity` int(11) NOT NULL DEFAULT '1',
  `ref` varchar(128) COLLATE utf8_unicode_ci NOT NULL,
  `label` varchar(255) COLLATE utf8_unicode_ci DEFAULT NULL,
  `description` mediumtext COLLATE utf8_unicode_ci,
  `host` varchar(255) COLLATE utf8_unicode_ci DEFAULT NULL,
  `user` varchar(128) COLLATE utf8_unicode_ci DEFAULT NULL,
  `password` varchar(128) COLLATE utf8_unicode_ci DEFAULT NULL,
  `source_directory` varchar(255) COLLATE utf8_unicode_ci DEFAULT NULL,
  `filter` mediumtext COLLATE utf8_unicode_ci,
  `actiontodo` varchar(255) COLLATE utf8_unicode_ci DEFAULT NULL,
  `target_directory` varchar(255) COLLATE utf8_unicode_ci DEFAULT NULL,
  `datelastresult` datetime DEFAULT NULL,
  `lastresult` varchar(255) COLLATE utf8_unicode_ci DEFAULT NULL,
  `note_public` mediumtext COLLATE utf8_unicode_ci,
  `note_private` mediumtext COLLATE utf8_unicode_ci,
  `date_creation` datetime NOT NULL,
  `tms` timestamp NOT NULL DEFAULT CURRENT_TIMESTAMP ON UPDATE CURRENT_TIMESTAMP,
  `fk_user_creat` int(11) NOT NULL,
  `fk_user_modif` int(11) DEFAULT NULL,
  `import_key` varchar(14) COLLATE utf8_unicode_ci DEFAULT NULL,
  `status` int(11) NOT NULL,
  `codelastresult` varchar(16) COLLATE utf8_unicode_ci DEFAULT NULL,
  `position` int(11) DEFAULT '0',
  `login` varchar(128) COLLATE utf8_unicode_ci DEFAULT NULL,
  `datelastok` datetime DEFAULT NULL,
  `maxemailpercollect` int(11) DEFAULT '100',
  PRIMARY KEY (`rowid`),
  KEY `idx_emailcollector_rowid` (`rowid`),
  KEY `idx_emailcollector_entity` (`entity`),
  KEY `idx_emailcollector_status` (`status`)
) ENGINE=InnoDB AUTO_INCREMENT=3 DEFAULT CHARSET=utf8 COLLATE=utf8_unicode_ci;

--
-- Dumping data for table `llx_emailcollector_emailcollector`
--

INSERT INTO `llx_emailcollector_emailcollector` VALUES (1,1,'MyEmailCollector1','My email collector 1','aaa','imap.gmail.com','testldr10@example.com','testldr10-10','INBOX','','','aftercollect','2018-11-19 15:21:07','1 emails analyzed, 1 emails successfuly processed (for 3 record/actions done) by collector',NULL,NULL,'2018-10-31 18:08:05','2018-10-31 17:08:05',12,12,NULL,1,'OK',0,NULL,NULL,100);

--
-- Table structure for table `llx_emailcollector_emailcollectoraction`
--

CREATE TABLE `llx_emailcollector_emailcollectoraction` (
  `rowid` int(11) NOT NULL AUTO_INCREMENT,
  `fk_emailcollector` int(11) NOT NULL,
  `type` varchar(128) COLLATE utf8_unicode_ci NOT NULL,
  `actionparam` varchar(255) COLLATE utf8_unicode_ci DEFAULT NULL,
  `date_creation` datetime NOT NULL,
  `tms` timestamp NOT NULL DEFAULT CURRENT_TIMESTAMP ON UPDATE CURRENT_TIMESTAMP,
  `fk_user_creat` int(11) NOT NULL,
  `fk_user_modif` int(11) DEFAULT NULL,
  `import_key` varchar(14) COLLATE utf8_unicode_ci DEFAULT NULL,
  `status` int(11) NOT NULL,
  `position` int(11) DEFAULT '0',
  PRIMARY KEY (`rowid`),
  UNIQUE KEY `uk_emailcollector_emailcollectoraction` (`fk_emailcollector`,`type`),
  KEY `idx_emailcollector_fk_emailcollector` (`fk_emailcollector`),
  CONSTRAINT `fk_emailcollectoraction_fk_emailcollector` FOREIGN KEY (`fk_emailcollector`) REFERENCES `llx_emailcollector_emailcollector` (`rowid`)
) ENGINE=InnoDB AUTO_INCREMENT=18 DEFAULT CHARSET=utf8 COLLATE=utf8_unicode_ci;

--
-- Dumping data for table `llx_emailcollector_emailcollectoraction`
--

INSERT INTO `llx_emailcollector_emailcollectoraction` VALUES (6,1,'recordevent',NULL,'2018-11-07 18:01:53','2018-11-19 19:54:46',12,NULL,NULL,1,2),(7,1,'project',NULL,'2018-11-15 11:11:13','2018-11-19 19:54:37',12,NULL,NULL,1,3),(14,1,'loadandcreatethirdparty','REGEX:body:Nom:\\s([^\\s]*)','2018-11-19 13:03:58','2018-11-19 19:54:46',12,NULL,NULL,1,1);

--
-- Table structure for table `llx_emailcollector_emailcollectorfilter`
--

CREATE TABLE `llx_emailcollector_emailcollectorfilter` (
  `rowid` int(11) NOT NULL AUTO_INCREMENT,
  `fk_emailcollector` int(11) NOT NULL,
  `type` varchar(128) COLLATE utf8_unicode_ci NOT NULL,
  `rulevalue` varchar(255) COLLATE utf8_unicode_ci DEFAULT NULL,
  `date_creation` datetime NOT NULL,
  `tms` timestamp NOT NULL DEFAULT CURRENT_TIMESTAMP ON UPDATE CURRENT_TIMESTAMP,
  `fk_user_creat` int(11) NOT NULL,
  `fk_user_modif` int(11) DEFAULT NULL,
  `import_key` varchar(14) COLLATE utf8_unicode_ci DEFAULT NULL,
  `status` int(11) NOT NULL,
  PRIMARY KEY (`rowid`),
  UNIQUE KEY `uk_emailcollector_emailcollectorfilter` (`fk_emailcollector`,`type`,`rulevalue`),
  KEY `idx_emailcollector_fk_emailcollector` (`fk_emailcollector`),
  CONSTRAINT `fk_emailcollector_fk_emailcollector` FOREIGN KEY (`fk_emailcollector`) REFERENCES `llx_emailcollector_emailcollector` (`rowid`),
  CONSTRAINT `fk_emailcollectorfilter_fk_emailcollector` FOREIGN KEY (`fk_emailcollector`) REFERENCES `llx_emailcollector_emailcollector` (`rowid`)
) ENGINE=InnoDB AUTO_INCREMENT=21 DEFAULT CHARSET=utf8 COLLATE=utf8_unicode_ci;

--
-- Dumping data for table `llx_emailcollector_emailcollectorfilter`
--

INSERT INTO `llx_emailcollector_emailcollectorfilter` VALUES (18,1,'withouttrackingid',NULL,'2018-11-16 15:10:27','2018-11-16 14:10:27',12,NULL,NULL,1),(19,1,'from','support@dolicloud.com','2018-11-16 16:03:10','2018-11-16 15:03:10',12,NULL,NULL,1);

--
-- Table structure for table `llx_emailsenderprofile`
--

CREATE TABLE `llx_emailsenderprofile` (
  `rowid` int(11) NOT NULL AUTO_INCREMENT,
  `ref` varchar(64) COLLATE utf8_unicode_ci NOT NULL,
  `entity` int(11) NOT NULL DEFAULT '1',
  `label` varchar(255) COLLATE utf8_unicode_ci DEFAULT NULL,
  `amount` double(24,8) DEFAULT NULL,
  `note_public` mediumtext COLLATE utf8_unicode_ci,
  `note_private` mediumtext COLLATE utf8_unicode_ci,
  `date_creation` datetime NOT NULL,
  `tms` timestamp NOT NULL DEFAULT CURRENT_TIMESTAMP ON UPDATE CURRENT_TIMESTAMP,
  `fk_user_creat` int(11) NOT NULL,
  `fk_user_modif` int(11) DEFAULT NULL,
  `import_key` varchar(14) COLLATE utf8_unicode_ci DEFAULT NULL,
  `status` int(11) DEFAULT NULL,
  PRIMARY KEY (`rowid`),
  KEY `idx_emailsenderprofile_rowid` (`rowid`),
  KEY `idx_emailsenderprofile_ref` (`ref`),
  KEY `idx_emailsenderprofile_entity` (`entity`),
  KEY `idx_emailsenderprofile_import_key` (`import_key`),
  KEY `idx_emailsenderprofile_status` (`status`)
) ENGINE=InnoDB DEFAULT CHARSET=utf8 COLLATE=utf8_unicode_ci;

--
-- Dumping data for table `llx_emailsenderprofile`
--


--
-- Table structure for table `llx_emailsenderprofile_extrafields`
--

CREATE TABLE `llx_emailsenderprofile_extrafields` (
  `rowid` int(11) NOT NULL AUTO_INCREMENT,
  `tms` timestamp NOT NULL DEFAULT CURRENT_TIMESTAMP ON UPDATE CURRENT_TIMESTAMP,
  `fk_object` int(11) NOT NULL,
  `import_key` varchar(14) COLLATE utf8_unicode_ci DEFAULT NULL,
  PRIMARY KEY (`rowid`)
) ENGINE=InnoDB DEFAULT CHARSET=utf8 COLLATE=utf8_unicode_ci;

--
-- Dumping data for table `llx_emailsenderprofile_extrafields`
--


--
-- Table structure for table `llx_entrepot`
--

CREATE TABLE `llx_entrepot` (
  `rowid` int(11) NOT NULL AUTO_INCREMENT,
  `datec` datetime DEFAULT NULL,
  `tms` timestamp NOT NULL DEFAULT CURRENT_TIMESTAMP ON UPDATE CURRENT_TIMESTAMP,
  `ref` varchar(255) COLLATE utf8_unicode_ci DEFAULT NULL,
  `entity` int(11) NOT NULL DEFAULT '1',
  `description` text COLLATE utf8_unicode_ci,
  `lieu` varchar(64) COLLATE utf8_unicode_ci DEFAULT NULL,
  `address` varchar(255) COLLATE utf8_unicode_ci DEFAULT NULL,
  `zip` varchar(10) COLLATE utf8_unicode_ci DEFAULT NULL,
  `town` varchar(50) COLLATE utf8_unicode_ci DEFAULT NULL,
  `fk_departement` int(11) DEFAULT NULL,
  `fk_pays` int(11) DEFAULT '0',
  `statut` tinyint(4) DEFAULT '1',
  `fk_user_author` int(11) DEFAULT NULL,
  `model_pdf` varchar(255) COLLATE utf8_unicode_ci DEFAULT NULL,
  `import_key` varchar(14) COLLATE utf8_unicode_ci DEFAULT NULL,
  `fk_parent` int(11) DEFAULT '0',
  PRIMARY KEY (`rowid`),
  UNIQUE KEY `uk_entrepot_label` (`ref`,`entity`)
) ENGINE=InnoDB AUTO_INCREMENT=21 DEFAULT CHARSET=utf8 COLLATE=utf8_unicode_ci;

--
-- Dumping data for table `llx_entrepot`
--

INSERT INTO `llx_entrepot` VALUES (1,'2012-07-09 00:31:22','2012-07-08 22:40:36','WAREHOUSEHOUSTON',1,'Warehouse located at Houston','Warehouse houston','','','Houston',NULL,11,1,1,NULL,NULL,0),(2,'2012-07-09 00:41:03','2012-07-08 22:41:03','WAREHOUSEPARIS',1,'<br />','Warehouse Paris','','75000','Paris',NULL,1,1,1,NULL,NULL,0),(3,'2012-07-11 16:18:59','2018-07-30 13:52:08','Stock personnel Dupont',1,'Cet entrep&ocirc;t repr&eacute;sente le stock personnel de Alain Dupont','','','','',NULL,2,1,1,NULL,NULL,0),(9,'2017-10-03 11:47:41','2017-10-03 09:47:41','Personal stock Marie Curie',1,'This warehouse represents personal stock of Marie Curie','','','','',NULL,1,1,1,NULL,NULL,0),(10,'2017-10-05 09:07:52','2018-07-30 13:52:24','Personal stock Alex Theceo',1,'This warehouse represents personal stock of Alex Theceo','','','','',NULL,3,1,1,NULL,NULL,0),(12,'2017-10-05 21:29:35','2017-10-05 19:29:35','Personal stock Charly Commery',1,'This warehouse represents personal stock of Charly Commery','','','','',NULL,1,1,11,NULL,NULL,0),(13,'2017-10-05 21:33:33','2018-07-30 13:51:38','Personal stock Sam Scientol',1,'This warehouse represents personal stock of Sam Scientol','','','7500','Paris',NULL,1,0,11,NULL,NULL,0),(18,'2018-01-22 17:27:02','2018-01-22 16:27:02','Personal stock Laurent Destailleur',1,'This warehouse represents personal stock of Laurent Destailleur','','','','',NULL,1,1,12,NULL,NULL,0),(19,'2018-07-30 16:50:23','2018-07-30 12:50:23','Personal stock Eldy',1,'This warehouse represents personal stock of Eldy','','','','',NULL,14,1,12,NULL,NULL,0),(20,'2017-02-02 03:55:45','2017-02-01 23:55:45','Personal stock Alex Boston',1,'This warehouse represents personal stock of Alex Boston','','','','',NULL,14,1,12,NULL,NULL,NULL);

--
-- Table structure for table `llx_establishment`
--

CREATE TABLE `llx_establishment` (
  `rowid` int(11) NOT NULL AUTO_INCREMENT,
  `entity` int(11) NOT NULL DEFAULT '1',
  `name` varchar(50) COLLATE utf8_unicode_ci DEFAULT NULL,
  `address` varchar(255) COLLATE utf8_unicode_ci DEFAULT NULL,
  `zip` varchar(25) COLLATE utf8_unicode_ci DEFAULT NULL,
  `town` varchar(50) COLLATE utf8_unicode_ci DEFAULT NULL,
  `fk_state` int(11) DEFAULT '0',
  `fk_country` int(11) DEFAULT '0',
  `profid1` varchar(20) COLLATE utf8_unicode_ci DEFAULT NULL,
  `profid2` varchar(20) COLLATE utf8_unicode_ci DEFAULT NULL,
  `profid3` varchar(20) COLLATE utf8_unicode_ci DEFAULT NULL,
  `phone` varchar(20) COLLATE utf8_unicode_ci DEFAULT NULL,
  `fk_user_author` int(11) NOT NULL,
  `fk_user_mod` int(11) DEFAULT NULL,
  `datec` datetime NOT NULL,
  `tms` timestamp NOT NULL DEFAULT CURRENT_TIMESTAMP ON UPDATE CURRENT_TIMESTAMP,
  `status` tinyint(4) DEFAULT '1',
  PRIMARY KEY (`rowid`)
) ENGINE=InnoDB DEFAULT CHARSET=utf8 COLLATE=utf8_unicode_ci;

--
-- Dumping data for table `llx_establishment`
--


--
-- Table structure for table `llx_event_element`
--

CREATE TABLE `llx_event_element` (
  `rowid` int(11) NOT NULL AUTO_INCREMENT,
  `fk_source` int(11) NOT NULL,
  `fk_target` int(11) NOT NULL,
  `targettype` varchar(32) COLLATE utf8_unicode_ci NOT NULL,
  PRIMARY KEY (`rowid`)
) ENGINE=InnoDB DEFAULT CHARSET=utf8 COLLATE=utf8_unicode_ci;

--
-- Dumping data for table `llx_event_element`
--


--
-- Table structure for table `llx_events`
--

CREATE TABLE `llx_events` (
  `rowid` int(11) NOT NULL AUTO_INCREMENT,
  `tms` timestamp NOT NULL DEFAULT CURRENT_TIMESTAMP ON UPDATE CURRENT_TIMESTAMP,
  `type` varchar(32) COLLATE utf8_unicode_ci NOT NULL,
  `entity` int(11) NOT NULL DEFAULT '1',
  `dateevent` datetime DEFAULT NULL,
  `fk_user` int(11) DEFAULT NULL,
  `description` varchar(250) COLLATE utf8_unicode_ci NOT NULL,
  `ip` varchar(250) COLLATE utf8_unicode_ci DEFAULT NULL,
  `user_agent` varchar(255) COLLATE utf8_unicode_ci DEFAULT NULL,
  `fk_object` int(11) DEFAULT NULL,
  PRIMARY KEY (`rowid`),
  KEY `idx_events_dateevent` (`dateevent`)
) ENGINE=InnoDB AUTO_INCREMENT=879 DEFAULT CHARSET=utf8 COLLATE=utf8_unicode_ci;

--
-- Dumping data for table `llx_events`
--

INSERT INTO `llx_events` VALUES (30,'2013-07-18 18:23:06','USER_LOGOUT',1,'2013-07-18 20:23:06',1,'(UserLogoff,admin)','127.0.0.1','Mozilla/5.0 (X11; Linux i686; rv:5.0) Gecko/20100101 Firefox/5.0',NULL),(31,'2013-07-18 18:23:12','USER_LOGIN_FAILED',1,'2013-07-18 20:23:12',NULL,'Identifiants login ou mot de passe incorrects - login=admin','127.0.0.1','Mozilla/5.0 (X11; Linux i686; rv:5.0) Gecko/20100101 Firefox/5.0',NULL),(32,'2013-07-18 18:23:17','USER_LOGIN',1,'2013-07-18 20:23:17',1,'(UserLogged,admin)','127.0.0.1','Mozilla/5.0 (X11; Linux i686; rv:5.0) Gecko/20100101 Firefox/5.0',NULL),(33,'2013-07-18 20:10:51','USER_LOGIN_FAILED',1,'2013-07-18 22:10:51',NULL,'Identifiants login ou mot de passe incorrects - login=admin','127.0.0.1','Mozilla/5.0 (X11; Linux i686; rv:5.0) Gecko/20100101 Firefox/5.0',NULL),(34,'2013-07-18 20:10:55','USER_LOGIN',1,'2013-07-18 22:10:55',1,'(UserLogged,admin)','127.0.0.1','Mozilla/5.0 (X11; Linux i686; rv:5.0) Gecko/20100101 Firefox/5.0',NULL),(35,'2013-07-18 21:18:57','USER_LOGIN',1,'2013-07-18 23:18:57',1,'(UserLogged,admin)','127.0.0.1','Mozilla/5.0 (X11; Linux i686; rv:5.0) Gecko/20100101 Firefox/5.0',NULL),(36,'2013-07-20 10:34:10','USER_LOGIN',1,'2013-07-20 12:34:10',1,'(UserLogged,admin)','::1','Mozilla/5.0 (X11; Linux i686; rv:5.0) Gecko/20100101 Firefox/5.0',NULL),(37,'2013-07-20 12:36:44','USER_LOGIN',1,'2013-07-20 14:36:44',1,'(UserLogged,admin)','::1','Mozilla/5.0 (X11; Linux i686; rv:5.0) Gecko/20100101 Firefox/5.0',NULL),(38,'2013-07-20 13:20:51','USER_LOGIN_FAILED',1,'2013-07-20 15:20:51',NULL,'Identifiants login ou mot de passe incorrects - login=admin','127.0.0.1','Mozilla/5.0 (X11; Linux i686; rv:5.0) Gecko/20100101 Firefox/5.0',NULL),(39,'2013-07-20 13:20:54','USER_LOGIN',1,'2013-07-20 15:20:54',1,'(UserLogged,admin)','127.0.0.1','Mozilla/5.0 (X11; Linux i686; rv:5.0) Gecko/20100101 Firefox/5.0',NULL),(40,'2013-07-20 15:03:46','USER_LOGIN_FAILED',1,'2013-07-20 17:03:46',NULL,'Identifiants login ou mot de passe incorrects - login=admin','127.0.0.1','Mozilla/5.0 (X11; Linux i686; rv:5.0) Gecko/20100101 Firefox/5.0',NULL),(41,'2013-07-20 15:03:55','USER_LOGIN',1,'2013-07-20 17:03:55',1,'(UserLogged,admin)','127.0.0.1','Mozilla/5.0 (X11; Linux i686; rv:5.0) Gecko/20100101 Firefox/5.0',NULL),(42,'2013-07-20 18:05:05','USER_LOGIN_FAILED',1,'2013-07-20 20:05:05',NULL,'Identifiants login ou mot de passe incorrects - login=admin','127.0.0.1','Mozilla/5.0 (X11; Linux i686; rv:5.0) Gecko/20100101 Firefox/5.0',NULL),(43,'2013-07-20 18:05:08','USER_LOGIN',1,'2013-07-20 20:05:08',1,'(UserLogged,admin)','127.0.0.1','Mozilla/5.0 (X11; Linux i686; rv:5.0) Gecko/20100101 Firefox/5.0',NULL),(44,'2013-07-20 21:08:53','USER_LOGIN_FAILED',1,'2013-07-20 23:08:53',NULL,'Identifiants login ou mot de passe incorrects - login=admin','127.0.0.1','Mozilla/5.0 (X11; Linux i686; rv:5.0) Gecko/20100101 Firefox/5.0',NULL),(45,'2013-07-20 21:08:56','USER_LOGIN',1,'2013-07-20 23:08:56',1,'(UserLogged,admin)','127.0.0.1','Mozilla/5.0 (X11; Linux i686; rv:5.0) Gecko/20100101 Firefox/5.0',NULL),(46,'2013-07-21 01:26:12','USER_LOGIN',1,'2013-07-21 03:26:12',1,'(UserLogged,admin)','::1','Mozilla/5.0 (X11; Linux i686; rv:5.0) Gecko/20100101 Firefox/5.0',NULL),(47,'2013-07-21 22:35:45','USER_LOGIN_FAILED',1,'2013-07-22 00:35:45',NULL,'Identifiants login ou mot de passe incorrects - login=admin','127.0.0.1','Mozilla/5.0 (X11; Linux i686; rv:5.0) Gecko/20100101 Firefox/5.0',NULL),(48,'2013-07-21 22:35:49','USER_LOGIN',1,'2013-07-22 00:35:49',1,'(UserLogged,admin)','127.0.0.1','Mozilla/5.0 (X11; Linux i686; rv:5.0) Gecko/20100101 Firefox/5.0',NULL),(49,'2013-07-26 23:09:47','USER_LOGIN_FAILED',1,'2013-07-27 01:09:47',NULL,'Identifiants login ou mot de passe incorrects - login=admin','127.0.0.1','Mozilla/5.0 (X11; Linux i686; rv:5.0) Gecko/20100101 Firefox/5.0',NULL),(50,'2013-07-26 23:09:50','USER_LOGIN',1,'2013-07-27 01:09:50',1,'(UserLogged,admin)','127.0.0.1','Mozilla/5.0 (X11; Linux i686; rv:5.0) Gecko/20100101 Firefox/5.0',NULL),(51,'2013-07-27 17:02:27','USER_LOGIN_FAILED',1,'2013-07-27 19:02:27',NULL,'Identifiants login ou mot de passe incorrects - login=admin','127.0.0.1','Mozilla/5.0 (X11; Linux i686; rv:5.0) Gecko/20100101 Firefox/5.0',NULL),(52,'2013-07-27 17:02:32','USER_LOGIN',1,'2013-07-27 19:02:32',1,'(UserLogged,admin)','127.0.0.1','Mozilla/5.0 (X11; Linux i686; rv:5.0) Gecko/20100101 Firefox/5.0',NULL),(53,'2013-07-27 23:33:37','USER_LOGIN_FAILED',1,'2013-07-28 01:33:37',NULL,'Identifiants login ou mot de passe incorrects - login=admin','127.0.0.1','Mozilla/5.0 (X11; Linux i686; rv:5.0) Gecko/20100101 Firefox/5.0',NULL),(54,'2013-07-27 23:33:41','USER_LOGIN',1,'2013-07-28 01:33:41',1,'(UserLogged,admin)','127.0.0.1','Mozilla/5.0 (X11; Linux i686; rv:5.0) Gecko/20100101 Firefox/5.0',NULL),(55,'2013-07-28 18:20:36','USER_LOGIN_FAILED',1,'2013-07-28 20:20:36',NULL,'Identifiants login ou mot de passe incorrects - login=admin','127.0.0.1','Mozilla/5.0 (X11; Linux i686; rv:5.0) Gecko/20100101 Firefox/5.0',NULL),(56,'2013-07-28 18:20:38','USER_LOGIN',1,'2013-07-28 20:20:38',1,'(UserLogged,admin)','127.0.0.1','Mozilla/5.0 (X11; Linux i686; rv:5.0) Gecko/20100101 Firefox/5.0',NULL),(57,'2013-07-28 20:13:30','USER_LOGIN_FAILED',1,'2013-07-28 22:13:30',NULL,'Identifiants login ou mot de passe incorrects - login=admin','127.0.0.1','Mozilla/5.0 (X11; Linux i686; rv:5.0) Gecko/20100101 Firefox/5.0',NULL),(58,'2013-07-28 20:13:34','USER_LOGIN',1,'2013-07-28 22:13:34',1,'(UserLogged,admin)','127.0.0.1','Mozilla/5.0 (X11; Linux i686; rv:5.0) Gecko/20100101 Firefox/5.0',NULL),(59,'2013-07-28 20:22:51','USER_LOGIN',1,'2013-07-28 22:22:51',1,'(UserLogged,admin)','127.0.0.1','Mozilla/5.0 (X11; Linux i686; rv:5.0) Gecko/20100101 Firefox/5.0',NULL),(60,'2013-07-28 23:05:06','USER_LOGIN',1,'2013-07-29 01:05:06',1,'(UserLogged,admin)','::1','Mozilla/5.0 (X11; Linux i686; rv:5.0) Gecko/20100101 Firefox/5.0',NULL),(61,'2013-07-29 20:15:50','USER_LOGIN_FAILED',1,'2013-07-29 22:15:50',NULL,'Identifiants login ou mot de passe incorrects - login=admin','127.0.0.1','Mozilla/5.0 (X11; Linux i686; rv:5.0) Gecko/20100101 Firefox/5.0',NULL),(62,'2013-07-29 20:15:53','USER_LOGIN',1,'2013-07-29 22:15:53',1,'(UserLogged,admin)','127.0.0.1','Mozilla/5.0 (X11; Linux i686; rv:5.0) Gecko/20100101 Firefox/5.0',NULL),(68,'2013-07-29 20:51:01','USER_LOGOUT',1,'2013-07-29 22:51:01',1,'(UserLogoff,admin)','127.0.0.1','Mozilla/5.0 (X11; Linux i686; rv:5.0) Gecko/20100101 Firefox/5.0',NULL),(69,'2013-07-29 20:51:05','USER_LOGIN',1,'2013-07-29 22:51:05',1,'(UserLogged,admin)','127.0.0.1','Mozilla/5.0 (X11; Linux i686; rv:5.0) Gecko/20100101 Firefox/5.0',NULL),(70,'2013-07-30 08:46:20','USER_LOGIN_FAILED',1,'2013-07-30 10:46:20',NULL,'Identifiants login ou mot de passe incorrects - login=admin','127.0.0.1','Mozilla/5.0 (X11; Linux i686; rv:5.0) Gecko/20100101 Firefox/5.0',NULL),(71,'2013-07-30 08:46:38','USER_LOGIN_FAILED',1,'2013-07-30 10:46:38',NULL,'Identifiants login ou mot de passe incorrects - login=admin','127.0.0.1','Mozilla/5.0 (X11; Linux i686; rv:5.0) Gecko/20100101 Firefox/5.0',NULL),(72,'2013-07-30 08:46:42','USER_LOGIN',1,'2013-07-30 10:46:42',1,'(UserLogged,admin)','127.0.0.1','Mozilla/5.0 (X11; Linux i686; rv:5.0) Gecko/20100101 Firefox/5.0',NULL),(73,'2013-07-30 10:05:12','USER_LOGIN_FAILED',1,'2013-07-30 12:05:12',NULL,'Identifiants login ou mot de passe incorrects - login=admin','127.0.0.1','Mozilla/5.0 (X11; Linux i686; rv:5.0) Gecko/20100101 Firefox/5.0',NULL),(74,'2013-07-30 10:05:15','USER_LOGIN',1,'2013-07-30 12:05:15',1,'(UserLogged,admin)','127.0.0.1','Mozilla/5.0 (X11; Linux i686; rv:5.0) Gecko/20100101 Firefox/5.0',NULL),(75,'2013-07-30 12:15:46','USER_LOGIN',1,'2013-07-30 14:15:46',1,'(UserLogged,admin)','127.0.0.1','Mozilla/5.0 (X11; Linux i686; rv:5.0) Gecko/20100101 Firefox/5.0',NULL),(76,'2013-07-31 22:19:30','USER_LOGIN',1,'2013-08-01 00:19:30',1,'(UserLogged,admin)','::1','Mozilla/5.0 (X11; Linux i686; rv:5.0) Gecko/20100101 Firefox/5.0',NULL),(77,'2013-07-31 23:32:52','USER_LOGIN',1,'2013-08-01 01:32:52',1,'(UserLogged,admin)','::1','Mozilla/5.0 (X11; Linux i686; rv:5.0) Gecko/20100101 Firefox/5.0',NULL),(78,'2013-08-01 01:24:50','USER_LOGIN_FAILED',1,'2013-08-01 03:24:50',NULL,'Identifiants login ou mot de passe incorrects - login=admin','127.0.0.1','Mozilla/5.0 (X11; Linux i686; rv:5.0) Gecko/20100101 Firefox/5.0',NULL),(79,'2013-08-01 01:24:54','USER_LOGIN',1,'2013-08-01 03:24:54',1,'(UserLogged,admin)','127.0.0.1','Mozilla/5.0 (X11; Linux i686; rv:5.0) Gecko/20100101 Firefox/5.0',NULL),(80,'2013-08-01 19:31:36','USER_LOGIN_FAILED',1,'2013-08-01 21:31:35',NULL,'Identifiants login ou mot de passe incorrects - login=admin','127.0.0.1','Mozilla/5.0 (X11; Linux i686; rv:5.0) Gecko/20100101 Firefox/5.0',NULL),(81,'2013-08-01 19:31:39','USER_LOGIN',1,'2013-08-01 21:31:39',1,'(UserLogged,admin)','127.0.0.1','Mozilla/5.0 (X11; Linux i686; rv:5.0) Gecko/20100101 Firefox/5.0',NULL),(82,'2013-08-01 20:01:36','USER_LOGIN',1,'2013-08-01 22:01:36',1,'(UserLogged,admin)','127.0.0.1','Mozilla/5.0 (X11; Linux i686; rv:5.0) Gecko/20100101 Firefox/5.0',NULL),(83,'2013-08-01 20:52:54','USER_LOGIN_FAILED',1,'2013-08-01 22:52:54',NULL,'Identifiants login ou mot de passe incorrects - login=admin','127.0.0.1','Mozilla/5.0 (X11; Linux i686; rv:5.0) Gecko/20100101 Firefox/5.0',NULL),(84,'2013-08-01 20:52:58','USER_LOGIN',1,'2013-08-01 22:52:58',1,'(UserLogged,admin)','127.0.0.1','Mozilla/5.0 (X11; Linux i686; rv:5.0) Gecko/20100101 Firefox/5.0',NULL),(85,'2013-08-01 21:17:28','USER_LOGIN_FAILED',1,'2013-08-01 23:17:28',NULL,'Identifiants login ou mot de passe incorrects - login=admin','127.0.0.1','Mozilla/5.0 (X11; Linux i686; rv:5.0) Gecko/20100101 Firefox/5.0',NULL),(86,'2013-08-01 21:17:31','USER_LOGIN',1,'2013-08-01 23:17:31',1,'(UserLogged,admin)','127.0.0.1','Mozilla/5.0 (X11; Linux i686; rv:5.0) Gecko/20100101 Firefox/5.0',NULL),(87,'2013-08-04 11:55:17','USER_LOGIN',1,'2013-08-04 13:55:17',1,'(UserLogged,admin)','::1','Mozilla/5.0 (X11; Linux i686; rv:5.0) Gecko/20100101 Firefox/5.0',NULL),(88,'2013-08-04 20:19:03','USER_LOGIN_FAILED',1,'2013-08-04 22:19:03',NULL,'Identifiants login ou mot de passe incorrects - login=admin','127.0.0.1','Mozilla/5.0 (X11; Linux i686; rv:5.0) Gecko/20100101 Firefox/5.0',NULL),(89,'2013-08-04 20:19:07','USER_LOGIN',1,'2013-08-04 22:19:07',1,'(UserLogged,admin)','127.0.0.1','Mozilla/5.0 (X11; Linux i686; rv:5.0) Gecko/20100101 Firefox/5.0',NULL),(90,'2013-08-05 17:51:42','USER_LOGIN_FAILED',1,'2013-08-05 19:51:42',NULL,'Identifiants login ou mot de passe incorrects - login=admin','127.0.0.1','Mozilla/5.0 (X11; Linux i686; rv:5.0) Gecko/20100101 Firefox/5.0',NULL),(91,'2013-08-05 17:51:47','USER_LOGIN',1,'2013-08-05 19:51:47',1,'(UserLogged,admin)','127.0.0.1','Mozilla/5.0 (X11; Linux i686; rv:5.0) Gecko/20100101 Firefox/5.0',NULL),(92,'2013-08-05 17:56:03','USER_LOGIN',1,'2013-08-05 19:56:03',1,'(UserLogged,admin)','127.0.0.1','Mozilla/5.0 (X11; Linux i686; rv:5.0) Gecko/20100101 Firefox/5.0',NULL),(93,'2013-08-05 17:59:10','USER_LOGIN',1,'2013-08-05 19:59:10',1,'(UserLogged,admin)','127.0.0.1','Mozilla/5.0 (X11; Linux i686) AppleWebKit/534.30 (KHTML, like Gecko) Chrome/12.0.742.100 Safari/534.30',NULL),(94,'2013-08-05 18:01:58','USER_LOGIN',1,'2013-08-05 20:01:58',1,'(UserLogged,admin)','127.0.0.1','Mozilla/5.0 (X11; Linux i686) AppleWebKit/534.30 (KHTML, like Gecko) Chrome/12.0.742.100 Safari/534.30',NULL),(95,'2013-08-05 19:59:56','USER_LOGIN',1,'2013-08-05 21:59:56',1,'(UserLogged,admin)','127.0.0.1','Mozilla/5.0 (X11; Linux i686; rv:5.0) Gecko/20100101 Firefox/5.0',NULL),(96,'2013-08-06 18:33:22','USER_LOGIN',1,'2013-08-06 20:33:22',1,'(UserLogged,admin)','::1','Mozilla/5.0 (X11; Linux i686; rv:5.0) Gecko/20100101 Firefox/5.0',NULL),(97,'2013-08-07 00:56:59','USER_LOGIN',1,'2013-08-07 02:56:59',1,'(UserLogged,admin)','::1','Mozilla/5.0 (X11; Linux i686; rv:5.0) Gecko/20100101 Firefox/5.0',NULL),(98,'2013-08-07 22:49:14','USER_LOGIN',1,'2013-08-08 00:49:14',1,'(UserLogged,admin)','::1','Mozilla/5.0 (X11; Linux i686; rv:5.0) Gecko/20100101 Firefox/5.0',NULL),(99,'2013-08-07 23:05:18','USER_LOGOUT',1,'2013-08-08 01:05:18',1,'(UserLogoff,admin)','::1','Mozilla/5.0 (X11; Linux i686; rv:5.0) Gecko/20100101 Firefox/5.0',NULL),(105,'2013-08-08 00:41:09','USER_LOGIN',1,'2013-08-08 02:41:09',1,'(UserLogged,admin)','127.0.0.1','Mozilla/5.0 (X11; Linux i686; rv:5.0) Gecko/20100101 Firefox/5.0',NULL),(106,'2013-08-08 11:58:55','USER_LOGIN',1,'2013-08-08 13:58:55',1,'(UserLogged,admin)','::1','Mozilla/5.0 (X11; Linux i686; rv:5.0) Gecko/20100101 Firefox/5.0',NULL),(107,'2013-08-08 14:35:48','USER_LOGIN',1,'2013-08-08 16:35:48',1,'(UserLogged,admin)','::1','Mozilla/5.0 (X11; Linux i686; rv:5.0) Gecko/20100101 Firefox/5.0',NULL),(108,'2013-08-08 14:36:31','USER_LOGOUT',1,'2013-08-08 16:36:31',1,'(UserLogoff,admin)','::1','Mozilla/5.0 (X11; Linux i686; rv:5.0) Gecko/20100101 Firefox/5.0',NULL),(109,'2013-08-08 14:38:28','USER_LOGIN',1,'2013-08-08 16:38:28',1,'(UserLogged,admin)','::1','Mozilla/5.0 (X11; Linux i686; rv:5.0) Gecko/20100101 Firefox/5.0',NULL),(110,'2013-08-08 14:39:02','USER_LOGOUT',1,'2013-08-08 16:39:02',1,'(UserLogoff,admin)','::1','Mozilla/5.0 (X11; Linux i686; rv:5.0) Gecko/20100101 Firefox/5.0',NULL),(111,'2013-08-08 14:39:10','USER_LOGIN',1,'2013-08-08 16:39:10',1,'(UserLogged,admin)','::1','Mozilla/5.0 (X11; Linux i686; rv:5.0) Gecko/20100101 Firefox/5.0',NULL),(112,'2013-08-08 14:39:28','USER_LOGOUT',1,'2013-08-08 16:39:28',1,'(UserLogoff,admin)','::1','Mozilla/5.0 (X11; Linux i686; rv:5.0) Gecko/20100101 Firefox/5.0',NULL),(113,'2013-08-08 14:39:37','USER_LOGIN',1,'2013-08-08 16:39:37',1,'(UserLogged,admin)','::1','Mozilla/5.0 (X11; Linux i686; rv:5.0) Gecko/20100101 Firefox/5.0',NULL),(114,'2013-08-08 14:50:02','USER_LOGOUT',1,'2013-08-08 16:50:02',1,'(UserLogoff,admin)','::1','Mozilla/5.0 (X11; Linux i686; rv:5.0) Gecko/20100101 Firefox/5.0',NULL),(115,'2013-08-08 14:51:45','USER_LOGIN_FAILED',1,'2013-08-08 16:51:45',NULL,'Identifiants login ou mot de passe incorrects - login=','::1','Mozilla/5.0 (X11; Linux i686; rv:5.0) Gecko/20100101 Firefox/5.0',NULL),(116,'2013-08-08 14:51:52','USER_LOGIN',1,'2013-08-08 16:51:52',1,'(UserLogged,admin)','::1','Mozilla/5.0 (X11; Linux i686; rv:5.0) Gecko/20100101 Firefox/5.0',NULL),(117,'2013-08-08 15:09:54','USER_LOGOUT',1,'2013-08-08 17:09:54',1,'(UserLogoff,admin)','::1','Mozilla/5.0 (X11; Linux i686; rv:5.0) Gecko/20100101 Firefox/5.0',NULL),(118,'2013-08-08 15:10:19','USER_LOGIN_FAILED',1,'2013-08-08 17:10:19',NULL,'Identifiants login ou mot de passe incorrects - login=','::1','Mozilla/5.0 (X11; Linux i686; rv:5.0) Gecko/20100101 Firefox/5.0',NULL),(119,'2013-08-08 15:10:28','USER_LOGIN',1,'2013-08-08 17:10:28',1,'(UserLogged,admin)','::1','Mozilla/5.0 (X11; Linux i686; rv:5.0) Gecko/20100101 Firefox/5.0',NULL),(121,'2013-08-08 15:14:58','USER_LOGOUT',1,'2013-08-08 17:14:58',1,'(UserLogoff,admin)','::1','Mozilla/5.0 (X11; Linux i686; rv:5.0) Gecko/20100101 Firefox/5.0',NULL),(122,'2013-08-08 15:15:00','USER_LOGIN_FAILED',1,'2013-08-08 17:15:00',NULL,'Identifiants login ou mot de passe incorrects - login=','::1','Mozilla/5.0 (X11; Linux i686; rv:5.0) Gecko/20100101 Firefox/5.0',NULL),(123,'2013-08-08 15:17:57','USER_LOGIN',1,'2013-08-08 17:17:57',1,'(UserLogged,admin)','::1','Mozilla/5.0 (X11; Linux i686; rv:5.0) Gecko/20100101 Firefox/5.0',NULL),(124,'2013-08-08 15:35:56','USER_LOGOUT',1,'2013-08-08 17:35:56',1,'(UserLogoff,admin)','::1','Mozilla/5.0 (X11; Linux i686; rv:5.0) Gecko/20100101 Firefox/5.0',NULL),(125,'2013-08-08 15:36:05','USER_LOGIN',1,'2013-08-08 17:36:05',1,'(UserLogged,admin)','::1','Mozilla/5.0 (X11; Linux i686; rv:5.0) Gecko/20100101 Firefox/5.0',NULL),(126,'2013-08-08 17:32:42','USER_LOGIN',1,'2013-08-08 19:32:42',1,'(UserLogged,admin)','::1','Mozilla/5.0 (X11; Linux i686; rv:5.0) Gecko/20100101 Firefox/5.0',NULL),(127,'2014-12-08 13:49:37','USER_LOGOUT',1,'2014-12-08 14:49:37',1,'(UserLogoff,admin)','::1','Mozilla/5.0 (X11; Linux x86_64) AppleWebKit/537.11 (KHTML, like Gecko) Chrome/23.0.1271.95 Safari/537.11',NULL),(128,'2014-12-08 13:49:42','USER_LOGIN',1,'2014-12-08 14:49:42',1,'(UserLogged,admin)','::1','Mozilla/5.0 (X11; Linux x86_64) AppleWebKit/537.11 (KHTML, like Gecko) Chrome/23.0.1271.95 Safari/537.11',NULL),(129,'2014-12-08 13:50:12','USER_LOGOUT',1,'2014-12-08 14:50:12',1,'(UserLogoff,admin)','::1','Mozilla/5.0 (X11; Linux x86_64) AppleWebKit/537.11 (KHTML, like Gecko) Chrome/23.0.1271.95 Safari/537.11',NULL),(130,'2014-12-08 13:50:14','USER_LOGIN',1,'2014-12-08 14:50:14',1,'(UserLogged,admin)','::1','Mozilla/5.0 (X11; Linux x86_64) AppleWebKit/537.11 (KHTML, like Gecko) Chrome/23.0.1271.95 Safari/537.11',NULL),(131,'2014-12-08 13:50:17','USER_LOGOUT',1,'2014-12-08 14:50:17',1,'(UserLogoff,admin)','::1','Mozilla/5.0 (X11; Linux x86_64) AppleWebKit/537.11 (KHTML, like Gecko) Chrome/23.0.1271.95 Safari/537.11',NULL),(132,'2014-12-08 13:52:47','USER_LOGIN',1,'2014-12-08 14:52:47',1,'(UserLogged,admin)','::1','Mozilla/5.0 (X11; Linux x86_64) AppleWebKit/537.11 (KHTML, like Gecko) Chrome/23.0.1271.95 Safari/537.11',NULL),(133,'2014-12-08 13:53:08','USER_MODIFY',1,'2014-12-08 14:53:08',1,'User admin modified','::1','Mozilla/5.0 (X11; Linux x86_64) AppleWebKit/537.11 (KHTML, like Gecko) Chrome/23.0.1271.95 Safari/537.11',NULL),(134,'2014-12-08 14:08:45','USER_LOGOUT',1,'2014-12-08 15:08:45',1,'(UserLogoff,admin)','::1','Mozilla/5.0 (X11; Linux x86_64) AppleWebKit/537.11 (KHTML, like Gecko) Chrome/23.0.1271.95 Safari/537.11',NULL),(135,'2014-12-08 14:09:09','USER_LOGIN',1,'2014-12-08 15:09:09',1,'(UserLogged,admin)','::1','Mozilla/5.0 (X11; Linux x86_64) AppleWebKit/537.11 (KHTML, like Gecko) Chrome/23.0.1271.95 Safari/537.11',NULL),(136,'2014-12-08 14:11:43','USER_LOGOUT',1,'2014-12-08 15:11:43',1,'(UserLogoff,admin)','::1','Mozilla/5.0 (X11; Linux x86_64) AppleWebKit/537.11 (KHTML, like Gecko) Chrome/23.0.1271.95 Safari/537.11',NULL),(137,'2014-12-08 14:11:45','USER_LOGIN',1,'2014-12-08 15:11:45',1,'(UserLogged,admin)','::1','Mozilla/5.0 (X11; Linux x86_64) AppleWebKit/537.11 (KHTML, like Gecko) Chrome/23.0.1271.95 Safari/537.11',NULL),(138,'2014-12-08 14:22:53','USER_LOGOUT',1,'2014-12-08 15:22:53',1,'(UserLogoff,admin)','::1','Mozilla/5.0 (X11; Linux x86_64) AppleWebKit/537.11 (KHTML, like Gecko) Chrome/23.0.1271.95 Safari/537.11',NULL),(139,'2014-12-08 14:22:54','USER_LOGIN',1,'2014-12-08 15:22:54',1,'(UserLogged,admin)','::1','Mozilla/5.0 (X11; Linux x86_64) AppleWebKit/537.11 (KHTML, like Gecko) Chrome/23.0.1271.95 Safari/537.11',NULL),(140,'2014-12-08 14:23:10','USER_LOGOUT',1,'2014-12-08 15:23:10',1,'(UserLogoff,admin)','::1','Mozilla/5.0 (X11; Linux x86_64) AppleWebKit/537.11 (KHTML, like Gecko) Chrome/23.0.1271.95 Safari/537.11',NULL),(141,'2014-12-08 14:23:11','USER_LOGIN',1,'2014-12-08 15:23:11',1,'(UserLogged,admin)','::1','Mozilla/5.0 (X11; Linux x86_64) AppleWebKit/537.11 (KHTML, like Gecko) Chrome/23.0.1271.95 Safari/537.11',NULL),(142,'2014-12-08 14:23:49','USER_LOGOUT',1,'2014-12-08 15:23:49',1,'(UserLogoff,admin)','::1','Mozilla/5.0 (X11; Linux x86_64) AppleWebKit/537.11 (KHTML, like Gecko) Chrome/23.0.1271.95 Safari/537.11',NULL),(143,'2014-12-08 14:23:50','USER_LOGIN',1,'2014-12-08 15:23:50',1,'(UserLogged,admin)','::1','Mozilla/5.0 (X11; Linux x86_64) AppleWebKit/537.11 (KHTML, like Gecko) Chrome/23.0.1271.95 Safari/537.11',NULL),(144,'2014-12-08 14:28:08','USER_LOGOUT',1,'2014-12-08 15:28:08',1,'(UserLogoff,admin)','::1','Mozilla/5.0 (X11; Linux x86_64) AppleWebKit/537.11 (KHTML, like Gecko) Chrome/23.0.1271.95 Safari/537.11',NULL),(145,'2014-12-08 14:35:15','USER_LOGIN',1,'2014-12-08 15:35:15',1,'(UserLogged,admin)','::1','Mozilla/5.0 (X11; Linux x86_64) AppleWebKit/537.11 (KHTML, like Gecko) Chrome/23.0.1271.95 Safari/537.11',NULL),(146,'2014-12-08 14:35:18','USER_LOGOUT',1,'2014-12-08 15:35:18',1,'(UserLogoff,admin)','::1','Mozilla/5.0 (X11; Linux x86_64) AppleWebKit/537.11 (KHTML, like Gecko) Chrome/23.0.1271.95 Safari/537.11',NULL),(147,'2014-12-08 14:36:07','USER_LOGIN',1,'2014-12-08 15:36:07',1,'(UserLogged,admin)','::1','Mozilla/5.0 (X11; Linux x86_64) AppleWebKit/537.11 (KHTML, like Gecko) Chrome/23.0.1271.95 Safari/537.11',NULL),(148,'2014-12-08 14:36:09','USER_LOGOUT',1,'2014-12-08 15:36:09',1,'(UserLogoff,admin)','::1','Mozilla/5.0 (X11; Linux x86_64) AppleWebKit/537.11 (KHTML, like Gecko) Chrome/23.0.1271.95 Safari/537.11',NULL),(149,'2014-12-08 14:36:41','USER_LOGIN',1,'2014-12-08 15:36:41',1,'(UserLogged,admin)','::1','Mozilla/5.0 (X11; Linux x86_64) AppleWebKit/537.11 (KHTML, like Gecko) Chrome/23.0.1271.95 Safari/537.11',NULL),(150,'2014-12-08 15:59:13','USER_LOGIN',1,'2014-12-08 16:59:13',1,'(UserLogged,admin)','::1','Mozilla/5.0 (X11; Linux x86_64) AppleWebKit/537.11 (KHTML, like Gecko) Chrome/23.0.1271.95 Safari/537.11',NULL),(151,'2014-12-09 11:49:52','USER_LOGIN',1,'2014-12-09 12:49:52',1,'(UserLogged,admin)','::1','Mozilla/5.0 (X11; Linux x86_64) AppleWebKit/537.11 (KHTML, like Gecko) Chrome/23.0.1271.95 Safari/537.11',NULL),(152,'2014-12-09 13:46:31','USER_LOGIN',1,'2014-12-09 14:46:31',1,'(UserLogged,admin)','::1','Mozilla/5.0 (X11; Linux x86_64) AppleWebKit/537.11 (KHTML, like Gecko) Chrome/23.0.1271.95 Safari/537.11',NULL),(153,'2014-12-09 19:03:14','USER_LOGIN',1,'2014-12-09 20:03:14',1,'(UserLogged,admin)','::1','Mozilla/5.0 (X11; Linux x86_64) AppleWebKit/537.11 (KHTML, like Gecko) Chrome/23.0.1271.95 Safari/537.11',NULL),(154,'2014-12-10 00:16:31','USER_LOGIN',1,'2014-12-10 01:16:31',1,'(UserLogged,admin)','::1','Mozilla/5.0 (X11; Linux x86_64) AppleWebKit/537.11 (KHTML, like Gecko) Chrome/23.0.1271.95 Safari/537.11',NULL),(170,'2014-12-11 22:03:31','USER_LOGIN',1,'2014-12-11 23:03:31',1,'(UserLogged,admin)','::1','Mozilla/5.0 (X11; Linux x86_64) AppleWebKit/537.11 (KHTML, like Gecko) Chrome/23.0.1271.95 Safari/537.11',NULL),(171,'2014-12-12 00:32:39','USER_LOGIN',1,'2014-12-12 01:32:39',1,'(UserLogged,admin)','::1','Mozilla/5.0 (X11; Linux x86_64) AppleWebKit/537.11 (KHTML, like Gecko) Chrome/23.0.1271.95 Safari/537.11',NULL),(172,'2014-12-12 10:49:59','USER_LOGIN',1,'2014-12-12 11:49:59',1,'(UserLogged,admin)','::1','Mozilla/5.0 (X11; Linux x86_64) AppleWebKit/537.11 (KHTML, like Gecko) Chrome/23.0.1271.95 Safari/537.11',NULL),(175,'2014-12-12 10:57:40','USER_MODIFY',1,'2014-12-12 11:57:40',1,'Modification utilisateur admin','::1','Mozilla/5.0 (X11; Linux x86_64) AppleWebKit/537.11 (KHTML, like Gecko) Chrome/23.0.1271.95 Safari/537.11',NULL),(176,'2014-12-12 13:29:15','USER_LOGIN',1,'2014-12-12 14:29:15',1,'(UserLogged,admin)','::1','Mozilla/5.0 (X11; Linux x86_64) AppleWebKit/537.11 (KHTML, like Gecko) Chrome/23.0.1271.95 Safari/537.11',NULL),(177,'2014-12-12 13:30:15','USER_LOGIN',1,'2014-12-12 14:30:15',1,'(UserLogged,admin)','127.0.0.1','Mozilla/5.0 (X11; Linux x86_64) AppleWebKit/537.11 (KHTML, like Gecko) Chrome/23.0.1271.95 Safari/537.11',NULL),(178,'2014-12-12 13:40:08','USER_LOGOUT',1,'2014-12-12 14:40:08',1,'(UserLogoff,admin)','127.0.0.1','Mozilla/5.0 (X11; Linux x86_64) AppleWebKit/537.11 (KHTML, like Gecko) Chrome/23.0.1271.95 Safari/537.11',NULL),(179,'2014-12-12 13:40:10','USER_LOGIN',1,'2014-12-12 14:40:10',1,'(UserLogged,admin)','127.0.0.1','Mozilla/5.0 (X11; Linux x86_64) AppleWebKit/537.11 (KHTML, like Gecko) Chrome/23.0.1271.95 Safari/537.11',NULL),(180,'2014-12-12 13:40:26','USER_MODIFY',1,'2014-12-12 14:40:26',1,'Modification utilisateur admin','127.0.0.1','Mozilla/5.0 (X11; Linux x86_64) AppleWebKit/537.11 (KHTML, like Gecko) Chrome/23.0.1271.95 Safari/537.11',NULL),(181,'2014-12-12 13:40:34','USER_LOGOUT',1,'2014-12-12 14:40:34',1,'(UserLogoff,admin)','127.0.0.1','Mozilla/5.0 (X11; Linux x86_64) AppleWebKit/537.11 (KHTML, like Gecko) Chrome/23.0.1271.95 Safari/537.11',NULL),(182,'2014-12-12 13:42:23','USER_LOGIN',1,'2014-12-12 14:42:23',1,'(UserLogged,admin)','127.0.0.1','Mozilla/5.0 (X11; Linux x86_64) AppleWebKit/537.11 (KHTML, like Gecko) Chrome/23.0.1271.95 Safari/537.11',NULL),(183,'2014-12-12 13:43:02','USER_NEW_PASSWORD',1,'2014-12-12 14:43:02',NULL,'Changement mot de passe de admin','127.0.0.1','Mozilla/5.0 (X11; Linux x86_64) AppleWebKit/537.11 (KHTML, like Gecko) Chrome/23.0.1271.95 Safari/537.11',NULL),(184,'2014-12-12 13:43:25','USER_LOGOUT',1,'2014-12-12 14:43:25',1,'(UserLogoff,admin)','127.0.0.1','Mozilla/5.0 (X11; Linux x86_64) AppleWebKit/537.11 (KHTML, like Gecko) Chrome/23.0.1271.95 Safari/537.11',NULL),(185,'2014-12-12 13:43:27','USER_LOGIN_FAILED',1,'2014-12-12 14:43:27',NULL,'Identifiants login ou mot de passe incorrects - login=admin','127.0.0.1','Mozilla/5.0 (X11; Linux x86_64) AppleWebKit/537.11 (KHTML, like Gecko) Chrome/23.0.1271.95 Safari/537.11',NULL),(186,'2014-12-12 13:43:30','USER_LOGIN',1,'2014-12-12 14:43:30',1,'(UserLogged,admin)','127.0.0.1','Mozilla/5.0 (X11; Linux x86_64) AppleWebKit/537.11 (KHTML, like Gecko) Chrome/23.0.1271.95 Safari/537.11',NULL),(187,'2014-12-12 14:52:11','USER_LOGIN',1,'2014-12-12 15:52:11',1,'(UserLogged,admin)','127.0.0.1','Mozilla/5.0 (X11; Linux x86_64) AppleWebKit/537.11 (KHTML, like Gecko) Chrome/23.0.1271.95 Safari/537.11',NULL),(188,'2014-12-12 17:53:00','USER_LOGIN_FAILED',1,'2014-12-12 18:53:00',NULL,'Identifiants login ou mot de passe incorrects - login=admin','127.0.0.1','Mozilla/5.0 (X11; Linux x86_64) AppleWebKit/537.11 (KHTML, like Gecko) Chrome/23.0.1271.97 Safari/537.11',NULL),(189,'2014-12-12 17:53:07','USER_LOGIN_FAILED',1,'2014-12-12 18:53:07',NULL,'Identifiants login ou mot de passe incorrects - login=admin','127.0.0.1','Mozilla/5.0 (X11; Linux x86_64) AppleWebKit/537.11 (KHTML, like Gecko) Chrome/23.0.1271.97 Safari/537.11',NULL),(190,'2014-12-12 17:53:51','USER_NEW_PASSWORD',1,'2014-12-12 18:53:51',NULL,'Changement mot de passe de admin','127.0.0.1','Mozilla/5.0 (X11; Linux x86_64) AppleWebKit/537.11 (KHTML, like Gecko) Chrome/23.0.1271.97 Safari/537.11',NULL),(191,'2014-12-12 17:54:00','USER_LOGIN',1,'2014-12-12 18:54:00',1,'(UserLogged,admin)','127.0.0.1','Mozilla/5.0 (X11; Linux x86_64) AppleWebKit/537.11 (KHTML, like Gecko) Chrome/23.0.1271.97 Safari/537.11',NULL),(192,'2014-12-12 17:54:10','USER_NEW_PASSWORD',1,'2014-12-12 18:54:10',1,'Changement mot de passe de admin','127.0.0.1','Mozilla/5.0 (X11; Linux x86_64) AppleWebKit/537.11 (KHTML, like Gecko) Chrome/23.0.1271.97 Safari/537.11',NULL),(193,'2014-12-12 17:54:10','USER_MODIFY',1,'2014-12-12 18:54:10',1,'Modification utilisateur admin','127.0.0.1','Mozilla/5.0 (X11; Linux x86_64) AppleWebKit/537.11 (KHTML, like Gecko) Chrome/23.0.1271.97 Safari/537.11',NULL),(194,'2014-12-12 18:57:09','USER_LOGIN',1,'2014-12-12 19:57:09',1,'(UserLogged,admin)','127.0.0.1','Mozilla/5.0 (X11; Linux x86_64) AppleWebKit/537.11 (KHTML, like Gecko) Chrome/23.0.1271.97 Safari/537.11',NULL),(195,'2014-12-12 23:04:08','USER_LOGIN',1,'2014-12-13 00:04:08',1,'(UserLogged,admin)','127.0.0.1','Mozilla/5.0 (X11; Linux x86_64) AppleWebKit/537.11 (KHTML, like Gecko) Chrome/23.0.1271.97 Safari/537.11',NULL),(196,'2014-12-17 20:03:14','USER_LOGIN',1,'2014-12-17 21:03:14',1,'(UserLogged,admin)','::1','Mozilla/5.0 (X11; Linux x86_64) AppleWebKit/537.11 (KHTML, like Gecko) Chrome/23.0.1271.97 Safari/537.11',NULL),(197,'2014-12-17 21:18:45','USER_LOGIN',1,'2014-12-17 22:18:45',1,'(UserLogged,admin)','::1','Mozilla/5.0 (X11; Linux x86_64) AppleWebKit/537.11 (KHTML, like Gecko) Chrome/23.0.1271.97 Safari/537.11',NULL),(198,'2014-12-17 22:30:08','USER_LOGIN',1,'2014-12-17 23:30:08',1,'(UserLogged,admin)','::1','Mozilla/5.0 (X11; Linux x86_64) AppleWebKit/537.11 (KHTML, like Gecko) Chrome/23.0.1271.97 Safari/537.11',NULL),(199,'2014-12-18 23:32:03','USER_LOGIN',1,'2014-12-19 00:32:03',1,'(UserLogged,admin)','::1','Mozilla/5.0 (X11; Linux x86_64) AppleWebKit/537.11 (KHTML, like Gecko) Chrome/23.0.1271.97 Safari/537.11',NULL),(200,'2014-12-19 09:38:03','USER_LOGIN',1,'2014-12-19 10:38:03',1,'(UserLogged,admin)','::1','Mozilla/5.0 (X11; Linux x86_64) AppleWebKit/537.11 (KHTML, like Gecko) Chrome/23.0.1271.97 Safari/537.11',NULL),(201,'2014-12-19 11:23:35','USER_LOGIN',1,'2014-12-19 12:23:35',1,'(UserLogged,admin)','::1','Mozilla/5.0 (X11; Linux x86_64) AppleWebKit/537.11 (KHTML, like Gecko) Chrome/23.0.1271.97 Safari/537.11',NULL),(202,'2014-12-19 12:46:22','USER_LOGIN',1,'2014-12-19 13:46:22',1,'(UserLogged,admin)','::1','Mozilla/5.0 (X11; Linux x86_64) AppleWebKit/537.11 (KHTML, like Gecko) Chrome/23.0.1271.97 Safari/537.11',NULL),(214,'2014-12-19 19:11:31','USER_LOGIN',1,'2014-12-19 20:11:31',1,'(UserLogged,admin)','::1','Mozilla/5.0 (X11; Linux x86_64) AppleWebKit/537.11 (KHTML, like Gecko) Chrome/23.0.1271.97 Safari/537.11',NULL),(215,'2014-12-21 16:36:57','USER_LOGIN',1,'2014-12-21 17:36:57',1,'(UserLogged,admin)','::1','Mozilla/5.0 (X11; Linux x86_64) AppleWebKit/537.11 (KHTML, like Gecko) Chrome/23.0.1271.97 Safari/537.11',NULL),(216,'2014-12-21 16:38:43','USER_NEW_PASSWORD',1,'2014-12-21 17:38:43',1,'Changement mot de passe de adupont','::1','Mozilla/5.0 (X11; Linux x86_64) AppleWebKit/537.11 (KHTML, like Gecko) Chrome/23.0.1271.97 Safari/537.11',NULL),(217,'2014-12-21 16:38:43','USER_MODIFY',1,'2014-12-21 17:38:43',1,'Modification utilisateur adupont','::1','Mozilla/5.0 (X11; Linux x86_64) AppleWebKit/537.11 (KHTML, like Gecko) Chrome/23.0.1271.97 Safari/537.11',NULL),(218,'2014-12-21 16:38:51','USER_LOGOUT',1,'2014-12-21 17:38:51',1,'(UserLogoff,admin)','::1','Mozilla/5.0 (X11; Linux x86_64) AppleWebKit/537.11 (KHTML, like Gecko) Chrome/23.0.1271.97 Safari/537.11',NULL),(219,'2014-12-21 16:38:55','USER_LOGIN',1,'2014-12-21 17:38:55',3,'(UserLogged,adupont)','::1','Mozilla/5.0 (X11; Linux x86_64) AppleWebKit/537.11 (KHTML, like Gecko) Chrome/23.0.1271.97 Safari/537.11',NULL),(220,'2014-12-21 16:48:18','USER_LOGOUT',1,'2014-12-21 17:48:18',3,'(UserLogoff,adupont)','::1','Mozilla/5.0 (X11; Linux x86_64) AppleWebKit/537.11 (KHTML, like Gecko) Chrome/23.0.1271.97 Safari/537.11',NULL),(221,'2014-12-21 16:48:20','USER_LOGIN',1,'2014-12-21 17:48:20',1,'(UserLogged,admin)','::1','Mozilla/5.0 (X11; Linux x86_64) AppleWebKit/537.11 (KHTML, like Gecko) Chrome/23.0.1271.97 Safari/537.11',NULL),(222,'2014-12-26 18:28:18','USER_LOGIN',1,'2014-12-26 19:28:18',1,'(UserLogged,admin)','127.0.0.1','Mozilla/5.0 (X11; Linux x86_64) AppleWebKit/537.11 (KHTML, like Gecko) Chrome/23.0.1271.97 Safari/537.11',NULL),(223,'2014-12-26 20:00:24','USER_LOGIN',1,'2014-12-26 21:00:24',1,'(UserLogged,admin)','127.0.0.1','Mozilla/5.0 (X11; Linux x86_64) AppleWebKit/537.11 (KHTML, like Gecko) Chrome/23.0.1271.97 Safari/537.11',NULL),(224,'2014-12-27 01:10:27','USER_LOGIN',1,'2014-12-27 02:10:27',1,'(UserLogged,admin)','127.0.0.1','Mozilla/5.0 (X11; Linux x86_64) AppleWebKit/537.11 (KHTML, like Gecko) Chrome/23.0.1271.97 Safari/537.11',NULL),(225,'2014-12-28 19:12:08','USER_LOGIN',1,'2014-12-28 20:12:08',1,'(UserLogged,admin)','127.0.0.1','Mozilla/5.0 (X11; Linux x86_64) AppleWebKit/537.11 (KHTML, like Gecko) Chrome/23.0.1271.97 Safari/537.11',NULL),(226,'2014-12-28 20:16:58','USER_LOGIN',1,'2014-12-28 21:16:58',1,'(UserLogged,admin)','127.0.0.1','Mozilla/5.0 (X11; Linux x86_64) AppleWebKit/537.11 (KHTML, like Gecko) Chrome/23.0.1271.97 Safari/537.11',NULL),(227,'2014-12-29 14:35:46','USER_LOGIN',1,'2014-12-29 15:35:46',1,'(UserLogged,admin)','::1','Mozilla/5.0 (X11; Linux x86_64) AppleWebKit/537.11 (KHTML, like Gecko) Chrome/23.0.1271.97 Safari/537.11',NULL),(228,'2014-12-29 14:37:59','USER_LOGOUT',1,'2014-12-29 15:37:59',1,'(UserLogoff,admin)','::1','Mozilla/5.0 (X11; Linux x86_64) AppleWebKit/537.11 (KHTML, like Gecko) Chrome/23.0.1271.97 Safari/537.11',NULL),(229,'2014-12-29 14:38:00','USER_LOGIN',1,'2014-12-29 15:38:00',1,'(UserLogged,admin)','::1','Mozilla/5.0 (X11; Linux x86_64) AppleWebKit/537.11 (KHTML, like Gecko) Chrome/23.0.1271.97 Safari/537.11',NULL),(230,'2014-12-29 17:16:48','USER_LOGIN',1,'2014-12-29 18:16:48',1,'(UserLogged,admin)','127.0.0.1','Mozilla/5.0 (X11; Linux x86_64) AppleWebKit/537.11 (KHTML, like Gecko) Chrome/23.0.1271.97 Safari/537.11',NULL),(231,'2014-12-31 12:02:59','USER_LOGIN',1,'2014-12-31 13:02:59',1,'(UserLogged,admin)','::1','Mozilla/5.0 (X11; Linux x86_64) AppleWebKit/537.11 (KHTML, like Gecko) Chrome/23.0.1271.97 Safari/537.11',NULL),(232,'2015-01-02 20:32:51','USER_LOGIN',1,'2015-01-02 21:32:51',1,'(UserLogged,admin)','::1','Mozilla/5.0 (X11; Ubuntu; Linux x86_64; rv:17.0) Gecko/20100101 Firefox/17.0',NULL),(233,'2015-01-02 20:58:59','USER_LOGIN',1,'2015-01-02 21:58:59',1,'(UserLogged,admin)','::1','Mozilla/5.0 (X11; Linux x86_64) AppleWebKit/537.11 (KHTML, like Gecko) Chrome/23.0.1271.97 Safari/537.11',NULL),(234,'2015-01-03 09:25:07','USER_LOGIN',1,'2015-01-03 10:25:07',1,'(UserLogged,admin)','::1','Mozilla/5.0 (X11; Linux x86_64) AppleWebKit/537.11 (KHTML, like Gecko) Chrome/23.0.1271.97 Safari/537.11',NULL),(235,'2015-01-03 19:39:31','USER_LOGIN',1,'2015-01-03 20:39:31',1,'(UserLogged,admin)','::1','Mozilla/5.0 (X11; Linux x86_64) AppleWebKit/537.11 (KHTML, like Gecko) Chrome/23.0.1271.97 Safari/537.11',NULL),(236,'2015-01-04 22:40:19','USER_LOGIN',1,'2015-01-04 23:40:19',1,'(UserLogged,admin)','::1','Mozilla/5.0 (X11; Linux x86_64) AppleWebKit/537.11 (KHTML, like Gecko) Chrome/23.0.1271.97 Safari/537.11',NULL),(237,'2015-01-05 12:59:59','USER_LOGIN',1,'2015-01-05 13:59:59',1,'(UserLogged,admin)','::1','Mozilla/5.0 (X11; Linux x86_64) AppleWebKit/537.11 (KHTML, like Gecko) Chrome/23.0.1271.97 Safari/537.11',NULL),(238,'2015-01-05 15:28:52','USER_LOGIN',1,'2015-01-05 16:28:52',1,'(UserLogged,admin)','::1','Mozilla/5.0 (X11; Linux x86_64) AppleWebKit/537.11 (KHTML, like Gecko) Chrome/23.0.1271.97 Safari/537.11',NULL),(239,'2015-01-05 17:02:08','USER_LOGIN',1,'2015-01-05 18:02:08',1,'(UserLogged,admin)','::1','Mozilla/5.0 (X11; Linux x86_64) AppleWebKit/537.11 (KHTML, like Gecko) Chrome/23.0.1271.97 Safari/537.11',NULL),(240,'2015-01-06 12:13:33','USER_LOGIN',1,'2015-01-06 13:13:33',1,'(UserLogged,admin)','::1','Mozilla/5.0 (X11; Linux x86_64) AppleWebKit/537.11 (KHTML, like Gecko) Chrome/23.0.1271.97 Safari/537.11',NULL),(241,'2015-01-07 01:21:15','USER_LOGIN',1,'2015-01-07 02:21:15',1,'(UserLogged,admin)','::1','Mozilla/5.0 (X11; Linux x86_64) AppleWebKit/537.11 (KHTML, like Gecko) Chrome/23.0.1271.97 Safari/537.11',NULL),(242,'2015-01-07 01:46:31','USER_LOGOUT',1,'2015-01-07 02:46:31',1,'(UserLogoff,admin)','::1','Mozilla/5.0 (X11; Linux x86_64) AppleWebKit/537.11 (KHTML, like Gecko) Chrome/23.0.1271.97 Safari/537.11',NULL),(243,'2015-01-07 19:54:50','USER_LOGIN',1,'2015-01-07 20:54:50',1,'(UserLogged,admin)','::1','Mozilla/5.0 (X11; Linux x86_64) AppleWebKit/537.11 (KHTML, like Gecko) Chrome/23.0.1271.97 Safari/537.11',NULL),(244,'2015-01-08 21:55:01','USER_LOGIN',1,'2015-01-08 22:55:01',1,'(UserLogged,admin)','::1','Mozilla/5.0 (X11; Linux x86_64) AppleWebKit/537.11 (KHTML, like Gecko) Chrome/23.0.1271.97 Safari/537.11',NULL),(245,'2015-01-09 11:13:28','USER_LOGIN',1,'2015-01-09 12:13:28',1,'(UserLogged,admin)','::1','Mozilla/5.0 (X11; Linux x86_64) AppleWebKit/537.11 (KHTML, like Gecko) Chrome/23.0.1271.97 Safari/537.11',NULL),(246,'2015-01-10 18:30:46','USER_LOGIN',1,'2015-01-10 19:30:46',1,'(UserLogged,admin)','::1','Mozilla/5.0 (X11; Linux x86_64) AppleWebKit/537.11 (KHTML, like Gecko) Chrome/23.0.1271.97 Safari/537.11',NULL),(247,'2015-01-11 18:03:26','USER_LOGIN',1,'2015-01-11 19:03:26',1,'(UserLogged,admin)','::1','Mozilla/5.0 (X11; Linux x86_64) AppleWebKit/537.11 (KHTML, like Gecko) Chrome/23.0.1271.97 Safari/537.11',NULL),(248,'2015-01-12 11:15:04','USER_LOGIN',1,'2015-01-12 12:15:04',1,'(UserLogged,admin)','::1','Mozilla/5.0 (X11; Linux x86_64) AppleWebKit/537.11 (KHTML, like Gecko) Chrome/23.0.1271.97 Safari/537.11',NULL),(249,'2015-01-12 14:42:44','USER_LOGIN',1,'2015-01-12 15:42:44',1,'(UserLogged,admin)','::1','Mozilla/5.0 (X11; Linux x86_64) AppleWebKit/537.11 (KHTML, like Gecko) Chrome/23.0.1271.97 Safari/537.11',NULL),(250,'2015-01-13 12:07:17','USER_LOGIN',1,'2015-01-13 13:07:17',1,'(UserLogged,admin)','::1','Mozilla/5.0 (X11; Linux x86_64) AppleWebKit/537.11 (KHTML, like Gecko) Chrome/23.0.1271.97 Safari/537.11',NULL),(251,'2015-01-13 17:37:58','USER_LOGIN',1,'2015-01-13 18:37:58',1,'(UserLogged,admin)','::1','Mozilla/5.0 (X11; Linux x86_64) AppleWebKit/537.11 (KHTML, like Gecko) Chrome/23.0.1271.97 Safari/537.11',NULL),(252,'2015-01-13 19:24:21','USER_LOGIN',1,'2015-01-13 20:24:21',1,'(UserLogged,admin)','::1','Mozilla/5.0 (X11; Linux x86_64) AppleWebKit/537.11 (KHTML, like Gecko) Chrome/23.0.1271.97 Safari/537.11',NULL),(253,'2015-01-13 19:29:19','USER_LOGOUT',1,'2015-01-13 20:29:19',1,'(UserLogoff,admin)','::1','Mozilla/5.0 (X11; Linux x86_64) AppleWebKit/537.11 (KHTML, like Gecko) Chrome/23.0.1271.97 Safari/537.11',NULL),(254,'2015-01-13 21:39:39','USER_LOGIN',1,'2015-01-13 22:39:39',1,'(UserLogged,admin)','::1','Mozilla/5.0 (X11; Linux x86_64) AppleWebKit/537.11 (KHTML, like Gecko) Chrome/23.0.1271.97 Safari/537.11',NULL),(255,'2015-01-14 00:52:21','USER_LOGIN',1,'2015-01-14 01:52:21',1,'(UserLogged,admin)','::1','Mozilla/5.0 (X11; Linux x86_64) AppleWebKit/537.11 (KHTML, like Gecko) Chrome/23.0.1271.97 Safari/537.11',NULL),(256,'2015-01-16 11:34:31','USER_LOGIN',1,'2015-01-16 12:34:31',1,'(UserLogged,admin)','::1','Mozilla/5.0 (X11; Linux x86_64) AppleWebKit/537.17 (KHTML, like Gecko) Chrome/24.0.1312.52 Safari/537.17',NULL),(257,'2015-01-16 15:36:21','USER_LOGIN',1,'2015-01-16 16:36:21',1,'(UserLogged,admin)','::1','Mozilla/5.0 (X11; Linux x86_64) AppleWebKit/537.17 (KHTML, like Gecko) Chrome/24.0.1312.52 Safari/537.17',NULL),(258,'2015-01-16 19:17:36','USER_LOGIN',1,'2015-01-16 20:17:36',1,'(UserLogged,admin)','::1','Mozilla/5.0 (X11; Linux x86_64) AppleWebKit/537.17 (KHTML, like Gecko) Chrome/24.0.1312.52 Safari/537.17',NULL),(259,'2015-01-16 19:48:08','GROUP_CREATE',1,'2015-01-16 20:48:08',1,'Création groupe ggg','::1','Mozilla/5.0 (X11; Linux x86_64) AppleWebKit/537.17 (KHTML, like Gecko) Chrome/24.0.1312.52 Safari/537.17',NULL),(260,'2015-01-16 21:48:53','USER_LOGIN',1,'2015-01-16 22:48:53',1,'(UserLogged,admin)','::1','Mozilla/5.0 (X11; Linux x86_64) AppleWebKit/537.17 (KHTML, like Gecko) Chrome/24.0.1312.52 Safari/537.17',NULL),(261,'2015-01-17 19:55:53','USER_LOGIN',1,'2015-01-17 20:55:53',1,'(UserLogged,admin)','::1','Mozilla/5.0 (X11; Linux x86_64) AppleWebKit/537.17 (KHTML, like Gecko) Chrome/24.0.1312.52 Safari/537.17',NULL),(262,'2015-01-18 09:48:01','USER_LOGIN',1,'2015-01-18 10:48:01',1,'(UserLogged,admin)','::1','Mozilla/5.0 (X11; Linux x86_64) AppleWebKit/537.17 (KHTML, like Gecko) Chrome/24.0.1312.52 Safari/537.17',NULL),(263,'2015-01-18 13:22:36','USER_LOGIN',1,'2015-01-18 14:22:36',1,'(UserLogged,admin)','::1','Mozilla/5.0 (X11; Linux x86_64) AppleWebKit/537.17 (KHTML, like Gecko) Chrome/24.0.1312.52 Safari/537.17',NULL),(264,'2015-01-18 16:10:23','USER_LOGIN',1,'2015-01-18 17:10:22',1,'(UserLogged,admin)','::1','Mozilla/5.0 (X11; Linux x86_64) AppleWebKit/537.17 (KHTML, like Gecko) Chrome/24.0.1312.52 Safari/537.17',NULL),(265,'2015-01-18 17:41:40','USER_LOGIN',1,'2015-01-18 18:41:40',1,'(UserLogged,admin)','::1','Mozilla/5.0 (X11; Linux x86_64) AppleWebKit/537.17 (KHTML, like Gecko) Chrome/24.0.1312.52 Safari/537.17',NULL),(266,'2015-01-19 14:33:48','USER_LOGIN',1,'2015-01-19 15:33:48',1,'(UserLogged,admin)','::1','Mozilla/5.0 (X11; Linux x86_64) AppleWebKit/537.17 (KHTML, like Gecko) Chrome/24.0.1312.52 Safari/537.17',NULL),(267,'2015-01-19 16:47:43','USER_LOGIN',1,'2015-01-19 17:47:43',1,'(UserLogged,admin)','::1','Mozilla/5.0 (X11; Linux x86_64) AppleWebKit/537.17 (KHTML, like Gecko) Chrome/24.0.1312.52 Safari/537.17',NULL),(268,'2015-01-19 16:59:43','USER_LOGIN',1,'2015-01-19 17:59:43',1,'(UserLogged,admin)','::1','Mozilla/5.0 (X11; Linux x86_64) AppleWebKit/537.17 (KHTML, like Gecko) Chrome/24.0.1312.52 Safari/537.17',NULL),(269,'2015-01-19 17:00:22','USER_LOGIN',1,'2015-01-19 18:00:22',1,'(UserLogged,admin)','::1','Mozilla/5.0 (X11; Linux x86_64) AppleWebKit/537.17 (KHTML, like Gecko) Chrome/24.0.1312.52 Safari/537.17',NULL),(270,'2015-01-19 17:04:16','USER_LOGOUT',1,'2015-01-19 18:04:16',1,'(UserLogoff,admin)','::1','Mozilla/5.0 (X11; Linux x86_64) AppleWebKit/537.17 (KHTML, like Gecko) Chrome/24.0.1312.52 Safari/537.17',NULL),(271,'2015-01-19 17:04:18','USER_LOGIN',1,'2015-01-19 18:04:18',1,'(UserLogged,admin)','::1','Mozilla/5.0 (X11; Linux x86_64) AppleWebKit/537.17 (KHTML, like Gecko) Chrome/24.0.1312.52 Safari/537.17',NULL),(272,'2015-01-20 00:34:19','USER_LOGIN',1,'2015-01-20 01:34:19',1,'(UserLogged,admin)','::1','Mozilla/5.0 (X11; Linux x86_64) AppleWebKit/537.17 (KHTML, like Gecko) Chrome/24.0.1312.52 Safari/537.17',NULL),(273,'2015-01-21 11:54:17','USER_LOGIN',1,'2015-01-21 12:54:17',1,'(UserLogged,admin)','::1','Mozilla/5.0 (X11; Linux x86_64) AppleWebKit/537.17 (KHTML, like Gecko) Chrome/24.0.1312.52 Safari/537.17',NULL),(274,'2015-01-21 13:48:15','USER_LOGIN',1,'2015-01-21 14:48:15',1,'(UserLogged,admin)','::1','Mozilla/5.0 (X11; Linux x86_64) AppleWebKit/537.17 (KHTML, like Gecko) Chrome/24.0.1312.52 Safari/537.17',NULL),(275,'2015-01-21 14:30:22','USER_LOGIN',1,'2015-01-21 15:30:22',1,'(UserLogged,admin)','127.0.0.1','Mozilla/5.0 (X11; Linux x86_64) AppleWebKit/537.17 (KHTML, like Gecko) Chrome/24.0.1312.52 Safari/537.17',NULL),(276,'2015-01-21 15:10:46','USER_LOGIN',1,'2015-01-21 16:10:46',1,'(UserLogged,admin)','::1','Mozilla/5.0 (X11; Linux x86_64) AppleWebKit/537.17 (KHTML, like Gecko) Chrome/24.0.1312.52 Safari/537.17',NULL),(277,'2015-01-21 17:27:43','USER_LOGIN',1,'2015-01-21 18:27:43',1,'(UserLogged,admin)','127.0.0.1','Mozilla/5.0 (X11; Linux x86_64) AppleWebKit/537.17 (KHTML, like Gecko) Chrome/24.0.1312.52 Safari/537.17',NULL),(278,'2015-01-21 21:48:15','USER_LOGIN',1,'2015-01-21 22:48:15',1,'(UserLogged,admin)','::1','Mozilla/5.0 (X11; Linux x86_64) AppleWebKit/537.17 (KHTML, like Gecko) Chrome/24.0.1312.52 Safari/537.17',NULL),(279,'2015-01-21 21:50:42','USER_LOGIN',1,'2015-01-21 22:50:42',1,'(UserLogged,admin)','127.0.0.1','Mozilla/5.0 (X11; Linux x86_64) AppleWebKit/537.17 (KHTML, like Gecko) Chrome/24.0.1312.52 Safari/537.17',NULL),(280,'2015-01-23 09:28:26','USER_LOGIN',1,'2015-01-23 10:28:26',1,'(UserLogged,admin)','::1','Mozilla/5.0 (X11; Linux x86_64) AppleWebKit/537.17 (KHTML, like Gecko) Chrome/24.0.1312.56 Safari/537.17',NULL),(281,'2015-01-23 13:21:57','USER_LOGIN',1,'2015-01-23 14:21:57',1,'(UserLogged,admin)','::1','Mozilla/5.0 (X11; Linux x86_64) AppleWebKit/537.17 (KHTML, like Gecko) Chrome/24.0.1312.56 Safari/537.17',NULL),(282,'2015-01-23 16:52:00','USER_LOGOUT',1,'2015-01-23 17:52:00',1,'(UserLogoff,admin)','::1','Mozilla/5.0 (X11; Linux x86_64) AppleWebKit/537.17 (KHTML, like Gecko) Chrome/24.0.1312.56 Safari/537.17',NULL),(283,'2015-01-23 16:52:05','USER_LOGIN_FAILED',1,'2015-01-23 17:52:05',NULL,'Bad value for login or password - login=bbb','::1','Mozilla/5.0 (X11; Linux x86_64) AppleWebKit/537.17 (KHTML, like Gecko) Chrome/24.0.1312.56 Safari/537.17',NULL),(284,'2015-01-23 16:52:09','USER_LOGIN',1,'2015-01-23 17:52:09',1,'(UserLogged,admin)','::1','Mozilla/5.0 (X11; Linux x86_64) AppleWebKit/537.17 (KHTML, like Gecko) Chrome/24.0.1312.56 Safari/537.17',NULL),(285,'2015-01-23 16:52:27','USER_CREATE',1,'2015-01-23 17:52:27',1,'Création utilisateur aaa','::1','Mozilla/5.0 (X11; Linux x86_64) AppleWebKit/537.17 (KHTML, like Gecko) Chrome/24.0.1312.56 Safari/537.17',NULL),(286,'2015-01-23 16:52:27','USER_NEW_PASSWORD',1,'2015-01-23 17:52:27',1,'Changement mot de passe de aaa','::1','Mozilla/5.0 (X11; Linux x86_64) AppleWebKit/537.17 (KHTML, like Gecko) Chrome/24.0.1312.56 Safari/537.17',NULL),(287,'2015-01-23 16:52:37','USER_CREATE',1,'2015-01-23 17:52:37',1,'Création utilisateur bbb','::1','Mozilla/5.0 (X11; Linux x86_64) AppleWebKit/537.17 (KHTML, like Gecko) Chrome/24.0.1312.56 Safari/537.17',NULL),(288,'2015-01-23 16:52:37','USER_NEW_PASSWORD',1,'2015-01-23 17:52:37',1,'Changement mot de passe de bbb','::1','Mozilla/5.0 (X11; Linux x86_64) AppleWebKit/537.17 (KHTML, like Gecko) Chrome/24.0.1312.56 Safari/537.17',NULL),(289,'2015-01-23 16:53:15','USER_LOGOUT',1,'2015-01-23 17:53:15',1,'(UserLogoff,admin)','::1','Mozilla/5.0 (X11; Linux x86_64) AppleWebKit/537.17 (KHTML, like Gecko) Chrome/24.0.1312.56 Safari/537.17',NULL),(290,'2015-01-23 16:53:20','USER_LOGIN',1,'2015-01-23 17:53:20',4,'(UserLogged,aaa)','::1','Mozilla/5.0 (X11; Linux x86_64) AppleWebKit/537.17 (KHTML, like Gecko) Chrome/24.0.1312.56 Safari/537.17',NULL),(291,'2015-01-23 19:16:58','USER_LOGIN',1,'2015-01-23 20:16:58',1,'(UserLogged,admin)','::1','Mozilla/5.0 (X11; Linux x86_64) AppleWebKit/537.17 (KHTML, like Gecko) Chrome/24.0.1312.56 Safari/537.17',NULL),(292,'2015-01-26 10:54:07','USER_LOGIN',1,'2015-01-26 11:54:07',1,'(UserLogged,admin)','::1','Mozilla/5.0 (X11; Linux x86_64) AppleWebKit/537.17 (KHTML, like Gecko) Chrome/24.0.1312.56 Safari/537.17',NULL),(293,'2015-01-29 10:15:36','USER_LOGIN',1,'2015-01-29 11:15:36',1,'(UserLogged,admin)','::1','Mozilla/5.0 (X11; Linux x86_64) AppleWebKit/537.17 (KHTML, like Gecko) Chrome/24.0.1312.56 Safari/537.17',NULL),(294,'2015-01-30 17:42:50','USER_LOGIN',1,'2015-01-30 18:42:50',1,'(UserLogged,admin)','::1','Mozilla/5.0 (X11; Linux x86_64) AppleWebKit/537.17 (KHTML, like Gecko) Chrome/24.0.1312.56 Safari/537.17',NULL),(295,'2015-02-01 08:49:55','USER_LOGIN',1,'2015-02-01 09:49:55',1,'(UserLogged,admin)','::1','Mozilla/5.0 (X11; Linux x86_64) AppleWebKit/537.17 (KHTML, like Gecko) Chrome/24.0.1312.57 Safari/537.17',NULL),(296,'2015-02-01 08:51:57','USER_LOGOUT',1,'2015-02-01 09:51:57',1,'(UserLogoff,admin)','::1','Mozilla/5.0 (X11; Linux x86_64) AppleWebKit/537.17 (KHTML, like Gecko) Chrome/24.0.1312.57 Safari/537.17',NULL),(297,'2015-02-01 08:52:39','USER_LOGIN',1,'2015-02-01 09:52:39',1,'(UserLogged,admin)','::1','Mozilla/5.0 (X11; Linux x86_64) AppleWebKit/537.17 (KHTML, like Gecko) Chrome/24.0.1312.57 Safari/537.17',NULL),(298,'2015-02-01 21:03:01','USER_LOGIN',1,'2015-02-01 22:03:01',1,'(UserLogged,admin)','::1','Mozilla/5.0 (X11; Linux x86_64) AppleWebKit/537.17 (KHTML, like Gecko) Chrome/24.0.1312.57 Safari/537.17',NULL),(299,'2015-02-10 19:48:39','USER_LOGIN',1,'2015-02-10 20:48:39',1,'(UserLogged,admin)','::1','Mozilla/5.0 (X11; Linux x86_64) AppleWebKit/537.17 (KHTML, like Gecko) Chrome/24.0.1312.57 Safari/537.17',NULL),(300,'2015-02-10 20:46:48','USER_LOGIN',1,'2015-02-10 21:46:48',1,'(UserLogged,admin)','::1','Mozilla/5.0 (X11; Linux x86_64) AppleWebKit/537.17 (KHTML, like Gecko) Chrome/24.0.1312.57 Safari/537.17',NULL),(301,'2015-02-10 21:39:23','USER_LOGIN',1,'2015-02-10 22:39:23',1,'(UserLogged,admin)','::1','Mozilla/5.0 (X11; Linux x86_64) AppleWebKit/537.17 (KHTML, like Gecko) Chrome/24.0.1312.57 Safari/537.17',NULL),(302,'2015-02-11 19:00:13','USER_LOGIN',1,'2015-02-11 20:00:13',1,'(UserLogged,admin)','::1','Mozilla/5.0 (X11; Linux x86_64) AppleWebKit/537.17 (KHTML, like Gecko) Chrome/24.0.1312.57 Safari/537.17',NULL),(303,'2015-02-11 19:43:44','USER_LOGIN_FAILED',1,'2015-02-11 20:43:44',NULL,'Unknown column \'u.fk_user\' in \'field list\'','::1','Mozilla/5.0 (X11; Linux x86_64) AppleWebKit/537.17 (KHTML, like Gecko) Chrome/24.0.1312.57 Safari/537.17',NULL),(304,'2015-02-11 19:44:01','USER_LOGIN',1,'2015-02-11 20:44:01',1,'(UserLogged,admin)','::1','Mozilla/5.0 (X11; Linux x86_64) AppleWebKit/537.17 (KHTML, like Gecko) Chrome/24.0.1312.57 Safari/537.17',NULL),(305,'2015-02-12 00:27:35','USER_LOGIN',1,'2015-02-12 01:27:35',1,'(UserLogged,admin)','::1','Mozilla/5.0 (X11; Linux x86_64) AppleWebKit/537.17 (KHTML, like Gecko) Chrome/24.0.1312.57 Safari/537.17',NULL),(306,'2015-02-12 00:27:38','USER_LOGOUT',1,'2015-02-12 01:27:38',1,'(UserLogoff,admin)','::1','Mozilla/5.0 (X11; Linux x86_64) AppleWebKit/537.17 (KHTML, like Gecko) Chrome/24.0.1312.57 Safari/537.17',NULL),(307,'2015-02-12 00:28:07','USER_LOGIN',1,'2015-02-12 01:28:07',1,'(UserLogged,admin)','::1','Mozilla/5.0 (X11; Linux x86_64) AppleWebKit/537.17 (KHTML, like Gecko) Chrome/24.0.1312.57 Safari/537.17',NULL),(308,'2015-02-12 00:28:09','USER_LOGOUT',1,'2015-02-12 01:28:09',1,'(UserLogoff,admin)','::1','Mozilla/5.0 (X11; Linux x86_64) AppleWebKit/537.17 (KHTML, like Gecko) Chrome/24.0.1312.57 Safari/537.17',NULL),(309,'2015-02-12 00:28:26','USER_LOGIN',1,'2015-02-12 01:28:26',1,'(UserLogged,admin)','::1','Mozilla/5.0 (X11; Linux x86_64) AppleWebKit/537.17 (KHTML, like Gecko) Chrome/24.0.1312.57 Safari/537.17',NULL),(310,'2015-02-12 00:28:30','USER_LOGOUT',1,'2015-02-12 01:28:30',1,'(UserLogoff,admin)','::1','Mozilla/5.0 (X11; Linux x86_64) AppleWebKit/537.17 (KHTML, like Gecko) Chrome/24.0.1312.57 Safari/537.17',NULL),(311,'2015-02-12 12:42:15','USER_LOGIN',1,'2015-02-12 13:42:15',1,'(UserLogged,admin)','::1','Mozilla/5.0 (X11; Linux x86_64) AppleWebKit/537.17 (KHTML, like Gecko) Chrome/24.0.1312.57 Safari/537.17',NULL),(312,'2015-02-12 13:46:16','USER_LOGIN',1,'2015-02-12 14:46:16',1,'(UserLogged,admin)','::1','Mozilla/5.0 (X11; Linux x86_64) AppleWebKit/537.17 (KHTML, like Gecko) Chrome/24.0.1312.69 Safari/537.17',NULL),(313,'2015-02-12 14:54:28','USER_LOGIN',1,'2015-02-12 15:54:28',1,'(UserLogged,admin)','::1','Mozilla/5.0 (X11; Linux x86_64) AppleWebKit/537.17 (KHTML, like Gecko) Chrome/24.0.1312.69 Safari/537.17',NULL),(314,'2015-02-12 16:04:46','USER_LOGIN',1,'2015-02-12 17:04:46',1,'(UserLogged,admin)','::1','Mozilla/5.0 (X11; Linux x86_64) AppleWebKit/537.17 (KHTML, like Gecko) Chrome/24.0.1312.69 Safari/537.17',NULL),(315,'2015-02-13 14:02:43','USER_LOGIN',1,'2015-02-13 15:02:43',1,'(UserLogged,admin)','::1','Mozilla/5.0 (X11; Linux x86_64) AppleWebKit/537.17 (KHTML, like Gecko) Chrome/24.0.1312.69 Safari/537.17',NULL),(316,'2015-02-13 14:48:30','USER_LOGIN',1,'2015-02-13 15:48:30',1,'(UserLogged,admin)','::1','Mozilla/5.0 (X11; Linux x86_64) AppleWebKit/537.17 (KHTML, like Gecko) Chrome/24.0.1312.69 Safari/537.17',NULL),(317,'2015-02-13 17:44:53','USER_LOGIN',1,'2015-02-13 18:44:53',1,'(UserLogged,admin)','::1','Mozilla/5.0 (X11; Linux x86_64) AppleWebKit/537.17 (KHTML, like Gecko) Chrome/24.0.1312.69 Safari/537.17',NULL),(318,'2015-02-15 08:44:36','USER_LOGIN',1,'2015-02-15 09:44:36',1,'(UserLogged,admin)','::1','Mozilla/5.0 (X11; Linux x86_64) AppleWebKit/537.17 (KHTML, like Gecko) Chrome/24.0.1312.69 Safari/537.17',NULL),(319,'2015-02-15 08:53:20','USER_LOGIN',1,'2015-02-15 09:53:20',1,'(UserLogged,admin)','127.0.0.1','Mozilla/5.0 (X11; Linux x86_64) AppleWebKit/537.17 (KHTML, like Gecko) Chrome/24.0.1312.69 Safari/537.17',NULL),(320,'2015-02-16 19:10:28','USER_LOGIN',1,'2015-02-16 20:10:28',1,'(UserLogged,admin)','127.0.0.1','Mozilla/5.0 (X11; Linux x86_64) AppleWebKit/537.17 (KHTML, like Gecko) Chrome/24.0.1312.69 Safari/537.17',NULL),(321,'2015-02-16 19:22:40','USER_CREATE',1,'2015-02-16 20:22:40',1,'Création utilisateur aaab','127.0.0.1','Mozilla/5.0 (X11; Linux x86_64) AppleWebKit/537.17 (KHTML, like Gecko) Chrome/24.0.1312.69 Safari/537.17',NULL),(322,'2015-02-16 19:22:40','USER_NEW_PASSWORD',1,'2015-02-16 20:22:40',1,'Changement mot de passe de aaab','127.0.0.1','Mozilla/5.0 (X11; Linux x86_64) AppleWebKit/537.17 (KHTML, like Gecko) Chrome/24.0.1312.69 Safari/537.17',NULL),(323,'2015-02-16 19:48:15','USER_CREATE',1,'2015-02-16 20:48:15',1,'Création utilisateur zzz','127.0.0.1','Mozilla/5.0 (X11; Linux x86_64) AppleWebKit/537.17 (KHTML, like Gecko) Chrome/24.0.1312.69 Safari/537.17',NULL),(324,'2015-02-16 19:48:15','USER_NEW_PASSWORD',1,'2015-02-16 20:48:15',1,'Changement mot de passe de zzz','127.0.0.1','Mozilla/5.0 (X11; Linux x86_64) AppleWebKit/537.17 (KHTML, like Gecko) Chrome/24.0.1312.69 Safari/537.17',NULL),(325,'2015-02-16 19:50:08','USER_CREATE',1,'2015-02-16 20:50:08',1,'Création utilisateur zzzg','127.0.0.1','Mozilla/5.0 (X11; Linux x86_64) AppleWebKit/537.17 (KHTML, like Gecko) Chrome/24.0.1312.69 Safari/537.17',NULL),(326,'2015-02-16 19:50:08','USER_NEW_PASSWORD',1,'2015-02-16 20:50:08',1,'Changement mot de passe de zzzg','127.0.0.1','Mozilla/5.0 (X11; Linux x86_64) AppleWebKit/537.17 (KHTML, like Gecko) Chrome/24.0.1312.69 Safari/537.17',NULL),(327,'2015-02-16 21:20:03','USER_LOGIN',1,'2015-02-16 22:20:03',1,'(UserLogged,admin)','127.0.0.1','Mozilla/5.0 (X11; Linux x86_64) AppleWebKit/537.17 (KHTML, like Gecko) Chrome/24.0.1312.69 Safari/537.17',NULL),(328,'2015-02-17 14:30:51','USER_LOGIN',1,'2015-02-17 15:30:51',1,'(UserLogged,admin)','127.0.0.1','Mozilla/5.0 (X11; Linux x86_64) AppleWebKit/537.17 (KHTML, like Gecko) Chrome/24.0.1312.69 Safari/537.17',NULL),(329,'2015-02-17 17:21:22','USER_LOGIN',1,'2015-02-17 18:21:22',1,'(UserLogged,admin)','127.0.0.1','Mozilla/5.0 (X11; Linux x86_64) AppleWebKit/537.17 (KHTML, like Gecko) Chrome/24.0.1312.69 Safari/537.17',NULL),(330,'2015-02-17 17:48:43','USER_MODIFY',1,'2015-02-17 18:48:43',1,'Modification utilisateur aaa','127.0.0.1','Mozilla/5.0 (X11; Linux x86_64) AppleWebKit/537.17 (KHTML, like Gecko) Chrome/24.0.1312.69 Safari/537.17',NULL),(331,'2015-02-17 17:48:47','USER_MODIFY',1,'2015-02-17 18:48:47',1,'Modification utilisateur aaa','127.0.0.1','Mozilla/5.0 (X11; Linux x86_64) AppleWebKit/537.17 (KHTML, like Gecko) Chrome/24.0.1312.69 Safari/537.17',NULL),(332,'2015-02-17 17:48:51','USER_MODIFY',1,'2015-02-17 18:48:51',1,'Modification utilisateur aaa','127.0.0.1','Mozilla/5.0 (X11; Linux x86_64) AppleWebKit/537.17 (KHTML, like Gecko) Chrome/24.0.1312.69 Safari/537.17',NULL),(333,'2015-02-17 17:48:56','USER_MODIFY',1,'2015-02-17 18:48:56',1,'Modification utilisateur aaa','127.0.0.1','Mozilla/5.0 (X11; Linux x86_64) AppleWebKit/537.17 (KHTML, like Gecko) Chrome/24.0.1312.69 Safari/537.17',NULL),(334,'2015-02-18 22:00:01','USER_LOGIN',1,'2015-02-18 23:00:01',1,'(UserLogged,admin)','127.0.0.1','Mozilla/5.0 (X11; Linux x86_64) AppleWebKit/537.17 (KHTML, like Gecko) Chrome/24.0.1312.69 Safari/537.17',NULL),(335,'2015-02-19 08:19:52','USER_LOGIN',1,'2015-02-19 09:19:52',1,'(UserLogged,admin)','127.0.0.1','Mozilla/5.0 (X11; Linux x86_64) AppleWebKit/537.17 (KHTML, like Gecko) Chrome/24.0.1312.69 Safari/537.17',NULL),(336,'2015-02-19 22:00:52','USER_LOGIN',1,'2015-02-19 23:00:52',1,'(UserLogged,admin)','127.0.0.1','Mozilla/5.0 (X11; Linux x86_64) AppleWebKit/537.17 (KHTML, like Gecko) Chrome/24.0.1312.69 Safari/537.17',NULL),(337,'2015-02-20 09:34:52','USER_LOGIN',1,'2015-02-20 10:34:52',1,'(UserLogged,admin)','127.0.0.1','Mozilla/5.0 (X11; Linux x86_64) AppleWebKit/537.17 (KHTML, like Gecko) Chrome/24.0.1312.69 Safari/537.17',NULL),(338,'2015-02-20 13:12:28','USER_LOGIN',1,'2015-02-20 14:12:28',1,'(UserLogged,admin)','127.0.0.1','Mozilla/5.0 (X11; Linux x86_64) AppleWebKit/537.17 (KHTML, like Gecko) Chrome/24.0.1312.69 Safari/537.17',NULL),(339,'2015-02-20 17:19:44','USER_LOGIN',1,'2015-02-20 18:19:44',1,'(UserLogged,admin)','127.0.0.1','Mozilla/5.0 (X11; Linux x86_64) AppleWebKit/537.17 (KHTML, like Gecko) Chrome/24.0.1312.69 Safari/537.17',NULL),(340,'2015-02-20 19:07:21','USER_MODIFY',1,'2015-02-20 20:07:21',1,'Modification utilisateur adupont','127.0.0.1','Mozilla/5.0 (X11; Linux x86_64) AppleWebKit/537.17 (KHTML, like Gecko) Chrome/24.0.1312.69 Safari/537.17',NULL),(341,'2015-02-20 19:47:17','USER_LOGIN',1,'2015-02-20 20:47:17',1,'(UserLogged,admin)','127.0.0.1','Mozilla/5.0 (X11; Linux x86_64) AppleWebKit/537.17 (KHTML, like Gecko) Chrome/24.0.1312.69 Safari/537.17',NULL),(342,'2015-02-20 19:48:01','USER_MODIFY',1,'2015-02-20 20:48:01',1,'Modification utilisateur aaa','127.0.0.1','Mozilla/5.0 (X11; Linux x86_64) AppleWebKit/537.17 (KHTML, like Gecko) Chrome/24.0.1312.69 Safari/537.17',NULL),(343,'2015-02-21 08:27:07','USER_LOGIN',1,'2015-02-21 09:27:07',1,'(UserLogged,admin)','127.0.0.1','Mozilla/5.0 (X11; Linux x86_64) AppleWebKit/537.17 (KHTML, like Gecko) Chrome/24.0.1312.69 Safari/537.17',NULL),(344,'2015-02-23 13:34:13','USER_LOGIN',1,'2015-02-23 14:34:13',1,'(UserLogged,admin)','127.0.0.1','Mozilla/5.0 (X11; Linux x86_64) AppleWebKit/537.17 (KHTML, like Gecko) Chrome/24.0.1312.69 Safari/537.17',NULL),(345,'2015-02-24 01:06:41','USER_LOGIN_FAILED',1,'2015-02-24 02:06:41',NULL,'Bad value for login or password - login=admin','127.0.0.1','Mozilla/5.0 (X11; Linux x86_64) AppleWebKit/537.22 (KHTML, like Gecko) Chrome/25.0.1364.97 Safari/537.22',NULL),(346,'2015-02-24 01:06:45','USER_LOGIN_FAILED',1,'2015-02-24 02:06:45',NULL,'Bad value for login or password - login=admin','127.0.0.1','Mozilla/5.0 (X11; Linux x86_64) AppleWebKit/537.22 (KHTML, like Gecko) Chrome/25.0.1364.97 Safari/537.22',NULL),(347,'2015-02-24 01:06:55','USER_LOGIN_FAILED',1,'2015-02-24 02:06:55',NULL,'Bad value for login or password - login=admin','127.0.0.1','Mozilla/5.0 (X11; Linux x86_64) AppleWebKit/537.22 (KHTML, like Gecko) Chrome/25.0.1364.97 Safari/537.22',NULL),(348,'2015-02-24 01:07:03','USER_LOGIN_FAILED',1,'2015-02-24 02:07:03',NULL,'Bad value for login or password - login=admin','127.0.0.1','Mozilla/5.0 (X11; Linux x86_64) AppleWebKit/537.22 (KHTML, like Gecko) Chrome/25.0.1364.97 Safari/537.22',NULL),(349,'2015-02-24 01:07:21','USER_LOGIN_FAILED',1,'2015-02-24 02:07:21',NULL,'Bad value for login or password - login=admin','127.0.0.1','Mozilla/5.0 (X11; Linux x86_64) AppleWebKit/537.22 (KHTML, like Gecko) Chrome/25.0.1364.97 Safari/537.22',NULL),(350,'2015-02-24 01:08:12','USER_LOGIN_FAILED',1,'2015-02-24 02:08:12',NULL,'Bad value for login or password - login=admin','127.0.0.1','Mozilla/5.0 (X11; Linux x86_64) AppleWebKit/537.22 (KHTML, like Gecko) Chrome/25.0.1364.97 Safari/537.22',NULL),(351,'2015-02-24 01:08:42','USER_LOGIN_FAILED',1,'2015-02-24 02:08:42',NULL,'Bad value for login or password - login=admin','127.0.0.1','Mozilla/5.0 (X11; Linux x86_64) AppleWebKit/537.22 (KHTML, like Gecko) Chrome/25.0.1364.97 Safari/537.22',NULL),(352,'2015-02-24 01:08:50','USER_LOGIN_FAILED',1,'2015-02-24 02:08:50',NULL,'Bad value for login or password - login=admin','127.0.0.1','Mozilla/5.0 (X11; Linux x86_64) AppleWebKit/537.22 (KHTML, like Gecko) Chrome/25.0.1364.97 Safari/537.22',NULL),(353,'2015-02-24 01:09:08','USER_LOGIN_FAILED',1,'2015-02-24 02:09:08',NULL,'Bad value for login or password - login=admin','127.0.0.1','Mozilla/5.0 (X11; Linux x86_64) AppleWebKit/537.22 (KHTML, like Gecko) Chrome/25.0.1364.97 Safari/537.22',NULL),(354,'2015-02-24 01:09:42','USER_LOGIN_FAILED',1,'2015-02-24 02:09:42',NULL,'Bad value for login or password - login=admin','127.0.0.1','Mozilla/5.0 (X11; Linux x86_64) AppleWebKit/537.22 (KHTML, like Gecko) Chrome/25.0.1364.97 Safari/537.22',NULL),(355,'2015-02-24 01:09:50','USER_LOGIN_FAILED',1,'2015-02-24 02:09:50',NULL,'Bad value for login or password - login=admin','127.0.0.1','Mozilla/5.0 (X11; Linux x86_64) AppleWebKit/537.22 (KHTML, like Gecko) Chrome/25.0.1364.97 Safari/537.22',NULL),(356,'2015-02-24 01:10:05','USER_LOGIN_FAILED',1,'2015-02-24 02:10:05',NULL,'Bad value for login or password - login=admin','127.0.0.1','Mozilla/5.0 (X11; Linux x86_64) AppleWebKit/537.22 (KHTML, like Gecko) Chrome/25.0.1364.97 Safari/537.22',NULL),(357,'2015-02-24 01:10:22','USER_LOGIN_FAILED',1,'2015-02-24 02:10:22',NULL,'Bad value for login or password - login=admin','127.0.0.1','Mozilla/5.0 (X11; Linux x86_64) AppleWebKit/537.22 (KHTML, like Gecko) Chrome/25.0.1364.97 Safari/537.22',NULL),(358,'2015-02-24 01:10:30','USER_LOGIN_FAILED',1,'2015-02-24 02:10:30',NULL,'Bad value for login or password - login=admin','127.0.0.1','Mozilla/5.0 (X11; Linux x86_64) AppleWebKit/537.22 (KHTML, like Gecko) Chrome/25.0.1364.97 Safari/537.22',NULL),(359,'2015-02-24 01:10:56','USER_LOGIN_FAILED',1,'2015-02-24 02:10:56',NULL,'Bad value for login or password - login=admin','127.0.0.1','Mozilla/5.0 (X11; Linux x86_64) AppleWebKit/537.22 (KHTML, like Gecko) Chrome/25.0.1364.97 Safari/537.22',NULL),(360,'2015-02-24 01:11:26','USER_LOGIN_FAILED',1,'2015-02-24 02:11:26',NULL,'Bad value for login or password - login=admin','127.0.0.1','Mozilla/5.0 (X11; Linux x86_64) AppleWebKit/537.22 (KHTML, like Gecko) Chrome/25.0.1364.97 Safari/537.22',NULL),(361,'2015-02-24 01:12:06','USER_LOGIN_FAILED',1,'2015-02-24 02:12:06',NULL,'Bad value for login or password - login=admin','127.0.0.1','Mozilla/5.0 (X11; Linux x86_64) AppleWebKit/537.22 (KHTML, like Gecko) Chrome/25.0.1364.97 Safari/537.22',NULL),(362,'2015-02-24 01:21:14','USER_LOGIN_FAILED',1,'2015-02-24 02:21:14',NULL,'Bad value for login or password - login=admin','127.0.0.1','Mozilla/5.0 (X11; Linux x86_64) AppleWebKit/537.22 (KHTML, like Gecko) Chrome/25.0.1364.97 Safari/537.22',NULL),(363,'2015-02-24 01:21:25','USER_LOGIN_FAILED',1,'2015-02-24 02:21:25',NULL,'Bad value for login or password - login=admin','127.0.0.1','Mozilla/5.0 (X11; Linux x86_64) AppleWebKit/537.22 (KHTML, like Gecko) Chrome/25.0.1364.97 Safari/537.22',NULL),(364,'2015-02-24 01:21:54','USER_LOGIN_FAILED',1,'2015-02-24 02:21:54',NULL,'Bad value for login or password - login=admin','127.0.0.1','Mozilla/5.0 (X11; Linux x86_64) AppleWebKit/537.22 (KHTML, like Gecko) Chrome/25.0.1364.97 Safari/537.22',NULL),(365,'2015-02-24 01:22:14','USER_LOGIN_FAILED',1,'2015-02-24 02:22:14',NULL,'Bad value for login or password - login=admin','127.0.0.1','Mozilla/5.0 (X11; Linux x86_64) AppleWebKit/537.22 (KHTML, like Gecko) Chrome/25.0.1364.97 Safari/537.22',NULL),(366,'2015-02-24 01:22:37','USER_LOGIN_FAILED',1,'2015-02-24 02:22:37',NULL,'Bad value for login or password - login=admin','127.0.0.1','Mozilla/5.0 (X11; Linux x86_64) AppleWebKit/537.22 (KHTML, like Gecko) Chrome/25.0.1364.97 Safari/537.22',NULL),(367,'2015-02-24 01:23:01','USER_LOGIN_FAILED',1,'2015-02-24 02:23:01',NULL,'Bad value for login or password - login=admin','127.0.0.1','Mozilla/5.0 (X11; Linux x86_64) AppleWebKit/537.22 (KHTML, like Gecko) Chrome/25.0.1364.97 Safari/537.22',NULL),(368,'2015-02-24 01:23:39','USER_LOGIN_FAILED',1,'2015-02-24 02:23:39',NULL,'Bad value for login or password - login=admin','127.0.0.1','Mozilla/5.0 (X11; Linux x86_64) AppleWebKit/537.22 (KHTML, like Gecko) Chrome/25.0.1364.97 Safari/537.22',NULL),(369,'2015-02-24 01:24:04','USER_LOGIN_FAILED',1,'2015-02-24 02:24:04',NULL,'Bad value for login or password - login=admin','127.0.0.1','Mozilla/5.0 (X11; Linux x86_64) AppleWebKit/537.22 (KHTML, like Gecko) Chrome/25.0.1364.97 Safari/537.22',NULL),(370,'2015-02-24 01:24:39','USER_LOGIN_FAILED',1,'2015-02-24 02:24:39',NULL,'Bad value for login or password - login=aa','127.0.0.1','Mozilla/5.0 (X11; Linux x86_64) AppleWebKit/537.22 (KHTML, like Gecko) Chrome/25.0.1364.97 Safari/537.22',NULL),(371,'2015-02-24 01:25:01','USER_LOGIN_FAILED',1,'2015-02-24 02:25:01',NULL,'Bad value for login or password - login=aa','127.0.0.1','Mozilla/5.0 (X11; Linux x86_64) AppleWebKit/537.22 (KHTML, like Gecko) Chrome/25.0.1364.97 Safari/537.22',NULL),(372,'2015-02-24 01:25:12','USER_LOGIN_FAILED',1,'2015-02-24 02:25:12',NULL,'Bad value for login or password - login=aa','127.0.0.1','Mozilla/5.0 (X11; Linux x86_64) AppleWebKit/537.22 (KHTML, like Gecko) Chrome/25.0.1364.97 Safari/537.22',NULL),(373,'2015-02-24 01:27:30','USER_LOGIN_FAILED',1,'2015-02-24 02:27:30',NULL,'Bad value for login or password - login=aa','127.0.0.1','Mozilla/5.0 (X11; Linux x86_64) AppleWebKit/537.22 (KHTML, like Gecko) Chrome/25.0.1364.97 Safari/537.22',NULL),(374,'2015-02-24 01:28:00','USER_LOGIN_FAILED',1,'2015-02-24 02:28:00',NULL,'Bad value for login or password - login=aa','127.0.0.1','Mozilla/5.0 (X11; Linux x86_64) AppleWebKit/537.22 (KHTML, like Gecko) Chrome/25.0.1364.97 Safari/537.22',NULL),(375,'2015-02-24 01:28:35','USER_LOGIN_FAILED',1,'2015-02-24 02:28:35',NULL,'Bad value for login or password - login=aa','127.0.0.1','Mozilla/5.0 (X11; Linux x86_64) AppleWebKit/537.22 (KHTML, like Gecko) Chrome/25.0.1364.97 Safari/537.22',NULL),(376,'2015-02-24 01:29:03','USER_LOGIN_FAILED',1,'2015-02-24 02:29:03',NULL,'Bad value for login or password - login=aa','127.0.0.1','Mozilla/5.0 (X11; Linux x86_64) AppleWebKit/537.22 (KHTML, like Gecko) Chrome/25.0.1364.97 Safari/537.22',NULL),(377,'2015-02-24 01:29:55','USER_LOGIN_FAILED',1,'2015-02-24 02:29:55',NULL,'Bad value for login or password - login=aa','127.0.0.1','Mozilla/5.0 (X11; Linux x86_64) AppleWebKit/537.22 (KHTML, like Gecko) Chrome/25.0.1364.97 Safari/537.22',NULL),(378,'2015-02-24 01:32:40','USER_LOGIN_FAILED',1,'2015-02-24 02:32:40',NULL,'Bad value for login or password - login=aa','127.0.0.1','Mozilla/5.0 (X11; Linux x86_64) AppleWebKit/537.22 (KHTML, like Gecko) Chrome/25.0.1364.97 Safari/537.22',NULL),(379,'2015-02-24 01:39:33','USER_LOGIN_FAILED',1,'2015-02-24 02:39:33',NULL,'Identifiants login ou mot de passe incorrects - login=aa','127.0.0.1','Mozilla/5.0 (X11; Linux x86_64) AppleWebKit/537.22 (KHTML, like Gecko) Chrome/25.0.1364.97 Safari/537.22',NULL),(380,'2015-02-24 01:39:38','USER_LOGIN_FAILED',1,'2015-02-24 02:39:38',NULL,'Identifiants login ou mot de passe incorrects - login=aa','127.0.0.1','Mozilla/5.0 (X11; Linux x86_64) AppleWebKit/537.22 (KHTML, like Gecko) Chrome/25.0.1364.97 Safari/537.22',NULL),(381,'2015-02-24 01:39:47','USER_LOGIN_FAILED',1,'2015-02-24 02:39:47',NULL,'Identifiants login ou mot de passe incorrects - login=lmkm','127.0.0.1','Mozilla/5.0 (X11; Linux x86_64) AppleWebKit/537.22 (KHTML, like Gecko) Chrome/25.0.1364.97 Safari/537.22',NULL),(382,'2015-02-24 01:40:54','USER_LOGIN_FAILED',1,'2015-02-24 02:40:54',NULL,'Identifiants login ou mot de passe incorrects - login=lmkm','127.0.0.1','Mozilla/5.0 (X11; Linux x86_64) AppleWebKit/537.22 (KHTML, like Gecko) Chrome/25.0.1364.97 Safari/537.22',NULL),(383,'2015-02-24 01:47:57','USER_LOGIN_FAILED',1,'2015-02-24 02:47:57',NULL,'Identifiants login ou mot de passe incorrects - login=lmkm','127.0.0.1','Mozilla/5.0 (X11; Linux x86_64) AppleWebKit/537.22 (KHTML, like Gecko) Chrome/25.0.1364.97 Safari/537.22',NULL),(384,'2015-02-24 01:48:05','USER_LOGIN_FAILED',1,'2015-02-24 02:48:05',NULL,'Identifiants login ou mot de passe incorrects - login=admin','127.0.0.1','Mozilla/5.0 (X11; Linux x86_64) AppleWebKit/537.22 (KHTML, like Gecko) Chrome/25.0.1364.97 Safari/537.22',NULL),(385,'2015-02-24 01:48:07','USER_LOGIN_FAILED',1,'2015-02-24 02:48:07',NULL,'Unknown column \'u.lastname\' in \'field list\'','127.0.0.1','Mozilla/5.0 (X11; Linux x86_64) AppleWebKit/537.22 (KHTML, like Gecko) Chrome/25.0.1364.97 Safari/537.22',NULL),(386,'2015-02-24 01:48:35','USER_LOGIN',1,'2015-02-24 02:48:35',1,'(UserLogged,admin)','127.0.0.1','Mozilla/5.0 (X11; Linux x86_64) AppleWebKit/537.22 (KHTML, like Gecko) Chrome/25.0.1364.97 Safari/537.22',NULL),(387,'2015-02-24 01:56:32','USER_LOGIN',1,'2015-02-24 02:56:32',1,'(UserLogged,admin)','192.168.0.254','Mozilla/5.0 (Linux; U; Android 2.2; en-us; sdk Build/FRF91) AppleWebKit/533.1 (KHTML, like Gecko) Version/4.0 Mobile Safari/533.1',NULL),(388,'2015-02-24 02:05:55','USER_LOGOUT',1,'2015-02-24 03:05:55',1,'(UserLogoff,admin)','127.0.0.1','Mozilla/5.0 (X11; Linux x86_64) AppleWebKit/537.22 (KHTML, like Gecko) Chrome/25.0.1364.97 Safari/537.22',NULL),(389,'2015-02-24 02:39:52','USER_LOGIN',1,'2015-02-24 03:39:52',1,'(UserLogged,admin)','127.0.0.1','Mozilla/5.0 (X11; Linux x86_64) AppleWebKit/537.22 (KHTML, like Gecko) Chrome/25.0.1364.97 Safari/537.22',NULL),(390,'2015-02-24 02:51:10','USER_LOGOUT',1,'2015-02-24 03:51:10',1,'(UserLogoff,admin)','127.0.0.1','Mozilla/5.0 (X11; Linux x86_64) AppleWebKit/537.22 (KHTML, like Gecko) Chrome/25.0.1364.97 Safari/537.22',NULL),(391,'2015-02-24 12:46:41','USER_LOGIN',1,'2015-02-24 13:46:41',1,'(UserLogged,admin)','127.0.0.1','Mozilla/5.0 (X11; Linux x86_64) AppleWebKit/537.22 (KHTML, like Gecko) Chrome/25.0.1364.97 Safari/537.22',NULL),(392,'2015-02-24 12:46:52','USER_LOGOUT',1,'2015-02-24 13:46:52',1,'(UserLogoff,admin)','127.0.0.1','Mozilla/5.0 (X11; Linux x86_64) AppleWebKit/537.22 (KHTML, like Gecko) Chrome/25.0.1364.97 Safari/537.22',NULL),(393,'2015-02-24 12:46:56','USER_LOGIN',1,'2015-02-24 13:46:56',1,'(UserLogged,admin)','127.0.0.1','Mozilla/5.0 (X11; Linux x86_64) AppleWebKit/537.22 (KHTML, like Gecko) Chrome/25.0.1364.97 Safari/537.22',NULL),(394,'2015-02-24 12:47:56','USER_LOGOUT',1,'2015-02-24 13:47:56',1,'(UserLogoff,admin)','127.0.0.1','Mozilla/5.0 (X11; Linux x86_64) AppleWebKit/537.22 (KHTML, like Gecko) Chrome/25.0.1364.97 Safari/537.22',NULL),(395,'2015-02-24 12:48:00','USER_LOGIN',1,'2015-02-24 13:48:00',1,'(UserLogged,admin)','127.0.0.1','Mozilla/5.0 (X11; Linux x86_64) AppleWebKit/537.22 (KHTML, like Gecko) Chrome/25.0.1364.97 Safari/537.22',NULL),(396,'2015-02-24 12:48:11','USER_LOGOUT',1,'2015-02-24 13:48:11',1,'(UserLogoff,admin)','127.0.0.1','Mozilla/5.0 (X11; Linux x86_64) AppleWebKit/537.22 (KHTML, like Gecko) Chrome/25.0.1364.97 Safari/537.22',NULL),(397,'2015-02-24 12:48:32','USER_LOGIN',1,'2015-02-24 13:48:32',1,'(UserLogged,admin)','127.0.0.1','Mozilla/5.0 (X11; Linux x86_64) AppleWebKit/537.22 (KHTML, like Gecko) Chrome/25.0.1364.97 Safari/537.22',NULL),(398,'2015-02-24 12:52:22','USER_LOGOUT',1,'2015-02-24 13:52:22',1,'(UserLogoff,admin)','127.0.0.1','Mozilla/5.0 (X11; Linux x86_64) AppleWebKit/537.22 (KHTML, like Gecko) Chrome/25.0.1364.97 Safari/537.22',NULL),(399,'2015-02-24 12:52:27','USER_LOGIN',1,'2015-02-24 13:52:27',1,'(UserLogged,admin)','127.0.0.1','Mozilla/5.0 (X11; Linux x86_64) AppleWebKit/537.22 (KHTML, like Gecko) Chrome/25.0.1364.97 Safari/537.22',NULL),(400,'2015-02-24 12:52:54','USER_LOGOUT',1,'2015-02-24 13:52:54',1,'(UserLogoff,admin)','127.0.0.1','Mozilla/5.0 (X11; Linux x86_64) AppleWebKit/537.22 (KHTML, like Gecko) Chrome/25.0.1364.97 Safari/537.22',NULL),(401,'2015-02-24 12:52:59','USER_LOGIN',1,'2015-02-24 13:52:59',1,'(UserLogged,admin)','127.0.0.1','Mozilla/5.0 (X11; Linux x86_64) AppleWebKit/537.22 (KHTML, like Gecko) Chrome/25.0.1364.97 Safari/537.22',NULL),(402,'2015-02-24 12:55:39','USER_LOGOUT',1,'2015-02-24 13:55:39',1,'(UserLogoff,admin)','127.0.0.1','Mozilla/5.0 (X11; Linux x86_64) AppleWebKit/537.22 (KHTML, like Gecko) Chrome/25.0.1364.97 Safari/537.22',NULL),(403,'2015-02-24 12:55:59','USER_LOGIN',1,'2015-02-24 13:55:59',1,'(UserLogged,admin)','127.0.0.1','Mozilla/5.0 (X11; Linux x86_64) AppleWebKit/537.22 (KHTML, like Gecko) Chrome/25.0.1364.97 Safari/537.22',NULL),(404,'2015-02-24 12:56:07','USER_LOGOUT',1,'2015-02-24 13:56:07',1,'(UserLogoff,admin)','127.0.0.1','Mozilla/5.0 (X11; Linux x86_64) AppleWebKit/537.22 (KHTML, like Gecko) Chrome/25.0.1364.97 Safari/537.22',NULL),(405,'2015-02-24 12:56:23','USER_LOGIN',1,'2015-02-24 13:56:23',1,'(UserLogged,admin)','127.0.0.1','Mozilla/5.0 (X11; Linux x86_64) AppleWebKit/537.22 (KHTML, like Gecko) Chrome/25.0.1364.97 Safari/537.22',NULL),(406,'2015-02-24 12:56:46','USER_LOGOUT',1,'2015-02-24 13:56:46',1,'(UserLogoff,admin)','127.0.0.1','Mozilla/5.0 (X11; Linux x86_64) AppleWebKit/537.22 (KHTML, like Gecko) Chrome/25.0.1364.97 Safari/537.22',NULL),(407,'2015-02-24 12:58:30','USER_LOGIN',1,'2015-02-24 13:58:30',1,'(UserLogged,admin)','127.0.0.1','Mozilla/5.0 (X11; Linux x86_64) AppleWebKit/537.22 (KHTML, like Gecko) Chrome/25.0.1364.97 Safari/537.22',NULL),(408,'2015-02-24 12:58:33','USER_LOGOUT',1,'2015-02-24 13:58:33',1,'(UserLogoff,admin)','127.0.0.1','Mozilla/5.0 (X11; Linux x86_64) AppleWebKit/537.22 (KHTML, like Gecko) Chrome/25.0.1364.97 Safari/537.22',NULL),(409,'2015-02-24 12:58:51','USER_LOGIN',1,'2015-02-24 13:58:51',1,'(UserLogged,admin)','127.0.0.1','Mozilla/5.0 (X11; Linux x86_64) AppleWebKit/537.22 (KHTML, like Gecko) Chrome/25.0.1364.97 Safari/537.22',NULL),(410,'2015-02-24 12:58:58','USER_LOGOUT',1,'2015-02-24 13:58:58',1,'(UserLogoff,admin)','127.0.0.1','Mozilla/5.0 (X11; Linux x86_64) AppleWebKit/537.22 (KHTML, like Gecko) Chrome/25.0.1364.97 Safari/537.22',NULL),(411,'2015-02-24 13:18:53','USER_LOGIN',1,'2015-02-24 14:18:53',1,'(UserLogged,admin)','127.0.0.1','Mozilla/5.0 (X11; Linux x86_64) AppleWebKit/537.22 (KHTML, like Gecko) Chrome/25.0.1364.97 Safari/537.22',NULL),(412,'2015-02-24 13:19:52','USER_LOGOUT',1,'2015-02-24 14:19:52',1,'(UserLogoff,admin)','127.0.0.1','Mozilla/5.0 (X11; Linux x86_64) AppleWebKit/537.22 (KHTML, like Gecko) Chrome/25.0.1364.97 Safari/537.22',NULL),(413,'2015-02-24 15:39:31','USER_LOGIN_FAILED',1,'2015-02-24 16:39:31',NULL,'ErrorBadValueForCode - login=admin','127.0.0.1',NULL,NULL),(414,'2015-02-24 15:42:07','USER_LOGIN',1,'2015-02-24 16:42:07',1,'(UserLogged,admin)','127.0.0.1',NULL,NULL),(415,'2015-02-24 15:42:52','USER_LOGOUT',1,'2015-02-24 16:42:52',1,'(UserLogoff,admin)','127.0.0.1','Mozilla/5.0 (iPhone; U; CPU iPhone OS 4_0 like Mac OS X; en-us) AppleWebKit/532.9 (KHTML, like Gecko) Version/4.0.5 Mobile/8A293 Safari/6531.22.7',NULL),(416,'2015-02-24 16:04:21','USER_LOGIN',1,'2015-02-24 17:04:21',1,'(UserLogged,admin)','192.168.0.254','Mozilla/5.0 (Linux; U; Android 2.2; en-us; sdk Build/FRF91) AppleWebKit/533.1 (KHTML, like Gecko) Version/4.0 Mobile Safari/533.1',NULL),(417,'2015-02-24 16:11:28','USER_LOGIN_FAILED',1,'2015-02-24 17:11:28',NULL,'ErrorBadValueForCode - login=admin','127.0.0.1','Mozilla/5.0 (iPhone; U; CPU iPhone OS 4_0 like Mac OS X; en-us) AppleWebKit/532.9 (KHTML, like Gecko) Version/4.0.5 Mobile/8A293 Safari/6531.22.7',NULL),(418,'2015-02-24 16:11:37','USER_LOGIN',1,'2015-02-24 17:11:37',1,'(UserLogged,admin)','127.0.0.1','Mozilla/5.0 (iPhone; U; CPU iPhone OS 4_0 like Mac OS X; en-us) AppleWebKit/532.9 (KHTML, like Gecko) Version/4.0.5 Mobile/8A293 Safari/6531.22.7',NULL),(419,'2015-02-24 16:36:52','USER_LOGOUT',1,'2015-02-24 17:36:52',1,'(UserLogoff,admin)','192.168.0.254','Mozilla/5.0 (Linux; U; Android 2.2; en-us; sdk Build/FRF91) AppleWebKit/533.1 (KHTML, like Gecko) Version/4.0 Mobile Safari/533.1',NULL),(420,'2015-02-24 16:40:37','USER_LOGIN',1,'2015-02-24 17:40:37',1,'(UserLogged,admin)','127.0.0.1','Mozilla/5.0 (X11; Linux x86_64) AppleWebKit/537.22 (KHTML, like Gecko) Chrome/25.0.1364.97 Safari/537.22',NULL),(421,'2015-02-24 16:57:16','USER_LOGIN',1,'2015-02-24 17:57:16',1,'(UserLogged,admin)','192.168.0.254','Mozilla/5.0 (Linux; U; Android 2.2; en-us; sdk Build/FRF91) AppleWebKit/533.1 (KHTML, like Gecko) Version/4.0 Mobile Safari/533.1 - 2131034114',NULL),(422,'2015-02-24 17:01:30','USER_LOGOUT',1,'2015-02-24 18:01:30',1,'(UserLogoff,admin)','192.168.0.254','Mozilla/5.0 (Linux; U; Android 2.2; en-us; sdk Build/FRF91) AppleWebKit/533.1 (KHTML, like Gecko) Version/4.0 Mobile Safari/533.1 - 2131034114',NULL),(423,'2015-02-24 17:02:33','USER_LOGIN',1,'2015-02-24 18:02:33',1,'(UserLogged,admin)','127.0.0.1','Mozilla/5.0 (X11; Linux x86_64) AppleWebKit/537.22 (KHTML, like Gecko) Chrome/25.0.1364.97 Safari/537.22',NULL),(424,'2015-02-24 17:14:22','USER_LOGOUT',1,'2015-02-24 18:14:22',1,'(UserLogoff,admin)','127.0.0.1','Mozilla/5.0 (X11; Linux x86_64) AppleWebKit/537.22 (KHTML, like Gecko) Chrome/25.0.1364.97 Safari/537.22',NULL),(425,'2015-02-24 17:15:07','USER_LOGIN_FAILED',1,'2015-02-24 18:15:07',NULL,'Identifiants login ou mot de passe incorrects - login=admin','127.0.0.1','Mozilla/5.0 (X11; Linux x86_64) AppleWebKit/537.22 (KHTML, like Gecko) Chrome/25.0.1364.97 Safari/537.22',NULL),(426,'2015-02-24 17:15:20','USER_LOGIN',1,'2015-02-24 18:15:20',1,'(UserLogged,admin)','127.0.0.1','Mozilla/5.0 (X11; Linux x86_64) AppleWebKit/537.22 (KHTML, like Gecko) Chrome/25.0.1364.97 Safari/537.22',NULL),(427,'2015-02-24 17:20:14','USER_LOGIN',1,'2015-02-24 18:20:14',1,'(UserLogged,admin)','127.0.0.1','Mozilla/5.0 (X11; Linux x86_64) AppleWebKit/537.22 (KHTML, like Gecko) Chrome/25.0.1364.97 Safari/537.22',NULL),(428,'2015-02-24 17:20:51','USER_LOGIN',1,'2015-02-24 18:20:51',1,'(UserLogged,admin)','127.0.0.1','Mozilla/5.0 (X11; Linux x86_64) AppleWebKit/537.22 (KHTML, like Gecko) Chrome/25.0.1364.97 Safari/537.22',NULL),(429,'2015-02-24 17:20:54','USER_LOGOUT',1,'2015-02-24 18:20:54',1,'(UserLogoff,admin)','127.0.0.1','Mozilla/5.0 (X11; Linux x86_64) AppleWebKit/537.22 (KHTML, like Gecko) Chrome/25.0.1364.97 Safari/537.22',NULL),(430,'2015-02-24 17:21:19','USER_LOGIN',1,'2015-02-24 18:21:19',1,'(UserLogged,admin)','127.0.0.1','Mozilla/5.0 (X11; Linux x86_64) AppleWebKit/537.22 (KHTML, like Gecko) Chrome/25.0.1364.97 Safari/537.22',NULL),(431,'2015-02-24 17:32:35','USER_LOGIN',1,'2015-02-24 18:32:35',1,'(UserLogged,admin)','192.168.0.254','Mozilla/5.0 (Linux; U; Android 2.2; en-us; sdk Build/FRF91) AppleWebKit/533.1 (KHTML, like Gecko) Version/4.0 Mobile Safari/533.1 - 2131034114',NULL),(432,'2015-02-24 18:28:48','USER_LOGIN',1,'2015-02-24 19:28:48',1,'(UserLogged,admin)','127.0.0.1','Mozilla/5.0 (X11; Linux x86_64) AppleWebKit/537.22 (KHTML, like Gecko) Chrome/25.0.1364.97 Safari/537.22',NULL),(433,'2015-02-24 18:29:27','USER_LOGOUT',1,'2015-02-24 19:29:27',1,'(UserLogoff,admin)','127.0.0.1','Mozilla/5.0 (iPhone; U; CPU iPhone OS 4_0 like Mac OS X; en-us) AppleWebKit/532.9 (KHTML, like Gecko) Version/4.0.5 Mobile/8A293 Safari/6531.22.7',NULL),(434,'2015-02-24 18:29:32','USER_LOGIN',1,'2015-02-24 19:29:32',1,'(UserLogged,admin)','127.0.0.1','Mozilla/5.0 (iPhone; U; CPU iPhone OS 4_0 like Mac OS X; en-us) AppleWebKit/532.9 (KHTML, like Gecko) Version/4.0.5 Mobile/8A293 Safari/6531.22.7',NULL),(435,'2015-02-24 20:13:13','USER_LOGOUT',1,'2015-02-24 21:13:13',1,'(UserLogoff,admin)','127.0.0.1','Mozilla/5.0 (X11; Linux x86_64) AppleWebKit/537.22 (KHTML, like Gecko) Chrome/25.0.1364.97 Safari/537.22',NULL),(436,'2015-02-24 20:13:17','USER_LOGIN',1,'2015-02-24 21:13:17',1,'(UserLogged,admin)','127.0.0.1','Mozilla/5.0 (X11; Linux x86_64) AppleWebKit/537.22 (KHTML, like Gecko) Chrome/25.0.1364.97 Safari/537.22',NULL),(437,'2015-02-25 08:57:16','USER_LOGIN',1,'2015-02-25 09:57:16',1,'(UserLogged,admin)','127.0.0.1','Mozilla/5.0 (X11; Linux x86_64) AppleWebKit/537.22 (KHTML, like Gecko) Chrome/25.0.1364.97 Safari/537.22',NULL),(438,'2015-02-25 08:57:59','USER_LOGOUT',1,'2015-02-25 09:57:59',1,'(UserLogoff,admin)','127.0.0.1','Mozilla/5.0 (X11; Linux x86_64) AppleWebKit/537.22 (KHTML, like Gecko) Chrome/25.0.1364.97 Safari/537.22',NULL),(439,'2015-02-25 09:15:02','USER_LOGIN',1,'2015-02-25 10:15:02',1,'(UserLogged,admin)','127.0.0.1','Mozilla/5.0 (X11; Linux x86_64) AppleWebKit/537.22 (KHTML, like Gecko) Chrome/25.0.1364.97 Safari/537.22',NULL),(440,'2015-02-25 09:15:50','USER_LOGOUT',1,'2015-02-25 10:15:50',1,'(UserLogoff,admin)','127.0.0.1','Mozilla/5.0 (X11; Linux x86_64) AppleWebKit/537.22 (KHTML, like Gecko) Chrome/25.0.1364.97 Safari/537.22',NULL),(441,'2015-02-25 09:15:57','USER_LOGIN',1,'2015-02-25 10:15:57',1,'(UserLogged,admin)','127.0.0.1','Mozilla/5.0 (X11; Linux x86_64) AppleWebKit/537.22 (KHTML, like Gecko) Chrome/25.0.1364.97 Safari/537.22',NULL),(442,'2015-02-25 09:16:12','USER_LOGOUT',1,'2015-02-25 10:16:12',1,'(UserLogoff,admin)','127.0.0.1','Mozilla/5.0 (X11; Linux x86_64) AppleWebKit/537.22 (KHTML, like Gecko) Chrome/25.0.1364.97 Safari/537.22',NULL),(443,'2015-02-25 09:16:19','USER_LOGIN',1,'2015-02-25 10:16:19',1,'(UserLogged,admin)','127.0.0.1','Mozilla/5.0 (X11; Linux x86_64) AppleWebKit/537.22 (KHTML, like Gecko) Chrome/25.0.1364.97 Safari/537.22',NULL),(444,'2015-02-25 09:16:25','USER_LOGOUT',1,'2015-02-25 10:16:25',1,'(UserLogoff,admin)','127.0.0.1','Mozilla/5.0 (X11; Linux x86_64) AppleWebKit/537.22 (KHTML, like Gecko) Chrome/25.0.1364.97 Safari/537.22',NULL),(445,'2015-02-25 09:16:39','USER_LOGIN_FAILED',1,'2015-02-25 10:16:39',NULL,'Bad value for login or password - login=admin','127.0.0.1','Mozilla/5.0 (X11; Linux x86_64) AppleWebKit/537.22 (KHTML, like Gecko) Chrome/25.0.1364.97 Safari/537.22',NULL),(446,'2015-02-25 09:16:42','USER_LOGIN_FAILED',1,'2015-02-25 10:16:42',NULL,'Bad value for login or password - login=admin','127.0.0.1','Mozilla/5.0 (X11; Linux x86_64) AppleWebKit/537.22 (KHTML, like Gecko) Chrome/25.0.1364.97 Safari/537.22',NULL),(447,'2015-02-25 09:16:54','USER_LOGIN_FAILED',1,'2015-02-25 10:16:54',NULL,'Identificadors d&#039;usuari o contrasenya incorrectes - login=gfdg','127.0.0.1','Mozilla/5.0 (X11; Linux x86_64) AppleWebKit/537.22 (KHTML, like Gecko) Chrome/25.0.1364.97 Safari/537.22',NULL),(448,'2015-02-25 09:17:53','USER_LOGIN',1,'2015-02-25 10:17:53',1,'(UserLogged,admin)','127.0.0.1','Mozilla/5.0 (X11; Linux x86_64) AppleWebKit/537.22 (KHTML, like Gecko) Chrome/25.0.1364.97 Safari/537.22',NULL),(449,'2015-02-25 09:18:37','USER_LOGOUT',1,'2015-02-25 10:18:37',1,'(UserLogoff,admin)','127.0.0.1','Mozilla/5.0 (X11; Linux x86_64) AppleWebKit/537.22 (KHTML, like Gecko) Chrome/25.0.1364.97 Safari/537.22',NULL),(450,'2015-02-25 09:18:41','USER_LOGIN',1,'2015-02-25 10:18:41',4,'(UserLogged,aaa)','127.0.0.1','Mozilla/5.0 (X11; Linux x86_64) AppleWebKit/537.22 (KHTML, like Gecko) Chrome/25.0.1364.97 Safari/537.22',NULL),(451,'2015-02-25 09:18:47','USER_LOGOUT',1,'2015-02-25 10:18:47',4,'(UserLogoff,aaa)','127.0.0.1','Mozilla/5.0 (X11; Linux x86_64) AppleWebKit/537.22 (KHTML, like Gecko) Chrome/25.0.1364.97 Safari/537.22',NULL),(452,'2015-02-25 10:05:34','USER_LOGIN',1,'2015-02-25 11:05:34',1,'(UserLogged,admin)','127.0.0.1','Mozilla/5.0 (X11; Linux x86_64) AppleWebKit/537.22 (KHTML, like Gecko) Chrome/25.0.1364.97 Safari/537.22',NULL),(453,'2015-02-26 21:51:40','USER_LOGIN',1,'2015-02-26 22:51:40',1,'(UserLogged,admin)','127.0.0.1','Mozilla/5.0 (X11; Linux x86_64) AppleWebKit/537.22 (KHTML, like Gecko) Chrome/25.0.1364.97 Safari/537.22',NULL),(454,'2015-02-26 23:30:06','USER_LOGIN',1,'2015-02-27 00:30:06',1,'(UserLogged,admin)','127.0.0.1','Mozilla/5.0 (X11; Linux x86_64) AppleWebKit/537.22 (KHTML, like Gecko) Chrome/25.0.1364.97 Safari/537.22',NULL),(455,'2015-02-27 14:13:11','USER_LOGIN',1,'2015-02-27 15:13:11',1,'(UserLogged,admin)','127.0.0.1','Mozilla/5.0 (X11; Linux x86_64) AppleWebKit/537.22 (KHTML, like Gecko) Chrome/25.0.1364.97 Safari/537.22',NULL),(456,'2015-02-27 18:12:06','USER_LOGIN_FAILED',1,'2015-02-27 19:12:06',NULL,'Identifiants login ou mot de passe incorrects - login=admin','127.0.0.1','Mozilla/5.0 (X11; Linux x86_64) AppleWebKit/537.22 (KHTML, like Gecko) Chrome/25.0.1364.97 Safari/537.22',NULL),(457,'2015-02-27 18:12:10','USER_LOGIN',1,'2015-02-27 19:12:10',1,'(UserLogged,admin)','127.0.0.1','Mozilla/5.0 (X11; Linux x86_64) AppleWebKit/537.22 (KHTML, like Gecko) Chrome/25.0.1364.97 Safari/537.22',NULL),(458,'2015-02-27 20:20:08','USER_LOGIN',1,'2015-02-27 21:20:08',1,'(UserLogged,admin)','127.0.0.1','Mozilla/5.0 (X11; Linux x86_64) AppleWebKit/537.22 (KHTML, like Gecko) Chrome/25.0.1364.97 Safari/537.22',NULL),(459,'2015-03-01 22:12:03','USER_LOGIN',1,'2015-03-01 23:12:03',1,'(UserLogged,admin)','127.0.0.1','Mozilla/5.0 (X11; Linux x86_64) AppleWebKit/537.22 (KHTML, like Gecko) Chrome/25.0.1364.97 Safari/537.22',NULL),(460,'2015-03-02 11:45:50','USER_LOGIN',1,'2015-03-02 12:45:50',1,'(UserLogged,admin)','127.0.0.1','Mozilla/5.0 (X11; Linux x86_64) AppleWebKit/537.22 (KHTML, like Gecko) Chrome/25.0.1364.97 Safari/537.22',NULL),(461,'2015-03-02 15:53:51','USER_LOGIN_FAILED',1,'2015-03-02 16:53:51',NULL,'Identifiants login ou mot de passe incorrects - login=admin','127.0.0.1','Mozilla/5.0 (X11; Linux x86_64) AppleWebKit/537.22 (KHTML, like Gecko) Chrome/25.0.1364.97 Safari/537.22',NULL),(462,'2015-03-02 15:53:53','USER_LOGIN',1,'2015-03-02 16:53:53',1,'(UserLogged,admin)','127.0.0.1','Mozilla/5.0 (X11; Linux x86_64) AppleWebKit/537.22 (KHTML, like Gecko) Chrome/25.0.1364.97 Safari/537.22',NULL),(463,'2015-03-02 18:32:32','USER_LOGIN',1,'2015-03-02 19:32:32',1,'(UserLogged,admin)','127.0.0.1','Mozilla/5.0 (X11; Linux x86_64) AppleWebKit/537.22 (KHTML, like Gecko) Chrome/25.0.1364.97 Safari/537.22',NULL),(464,'2015-03-02 22:59:36','USER_LOGIN',1,'2015-03-02 23:59:36',1,'(UserLogged,admin)','127.0.0.1','Mozilla/5.0 (X11; Linux x86_64) AppleWebKit/537.22 (KHTML, like Gecko) Chrome/25.0.1364.97 Safari/537.22',NULL),(465,'2015-03-03 16:26:26','USER_LOGIN',1,'2015-03-03 17:26:26',1,'(UserLogged,admin)','127.0.0.1','Mozilla/5.0 (X11; Linux x86_64) AppleWebKit/537.22 (KHTML, like Gecko) Chrome/25.0.1364.97 Safari/537.22',NULL),(466,'2015-03-03 22:50:27','USER_LOGIN',1,'2015-03-03 23:50:27',1,'(UserLogged,admin)','127.0.0.1','Mozilla/5.0 (X11; Linux x86_64) AppleWebKit/537.22 (KHTML, like Gecko) Chrome/25.0.1364.97 Safari/537.22',NULL),(467,'2015-03-04 08:29:27','USER_LOGIN',1,'2015-03-04 09:29:27',1,'(UserLogged,admin)','127.0.0.1','Mozilla/5.0 (X11; Linux x86_64) AppleWebKit/537.22 (KHTML, like Gecko) Chrome/25.0.1364.97 Safari/537.22',NULL),(468,'2015-03-04 18:27:28','USER_LOGIN',1,'2015-03-04 19:27:28',1,'(UserLogged,admin)','192.168.0.254','Mozilla/5.0 (compatible; MSIE 9.0; Windows NT 6.1; WOW64; Trident/5.0; NP06)',NULL),(469,'2015-03-04 19:27:23','USER_LOGIN',1,'2015-03-04 20:27:23',1,'(UserLogged,admin)','192.168.0.254','Mozilla/4.0 (compatible; MSIE 6.0; Windows NT 5.1; SV1)',NULL),(470,'2015-03-04 19:35:14','USER_LOGIN',1,'2015-03-04 20:35:14',1,'(UserLogged,admin)','127.0.0.1','Mozilla/5.0 (X11; Linux x86_64) AppleWebKit/537.22 (KHTML, like Gecko) Chrome/25.0.1364.97 Safari/537.22',NULL),(471,'2015-03-04 19:55:49','USER_LOGIN',1,'2015-03-04 20:55:49',1,'(UserLogged,admin)','192.168.0.254','Mozilla/4.0 (compatible; MSIE 8.0; Windows NT 5.1; Trident/4.0)',NULL),(472,'2015-03-04 21:16:13','USER_LOGIN',1,'2015-03-04 22:16:13',1,'(UserLogged,admin)','127.0.0.1','Mozilla/5.0 (X11; Linux x86_64) AppleWebKit/537.22 (KHTML, like Gecko) Chrome/25.0.1364.97 Safari/537.22',NULL),(473,'2015-03-05 10:17:30','USER_LOGIN',1,'2015-03-05 11:17:30',1,'(UserLogged,admin)','127.0.0.1','Mozilla/5.0 (X11; Linux x86_64) AppleWebKit/537.22 (KHTML, like Gecko) Chrome/25.0.1364.97 Safari/537.22',NULL),(474,'2015-03-05 11:02:43','USER_LOGIN',1,'2015-03-05 12:02:43',1,'(UserLogged,admin)','127.0.0.1','Mozilla/5.0 (X11; Linux x86_64) AppleWebKit/537.22 (KHTML, like Gecko) Chrome/25.0.1364.97 Safari/537.22',NULL),(475,'2015-03-05 23:14:39','USER_LOGIN',1,'2015-03-06 00:14:39',1,'(UserLogged,admin)','127.0.0.1','Mozilla/5.0 (X11; Linux x86_64) AppleWebKit/537.22 (KHTML, like Gecko) Chrome/25.0.1364.97 Safari/537.22',NULL),(476,'2015-03-06 08:58:57','USER_LOGIN',1,'2015-03-06 09:58:57',1,'(UserLogged,admin)','127.0.0.1','Mozilla/5.0 (X11; Linux x86_64) AppleWebKit/537.22 (KHTML, like Gecko) Chrome/25.0.1364.97 Safari/537.22',NULL),(477,'2015-03-06 14:29:40','USER_LOGIN',1,'2015-03-06 15:29:40',1,'(UserLogged,admin)','127.0.0.1','Mozilla/5.0 (X11; Linux x86_64) AppleWebKit/537.22 (KHTML, like Gecko) Chrome/25.0.1364.97 Safari/537.22',NULL),(478,'2015-03-06 21:53:02','USER_LOGIN',1,'2015-03-06 22:53:02',1,'(UserLogged,admin)','127.0.0.1','Mozilla/5.0 (X11; Linux x86_64) AppleWebKit/537.22 (KHTML, like Gecko) Chrome/25.0.1364.97 Safari/537.22',NULL),(479,'2015-03-07 21:14:39','USER_LOGIN',1,'2015-03-07 22:14:39',1,'(UserLogged,admin)','127.0.0.1','Mozilla/5.0 (X11; Linux x86_64) AppleWebKit/537.22 (KHTML, like Gecko) Chrome/25.0.1364.97 Safari/537.22',NULL),(480,'2015-03-08 00:06:05','USER_LOGIN',1,'2015-03-08 01:06:05',1,'(UserLogged,admin)','127.0.0.1','Mozilla/5.0 (X11; Linux x86_64) AppleWebKit/537.22 (KHTML, like Gecko) Chrome/25.0.1364.97 Safari/537.22',NULL),(481,'2015-03-08 01:38:13','USER_LOGIN',1,'2015-03-08 02:38:13',1,'(UserLogged,admin)','127.0.0.1','Mozilla/5.0 (X11; Linux x86_64) AppleWebKit/537.22 (KHTML, like Gecko) Chrome/25.0.1364.97 Safari/537.22',NULL),(482,'2015-03-08 08:59:50','USER_LOGIN',1,'2015-03-08 09:59:50',1,'(UserLogged,admin)','127.0.0.1','Mozilla/5.0 (X11; Linux x86_64) AppleWebKit/537.22 (KHTML, like Gecko) Chrome/25.0.1364.97 Safari/537.22',NULL),(483,'2015-03-09 12:08:51','USER_LOGIN',1,'2015-03-09 13:08:51',1,'(UserLogged,admin)','::1','Mozilla/5.0 (X11; Linux x86_64) AppleWebKit/537.22 (KHTML, like Gecko) Chrome/25.0.1364.97 Safari/537.22',NULL),(484,'2015-03-09 15:19:53','USER_LOGIN',1,'2015-03-09 16:19:53',1,'(UserLogged,admin)','::1','Mozilla/5.0 (X11; Linux x86_64) AppleWebKit/537.22 (KHTML, like Gecko) Chrome/25.0.1364.97 Safari/537.22',NULL),(495,'2015-03-09 18:06:21','USER_LOGIN',1,'2015-03-09 19:06:21',1,'(UserLogged,admin)','::1','Mozilla/5.0 (X11; Linux x86_64) AppleWebKit/537.22 (KHTML, like Gecko) Chrome/25.0.1364.97 Safari/537.22',NULL),(496,'2015-03-09 20:01:24','USER_LOGIN',1,'2015-03-09 21:01:24',1,'(UserLogged,admin)','::1','Mozilla/5.0 (X11; Linux x86_64) AppleWebKit/537.22 (KHTML, like Gecko) Chrome/25.0.1364.97 Safari/537.22',NULL),(497,'2015-03-09 23:36:45','USER_LOGIN',1,'2015-03-10 00:36:45',1,'(UserLogged,admin)','::1','Mozilla/5.0 (X11; Linux x86_64) AppleWebKit/537.22 (KHTML, like Gecko) Chrome/25.0.1364.97 Safari/537.22',NULL),(498,'2015-03-10 14:37:13','USER_LOGIN',1,'2015-03-10 15:37:13',1,'(UserLogged,admin)','127.0.0.1','Mozilla/5.0 (X11; Linux x86_64) AppleWebKit/537.22 (KHTML, like Gecko) Chrome/25.0.1364.97 Safari/537.22',NULL),(499,'2015-03-10 17:54:12','USER_LOGIN',1,'2015-03-10 18:54:12',1,'(UserLogged,admin)','127.0.0.1','Mozilla/5.0 (X11; Linux x86_64) AppleWebKit/537.22 (KHTML, like Gecko) Chrome/25.0.1364.97 Safari/537.22',NULL),(500,'2015-03-11 08:57:09','USER_LOGIN',1,'2015-03-11 09:57:09',1,'(UserLogged,admin)','127.0.0.1','Mozilla/5.0 (X11; Linux x86_64) AppleWebKit/537.22 (KHTML, like Gecko) Chrome/25.0.1364.97 Safari/537.22',NULL),(501,'2015-03-11 22:05:13','USER_LOGIN',1,'2015-03-11 23:05:13',1,'(UserLogged,admin)','127.0.0.1','Mozilla/5.0 (X11; Linux x86_64) AppleWebKit/537.22 (KHTML, like Gecko) Chrome/25.0.1364.97 Safari/537.22',NULL),(502,'2015-03-12 08:34:27','USER_LOGIN',1,'2015-03-12 09:34:27',1,'(UserLogged,admin)','127.0.0.1','Mozilla/5.0 (X11; Linux x86_64) AppleWebKit/537.22 (KHTML, like Gecko) Chrome/25.0.1364.97 Safari/537.22',NULL),(503,'2015-03-13 09:11:02','USER_LOGIN',1,'2015-03-13 10:11:02',1,'(UserLogged,admin)','127.0.0.1','Mozilla/5.0 (X11; Linux x86_64) AppleWebKit/537.22 (KHTML, like Gecko) Chrome/25.0.1364.97 Safari/537.22',NULL),(504,'2015-03-13 10:02:11','USER_LOGIN',1,'2015-03-13 11:02:11',1,'(UserLogged,admin)','127.0.0.1','Mozilla/5.0 (X11; Linux x86_64) AppleWebKit/537.22 (KHTML, like Gecko) Chrome/25.0.1364.97 Safari/537.22',NULL),(505,'2015-03-13 13:20:58','USER_LOGIN',1,'2015-03-13 14:20:58',1,'(UserLogged,admin)','127.0.0.1','Mozilla/5.0 (X11; Linux x86_64) AppleWebKit/537.22 (KHTML, like Gecko) Chrome/25.0.1364.97 Safari/537.22',NULL),(506,'2015-03-13 16:19:28','USER_LOGIN',1,'2015-03-13 17:19:28',1,'(UserLogged,admin)','127.0.0.1','Mozilla/5.0 (X11; Linux x86_64) AppleWebKit/537.22 (KHTML, like Gecko) Chrome/25.0.1364.97 Safari/537.22',NULL),(507,'2015-03-13 18:34:30','USER_LOGIN',1,'2015-03-13 19:34:30',1,'(UserLogged,admin)','127.0.0.1','Mozilla/5.0 (X11; Linux x86_64) AppleWebKit/537.22 (KHTML, like Gecko) Chrome/25.0.1364.97 Safari/537.22',NULL),(508,'2015-03-14 08:25:02','USER_LOGIN',1,'2015-03-14 09:25:02',1,'(UserLogged,admin)','127.0.0.1','Mozilla/5.0 (X11; Linux x86_64) AppleWebKit/537.22 (KHTML, like Gecko) Chrome/25.0.1364.97 Safari/537.22',NULL),(509,'2015-03-14 19:15:22','USER_LOGIN',1,'2015-03-14 20:15:22',1,'(UserLogged,admin)','127.0.0.1','Mozilla/5.0 (X11; Linux x86_64) AppleWebKit/537.22 (KHTML, like Gecko) Chrome/25.0.1364.97 Safari/537.22',NULL),(510,'2015-03-14 21:58:53','USER_LOGIN',1,'2015-03-14 22:58:53',1,'(UserLogged,admin)','127.0.0.1','Mozilla/5.0 (X11; Linux x86_64) AppleWebKit/537.22 (KHTML, like Gecko) Chrome/25.0.1364.97 Safari/537.22',NULL),(511,'2015-03-14 21:58:59','USER_LOGOUT',1,'2015-03-14 22:58:59',1,'(UserLogoff,admin)','127.0.0.1','Mozilla/5.0 (X11; Linux x86_64) AppleWebKit/537.22 (KHTML, like Gecko) Chrome/25.0.1364.97 Safari/537.22',NULL),(512,'2015-03-14 21:59:07','USER_LOGIN',1,'2015-03-14 22:59:07',1,'(UserLogged,admin)','127.0.0.1','Mozilla/5.0 (X11; Linux x86_64) AppleWebKit/537.22 (KHTML, like Gecko) Chrome/25.0.1364.97 Safari/537.22',NULL),(513,'2015-03-14 22:58:22','USER_LOGOUT',1,'2015-03-14 23:58:22',1,'(UserLogoff,admin)','127.0.0.1','Mozilla/5.0 (X11; Linux x86_64) AppleWebKit/537.22 (KHTML, like Gecko) Chrome/25.0.1364.97 Safari/537.22',NULL),(514,'2015-03-14 23:00:25','USER_LOGIN',1,'2015-03-15 00:00:25',1,'(UserLogged,admin)','127.0.0.1','Mozilla/5.0 (X11; Linux x86_64) AppleWebKit/537.22 (KHTML, like Gecko) Chrome/25.0.1364.97 Safari/537.22',NULL),(515,'2015-03-16 12:14:28','USER_LOGIN',1,'2015-03-16 13:14:28',1,'(UserLogged,admin)','127.0.0.1','Mozilla/5.0 (X11; Linux x86_64) AppleWebKit/537.22 (KHTML, like Gecko) Chrome/25.0.1364.97 Safari/537.22',NULL),(516,'2015-03-16 16:09:01','USER_LOGIN',1,'2015-03-16 17:09:01',1,'(UserLogged,admin)','127.0.0.1','Mozilla/5.0 (X11; Linux x86_64) AppleWebKit/537.22 (KHTML, like Gecko) Chrome/25.0.1364.97 Safari/537.22',NULL),(517,'2015-03-16 16:57:11','USER_LOGIN',1,'2015-03-16 17:57:11',1,'(UserLogged,admin)','127.0.0.1','Mozilla/5.0 (X11; Linux x86_64) AppleWebKit/537.22 (KHTML, like Gecko) Chrome/25.0.1364.97 Safari/537.22',NULL),(518,'2015-03-16 19:31:31','USER_LOGIN',1,'2015-03-16 20:31:31',1,'(UserLogged,admin)','::1','Mozilla/5.0 (X11; Linux x86_64) AppleWebKit/537.22 (KHTML, like Gecko) Chrome/25.0.1364.97 Safari/537.22',NULL),(519,'2015-03-17 17:44:39','USER_LOGIN',1,'2015-03-17 18:44:39',1,'(UserLogged,admin)','::1','Mozilla/5.0 (X11; Linux x86_64) AppleWebKit/537.22 (KHTML, like Gecko) Chrome/25.0.1364.172 Safari/537.22',NULL),(520,'2015-03-17 20:40:57','USER_LOGIN',1,'2015-03-17 21:40:57',1,'(UserLogged,admin)','::1','Mozilla/5.0 (X11; Linux x86_64) AppleWebKit/537.22 (KHTML, like Gecko) Chrome/25.0.1364.172 Safari/537.22',NULL),(521,'2015-03-17 23:14:05','USER_LOGIN',1,'2015-03-18 00:14:05',1,'(UserLogged,admin)','::1','Mozilla/5.0 (X11; Linux x86_64) AppleWebKit/537.22 (KHTML, like Gecko) Chrome/25.0.1364.172 Safari/537.22',NULL),(522,'2015-03-17 23:28:47','USER_LOGOUT',1,'2015-03-18 00:28:47',1,'(UserLogoff,admin)','::1','Mozilla/5.0 (X11; Linux x86_64) AppleWebKit/537.22 (KHTML, like Gecko) Chrome/25.0.1364.172 Safari/537.22',NULL),(523,'2015-03-17 23:28:54','USER_LOGIN',1,'2015-03-18 00:28:54',1,'(UserLogged,admin)','::1','Mozilla/5.0 (X11; Linux x86_64) AppleWebKit/537.22 (KHTML, like Gecko) Chrome/25.0.1364.172 Safari/537.22',NULL),(524,'2015-03-18 17:37:30','USER_LOGIN',1,'2015-03-18 18:37:30',1,'(UserLogged,admin)','::1','Mozilla/5.0 (X11; Linux x86_64) AppleWebKit/537.22 (KHTML, like Gecko) Chrome/25.0.1364.172 Safari/537.22',NULL),(525,'2015-03-18 18:11:37','USER_LOGIN',1,'2015-03-18 19:11:37',1,'(UserLogged,admin)','::1','Mozilla/5.0 (X11; Linux x86_64) AppleWebKit/537.22 (KHTML, like Gecko) Chrome/25.0.1364.172 Safari/537.22',NULL),(526,'2015-03-19 08:35:08','USER_LOGIN',1,'2015-03-19 09:35:08',1,'(UserLogged,admin)','::1','Mozilla/5.0 (X11; Linux x86_64) AppleWebKit/537.22 (KHTML, like Gecko) Chrome/25.0.1364.172 Safari/537.22',NULL),(527,'2015-03-19 09:20:23','USER_LOGIN',1,'2015-03-19 10:20:23',1,'(UserLogged,admin)','::1','Mozilla/5.0 (X11; Linux x86_64) AppleWebKit/537.22 (KHTML, like Gecko) Chrome/25.0.1364.172 Safari/537.22',NULL),(528,'2015-03-20 13:17:13','USER_LOGIN',1,'2015-03-20 14:17:13',1,'(UserLogged,admin)','::1','Mozilla/5.0 (X11; Linux x86_64) AppleWebKit/537.22 (KHTML, like Gecko) Chrome/25.0.1364.172 Safari/537.22',NULL),(529,'2015-03-20 14:44:31','USER_LOGIN',1,'2015-03-20 15:44:31',1,'(UserLogged,admin)','::1','Mozilla/5.0 (X11; Linux x86_64) AppleWebKit/537.22 (KHTML, like Gecko) Chrome/25.0.1364.172 Safari/537.22',NULL),(530,'2015-03-20 18:24:25','USER_LOGIN',1,'2015-03-20 19:24:25',1,'(UserLogged,admin)','::1','Mozilla/5.0 (X11; Linux x86_64) AppleWebKit/537.22 (KHTML, like Gecko) Chrome/25.0.1364.172 Safari/537.22',NULL),(531,'2015-03-20 19:15:54','USER_LOGIN',1,'2015-03-20 20:15:54',1,'(UserLogged,admin)','::1','Mozilla/5.0 (X11; Linux x86_64) AppleWebKit/537.22 (KHTML, like Gecko) Chrome/25.0.1364.172 Safari/537.22',NULL),(532,'2015-03-21 18:40:47','USER_LOGIN',1,'2015-03-21 19:40:47',1,'(UserLogged,admin)','::1','Mozilla/5.0 (X11; Linux x86_64) AppleWebKit/537.22 (KHTML, like Gecko) Chrome/25.0.1364.172 Safari/537.22',NULL),(533,'2015-03-21 21:42:24','USER_LOGIN',1,'2015-03-21 22:42:24',1,'(UserLogged,admin)','::1','Mozilla/5.0 (X11; Linux x86_64) AppleWebKit/537.22 (KHTML, like Gecko) Chrome/25.0.1364.172 Safari/537.22',NULL),(534,'2015-03-22 08:39:23','USER_LOGIN',1,'2015-03-22 09:39:23',1,'(UserLogged,admin)','::1','Mozilla/5.0 (X11; Linux x86_64) AppleWebKit/537.22 (KHTML, like Gecko) Chrome/25.0.1364.172 Safari/537.22',NULL),(535,'2015-03-23 13:04:55','USER_LOGIN',1,'2015-03-23 14:04:55',1,'(UserLogged,admin)','::1','Mozilla/5.0 (X11; Linux x86_64) AppleWebKit/537.22 (KHTML, like Gecko) Chrome/25.0.1364.172 Safari/537.22',NULL),(536,'2015-03-23 15:47:43','USER_LOGIN',1,'2015-03-23 16:47:43',1,'(UserLogged,admin)','::1','Mozilla/5.0 (X11; Linux x86_64) AppleWebKit/537.22 (KHTML, like Gecko) Chrome/25.0.1364.172 Safari/537.22',NULL),(537,'2015-03-23 22:56:36','USER_LOGIN',1,'2015-03-23 23:56:36',1,'(UserLogged,admin)','::1','Mozilla/5.0 (X11; Linux x86_64) AppleWebKit/537.22 (KHTML, like Gecko) Chrome/25.0.1364.172 Safari/537.22',NULL),(538,'2015-03-24 01:22:32','USER_LOGIN',1,'2015-03-24 02:22:32',1,'(UserLogged,admin)','::1','Mozilla/5.0 (X11; Linux x86_64) AppleWebKit/537.22 (KHTML, like Gecko) Chrome/25.0.1364.172 Safari/537.22',NULL),(539,'2015-03-24 14:40:42','USER_LOGIN',1,'2015-03-24 15:40:42',1,'(UserLogged,admin)','::1','Mozilla/5.0 (X11; Linux x86_64) AppleWebKit/537.22 (KHTML, like Gecko) Chrome/25.0.1364.172 Safari/537.22',NULL),(540,'2015-03-24 15:30:26','USER_LOGOUT',1,'2015-03-24 16:30:26',1,'(UserLogoff,admin)','::1','Mozilla/5.0 (X11; Linux x86_64) AppleWebKit/537.22 (KHTML, like Gecko) Chrome/25.0.1364.172 Safari/537.22',NULL),(541,'2015-03-24 15:30:29','USER_LOGIN',1,'2015-03-24 16:30:29',2,'(UserLogged,demo)','::1','Mozilla/5.0 (X11; Linux x86_64) AppleWebKit/537.22 (KHTML, like Gecko) Chrome/25.0.1364.172 Safari/537.22',NULL),(542,'2015-03-24 15:49:40','USER_LOGOUT',1,'2015-03-24 16:49:40',2,'(UserLogoff,demo)','::1','Mozilla/5.0 (X11; Linux x86_64) AppleWebKit/537.22 (KHTML, like Gecko) Chrome/25.0.1364.172 Safari/537.22',NULL),(543,'2015-03-24 15:49:48','USER_LOGIN',1,'2015-03-24 16:49:48',1,'(UserLogged,admin)','::1','Mozilla/5.0 (X11; Linux x86_64) AppleWebKit/537.22 (KHTML, like Gecko) Chrome/25.0.1364.172 Safari/537.22',NULL),(544,'2015-03-24 15:52:35','USER_MODIFY',1,'2015-03-24 16:52:35',1,'Modification utilisateur zzzg','::1','Mozilla/5.0 (X11; Linux x86_64) AppleWebKit/537.22 (KHTML, like Gecko) Chrome/25.0.1364.172 Safari/537.22',NULL),(545,'2015-03-24 15:52:52','USER_MODIFY',1,'2015-03-24 16:52:52',1,'Modification utilisateur zzzg','::1','Mozilla/5.0 (X11; Linux x86_64) AppleWebKit/537.22 (KHTML, like Gecko) Chrome/25.0.1364.172 Safari/537.22',NULL),(546,'2015-03-24 15:53:09','USER_MODIFY',1,'2015-03-24 16:53:09',1,'Modification utilisateur zzzg','::1','Mozilla/5.0 (X11; Linux x86_64) AppleWebKit/537.22 (KHTML, like Gecko) Chrome/25.0.1364.172 Safari/537.22',NULL),(547,'2015-03-24 15:53:23','USER_MODIFY',1,'2015-03-24 16:53:23',1,'Modification utilisateur zzzg','::1','Mozilla/5.0 (X11; Linux x86_64) AppleWebKit/537.22 (KHTML, like Gecko) Chrome/25.0.1364.172 Safari/537.22',NULL),(548,'2015-03-24 16:00:04','USER_MODIFY',1,'2015-03-24 17:00:04',1,'Modification utilisateur zzzg','::1','Mozilla/5.0 (X11; Linux x86_64) AppleWebKit/537.22 (KHTML, like Gecko) Chrome/25.0.1364.172 Safari/537.22',NULL),(549,'2015-03-24 16:01:50','USER_MODIFY',1,'2015-03-24 17:01:50',1,'Modification utilisateur zzzg','::1','Mozilla/5.0 (X11; Linux x86_64) AppleWebKit/537.22 (KHTML, like Gecko) Chrome/25.0.1364.172 Safari/537.22',NULL),(550,'2015-03-24 16:10:14','USER_MODIFY',1,'2015-03-24 17:10:14',1,'Modification utilisateur zzzg','::1','Mozilla/5.0 (X11; Linux x86_64) AppleWebKit/537.22 (KHTML, like Gecko) Chrome/25.0.1364.172 Safari/537.22',NULL),(551,'2015-03-24 16:55:13','USER_LOGIN',1,'2015-03-24 17:55:13',1,'(UserLogged,admin)','::1','Mozilla/5.0 (X11; Linux x86_64) AppleWebKit/537.22 (KHTML, like Gecko) Chrome/25.0.1364.172 Safari/537.22',NULL),(552,'2015-03-24 17:44:29','USER_LOGIN',1,'2015-03-24 18:44:29',1,'(UserLogged,admin)','::1','Mozilla/5.0 (X11; Linux x86_64) AppleWebKit/537.22 (KHTML, like Gecko) Chrome/25.0.1364.172 Safari/537.22',NULL),(553,'2015-09-08 23:06:26','USER_LOGIN',1,'2015-09-09 01:06:26',1,'(UserLogged,admin)','127.0.0.1','Mozilla/5.0 (X11; Linux x86_64) AppleWebKit/537.36 (KHTML, like Gecko) Chrome/29.0.1547.57 Safari/537.36',NULL),(554,'2015-10-21 22:32:28','USER_LOGIN',1,'2015-10-22 00:32:28',1,'(UserLogged,admin)','127.0.0.1','Mozilla/5.0 (X11; Linux x86_64) AppleWebKit/537.36 (KHTML, like Gecko) Chrome/30.0.1599.66 Safari/537.36',NULL),(555,'2015-10-21 22:32:48','USER_LOGIN',1,'2015-10-22 00:32:48',1,'(UserLogged,admin)','127.0.0.1','Mozilla/5.0 (X11; Linux x86_64) AppleWebKit/537.36 (KHTML, like Gecko) Chrome/30.0.1599.66 Safari/537.36',NULL),(556,'2015-11-07 00:01:51','USER_LOGIN',1,'2015-11-07 01:01:51',1,'(UserLogged,admin)','127.0.0.1','Mozilla/5.0 (X11; Linux x86_64) AppleWebKit/537.36 (KHTML, like Gecko) Chrome/30.0.1599.114 Safari/537.36',NULL),(557,'2016-03-02 15:21:07','USER_LOGIN',1,'2016-03-02 16:21:07',1,'(UserLogged,admin)','127.0.0.1','Mozilla/5.0 (X11; Linux x86_64) AppleWebKit/537.36 (KHTML, like Gecko) Chrome/33.0.1750.117 Safari/537.36',NULL),(558,'2016-03-02 15:36:53','USER_LOGIN',1,'2016-03-02 16:36:53',1,'(UserLogged,admin)','127.0.0.1','Mozilla/5.0 (X11; Linux x86_64) AppleWebKit/537.36 (KHTML, like Gecko) Chrome/33.0.1750.117 Safari/537.36',NULL),(559,'2016-03-02 18:54:23','USER_LOGIN',1,'2016-03-02 19:54:23',1,'(UserLogged,admin)','127.0.0.1','Mozilla/5.0 (X11; Linux x86_64) AppleWebKit/537.36 (KHTML, like Gecko) Chrome/33.0.1750.117 Safari/537.36',NULL),(560,'2016-03-02 19:11:17','USER_LOGIN',1,'2016-03-02 20:11:17',1,'(UserLogged,admin)','127.0.0.1','Mozilla/5.0 (X11; Linux x86_64) AppleWebKit/537.36 (KHTML, like Gecko) Chrome/33.0.1750.117 Safari/537.36',NULL),(561,'2016-03-03 18:19:24','USER_LOGIN',1,'2016-03-03 19:19:24',1,'(UserLogged,admin)','127.0.0.1','Mozilla/5.0 (X11; Linux x86_64) AppleWebKit/537.36 (KHTML, like Gecko) Chrome/33.0.1750.117 Safari/537.36',NULL),(562,'2016-12-21 12:51:38','USER_LOGIN',1,'2016-12-21 13:51:38',1,'(UserLogged,admin) - TZ=1;TZString=CET;Screen=1920x969','127.0.0.1','Mozilla/5.0 (X11; Linux x86_64) AppleWebKit/537.36 (KHTML, like Gecko) Chrome/38.0.2125.111 Safari/537.36',NULL),(563,'2016-12-21 19:52:09','USER_LOGIN',1,'2016-12-21 20:52:09',1,'(UserLogged,admin) - TZ=1;TZString=CET;Screen=1920x969','127.0.0.1','Mozilla/5.0 (X11; Linux x86_64) AppleWebKit/537.36 (KHTML, like Gecko) Chrome/38.0.2125.111 Safari/537.36',NULL),(566,'2017-10-03 08:49:43','USER_NEW_PASSWORD',1,'2017-10-03 10:49:43',1,'Password change for admin','127.0.0.1','Mozilla/5.0 (X11; Linux x86_64) AppleWebKit/537.36 (KHTML, like Gecko) Chrome/45.0.2454.101 Safari/537.36',NULL),(567,'2017-10-03 08:49:43','USER_MODIFY',1,'2017-10-03 10:49:43',1,'User admin modified','127.0.0.1','Mozilla/5.0 (X11; Linux x86_64) AppleWebKit/537.36 (KHTML, like Gecko) Chrome/45.0.2454.101 Safari/537.36',NULL),(568,'2017-10-03 09:03:12','USER_MODIFY',1,'2017-10-03 11:03:12',1,'User admin modified','127.0.0.1','Mozilla/5.0 (X11; Linux x86_64) AppleWebKit/537.36 (KHTML, like Gecko) Chrome/45.0.2454.101 Safari/537.36',NULL),(569,'2017-10-03 09:03:42','USER_MODIFY',1,'2017-10-03 11:03:42',1,'User admin modified','127.0.0.1','Mozilla/5.0 (X11; Linux x86_64) AppleWebKit/537.36 (KHTML, like Gecko) Chrome/45.0.2454.101 Safari/537.36',NULL),(570,'2017-10-03 09:07:36','USER_MODIFY',1,'2017-10-03 11:07:36',1,'User demo modified','127.0.0.1','Mozilla/5.0 (X11; Linux x86_64) AppleWebKit/537.36 (KHTML, like Gecko) Chrome/45.0.2454.101 Safari/537.36',NULL),(571,'2017-10-03 09:08:58','USER_NEW_PASSWORD',1,'2017-10-03 11:08:58',1,'Password change for pcurie','127.0.0.1','Mozilla/5.0 (X11; Linux x86_64) AppleWebKit/537.36 (KHTML, like Gecko) Chrome/45.0.2454.101 Safari/537.36',NULL),(572,'2017-10-03 09:08:58','USER_MODIFY',1,'2017-10-03 11:08:58',1,'User pcurie modified','127.0.0.1','Mozilla/5.0 (X11; Linux x86_64) AppleWebKit/537.36 (KHTML, like Gecko) Chrome/45.0.2454.101 Safari/537.36',NULL),(573,'2017-10-03 09:09:23','USER_MODIFY',1,'2017-10-03 11:09:23',1,'User pcurie modified','127.0.0.1','Mozilla/5.0 (X11; Linux x86_64) AppleWebKit/537.36 (KHTML, like Gecko) Chrome/45.0.2454.101 Safari/537.36',NULL),(574,'2017-10-03 09:11:04','USER_NEW_PASSWORD',1,'2017-10-03 11:11:04',1,'Password change for athestudent','127.0.0.1','Mozilla/5.0 (X11; Linux x86_64) AppleWebKit/537.36 (KHTML, like Gecko) Chrome/45.0.2454.101 Safari/537.36',NULL),(575,'2017-10-03 09:11:04','USER_MODIFY',1,'2017-10-03 11:11:04',1,'User athestudent modified','127.0.0.1','Mozilla/5.0 (X11; Linux x86_64) AppleWebKit/537.36 (KHTML, like Gecko) Chrome/45.0.2454.101 Safari/537.36',NULL),(576,'2017-10-03 09:11:53','USER_MODIFY',1,'2017-10-03 11:11:53',1,'User abookkeeper modified','127.0.0.1','Mozilla/5.0 (X11; Linux x86_64) AppleWebKit/537.36 (KHTML, like Gecko) Chrome/45.0.2454.101 Safari/537.36',NULL),(577,'2017-10-03 09:42:12','USER_LOGIN_FAILED',1,'2017-10-03 11:42:11',NULL,'Bad value for login or password - login=admin','127.0.0.1','Mozilla/5.0 (X11; Linux x86_64) AppleWebKit/537.36 (KHTML, like Gecko) Chrome/45.0.2454.101 Safari/537.36',NULL),(578,'2017-10-03 09:42:19','USER_LOGIN_FAILED',1,'2017-10-03 11:42:19',NULL,'Bad value for login or password - login=admin','127.0.0.1','Mozilla/5.0 (X11; Linux x86_64) AppleWebKit/537.36 (KHTML, like Gecko) Chrome/45.0.2454.101 Safari/537.36',NULL),(579,'2017-10-03 09:42:42','USER_LOGIN_FAILED',1,'2017-10-03 11:42:42',NULL,'Bad value for login or password - login=aeinstein','127.0.0.1','Mozilla/5.0 (X11; Linux x86_64) AppleWebKit/537.36 (KHTML, like Gecko) Chrome/45.0.2454.101 Safari/537.36',NULL),(580,'2017-10-03 09:43:50','USER_LOGIN',1,'2017-10-03 11:43:50',1,'(UserLogged,admin) - TZ=1;TZString=Europe/Berlin;Screen=1600x788','127.0.0.1','Mozilla/5.0 (X11; Linux x86_64) AppleWebKit/537.36 (KHTML, like Gecko) Chrome/45.0.2454.101 Safari/537.36',NULL),(581,'2017-10-03 09:44:44','GROUP_MODIFY',1,'2017-10-03 11:44:44',1,'Group Sale representatives modified','127.0.0.1','Mozilla/5.0 (X11; Linux x86_64) AppleWebKit/537.36 (KHTML, like Gecko) Chrome/45.0.2454.101 Safari/537.36',NULL),(582,'2017-10-03 09:46:25','GROUP_CREATE',1,'2017-10-03 11:46:25',1,'Group Management created','127.0.0.1','Mozilla/5.0 (X11; Linux x86_64) AppleWebKit/537.36 (KHTML, like Gecko) Chrome/45.0.2454.101 Safari/537.36',NULL),(583,'2017-10-03 09:46:46','GROUP_CREATE',1,'2017-10-03 11:46:46',1,'Group Scientists created','127.0.0.1','Mozilla/5.0 (X11; Linux x86_64) AppleWebKit/537.36 (KHTML, like Gecko) Chrome/45.0.2454.101 Safari/537.36',NULL),(584,'2017-10-03 09:47:41','USER_CREATE',1,'2017-10-03 11:47:41',1,'User mcurie created','127.0.0.1','Mozilla/5.0 (X11; Linux x86_64) AppleWebKit/537.36 (KHTML, like Gecko) Chrome/45.0.2454.101 Safari/537.36',NULL),(585,'2017-10-03 09:47:41','USER_NEW_PASSWORD',1,'2017-10-03 11:47:41',1,'Password change for mcurie','127.0.0.1','Mozilla/5.0 (X11; Linux x86_64) AppleWebKit/537.36 (KHTML, like Gecko) Chrome/45.0.2454.101 Safari/537.36',NULL),(586,'2017-10-03 09:47:53','USER_MODIFY',1,'2017-10-03 11:47:53',1,'User mcurie modified','127.0.0.1','Mozilla/5.0 (X11; Linux x86_64) AppleWebKit/537.36 (KHTML, like Gecko) Chrome/45.0.2454.101 Safari/537.36',NULL),(587,'2017-10-03 09:48:32','USER_DELETE',1,'2017-10-03 11:48:32',1,'User bbb removed','127.0.0.1','Mozilla/5.0 (X11; Linux x86_64) AppleWebKit/537.36 (KHTML, like Gecko) Chrome/45.0.2454.101 Safari/537.36',NULL),(588,'2017-10-03 09:48:52','USER_MODIFY',1,'2017-10-03 11:48:52',1,'User bookkeeper modified','127.0.0.1','Mozilla/5.0 (X11; Linux x86_64) AppleWebKit/537.36 (KHTML, like Gecko) Chrome/45.0.2454.101 Safari/537.36',NULL),(589,'2017-10-03 10:01:28','USER_MODIFY',1,'2017-10-03 12:01:28',1,'User bookkeeper modified','127.0.0.1','Mozilla/5.0 (X11; Linux x86_64) AppleWebKit/537.36 (KHTML, like Gecko) Chrome/45.0.2454.101 Safari/537.36',NULL),(590,'2017-10-03 10:01:39','USER_MODIFY',1,'2017-10-03 12:01:39',1,'User bookkeeper modified','127.0.0.1','Mozilla/5.0 (X11; Linux x86_64) AppleWebKit/537.36 (KHTML, like Gecko) Chrome/45.0.2454.101 Safari/537.36',NULL),(591,'2017-10-05 06:32:38','USER_LOGIN_FAILED',1,'2017-10-05 08:32:38',NULL,'Bad value for login or password - login=admin','127.0.0.1','Mozilla/5.0 (X11; Linux x86_64) AppleWebKit/537.36 (KHTML, like Gecko) Chrome/45.0.2454.101 Safari/537.36',NULL),(592,'2017-10-05 06:32:44','USER_LOGIN',1,'2017-10-05 08:32:44',1,'(UserLogged,admin) - TZ=1;TZString=Europe/Berlin;Screen=1590x767','127.0.0.1','Mozilla/5.0 (X11; Linux x86_64) AppleWebKit/537.36 (KHTML, like Gecko) Chrome/45.0.2454.101 Safari/537.36',NULL),(593,'2017-10-05 07:07:52','USER_CREATE',1,'2017-10-05 09:07:52',1,'User atheceo created','127.0.0.1','Mozilla/5.0 (X11; Linux x86_64) AppleWebKit/537.36 (KHTML, like Gecko) Chrome/45.0.2454.101 Safari/537.36',NULL),(594,'2017-10-05 07:07:52','USER_NEW_PASSWORD',1,'2017-10-05 09:07:52',1,'Password change for atheceo','127.0.0.1','Mozilla/5.0 (X11; Linux x86_64) AppleWebKit/537.36 (KHTML, like Gecko) Chrome/45.0.2454.101 Safari/537.36',NULL),(595,'2017-10-05 07:09:08','USER_NEW_PASSWORD',1,'2017-10-05 09:09:08',1,'Password change for aeinstein','127.0.0.1','Mozilla/5.0 (X11; Linux x86_64) AppleWebKit/537.36 (KHTML, like Gecko) Chrome/45.0.2454.101 Safari/537.36',NULL),(596,'2017-10-05 07:09:08','USER_MODIFY',1,'2017-10-05 09:09:08',1,'User aeinstein modified','127.0.0.1','Mozilla/5.0 (X11; Linux x86_64) AppleWebKit/537.36 (KHTML, like Gecko) Chrome/45.0.2454.101 Safari/537.36',NULL),(597,'2017-10-05 07:09:46','USER_CREATE',1,'2017-10-05 09:09:46',1,'User admin created','127.0.0.1','Mozilla/5.0 (X11; Linux x86_64) AppleWebKit/537.36 (KHTML, like Gecko) Chrome/45.0.2454.101 Safari/537.36',NULL),(598,'2017-10-05 07:09:46','USER_NEW_PASSWORD',1,'2017-10-05 09:09:46',1,'Password change for admin','127.0.0.1','Mozilla/5.0 (X11; Linux x86_64) AppleWebKit/537.36 (KHTML, like Gecko) Chrome/45.0.2454.101 Safari/537.36',NULL),(599,'2017-10-05 07:10:20','USER_MODIFY',1,'2017-10-05 09:10:20',1,'User demo modified','127.0.0.1','Mozilla/5.0 (X11; Linux x86_64) AppleWebKit/537.36 (KHTML, like Gecko) Chrome/45.0.2454.101 Safari/537.36',NULL),(600,'2017-10-05 07:10:48','USER_MODIFY',1,'2017-10-05 09:10:48',1,'User admin modified','127.0.0.1','Mozilla/5.0 (X11; Linux x86_64) AppleWebKit/537.36 (KHTML, like Gecko) Chrome/45.0.2454.101 Safari/537.36',NULL),(601,'2017-10-05 07:11:22','USER_NEW_PASSWORD',1,'2017-10-05 09:11:22',1,'Password change for bbookkeeper','127.0.0.1','Mozilla/5.0 (X11; Linux x86_64) AppleWebKit/537.36 (KHTML, like Gecko) Chrome/45.0.2454.101 Safari/537.36',NULL),(602,'2017-10-05 07:11:22','USER_MODIFY',1,'2017-10-05 09:11:22',1,'User bbookkeeper modified','127.0.0.1','Mozilla/5.0 (X11; Linux x86_64) AppleWebKit/537.36 (KHTML, like Gecko) Chrome/45.0.2454.101 Safari/537.36',NULL),(603,'2017-10-05 07:12:37','USER_MODIFY',1,'2017-10-05 09:12:37',1,'User admin modified','127.0.0.1','Mozilla/5.0 (X11; Linux x86_64) AppleWebKit/537.36 (KHTML, like Gecko) Chrome/45.0.2454.101 Safari/537.36',NULL),(604,'2017-10-05 07:13:27','USER_MODIFY',1,'2017-10-05 09:13:27',1,'User demo modified','127.0.0.1','Mozilla/5.0 (X11; Linux x86_64) AppleWebKit/537.36 (KHTML, like Gecko) Chrome/45.0.2454.101 Safari/537.36',NULL),(605,'2017-10-05 07:13:52','USER_MODIFY',1,'2017-10-05 09:13:52',1,'User admin modified','127.0.0.1','Mozilla/5.0 (X11; Linux x86_64) AppleWebKit/537.36 (KHTML, like Gecko) Chrome/45.0.2454.101 Safari/537.36',NULL),(606,'2017-10-05 07:14:35','USER_LOGOUT',1,'2017-10-05 09:14:35',1,'(UserLogoff,aeinstein)','127.0.0.1','Mozilla/5.0 (X11; Linux x86_64) AppleWebKit/537.36 (KHTML, like Gecko) Chrome/45.0.2454.101 Safari/537.36',NULL),(607,'2017-10-05 07:14:40','USER_LOGIN_FAILED',1,'2017-10-05 09:14:40',NULL,'Bad value for login or password - login=admin','127.0.0.1','Mozilla/5.0 (X11; Linux x86_64) AppleWebKit/537.36 (KHTML, like Gecko) Chrome/45.0.2454.101 Safari/537.36',NULL),(608,'2017-10-05 07:14:44','USER_LOGIN_FAILED',1,'2017-10-05 09:14:44',NULL,'Bad value for login or password - login=admin','127.0.0.1','Mozilla/5.0 (X11; Linux x86_64) AppleWebKit/537.36 (KHTML, like Gecko) Chrome/45.0.2454.101 Safari/537.36',NULL),(609,'2017-10-05 07:14:49','USER_LOGIN',1,'2017-10-05 09:14:49',12,'(UserLogged,admin) - TZ=1;TZString=Europe/Berlin;Screen=1590x767','127.0.0.1','Mozilla/5.0 (X11; Linux x86_64) AppleWebKit/537.36 (KHTML, like Gecko) Chrome/45.0.2454.101 Safari/537.36',NULL),(610,'2017-10-05 07:57:18','USER_MODIFY',1,'2017-10-05 09:57:18',12,'User aeinstein modified','127.0.0.1','Mozilla/5.0 (X11; Linux x86_64) AppleWebKit/537.36 (KHTML, like Gecko) Chrome/45.0.2454.101 Safari/537.36',NULL),(611,'2017-10-05 08:06:54','USER_LOGOUT',1,'2017-10-05 10:06:54',12,'(UserLogoff,admin)','127.0.0.1','Mozilla/5.0 (X11; Linux x86_64) AppleWebKit/537.36 (KHTML, like Gecko) Chrome/45.0.2454.101 Safari/537.36',NULL),(612,'2017-10-05 08:07:03','USER_LOGIN',1,'2017-10-05 10:07:03',11,'(UserLogged,atheceo) - TZ=1;TZString=Europe/Berlin;Screen=1590x767','127.0.0.1','Mozilla/5.0 (X11; Linux x86_64) AppleWebKit/537.36 (KHTML, like Gecko) Chrome/45.0.2454.101 Safari/537.36',NULL),(613,'2017-10-05 19:18:46','USER_LOGIN',1,'2017-10-05 21:18:46',11,'(UserLogged,atheceo) - TZ=1;TZString=Europe/Berlin;Screen=1590x767','127.0.0.1','Mozilla/5.0 (X11; Linux x86_64) AppleWebKit/537.36 (KHTML, like Gecko) Chrome/45.0.2454.101 Safari/537.36',NULL),(614,'2017-10-05 19:29:35','USER_CREATE',1,'2017-10-05 21:29:35',11,'User ccommercy created','127.0.0.1','Mozilla/5.0 (X11; Linux x86_64) AppleWebKit/537.36 (KHTML, like Gecko) Chrome/45.0.2454.101 Safari/537.36',NULL),(615,'2017-10-05 19:29:35','USER_NEW_PASSWORD',1,'2017-10-05 21:29:35',11,'Password change for ccommercy','127.0.0.1','Mozilla/5.0 (X11; Linux x86_64) AppleWebKit/537.36 (KHTML, like Gecko) Chrome/45.0.2454.101 Safari/537.36',NULL),(616,'2017-10-05 19:30:13','GROUP_CREATE',1,'2017-10-05 21:30:13',11,'Group Commercial created','127.0.0.1','Mozilla/5.0 (X11; Linux x86_64) AppleWebKit/537.36 (KHTML, like Gecko) Chrome/45.0.2454.101 Safari/537.36',NULL),(617,'2017-10-05 19:31:37','USER_NEW_PASSWORD',1,'2017-10-05 21:31:37',11,'Password change for admin','127.0.0.1','Mozilla/5.0 (X11; Linux x86_64) AppleWebKit/537.36 (KHTML, like Gecko) Chrome/45.0.2454.101 Safari/537.36',NULL),(618,'2017-10-05 19:31:37','USER_MODIFY',1,'2017-10-05 21:31:37',11,'User admin modified','127.0.0.1','Mozilla/5.0 (X11; Linux x86_64) AppleWebKit/537.36 (KHTML, like Gecko) Chrome/45.0.2454.101 Safari/537.36',NULL),(619,'2017-10-05 19:32:00','USER_MODIFY',1,'2017-10-05 21:32:00',11,'User admin modified','127.0.0.1','Mozilla/5.0 (X11; Linux x86_64) AppleWebKit/537.36 (KHTML, like Gecko) Chrome/45.0.2454.101 Safari/537.36',NULL),(620,'2017-10-05 19:33:33','USER_CREATE',1,'2017-10-05 21:33:33',11,'User sscientol created','127.0.0.1','Mozilla/5.0 (X11; Linux x86_64) AppleWebKit/537.36 (KHTML, like Gecko) Chrome/45.0.2454.101 Safari/537.36',NULL),(621,'2017-10-05 19:33:33','USER_NEW_PASSWORD',1,'2017-10-05 21:33:33',11,'Password change for sscientol','127.0.0.1','Mozilla/5.0 (X11; Linux x86_64) AppleWebKit/537.36 (KHTML, like Gecko) Chrome/45.0.2454.101 Safari/537.36',NULL),(622,'2017-10-05 19:33:47','USER_NEW_PASSWORD',1,'2017-10-05 21:33:47',11,'Password change for mcurie','127.0.0.1','Mozilla/5.0 (X11; Linux x86_64) AppleWebKit/537.36 (KHTML, like Gecko) Chrome/45.0.2454.101 Safari/537.36',NULL),(623,'2017-10-05 19:33:47','USER_MODIFY',1,'2017-10-05 21:33:47',11,'User mcurie modified','127.0.0.1','Mozilla/5.0 (X11; Linux x86_64) AppleWebKit/537.36 (KHTML, like Gecko) Chrome/45.0.2454.101 Safari/537.36',NULL),(624,'2017-10-05 19:34:23','USER_NEW_PASSWORD',1,'2017-10-05 21:34:23',11,'Password change for pcurie','127.0.0.1','Mozilla/5.0 (X11; Linux x86_64) AppleWebKit/537.36 (KHTML, like Gecko) Chrome/45.0.2454.101 Safari/537.36',NULL),(625,'2017-10-05 19:34:23','USER_MODIFY',1,'2017-10-05 21:34:23',11,'User pcurie modified','127.0.0.1','Mozilla/5.0 (X11; Linux x86_64) AppleWebKit/537.36 (KHTML, like Gecko) Chrome/45.0.2454.101 Safari/537.36',NULL),(626,'2017-10-05 19:34:42','USER_MODIFY',1,'2017-10-05 21:34:42',11,'User aeinstein modified','127.0.0.1','Mozilla/5.0 (X11; Linux x86_64) AppleWebKit/537.36 (KHTML, like Gecko) Chrome/45.0.2454.101 Safari/537.36',NULL),(627,'2017-10-05 19:36:06','USER_NEW_PASSWORD',1,'2017-10-05 21:36:06',11,'Password change for ccommercy','127.0.0.1','Mozilla/5.0 (X11; Linux x86_64) AppleWebKit/537.36 (KHTML, like Gecko) Chrome/45.0.2454.101 Safari/537.36',NULL),(628,'2017-10-05 19:36:06','USER_MODIFY',1,'2017-10-05 21:36:06',11,'User ccommercy modified','127.0.0.1','Mozilla/5.0 (X11; Linux x86_64) AppleWebKit/537.36 (KHTML, like Gecko) Chrome/45.0.2454.101 Safari/537.36',NULL),(629,'2017-10-05 19:36:57','USER_NEW_PASSWORD',1,'2017-10-05 21:36:57',11,'Password change for atheceo','127.0.0.1','Mozilla/5.0 (X11; Linux x86_64) AppleWebKit/537.36 (KHTML, like Gecko) Chrome/45.0.2454.101 Safari/537.36',NULL),(630,'2017-10-05 19:36:57','USER_MODIFY',1,'2017-10-05 21:36:57',11,'User atheceo modified','127.0.0.1','Mozilla/5.0 (X11; Linux x86_64) AppleWebKit/537.36 (KHTML, like Gecko) Chrome/45.0.2454.101 Safari/537.36',NULL),(631,'2017-10-05 19:37:27','USER_LOGOUT',1,'2017-10-05 21:37:27',11,'(UserLogoff,atheceo)','127.0.0.1','Mozilla/5.0 (X11; Linux x86_64) AppleWebKit/537.36 (KHTML, like Gecko) Chrome/45.0.2454.101 Safari/537.36',NULL),(632,'2017-10-05 19:37:35','USER_LOGIN_FAILED',1,'2017-10-05 21:37:35',NULL,'Bad value for login or password - login=admin','127.0.0.1','Mozilla/5.0 (X11; Linux x86_64) AppleWebKit/537.36 (KHTML, like Gecko) Chrome/45.0.2454.101 Safari/537.36',NULL),(633,'2017-10-05 19:37:39','USER_LOGIN_FAILED',1,'2017-10-05 21:37:39',NULL,'Bad value for login or password - login=admin','127.0.0.1','Mozilla/5.0 (X11; Linux x86_64) AppleWebKit/537.36 (KHTML, like Gecko) Chrome/45.0.2454.101 Safari/537.36',NULL),(634,'2017-10-05 19:37:44','USER_LOGIN_FAILED',1,'2017-10-05 21:37:44',NULL,'Bad value for login or password - login=admin','127.0.0.1','Mozilla/5.0 (X11; Linux x86_64) AppleWebKit/537.36 (KHTML, like Gecko) Chrome/45.0.2454.101 Safari/537.36',NULL),(635,'2017-10-05 19:37:49','USER_LOGIN_FAILED',1,'2017-10-05 21:37:49',NULL,'Bad value for login or password - login=admin','127.0.0.1','Mozilla/5.0 (X11; Linux x86_64) AppleWebKit/537.36 (KHTML, like Gecko) Chrome/45.0.2454.101 Safari/537.36',NULL),(636,'2017-10-05 19:38:12','USER_LOGIN_FAILED',1,'2017-10-05 21:38:12',NULL,'Bad value for login or password - login=admin','127.0.0.1','Mozilla/5.0 (X11; Linux x86_64) AppleWebKit/537.36 (KHTML, like Gecko) Chrome/45.0.2454.101 Safari/537.36',NULL),(637,'2017-10-05 19:40:48','USER_LOGIN_FAILED',1,'2017-10-05 21:40:48',NULL,'Bad value for login or password - login=admin','127.0.0.1','Mozilla/5.0 (X11; Linux x86_64) AppleWebKit/537.36 (KHTML, like Gecko) Chrome/45.0.2454.101 Safari/537.36',NULL),(638,'2017-10-05 19:40:55','USER_LOGIN',1,'2017-10-05 21:40:55',12,'(UserLogged,admin) - TZ=1;TZString=Europe/Berlin;Screen=1590x767','127.0.0.1','Mozilla/5.0 (X11; Linux x86_64) AppleWebKit/537.36 (KHTML, like Gecko) Chrome/45.0.2454.101 Safari/537.36',NULL),(639,'2017-10-05 19:43:34','USER_MODIFY',1,'2017-10-05 21:43:34',12,'User aeinstein modified','127.0.0.1','Mozilla/5.0 (X11; Linux x86_64) AppleWebKit/537.36 (KHTML, like Gecko) Chrome/45.0.2454.101 Safari/537.36',NULL),(640,'2017-10-05 19:45:43','USER_CREATE',1,'2017-10-05 21:45:43',12,'User aaa created','127.0.0.1','Mozilla/5.0 (X11; Linux x86_64) AppleWebKit/537.36 (KHTML, like Gecko) Chrome/45.0.2454.101 Safari/537.36',NULL),(641,'2017-10-05 19:45:43','USER_NEW_PASSWORD',1,'2017-10-05 21:45:43',12,'Password change for aaa','127.0.0.1','Mozilla/5.0 (X11; Linux x86_64) AppleWebKit/537.36 (KHTML, like Gecko) Chrome/45.0.2454.101 Safari/537.36',NULL),(642,'2017-10-05 19:46:18','USER_DELETE',1,'2017-10-05 21:46:18',12,'User aaa removed','127.0.0.1','Mozilla/5.0 (X11; Linux x86_64) AppleWebKit/537.36 (KHTML, like Gecko) Chrome/45.0.2454.101 Safari/537.36',NULL),(643,'2017-10-05 19:47:09','USER_MODIFY',1,'2017-10-05 21:47:09',12,'User demo modified','127.0.0.1','Mozilla/5.0 (X11; Linux x86_64) AppleWebKit/537.36 (KHTML, like Gecko) Chrome/45.0.2454.101 Safari/537.36',NULL),(644,'2017-10-05 19:47:22','USER_MODIFY',1,'2017-10-05 21:47:22',12,'User demo modified','127.0.0.1','Mozilla/5.0 (X11; Linux x86_64) AppleWebKit/537.36 (KHTML, like Gecko) Chrome/45.0.2454.101 Safari/537.36',NULL),(645,'2017-10-05 19:52:05','USER_MODIFY',1,'2017-10-05 21:52:05',12,'User sscientol modified','127.0.0.1','Mozilla/5.0 (X11; Linux x86_64) AppleWebKit/537.36 (KHTML, like Gecko) Chrome/45.0.2454.101 Safari/537.36',NULL),(646,'2017-10-05 19:52:23','USER_MODIFY',1,'2017-10-05 21:52:23',12,'User bbookkeeper modified','127.0.0.1','Mozilla/5.0 (X11; Linux x86_64) AppleWebKit/537.36 (KHTML, like Gecko) Chrome/45.0.2454.101 Safari/537.36',NULL),(647,'2017-10-05 19:54:54','USER_NEW_PASSWORD',1,'2017-10-05 21:54:54',12,'Password change for zzeceo','127.0.0.1','Mozilla/5.0 (X11; Linux x86_64) AppleWebKit/537.36 (KHTML, like Gecko) Chrome/45.0.2454.101 Safari/537.36',NULL),(648,'2017-10-05 19:54:54','USER_MODIFY',1,'2017-10-05 21:54:54',12,'User zzeceo modified','127.0.0.1','Mozilla/5.0 (X11; Linux x86_64) AppleWebKit/537.36 (KHTML, like Gecko) Chrome/45.0.2454.101 Safari/537.36',NULL),(649,'2017-10-05 19:57:02','USER_MODIFY',1,'2017-10-05 21:57:02',12,'User zzeceo modified','127.0.0.1','Mozilla/5.0 (X11; Linux x86_64) AppleWebKit/537.36 (KHTML, like Gecko) Chrome/45.0.2454.101 Safari/537.36',NULL),(650,'2017-10-05 19:57:57','USER_NEW_PASSWORD',1,'2017-10-05 21:57:57',12,'Password change for pcurie','127.0.0.1','Mozilla/5.0 (X11; Linux x86_64) AppleWebKit/537.36 (KHTML, like Gecko) Chrome/45.0.2454.101 Safari/537.36',NULL),(651,'2017-10-05 19:57:57','USER_MODIFY',1,'2017-10-05 21:57:57',12,'User pcurie modified','127.0.0.1','Mozilla/5.0 (X11; Linux x86_64) AppleWebKit/537.36 (KHTML, like Gecko) Chrome/45.0.2454.101 Safari/537.36',NULL),(652,'2017-10-05 19:59:42','USER_NEW_PASSWORD',1,'2017-10-05 21:59:42',12,'Password change for admin','127.0.0.1','Mozilla/5.0 (X11; Linux x86_64) AppleWebKit/537.36 (KHTML, like Gecko) Chrome/45.0.2454.101 Safari/537.36',NULL),(653,'2017-10-05 19:59:42','USER_MODIFY',1,'2017-10-05 21:59:42',12,'User admin modified','127.0.0.1','Mozilla/5.0 (X11; Linux x86_64) AppleWebKit/537.36 (KHTML, like Gecko) Chrome/45.0.2454.101 Safari/537.36',NULL),(654,'2017-10-05 20:00:21','USER_MODIFY',1,'2017-10-05 22:00:21',12,'User adminx modified','127.0.0.1','Mozilla/5.0 (X11; Linux x86_64) AppleWebKit/537.36 (KHTML, like Gecko) Chrome/45.0.2454.101 Safari/537.36',NULL),(655,'2017-10-05 20:05:36','USER_MODIFY',1,'2017-10-05 22:05:36',12,'User admin modified','127.0.0.1','Mozilla/5.0 (X11; Linux x86_64) AppleWebKit/537.36 (KHTML, like Gecko) Chrome/45.0.2454.101 Safari/537.36',NULL),(656,'2017-10-05 20:06:25','USER_MODIFY',1,'2017-10-05 22:06:25',12,'User ccommercy modified','127.0.0.1','Mozilla/5.0 (X11; Linux x86_64) AppleWebKit/537.36 (KHTML, like Gecko) Chrome/45.0.2454.101 Safari/537.36',NULL),(657,'2017-10-05 20:07:18','USER_MODIFY',1,'2017-10-05 22:07:18',12,'User mcurie modified','127.0.0.1','Mozilla/5.0 (X11; Linux x86_64) AppleWebKit/537.36 (KHTML, like Gecko) Chrome/45.0.2454.101 Safari/537.36',NULL),(658,'2017-10-05 20:07:36','USER_MODIFY',1,'2017-10-05 22:07:36',12,'User aeinstein modified','127.0.0.1','Mozilla/5.0 (X11; Linux x86_64) AppleWebKit/537.36 (KHTML, like Gecko) Chrome/45.0.2454.101 Safari/537.36',NULL),(659,'2017-10-05 20:08:34','USER_MODIFY',1,'2017-10-05 22:08:34',12,'User bbookkeeper modified','127.0.0.1','Mozilla/5.0 (X11; Linux x86_64) AppleWebKit/537.36 (KHTML, like Gecko) Chrome/45.0.2454.101 Safari/537.36',NULL),(660,'2017-10-05 20:47:52','USER_CREATE',1,'2017-10-05 22:47:52',12,'User cc1 created','127.0.0.1','Mozilla/5.0 (X11; Linux x86_64) AppleWebKit/537.36 (KHTML, like Gecko) Chrome/45.0.2454.101 Safari/537.36',NULL),(661,'2017-10-05 20:47:52','USER_NEW_PASSWORD',1,'2017-10-05 22:47:52',12,'Password change for cc1','127.0.0.1','Mozilla/5.0 (X11; Linux x86_64) AppleWebKit/537.36 (KHTML, like Gecko) Chrome/45.0.2454.101 Safari/537.36',NULL),(662,'2017-10-05 20:47:55','USER_LOGOUT',1,'2017-10-05 22:47:55',12,'(UserLogoff,admin)','127.0.0.1','Mozilla/5.0 (X11; Linux x86_64) AppleWebKit/537.36 (KHTML, like Gecko) Chrome/45.0.2454.101 Safari/537.36',NULL),(663,'2017-10-05 20:48:08','USER_LOGIN',1,'2017-10-05 22:48:08',11,'(UserLogged,zzeceo) - TZ=1;TZString=Europe/Berlin;Screen=1590x434','127.0.0.1','Mozilla/5.0 (X11; Linux x86_64) AppleWebKit/537.36 (KHTML, like Gecko) Chrome/45.0.2454.101 Safari/537.36',NULL),(664,'2017-10-05 20:48:39','USER_CREATE',1,'2017-10-05 22:48:39',11,'User cc2 created','127.0.0.1','Mozilla/5.0 (X11; Linux x86_64) AppleWebKit/537.36 (KHTML, like Gecko) Chrome/45.0.2454.101 Safari/537.36',NULL),(665,'2017-10-05 20:48:39','USER_NEW_PASSWORD',1,'2017-10-05 22:48:39',11,'Password change for cc2','127.0.0.1','Mozilla/5.0 (X11; Linux x86_64) AppleWebKit/537.36 (KHTML, like Gecko) Chrome/45.0.2454.101 Safari/537.36',NULL),(666,'2017-10-05 20:48:59','USER_NEW_PASSWORD',1,'2017-10-05 22:48:59',11,'Password change for cc1','127.0.0.1','Mozilla/5.0 (X11; Linux x86_64) AppleWebKit/537.36 (KHTML, like Gecko) Chrome/45.0.2454.101 Safari/537.36',NULL),(667,'2017-10-05 20:48:59','USER_MODIFY',1,'2017-10-05 22:48:59',11,'User cc1 modified','127.0.0.1','Mozilla/5.0 (X11; Linux x86_64) AppleWebKit/537.36 (KHTML, like Gecko) Chrome/45.0.2454.101 Safari/537.36',NULL),(668,'2017-10-05 21:06:36','USER_LOGOUT',1,'2017-10-05 23:06:35',11,'(UserLogoff,zzeceo)','127.0.0.1','Mozilla/5.0 (X11; Linux x86_64) AppleWebKit/537.36 (KHTML, like Gecko) Chrome/45.0.2454.101 Safari/537.36',NULL),(669,'2017-10-05 21:06:44','USER_LOGIN_FAILED',1,'2017-10-05 23:06:44',NULL,'Bad value for login or password - login=cc1','127.0.0.1','Mozilla/5.0 (X11; Linux x86_64) AppleWebKit/537.36 (KHTML, like Gecko) Chrome/45.0.2454.101 Safari/537.36',NULL),(670,'2017-10-05 21:07:12','USER_LOGIN_FAILED',1,'2017-10-05 23:07:12',NULL,'Bad value for login or password - login=cc1','127.0.0.1','Mozilla/5.0 (X11; Linux x86_64) AppleWebKit/537.36 (KHTML, like Gecko) Chrome/45.0.2454.101 Safari/537.36',NULL),(671,'2017-10-05 21:07:19','USER_LOGIN_FAILED',1,'2017-10-05 23:07:19',NULL,'Bad value for login or password - login=admin','127.0.0.1','Mozilla/5.0 (X11; Linux x86_64) AppleWebKit/537.36 (KHTML, like Gecko) Chrome/45.0.2454.101 Safari/537.36',NULL),(672,'2017-10-05 21:07:27','USER_LOGIN_FAILED',1,'2017-10-05 23:07:27',NULL,'Bad value for login or password - login=admin','127.0.0.1','Mozilla/5.0 (X11; Linux x86_64) AppleWebKit/537.36 (KHTML, like Gecko) Chrome/45.0.2454.101 Safari/537.36',NULL),(673,'2017-10-05 21:07:32','USER_LOGIN',1,'2017-10-05 23:07:32',12,'(UserLogged,admin) - TZ=1;TZString=Europe/Berlin;Screen=1590x767','127.0.0.1','Mozilla/5.0 (X11; Linux x86_64) AppleWebKit/537.36 (KHTML, like Gecko) Chrome/45.0.2454.101 Safari/537.36',NULL),(674,'2017-10-05 21:12:28','USER_NEW_PASSWORD',1,'2017-10-05 23:12:28',12,'Password change for cc1','127.0.0.1','Mozilla/5.0 (X11; Linux x86_64) AppleWebKit/537.36 (KHTML, like Gecko) Chrome/45.0.2454.101 Safari/537.36',NULL),(675,'2017-10-05 21:12:28','USER_MODIFY',1,'2017-10-05 23:12:28',12,'User cc1 modified','127.0.0.1','Mozilla/5.0 (X11; Linux x86_64) AppleWebKit/537.36 (KHTML, like Gecko) Chrome/45.0.2454.101 Safari/537.36',NULL),(676,'2017-10-05 21:13:00','USER_CREATE',1,'2017-10-05 23:13:00',12,'User aaa created','127.0.0.1','Mozilla/5.0 (X11; Linux x86_64) AppleWebKit/537.36 (KHTML, like Gecko) Chrome/45.0.2454.101 Safari/537.36',NULL),(677,'2017-10-05 21:13:00','USER_NEW_PASSWORD',1,'2017-10-05 23:13:00',12,'Password change for aaa','127.0.0.1','Mozilla/5.0 (X11; Linux x86_64) AppleWebKit/537.36 (KHTML, like Gecko) Chrome/45.0.2454.101 Safari/537.36',NULL),(678,'2017-10-05 21:13:40','USER_DELETE',1,'2017-10-05 23:13:40',12,'User aaa removed','127.0.0.1','Mozilla/5.0 (X11; Linux x86_64) AppleWebKit/537.36 (KHTML, like Gecko) Chrome/45.0.2454.101 Safari/537.36',NULL),(679,'2017-10-05 21:14:47','USER_LOGOUT',1,'2017-10-05 23:14:47',12,'(UserLogoff,admin)','127.0.0.1','Mozilla/5.0 (X11; Linux x86_64) AppleWebKit/537.36 (KHTML, like Gecko) Chrome/45.0.2454.101 Safari/537.36',NULL),(680,'2017-10-05 21:14:56','USER_LOGIN',1,'2017-10-05 23:14:56',16,'(UserLogged,cc1) - TZ=1;TZString=Europe/Berlin;Screen=1590x767','127.0.0.1','Mozilla/5.0 (X11; Linux x86_64) AppleWebKit/537.36 (KHTML, like Gecko) Chrome/45.0.2454.101 Safari/537.36',NULL),(681,'2017-10-05 21:15:56','USER_LOGOUT',1,'2017-10-05 23:15:56',16,'(UserLogoff,cc1)','127.0.0.1','Mozilla/5.0 (X11; Linux x86_64) AppleWebKit/537.36 (KHTML, like Gecko) Chrome/45.0.2454.101 Safari/537.36',NULL),(682,'2017-10-05 21:16:06','USER_LOGIN',1,'2017-10-05 23:16:06',17,'(UserLogged,cc2) - TZ=1;TZString=Europe/Berlin;Screen=1590x767','127.0.0.1','Mozilla/5.0 (X11; Linux x86_64) AppleWebKit/537.36 (KHTML, like Gecko) Chrome/45.0.2454.101 Safari/537.36',NULL),(683,'2017-10-05 21:37:25','USER_LOGOUT',1,'2017-10-05 23:37:25',17,'(UserLogoff,cc2)','127.0.0.1','Mozilla/5.0 (X11; Linux x86_64) AppleWebKit/537.36 (KHTML, like Gecko) Chrome/45.0.2454.101 Safari/537.36',NULL),(684,'2017-10-05 21:37:31','USER_LOGIN',1,'2017-10-05 23:37:31',16,'(UserLogged,cc1) - TZ=1;TZString=Europe/Berlin;Screen=1590x767','127.0.0.1','Mozilla/5.0 (X11; Linux x86_64) AppleWebKit/537.36 (KHTML, like Gecko) Chrome/45.0.2454.101 Safari/537.36',NULL),(685,'2017-10-05 21:43:53','USER_LOGOUT',1,'2017-10-05 23:43:53',16,'(UserLogoff,cc1)','127.0.0.1','Mozilla/5.0 (X11; Linux x86_64) AppleWebKit/537.36 (KHTML, like Gecko) Chrome/45.0.2454.101 Safari/537.36',NULL),(686,'2017-10-05 21:44:00','USER_LOGIN',1,'2017-10-05 23:44:00',12,'(UserLogged,admin) - TZ=1;TZString=Europe/Berlin;Screen=1590x767','127.0.0.1','Mozilla/5.0 (X11; Linux x86_64) AppleWebKit/537.36 (KHTML, like Gecko) Chrome/45.0.2454.101 Safari/537.36',NULL),(687,'2017-10-05 21:46:17','USER_LOGOUT',1,'2017-10-05 23:46:17',12,'(UserLogoff,admin)','127.0.0.1','Mozilla/5.0 (X11; Linux x86_64) AppleWebKit/537.36 (KHTML, like Gecko) Chrome/45.0.2454.101 Safari/537.36',NULL),(688,'2017-10-05 21:46:24','USER_LOGIN',1,'2017-10-05 23:46:24',16,'(UserLogged,cc1) - TZ=1;TZString=Europe/Berlin;Screen=1590x767','127.0.0.1','Mozilla/5.0 (X11; Linux x86_64) AppleWebKit/537.36 (KHTML, like Gecko) Chrome/45.0.2454.101 Safari/537.36',NULL),(689,'2017-11-04 15:17:06','USER_LOGIN',1,'2017-11-04 16:17:06',12,'(UserLogged,admin) - TZ=1;TZString=Europe/Berlin;Screen=1600x790','127.0.0.1','Mozilla/5.0 (X11; Linux x86_64) AppleWebKit/537.36 (KHTML, like Gecko) Chrome/46.0.2490.80 Safari/537.36',NULL),(690,'2017-11-15 22:04:04','USER_LOGIN',1,'2017-11-15 23:04:04',12,'(UserLogged,admin) - TZ=1;TZString=Europe/Berlin;Screen=1600x790','127.0.0.1','Mozilla/5.0 (X11; Linux x86_64) AppleWebKit/537.36 (KHTML, like Gecko) Chrome/46.0.2490.80 Safari/537.36',NULL),(691,'2017-11-15 22:23:45','USER_MODIFY',1,'2017-11-15 23:23:45',12,'User ccommercy modified','127.0.0.1','Mozilla/5.0 (X11; Linux x86_64) AppleWebKit/537.36 (KHTML, like Gecko) Chrome/46.0.2490.80 Safari/537.36',NULL),(692,'2017-11-15 22:24:22','USER_MODIFY',1,'2017-11-15 23:24:22',12,'User cc1 modified','127.0.0.1','Mozilla/5.0 (X11; Linux x86_64) AppleWebKit/537.36 (KHTML, like Gecko) Chrome/46.0.2490.80 Safari/537.36',NULL),(693,'2017-11-15 22:24:53','USER_MODIFY',1,'2017-11-15 23:24:53',12,'User cc2 modified','127.0.0.1','Mozilla/5.0 (X11; Linux x86_64) AppleWebKit/537.36 (KHTML, like Gecko) Chrome/46.0.2490.80 Safari/537.36',NULL),(694,'2017-11-15 22:25:17','USER_MODIFY',1,'2017-11-15 23:25:17',12,'User cc1 modified','127.0.0.1','Mozilla/5.0 (X11; Linux x86_64) AppleWebKit/537.36 (KHTML, like Gecko) Chrome/46.0.2490.80 Safari/537.36',NULL),(695,'2017-11-15 22:45:37','USER_LOGOUT',1,'2017-11-15 23:45:37',12,'(UserLogoff,admin)','127.0.0.1','Mozilla/5.0 (X11; Linux x86_64) AppleWebKit/537.36 (KHTML, like Gecko) Chrome/46.0.2490.80 Safari/537.36',NULL),(696,'2017-11-18 13:41:02','USER_LOGIN',1,'2017-11-18 14:41:02',2,'(UserLogged,demo) - TZ=1;TZString=Europe/Berlin;Screen=1600x790','127.0.0.1','Mozilla/5.0 (X11; Linux x86_64) AppleWebKit/537.36 (KHTML, like Gecko) Chrome/46.0.2490.80 Safari/537.36',NULL),(697,'2017-11-18 14:23:35','USER_LOGIN',1,'2017-11-18 15:23:35',2,'(UserLogged,demo) - TZ=1;TZString=Europe/Berlin;Screen=1600x790','127.0.0.1','Mozilla/5.0 (X11; Linux x86_64) AppleWebKit/537.36 (KHTML, like Gecko) Chrome/46.0.2490.80 Safari/537.36',NULL),(698,'2017-11-18 15:15:46','USER_LOGOUT',1,'2017-11-18 16:15:46',2,'(UserLogoff,demo)','127.0.0.1','Mozilla/5.0 (X11; Linux x86_64) AppleWebKit/537.36 (KHTML, like Gecko) Chrome/46.0.2490.80 Safari/537.36',NULL),(699,'2017-11-18 15:15:51','USER_LOGIN',1,'2017-11-18 16:15:51',2,'(UserLogged,demo) - TZ=1;TZString=Europe/Berlin;Screen=1600x790','127.0.0.1','Mozilla/5.0 (X11; Linux x86_64) AppleWebKit/537.36 (KHTML, like Gecko) Chrome/46.0.2490.80 Safari/537.36',NULL),(700,'2017-11-30 17:52:08','USER_LOGIN',1,'2017-11-30 18:52:08',12,'(UserLogged,admin) - TZ=1;TZString=Europe/Berlin;Screen=1600x790','127.0.0.1','Mozilla/5.0 (X11; Linux x86_64) AppleWebKit/537.36 (KHTML, like Gecko) Chrome/46.0.2490.80 Safari/537.36',NULL),(701,'2018-01-10 16:45:43','USER_LOGIN',1,'2018-01-10 17:45:43',2,'(UserLogged,demo) - TZ=1;TZString=Europe/Berlin;Screen=1600x790','127.0.0.1','Mozilla/5.0 (X11; Linux x86_64) AppleWebKit/537.36 (KHTML, like Gecko) Chrome/46.0.2490.80 Safari/537.36',NULL),(702,'2018-01-10 16:45:52','USER_LOGOUT',1,'2018-01-10 17:45:52',2,'(UserLogoff,demo)','127.0.0.1','Mozilla/5.0 (X11; Linux x86_64) AppleWebKit/537.36 (KHTML, like Gecko) Chrome/46.0.2490.80 Safari/537.36',NULL),(703,'2018-01-10 16:46:06','USER_LOGIN',1,'2018-01-10 17:46:06',12,'(UserLogged,admin) - TZ=1;TZString=Europe/Berlin;Screen=1600x790','127.0.0.1','Mozilla/5.0 (X11; Linux x86_64) AppleWebKit/537.36 (KHTML, like Gecko) Chrome/46.0.2490.80 Safari/537.36',NULL),(704,'2018-01-16 14:53:47','USER_LOGIN',1,'2018-01-16 15:53:47',12,'(UserLogged,admin) - TZ=1;TZString=Europe/Berlin;Screen=1600x790','127.0.0.1','Mozilla/5.0 (X11; Linux x86_64) AppleWebKit/537.36 (KHTML, like Gecko) Chrome/46.0.2490.80 Safari/537.36',NULL),(705,'2018-01-16 15:04:29','USER_LOGOUT',1,'2018-01-16 16:04:29',12,'(UserLogoff,admin)','127.0.0.1','Mozilla/5.0 (X11; Linux x86_64) AppleWebKit/537.36 (KHTML, like Gecko) Chrome/46.0.2490.80 Safari/537.36',NULL),(706,'2018-01-16 15:04:40','USER_LOGIN',1,'2018-01-16 16:04:40',12,'(UserLogged,admin) - TZ=1;TZString=Europe/Berlin;Screen=1600x790','127.0.0.1','Mozilla/5.0 (X11; Linux x86_64) AppleWebKit/537.36 (KHTML, like Gecko) Chrome/46.0.2490.80 Safari/537.36',NULL),(707,'2018-01-22 09:33:26','USER_LOGIN',1,'2018-01-22 10:33:26',2,'(UserLogged,demo) - TZ=1;TZString=Europe/Berlin;Screen=1600x790','127.0.0.1','Mozilla/5.0 (X11; Linux x86_64) AppleWebKit/537.36 (KHTML, like Gecko) Chrome/46.0.2490.80 Safari/537.36',NULL),(708,'2018-01-22 09:35:19','USER_LOGOUT',1,'2018-01-22 10:35:19',2,'(UserLogoff,demo)','127.0.0.1','Mozilla/5.0 (X11; Linux x86_64) AppleWebKit/537.36 (KHTML, like Gecko) Chrome/46.0.2490.80 Safari/537.36',NULL),(709,'2018-01-22 09:35:29','USER_LOGIN',1,'2018-01-22 10:35:29',12,'(UserLogged,admin) - TZ=1;TZString=Europe/Berlin;Screen=1600x790','127.0.0.1','Mozilla/5.0 (X11; Linux x86_64) AppleWebKit/537.36 (KHTML, like Gecko) Chrome/46.0.2490.80 Safari/537.36',NULL),(710,'2018-01-22 10:47:34','USER_CREATE',1,'2018-01-22 11:47:34',12,'User aaa created','127.0.0.1','Mozilla/5.0 (X11; Linux x86_64) AppleWebKit/537.36 (KHTML, like Gecko) Chrome/46.0.2490.80 Safari/537.36',NULL),(711,'2018-01-22 10:47:34','USER_NEW_PASSWORD',1,'2018-01-22 11:47:34',12,'Password change for aaa','127.0.0.1','Mozilla/5.0 (X11; Linux x86_64) AppleWebKit/537.36 (KHTML, like Gecko) Chrome/46.0.2490.80 Safari/537.36',NULL),(712,'2018-01-22 12:07:56','USER_LOGIN',1,'2018-01-22 13:07:56',12,'(UserLogged,admin) - TZ=1;TZString=Europe/Berlin;Screen=1600x790','127.0.0.1','Mozilla/5.0 (X11; Linux x86_64) AppleWebKit/537.36 (KHTML, like Gecko) Chrome/46.0.2490.80 Safari/537.36',NULL),(713,'2018-01-22 12:36:25','USER_NEW_PASSWORD',1,'2018-01-22 13:36:25',12,'Password change for admin','127.0.0.1','Mozilla/5.0 (X11; Linux x86_64) AppleWebKit/537.36 (KHTML, like Gecko) Chrome/46.0.2490.80 Safari/537.36',NULL),(714,'2018-01-22 12:36:25','USER_MODIFY',1,'2018-01-22 13:36:25',12,'User admin modified','127.0.0.1','Mozilla/5.0 (X11; Linux x86_64) AppleWebKit/537.36 (KHTML, like Gecko) Chrome/46.0.2490.80 Safari/537.36',NULL),(715,'2018-01-22 12:56:32','USER_MODIFY',1,'2018-01-22 13:56:32',12,'User admin modified','127.0.0.1','Mozilla/5.0 (X11; Linux x86_64) AppleWebKit/537.36 (KHTML, like Gecko) Chrome/46.0.2490.80 Safari/537.36',NULL),(716,'2018-01-22 12:58:05','USER_MODIFY',1,'2018-01-22 13:58:05',12,'User admin modified','127.0.0.1','Mozilla/5.0 (X11; Linux x86_64) AppleWebKit/537.36 (KHTML, like Gecko) Chrome/46.0.2490.80 Safari/537.36',NULL),(717,'2018-01-22 13:01:02','USER_MODIFY',1,'2018-01-22 14:01:02',12,'User admin modified','127.0.0.1','Mozilla/5.0 (X11; Linux x86_64) AppleWebKit/537.36 (KHTML, like Gecko) Chrome/46.0.2490.80 Safari/537.36',NULL),(718,'2018-01-22 13:01:18','USER_MODIFY',1,'2018-01-22 14:01:18',12,'User admin modified','127.0.0.1','Mozilla/5.0 (X11; Linux x86_64) AppleWebKit/537.36 (KHTML, like Gecko) Chrome/46.0.2490.80 Safari/537.36',NULL),(719,'2018-01-22 13:13:42','USER_MODIFY',1,'2018-01-22 14:13:42',12,'User admin modified','127.0.0.1','Mozilla/5.0 (X11; Linux x86_64) AppleWebKit/537.36 (KHTML, like Gecko) Chrome/46.0.2490.80 Safari/537.36',NULL),(720,'2018-01-22 13:15:20','USER_DELETE',1,'2018-01-22 14:15:20',12,'User aaa removed','127.0.0.1','Mozilla/5.0 (X11; Linux x86_64) AppleWebKit/537.36 (KHTML, like Gecko) Chrome/46.0.2490.80 Safari/537.36',NULL),(721,'2018-01-22 13:19:21','USER_LOGOUT',1,'2018-01-22 14:19:21',12,'(UserLogoff,admin)','127.0.0.1','Mozilla/5.0 (X11; Linux x86_64) AppleWebKit/537.36 (KHTML, like Gecko) Chrome/46.0.2490.80 Safari/537.36',NULL),(722,'2018-01-22 13:19:32','USER_LOGIN',1,'2018-01-22 14:19:32',2,'(UserLogged,demo) - TZ=1;TZString=Europe/Berlin;Screen=1600x790','127.0.0.1','Mozilla/5.0 (X11; Linux x86_64) AppleWebKit/537.36 (KHTML, like Gecko) Chrome/46.0.2490.80 Safari/537.36',NULL),(723,'2018-01-22 13:19:51','USER_LOGOUT',1,'2018-01-22 14:19:51',2,'(UserLogoff,demo)','127.0.0.1','Mozilla/5.0 (X11; Linux x86_64) AppleWebKit/537.36 (KHTML, like Gecko) Chrome/46.0.2490.80 Safari/537.36',NULL),(724,'2018-01-22 13:20:01','USER_LOGIN',1,'2018-01-22 14:20:01',12,'(UserLogged,admin) - TZ=1;TZString=Europe/Berlin;Screen=1600x790','127.0.0.1','Mozilla/5.0 (X11; Linux x86_64) AppleWebKit/537.36 (KHTML, like Gecko) Chrome/46.0.2490.80 Safari/537.36',NULL),(725,'2018-01-22 13:28:22','USER_LOGOUT',1,'2018-01-22 14:28:22',12,'(UserLogoff,admin)','127.0.0.1','Mozilla/5.0 (X11; Linux x86_64) AppleWebKit/537.36 (KHTML, like Gecko) Chrome/46.0.2490.80 Safari/537.36',NULL),(726,'2018-01-22 13:28:35','USER_LOGIN',1,'2018-01-22 14:28:35',2,'(UserLogged,demo) - TZ=1;TZString=Europe/Berlin;Screen=1600x790','127.0.0.1','Mozilla/5.0 (X11; Linux x86_64) AppleWebKit/537.36 (KHTML, like Gecko) Chrome/46.0.2490.80 Safari/537.36',NULL),(727,'2018-01-22 13:33:54','USER_LOGOUT',1,'2018-01-22 14:33:54',2,'(UserLogoff,demo)','127.0.0.1','Mozilla/5.0 (X11; Linux x86_64) AppleWebKit/537.36 (KHTML, like Gecko) Chrome/46.0.2490.80 Safari/537.36',NULL),(728,'2018-01-22 13:34:05','USER_LOGIN',1,'2018-01-22 14:34:05',12,'(UserLogged,admin) - TZ=1;TZString=Europe/Berlin;Screen=1600x790','127.0.0.1','Mozilla/5.0 (X11; Linux x86_64) AppleWebKit/537.36 (KHTML, like Gecko) Chrome/46.0.2490.80 Safari/537.36',NULL),(729,'2018-01-22 13:51:46','USER_MODIFY',1,'2018-01-22 14:51:46',12,'User ccommercy modified','127.0.0.1','Mozilla/5.0 (X11; Linux x86_64) AppleWebKit/537.36 (KHTML, like Gecko) Chrome/46.0.2490.80 Safari/537.36',NULL),(730,'2018-01-22 16:20:12','USER_LOGIN',1,'2018-01-22 17:20:12',2,'(UserLogged,demo) - TZ=1;TZString=Europe/Berlin;Screen=1600x790','127.0.0.1','Mozilla/5.0 (X11; Linux x86_64) AppleWebKit/537.36 (KHTML, like Gecko) Chrome/48.0.2564.82 Safari/537.36',NULL),(731,'2018-01-22 16:20:22','USER_LOGOUT',1,'2018-01-22 17:20:22',2,'(UserLogoff,demo)','127.0.0.1','Mozilla/5.0 (X11; Linux x86_64) AppleWebKit/537.36 (KHTML, like Gecko) Chrome/48.0.2564.82 Safari/537.36',NULL),(732,'2018-01-22 16:20:36','USER_LOGIN',1,'2018-01-22 17:20:36',12,'(UserLogged,admin) - TZ=1;TZString=Europe/Berlin;Screen=1600x790','127.0.0.1','Mozilla/5.0 (X11; Linux x86_64) AppleWebKit/537.36 (KHTML, like Gecko) Chrome/48.0.2564.82 Safari/537.36',NULL),(733,'2018-01-22 16:27:02','USER_CREATE',1,'2018-01-22 17:27:02',12,'User ldestailleur created','127.0.0.1','Mozilla/5.0 (X11; Linux x86_64) AppleWebKit/537.36 (KHTML, like Gecko) Chrome/48.0.2564.82 Safari/537.36',NULL),(734,'2018-01-22 16:27:02','USER_NEW_PASSWORD',1,'2018-01-22 17:27:02',12,'Password change for ldestailleur','127.0.0.1','Mozilla/5.0 (X11; Linux x86_64) AppleWebKit/537.36 (KHTML, like Gecko) Chrome/48.0.2564.82 Safari/537.36',NULL),(735,'2018-01-22 16:28:34','USER_MODIFY',1,'2018-01-22 17:28:34',12,'User ldestailleur modified','127.0.0.1','Mozilla/5.0 (X11; Linux x86_64) AppleWebKit/537.36 (KHTML, like Gecko) Chrome/48.0.2564.82 Safari/537.36',NULL),(736,'2018-01-22 16:30:01','USER_ENABLEDISABLE',1,'2018-01-22 17:30:01',12,'User cc2 activated','127.0.0.1','Mozilla/5.0 (X11; Linux x86_64) AppleWebKit/537.36 (KHTML, like Gecko) Chrome/48.0.2564.82 Safari/537.36',NULL),(737,'2018-01-22 17:11:06','USER_LOGIN',1,'2018-01-22 18:11:06',12,'(UserLogged,admin) - TZ=1;TZString=Europe/Berlin;Screen=1600x790','127.0.0.1','Mozilla/5.0 (X11; Linux x86_64) AppleWebKit/537.36 (KHTML, like Gecko) Chrome/48.0.2564.82 Safari/537.36',NULL),(738,'2018-01-22 18:00:02','USER_DELETE',1,'2018-01-22 19:00:02',12,'User zzz removed','127.0.0.1','Mozilla/5.0 (X11; Linux x86_64) AppleWebKit/537.36 (KHTML, like Gecko) Chrome/48.0.2564.82 Safari/537.36',NULL),(739,'2018-01-22 18:01:40','USER_DELETE',1,'2018-01-22 19:01:40',12,'User aaab removed','127.0.0.1','Mozilla/5.0 (X11; Linux x86_64) AppleWebKit/537.36 (KHTML, like Gecko) Chrome/48.0.2564.82 Safari/537.36',NULL),(740,'2018-01-22 18:01:52','USER_DELETE',1,'2018-01-22 19:01:52',12,'User zzzg removed','127.0.0.1','Mozilla/5.0 (X11; Linux x86_64) AppleWebKit/537.36 (KHTML, like Gecko) Chrome/48.0.2564.82 Safari/537.36',NULL),(741,'2018-03-13 10:54:59','USER_LOGIN',1,'2018-03-13 14:54:59',12,'(UserLogged,admin) - TZ=1;TZString=Europe/Paris;Screen=1920x971','127.0.0.1','Mozilla/5.0 (X11; Linux x86_64) AppleWebKit/537.36 (KHTML, like Gecko) Chrome/49.0.2623.87 Safari/537.36',NULL),(742,'2018-07-30 11:13:10','USER_LOGIN',1,'2018-07-30 15:13:10',12,'(UserLogged,admin) - TZ=1;TZString=Europe/Paris;Screen=1920x937','127.0.0.1','Mozilla/5.0 (X11; Linux x86_64) AppleWebKit/537.36 (KHTML, like Gecko) Chrome/52.0.2743.82 Safari/537.36',NULL),(743,'2018-07-30 12:50:23','USER_CREATE',1,'2018-07-30 16:50:23',12,'User eldy created','127.0.0.1','Mozilla/5.0 (X11; Linux x86_64) AppleWebKit/537.36 (KHTML, like Gecko) Chrome/52.0.2743.82 Safari/537.36',NULL),(744,'2018-07-30 12:50:23','USER_CREATE',1,'2018-07-30 16:50:23',12,'User eldy created','127.0.0.1','Mozilla/5.0 (X11; Linux x86_64) AppleWebKit/537.36 (KHTML, like Gecko) Chrome/52.0.2743.82 Safari/537.36',NULL),(745,'2018-07-30 12:50:23','USER_NEW_PASSWORD',1,'2018-07-30 16:50:23',12,'Password change for eldy','127.0.0.1','Mozilla/5.0 (X11; Linux x86_64) AppleWebKit/537.36 (KHTML, like Gecko) Chrome/52.0.2743.82 Safari/537.36',NULL),(746,'2018-07-30 12:50:38','USER_MODIFY',1,'2018-07-30 16:50:38',12,'User eldy modified','127.0.0.1','Mozilla/5.0 (X11; Linux x86_64) AppleWebKit/537.36 (KHTML, like Gecko) Chrome/52.0.2743.82 Safari/537.36',NULL),(747,'2018-07-30 12:50:54','USER_DELETE',1,'2018-07-30 16:50:54',12,'User eldy removed','127.0.0.1','Mozilla/5.0 (X11; Linux x86_64) AppleWebKit/537.36 (KHTML, like Gecko) Chrome/52.0.2743.82 Safari/537.36',NULL),(748,'2018-07-30 12:51:23','USER_NEW_PASSWORD',1,'2018-07-30 16:51:23',12,'Password change for ldestailleur','127.0.0.1','Mozilla/5.0 (X11; Linux x86_64) AppleWebKit/537.36 (KHTML, like Gecko) Chrome/52.0.2743.82 Safari/537.36',NULL),(749,'2018-07-30 12:51:23','USER_MODIFY',1,'2018-07-30 16:51:23',12,'User ldestailleur modified','127.0.0.1','Mozilla/5.0 (X11; Linux x86_64) AppleWebKit/537.36 (KHTML, like Gecko) Chrome/52.0.2743.82 Safari/537.36',NULL),(750,'2018-07-30 18:26:58','USER_LOGIN',1,'2018-07-30 22:26:58',18,'(UserLogged,ldestailleur) - TZ=1;TZString=Europe/Paris;Screen=1920x937','127.0.0.1','Mozilla/5.0 (X11; Linux x86_64) AppleWebKit/537.36 (KHTML, like Gecko) Chrome/52.0.2743.82 Safari/537.36',NULL),(751,'2018-07-30 18:27:40','USER_LOGOUT',1,'2018-07-30 22:27:40',18,'(UserLogoff,ldestailleur)','127.0.0.1','Mozilla/5.0 (X11; Linux x86_64) AppleWebKit/537.36 (KHTML, like Gecko) Chrome/52.0.2743.82 Safari/537.36',NULL),(752,'2018-07-30 18:27:47','USER_LOGIN',1,'2018-07-30 22:27:47',12,'(UserLogged,admin) - TZ=1;TZString=Europe/Paris;Screen=1920x937','127.0.0.1','Mozilla/5.0 (X11; Linux x86_64) AppleWebKit/537.36 (KHTML, like Gecko) Chrome/52.0.2743.82 Safari/537.36',NULL),(753,'2018-07-30 19:00:00','USER_LOGOUT',1,'2018-07-30 23:00:00',12,'(UserLogoff,admin)','127.0.0.1','Mozilla/5.0 (X11; Linux x86_64) AppleWebKit/537.36 (KHTML, like Gecko) Chrome/52.0.2743.82 Safari/537.36',NULL),(754,'2018-07-30 19:00:04','USER_LOGIN',1,'2018-07-30 23:00:04',2,'(UserLogged,demo) - TZ=1;TZString=Europe/Paris;Screen=1920x937','127.0.0.1','Mozilla/5.0 (X11; Linux x86_64) AppleWebKit/537.36 (KHTML, like Gecko) Chrome/52.0.2743.82 Safari/537.36',NULL),(755,'2018-07-30 19:00:14','USER_LOGOUT',1,'2018-07-30 23:00:14',2,'(UserLogoff,demo)','127.0.0.1','Mozilla/5.0 (X11; Linux x86_64) AppleWebKit/537.36 (KHTML, like Gecko) Chrome/52.0.2743.82 Safari/537.36',NULL),(756,'2018-07-30 19:00:19','USER_LOGIN',1,'2018-07-30 23:00:19',12,'(UserLogged,admin) - TZ=1;TZString=Europe/Paris;Screen=1920x937','127.0.0.1','Mozilla/5.0 (X11; Linux x86_64) AppleWebKit/537.36 (KHTML, like Gecko) Chrome/52.0.2743.82 Safari/537.36',NULL),(757,'2018-07-30 19:00:43','USER_LOGOUT',1,'2018-07-30 23:00:43',12,'(UserLogoff,admin)','127.0.0.1','Mozilla/5.0 (X11; Linux x86_64) AppleWebKit/537.36 (KHTML, like Gecko) Chrome/52.0.2743.82 Safari/537.36',NULL),(758,'2018-07-30 19:00:48','USER_LOGIN',1,'2018-07-30 23:00:48',2,'(UserLogged,demo) - TZ=1;TZString=Europe/Paris;Screen=1920x937','127.0.0.1','Mozilla/5.0 (X11; Linux x86_64) AppleWebKit/537.36 (KHTML, like Gecko) Chrome/52.0.2743.82 Safari/537.36',NULL),(759,'2018-07-30 19:03:52','USER_LOGOUT',1,'2018-07-30 23:03:52',2,'(UserLogoff,demo)','127.0.0.1','Mozilla/5.0 (X11; Linux x86_64) AppleWebKit/537.36 (KHTML, like Gecko) Chrome/52.0.2743.82 Safari/537.36',NULL),(760,'2018-07-30 19:03:57','USER_LOGIN_FAILED',1,'2018-07-30 23:03:57',NULL,'Bad value for login or password - login=admin','127.0.0.1','Mozilla/5.0 (X11; Linux x86_64) AppleWebKit/537.36 (KHTML, like Gecko) Chrome/52.0.2743.82 Safari/537.36',NULL),(761,'2018-07-30 19:03:59','USER_LOGIN',1,'2018-07-30 23:03:59',12,'(UserLogged,admin) - TZ=1;TZString=Europe/Paris;Screen=1920x937','127.0.0.1','Mozilla/5.0 (X11; Linux x86_64) AppleWebKit/537.36 (KHTML, like Gecko) Chrome/52.0.2743.82 Safari/537.36',NULL),(762,'2018-07-30 19:04:13','USER_LOGOUT',1,'2018-07-30 23:04:13',12,'(UserLogoff,admin)','127.0.0.1','Mozilla/5.0 (X11; Linux x86_64) AppleWebKit/537.36 (KHTML, like Gecko) Chrome/52.0.2743.82 Safari/537.36',NULL),(763,'2018-07-30 19:04:17','USER_LOGIN',1,'2018-07-30 23:04:17',2,'(UserLogged,demo) - TZ=1;TZString=Europe/Paris;Screen=1920x937','127.0.0.1','Mozilla/5.0 (X11; Linux x86_64) AppleWebKit/537.36 (KHTML, like Gecko) Chrome/52.0.2743.82 Safari/537.36',NULL),(764,'2018-07-30 19:04:26','USER_LOGOUT',1,'2018-07-30 23:04:26',2,'(UserLogoff,demo)','127.0.0.1','Mozilla/5.0 (X11; Linux x86_64) AppleWebKit/537.36 (KHTML, like Gecko) Chrome/52.0.2743.82 Safari/537.36',NULL),(765,'2018-07-30 19:04:31','USER_LOGIN',1,'2018-07-30 23:04:31',12,'(UserLogged,admin) - TZ=1;TZString=Europe/Paris;Screen=1920x937','127.0.0.1','Mozilla/5.0 (X11; Linux x86_64) AppleWebKit/537.36 (KHTML, like Gecko) Chrome/52.0.2743.82 Safari/537.36',NULL),(766,'2018-07-30 19:10:50','USER_LOGOUT',1,'2018-07-30 23:10:50',12,'(UserLogoff,admin)','127.0.0.1','Mozilla/5.0 (X11; Linux x86_64) AppleWebKit/537.36 (KHTML, like Gecko) Chrome/52.0.2743.82 Safari/537.36',NULL),(767,'2018-07-30 19:10:54','USER_LOGIN',1,'2018-07-30 23:10:54',2,'(UserLogged,demo) - TZ=1;TZString=Europe/Paris;Screen=1920x937','127.0.0.1','Mozilla/5.0 (X11; Linux x86_64) AppleWebKit/537.36 (KHTML, like Gecko) Chrome/52.0.2743.82 Safari/537.36',NULL),(768,'2018-07-31 10:15:52','USER_LOGIN',1,'2018-07-31 14:15:52',12,'(UserLogged,admin) - TZ=;TZString=;Screen=x','127.0.0.1','Lynx/2.8.8pre.4 libwww-FM/2.14 SSL-MM/1.4.1 GNUTLS/2.12.23',NULL),(769,'2018-07-31 10:16:27','USER_LOGIN',1,'2018-07-31 14:16:27',12,'(UserLogged,admin) - TZ=1;TZString=Europe/Paris;Screen=1920x937','127.0.0.1','Mozilla/5.0 (X11; Linux x86_64) AppleWebKit/537.36 (KHTML, like Gecko) Chrome/52.0.2743.82 Safari/537.36',NULL),(770,'2018-07-31 10:32:14','USER_LOGIN',1,'2018-07-31 14:32:14',12,'(UserLogged,admin) - TZ=;TZString=;Screen=x','127.0.0.1','Lynx/2.8.8pre.4 libwww-FM/2.14 SSL-MM/1.4.1 GNUTLS/2.12.23',NULL),(771,'2018-07-31 10:36:28','USER_LOGIN',1,'2018-07-31 14:36:28',12,'(UserLogged,admin) - TZ=;TZString=;Screen=x','127.0.0.1','Links (2.8; Linux 3.19.0-46-generic x86_64; GNU C 4.8.2; text)',NULL),(772,'2018-07-31 10:40:10','USER_LOGIN',1,'2018-07-31 14:40:10',12,'(UserLogged,admin) - TZ=;TZString=;Screen=x','127.0.0.1','Links (2.8; Linux 3.19.0-46-generic x86_64; GNU C 4.8.2; text)',NULL),(773,'2018-07-31 10:54:16','USER_LOGIN',1,'2018-07-31 14:54:16',12,'(UserLogged,admin) - TZ=;TZString=;Screen=x','127.0.0.1','Lynx/2.8.8pre.4 libwww-FM/2.14 SSL-MM/1.4.1 GNUTLS/2.12.23',NULL),(774,'2018-07-31 12:52:52','USER_LOGIN',1,'2018-07-31 16:52:52',12,'(UserLogged,admin) - TZ=1;TZString=Europe/Paris;Screen=1920x592','127.0.0.1','Mozilla/5.0 (X11; Linux x86_64) AppleWebKit/537.36 (KHTML, like Gecko) Chrome/52.0.2743.82 Safari/537.36',NULL),(775,'2018-07-31 13:25:33','USER_LOGOUT',1,'2018-07-31 17:25:33',12,'(UserLogoff,admin)','127.0.0.1','Mozilla/5.0 (X11; Linux x86_64) AppleWebKit/537.36 (KHTML, like Gecko) Chrome/52.0.2743.82 Safari/537.36',NULL),(776,'2018-07-31 13:26:32','USER_LOGIN',1,'2018-07-31 17:26:32',12,'(UserLogged,admin) - TZ=1;TZString=Europe/Paris;Screen=1280x751','127.0.0.1','Mozilla/5.0 (X11; Linux x86_64) AppleWebKit/537.36 (KHTML, like Gecko) Chrome/52.0.2743.82 Safari/537.36',NULL),(777,'2018-07-31 14:13:57','USER_LOGOUT',1,'2018-07-31 18:13:57',12,'(UserLogoff,admin)','127.0.0.1','Mozilla/5.0 (X11; Linux x86_64) AppleWebKit/537.36 (KHTML, like Gecko) Chrome/52.0.2743.82 Safari/537.36',NULL),(778,'2018-07-31 14:14:04','USER_LOGIN',1,'2018-07-31 18:14:04',12,'(UserLogged,admin) - TZ=1;TZString=Europe/Paris;Screen=1920x937','127.0.0.1','Mozilla/5.0 (X11; Linux x86_64) AppleWebKit/537.36 (KHTML, like Gecko) Chrome/52.0.2743.82 Safari/537.36',NULL),(779,'2018-07-31 16:04:35','USER_LOGIN',1,'2018-07-31 20:04:34',12,'(UserLogged,admin) - TZ=1;TZString=Europe/Paris;Screen=1920x937','127.0.0.1','Mozilla/5.0 (X11; Linux x86_64) AppleWebKit/537.36 (KHTML, like Gecko) Chrome/52.0.2743.82 Safari/537.36',NULL),(780,'2018-07-31 21:14:14','USER_LOGIN',1,'2018-08-01 01:14:14',12,'(UserLogged,admin) - TZ=1;TZString=Europe/Paris;Screen=1920x937','127.0.0.1','Mozilla/5.0 (X11; Linux x86_64) AppleWebKit/537.36 (KHTML, like Gecko) Chrome/52.0.2743.82 Safari/537.36',NULL),(781,'2017-01-29 15:14:05','USER_LOGOUT',1,'2017-01-29 19:14:05',12,'(UserLogoff,admin)','127.0.0.1','Mozilla/5.0 (X11; Linux x86_64) AppleWebKit/537.36 (KHTML, like Gecko) Chrome/55.0.2883.87 Safari/537.36',NULL),(782,'2017-01-29 15:34:43','USER_LOGIN',1,'2017-01-29 19:34:43',12,'(UserLogged,admin) - TZ=1;TZString=Europe/Paris;Screen=1920x571','192.168.0.254','Mozilla/5.0 (X11; Linux x86_64) AppleWebKit/537.36 (KHTML, like Gecko) Chrome/55.0.2883.87 Safari/537.36',NULL),(783,'2017-01-29 15:35:04','USER_LOGOUT',1,'2017-01-29 19:35:04',12,'(UserLogoff,admin)','192.168.0.254','Mozilla/5.0 (X11; Linux x86_64) AppleWebKit/537.36 (KHTML, like Gecko) Chrome/55.0.2883.87 Safari/537.36',NULL),(784,'2017-01-29 15:35:12','USER_LOGIN',1,'2017-01-29 19:35:12',12,'(UserLogged,admin) - TZ=1;TZString=Europe/Paris;Screen=1920x937','192.168.0.254','Mozilla/5.0 (X11; Linux x86_64) AppleWebKit/537.36 (KHTML, like Gecko) Chrome/55.0.2883.87 Safari/537.36',NULL),(785,'2017-01-29 15:36:43','USER_LOGOUT',1,'2017-01-29 19:36:43',12,'(UserLogoff,admin)','192.168.0.254','Mozilla/5.0 (X11; Linux x86_64) AppleWebKit/537.36 (KHTML, like Gecko) Chrome/55.0.2883.87 Safari/537.36',NULL),(786,'2017-01-29 15:41:21','USER_LOGIN',1,'2017-01-29 19:41:21',12,'(UserLogged,admin) - TZ=1;TZString=Europe/Paris;Screen=1920x571','192.168.0.254','Mozilla/5.0 (X11; Linux x86_64) AppleWebKit/537.36 (KHTML, like Gecko) Chrome/55.0.2883.87 Safari/537.36',NULL),(787,'2017-01-29 15:41:41','USER_LOGOUT',1,'2017-01-29 19:41:41',12,'(UserLogoff,admin)','192.168.0.254','Mozilla/5.0 (X11; Linux x86_64) AppleWebKit/537.36 (KHTML, like Gecko) Chrome/55.0.2883.87 Safari/537.36',NULL),(788,'2017-01-29 15:42:43','USER_LOGIN',1,'2017-01-29 19:42:43',12,'(UserLogged,admin) - TZ=1;TZString=Europe/Paris;Screen=1920x571','192.168.0.254','Mozilla/5.0 (X11; Linux x86_64) AppleWebKit/537.36 (KHTML, like Gecko) Chrome/55.0.2883.87 Safari/537.36',NULL),(789,'2017-01-29 15:43:18','USER_LOGOUT',1,'2017-01-29 19:43:18',12,'(UserLogoff,admin)','192.168.0.254','Mozilla/5.0 (X11; Linux x86_64) AppleWebKit/537.36 (KHTML, like Gecko) Chrome/55.0.2883.87 Safari/537.36',NULL),(790,'2017-01-29 15:46:31','USER_LOGIN',1,'2017-01-29 19:46:31',12,'(UserLogged,admin) - TZ=1;TZString=Europe/Paris;Screen=1920x571','192.168.0.254','Mozilla/5.0 (X11; Linux x86_64) AppleWebKit/537.36 (KHTML, like Gecko) Chrome/55.0.2883.87 Safari/537.36',NULL),(791,'2017-01-29 16:18:56','USER_LOGIN',1,'2017-01-29 20:18:56',12,'(UserLogged,admin) - TZ=1;TZString=Europe/Berlin;Screen=360x526','192.168.0.254','Mozilla/5.0 (Linux; Android 6.0; LG-H818 Build/MRA58K; wv) AppleWebKit/537.36 (KHTML, like Gecko) Version/4.0 Chrome/55.0.2883.91 Mobile Safari/537.36 - DoliDroid - Android client pour Dolibarr ERP-CRM',NULL),(792,'2017-01-29 17:20:59','USER_LOGIN',1,'2017-01-29 21:20:59',12,'(UserLogged,admin) - TZ=1;TZString=Europe/Paris;Screen=1920x937','127.0.0.1','Mozilla/5.0 (X11; Linux x86_64) AppleWebKit/537.36 (KHTML, like Gecko) Chrome/55.0.2883.87 Safari/537.36',NULL),(793,'2017-01-30 11:19:40','USER_LOGIN',1,'2017-01-30 15:19:40',12,'(UserLogged,admin) - TZ=1;TZString=Europe/Paris;Screen=1920x937','127.0.0.1','Mozilla/5.0 (X11; Linux x86_64) AppleWebKit/537.36 (KHTML, like Gecko) Chrome/55.0.2883.87 Safari/537.36',NULL),(794,'2017-01-31 16:49:39','USER_LOGIN',1,'2017-01-31 20:49:39',12,'(UserLogged,admin) - TZ=1;TZString=Europe/Paris;Screen=1920x520','127.0.0.1','Mozilla/5.0 (X11; Linux x86_64) AppleWebKit/537.36 (KHTML, like Gecko) Chrome/55.0.2883.87 Safari/537.36',NULL),(795,'2017-02-01 10:55:23','USER_LOGIN',1,'2017-02-01 14:55:23',12,'(UserLogged,admin) - TZ=1;TZString=Europe/Paris;Screen=1920x937','127.0.0.1','Mozilla/5.0 (X11; Linux x86_64) AppleWebKit/537.36 (KHTML, like Gecko) Chrome/55.0.2883.87 Safari/537.36',NULL),(796,'2017-02-01 13:34:31','USER_LOGIN',1,'2017-02-01 17:34:31',12,'(UserLogged,admin) - TZ=1;TZString=Europe/Paris;Screen=1920x937','127.0.0.1','Mozilla/5.0 (X11; Linux x86_64) AppleWebKit/537.36 (KHTML, like Gecko) Chrome/55.0.2883.87 Safari/537.36',NULL),(797,'2017-02-01 14:41:26','USER_LOGIN',1,'2017-02-01 18:41:26',12,'(UserLogged,admin) - TZ=1;TZString=Europe/Paris;Screen=1920x937','127.0.0.1','Mozilla/5.0 (X11; Linux x86_64) AppleWebKit/537.36 (KHTML, like Gecko) Chrome/55.0.2883.87 Safari/537.36',NULL),(798,'2017-02-01 23:51:48','USER_LOGIN_FAILED',1,'2017-02-02 03:51:48',NULL,'Bad value for login or password - login=autologin','127.0.0.1','Mozilla/5.0 (X11; Linux x86_64) AppleWebKit/537.36 (KHTML, like Gecko) Chrome/55.0.2883.87 Safari/537.36',NULL),(799,'2017-02-01 23:52:55','USER_LOGIN',1,'2017-02-02 03:52:55',12,'(UserLogged,admin) - TZ=1;TZString=Europe/Paris;Screen=1920x937','127.0.0.1','Mozilla/5.0 (X11; Linux x86_64) AppleWebKit/537.36 (KHTML, like Gecko) Chrome/55.0.2883.87 Safari/537.36',NULL),(800,'2017-02-01 23:55:45','USER_CREATE',1,'2017-02-02 03:55:45',12,'User aboston created','127.0.0.1','Mozilla/5.0 (X11; Linux x86_64) AppleWebKit/537.36 (KHTML, like Gecko) Chrome/55.0.2883.87 Safari/537.36',NULL),(801,'2017-02-01 23:55:45','USER_NEW_PASSWORD',1,'2017-02-02 03:55:45',12,'Password change for aboston','127.0.0.1','Mozilla/5.0 (X11; Linux x86_64) AppleWebKit/537.36 (KHTML, like Gecko) Chrome/55.0.2883.87 Safari/537.36',NULL),(802,'2017-02-01 23:56:38','USER_MODIFY',1,'2017-02-02 03:56:38',12,'User aboston modified','127.0.0.1','Mozilla/5.0 (X11; Linux x86_64) AppleWebKit/537.36 (KHTML, like Gecko) Chrome/55.0.2883.87 Safari/537.36',NULL),(803,'2017-02-01 23:56:50','USER_MODIFY',1,'2017-02-02 03:56:50',12,'User aboston modified','127.0.0.1','Mozilla/5.0 (X11; Linux x86_64) AppleWebKit/537.36 (KHTML, like Gecko) Chrome/55.0.2883.87 Safari/537.36',NULL),(804,'2017-02-02 01:14:44','USER_LOGIN',1,'2017-02-02 05:14:44',12,'(UserLogged,admin) - TZ=1;TZString=Europe/Paris;Screen=1920x937','127.0.0.1','Mozilla/5.0 (X11; Linux x86_64) AppleWebKit/537.36 (KHTML, like Gecko) Chrome/55.0.2883.87 Safari/537.36',NULL),(805,'2017-02-03 10:27:18','USER_LOGIN',1,'2017-02-03 14:27:18',12,'(UserLogged,admin) - TZ=1;TZString=Europe/Paris;Screen=1920x937','127.0.0.1','Mozilla/5.0 (X11; Linux x86_64) AppleWebKit/537.36 (KHTML, like Gecko) Chrome/56.0.2924.87 Safari/537.36',NULL),(806,'2017-02-04 10:22:34','USER_LOGIN',1,'2017-02-04 14:22:34',12,'(UserLogged,admin) - TZ=1;TZString=Europe/Paris;Screen=1920x489','127.0.0.1','Mozilla/5.0 (X11; Linux x86_64) AppleWebKit/537.36 (KHTML, like Gecko) Chrome/56.0.2924.87 Safari/537.36',NULL),(807,'2017-02-06 04:01:31','USER_LOGIN',1,'2017-02-06 08:01:31',12,'(UserLogged,admin) - TZ=1;TZString=Europe/Paris;Screen=1920x937','127.0.0.1','Mozilla/5.0 (X11; Linux x86_64) AppleWebKit/537.36 (KHTML, like Gecko) Chrome/56.0.2924.87 Safari/537.36',NULL),(808,'2017-02-06 10:21:32','USER_LOGIN',1,'2017-02-06 14:21:32',12,'(UserLogged,admin) - TZ=1;TZString=Europe/Paris;Screen=1920x937','127.0.0.1','Mozilla/5.0 (X11; Linux x86_64) AppleWebKit/537.36 (KHTML, like Gecko) Chrome/56.0.2924.87 Safari/537.36',NULL),(809,'2017-02-06 19:09:27','USER_LOGIN',1,'2017-02-06 23:09:27',12,'(UserLogged,admin) - TZ=1;TZString=Europe/Paris;Screen=1920x937','127.0.0.1','Mozilla/5.0 (X11; Linux x86_64) AppleWebKit/537.36 (KHTML, like Gecko) Chrome/56.0.2924.87 Safari/537.36',NULL),(810,'2017-02-06 23:39:17','USER_LOGIN',1,'2017-02-07 03:39:17',12,'(UserLogged,admin) - TZ=1;TZString=Europe/Paris;Screen=1920x937','127.0.0.1','Mozilla/5.0 (X11; Linux x86_64) AppleWebKit/537.36 (KHTML, like Gecko) Chrome/56.0.2924.87 Safari/537.36',NULL),(811,'2017-02-07 11:36:34','USER_LOGIN',1,'2017-02-07 15:36:34',12,'(UserLogged,admin) - TZ=1;TZString=Europe/Paris;Screen=1920x676','127.0.0.1','Mozilla/5.0 (X11; Linux x86_64) AppleWebKit/537.36 (KHTML, like Gecko) Chrome/56.0.2924.87 Safari/537.36',NULL),(812,'2017-02-07 18:51:53','USER_LOGIN',1,'2017-02-07 22:51:53',12,'(UserLogged,admin) - TZ=1;TZString=Europe/Paris;Screen=1920x937','127.0.0.1','Mozilla/5.0 (X11; Linux x86_64) AppleWebKit/537.36 (KHTML, like Gecko) Chrome/56.0.2924.87 Safari/537.36',NULL),(813,'2017-02-07 23:13:40','USER_LOGIN',1,'2017-02-08 03:13:40',12,'(UserLogged,admin) - TZ=1;TZString=Europe/Paris;Screen=1920x937','127.0.0.1','Mozilla/5.0 (X11; Linux x86_64) AppleWebKit/537.36 (KHTML, like Gecko) Chrome/56.0.2924.87 Safari/537.36',NULL),(814,'2017-02-08 09:29:12','USER_LOGIN',1,'2017-02-08 13:29:12',12,'(UserLogged,admin) - TZ=1;TZString=Europe/Paris;Screen=1920x937','127.0.0.1','Mozilla/5.0 (X11; Linux x86_64) AppleWebKit/537.36 (KHTML, like Gecko) Chrome/56.0.2924.87 Safari/537.36',NULL),(815,'2017-02-08 17:33:12','USER_LOGIN',1,'2017-02-08 21:33:12',12,'(UserLogged,admin) - TZ=1;TZString=Europe/Paris;Screen=1920x937','127.0.0.1','Mozilla/5.0 (X11; Linux x86_64) AppleWebKit/537.36 (KHTML, like Gecko) Chrome/56.0.2924.87 Safari/537.36',NULL),(816,'2017-02-09 17:30:34','USER_LOGIN',1,'2017-02-09 21:30:34',12,'(UserLogged,admin) - TZ=1;TZString=Europe/Paris;Screen=1920x937','127.0.0.1','Mozilla/5.0 (X11; Linux x86_64) AppleWebKit/537.36 (KHTML, like Gecko) Chrome/56.0.2924.87 Safari/537.36',NULL),(817,'2017-02-10 09:30:02','USER_LOGIN',1,'2017-02-10 13:30:02',12,'(UserLogged,admin) - TZ=1;TZString=Europe/Paris;Screen=1920x937','127.0.0.1','Mozilla/5.0 (X11; Linux x86_64) AppleWebKit/537.36 (KHTML, like Gecko) Chrome/56.0.2924.87 Safari/537.36',NULL),(818,'2017-02-10 16:16:14','USER_LOGIN',1,'2017-02-10 20:16:14',12,'(UserLogged,admin) - TZ=1;TZString=Europe/Paris;Screen=1920x937','127.0.0.1','Mozilla/5.0 (X11; Linux x86_64) AppleWebKit/537.36 (KHTML, like Gecko) Chrome/56.0.2924.87 Safari/537.36',NULL),(819,'2017-02-10 17:28:15','USER_LOGIN',1,'2017-02-10 21:28:15',12,'(UserLogged,admin) - TZ=1;TZString=Europe/Paris;Screen=1920x937','127.0.0.1','Mozilla/5.0 (X11; Linux x86_64) AppleWebKit/537.36 (KHTML, like Gecko) Chrome/56.0.2924.87 Safari/537.36',NULL),(820,'2017-02-11 12:54:03','USER_LOGIN',1,'2017-02-11 16:54:03',12,'(UserLogged,admin) - TZ=1;TZString=Europe/Paris;Screen=1920x937','127.0.0.1','Mozilla/5.0 (X11; Linux x86_64) AppleWebKit/537.36 (KHTML, like Gecko) Chrome/56.0.2924.87 Safari/537.36',NULL),(821,'2017-02-11 17:23:52','USER_LOGIN',1,'2017-02-11 21:23:52',12,'(UserLogged,admin) - TZ=1;TZString=Europe/Paris;Screen=1920x937','127.0.0.1','Mozilla/5.0 (X11; Linux x86_64) AppleWebKit/537.36 (KHTML, like Gecko) Chrome/56.0.2924.87 Safari/537.36',NULL),(822,'2017-02-12 12:44:03','USER_LOGIN',1,'2017-02-12 16:44:03',12,'(UserLogged,admin) - TZ=1;TZString=Europe/Paris;Screen=1920x937','127.0.0.1','Mozilla/5.0 (X11; Linux x86_64) AppleWebKit/537.36 (KHTML, like Gecko) Chrome/56.0.2924.87 Safari/537.36',NULL),(823,'2017-02-12 16:42:13','USER_LOGIN',1,'2017-02-12 20:42:13',12,'(UserLogged,admin) - TZ=1;TZString=Europe/Paris;Screen=1920x937','127.0.0.1','Mozilla/5.0 (X11; Linux x86_64) AppleWebKit/537.36 (KHTML, like Gecko) Chrome/56.0.2924.87 Safari/537.36',NULL),(824,'2017-02-12 19:14:18','USER_LOGIN',1,'2017-02-12 23:14:18',12,'(UserLogged,admin) - TZ=1;TZString=Europe/Paris;Screen=1920x937','127.0.0.1','Mozilla/5.0 (X11; Linux x86_64) AppleWebKit/537.36 (KHTML, like Gecko) Chrome/56.0.2924.87 Safari/537.36',NULL),(825,'2017-02-15 17:17:00','USER_LOGIN',1,'2017-02-15 21:17:00',12,'(UserLogged,admin) - TZ=1;TZString=Europe/Paris;Screen=1920x937','127.0.0.1','Mozilla/5.0 (X11; Linux x86_64) AppleWebKit/537.36 (KHTML, like Gecko) Chrome/56.0.2924.87 Safari/537.36',NULL),(826,'2017-02-15 22:02:40','USER_LOGIN',1,'2017-02-16 02:02:40',12,'(UserLogged,admin) - TZ=1;TZString=Europe/Paris;Screen=1920x937','127.0.0.1','Mozilla/5.0 (X11; Linux x86_64) AppleWebKit/537.36 (KHTML, like Gecko) Chrome/56.0.2924.87 Safari/537.36',NULL),(827,'2017-02-16 22:13:27','USER_LOGIN',1,'2017-02-17 02:13:27',12,'(UserLogged,admin) - TZ=1;TZString=Europe/Paris;Screen=1920x619','127.0.0.1','Mozilla/5.0 (X11; Linux x86_64) AppleWebKit/537.36 (KHTML, like Gecko) Chrome/56.0.2924.87 Safari/537.36',NULL),(828,'2017-02-16 23:54:04','USER_LOGIN',1,'2017-02-17 03:54:04',12,'(UserLogged,admin) - TZ=1;TZString=Europe/Paris;Screen=1920x937','127.0.0.1','Mozilla/5.0 (X11; Linux x86_64) AppleWebKit/537.36 (KHTML, like Gecko) Chrome/56.0.2924.87 Safari/537.36',NULL),(829,'2017-02-17 09:14:27','USER_LOGIN',1,'2017-02-17 13:14:27',12,'(UserLogged,admin) - TZ=1;TZString=Europe/Paris;Screen=1920x937','127.0.0.1','Mozilla/5.0 (X11; Linux x86_64) AppleWebKit/537.36 (KHTML, like Gecko) Chrome/56.0.2924.87 Safari/537.36',NULL),(830,'2017-02-17 12:07:05','USER_LOGIN',1,'2017-02-17 16:07:05',12,'(UserLogged,admin) - TZ=1;TZString=Europe/Paris;Screen=1920x937','127.0.0.1','Mozilla/5.0 (X11; Linux x86_64) AppleWebKit/537.36 (KHTML, like Gecko) Chrome/56.0.2924.87 Safari/537.36',NULL),(831,'2017-02-19 21:22:20','USER_LOGIN',1,'2017-02-20 01:22:20',12,'(UserLogged,admin) - TZ=1;TZString=Europe/Paris;Screen=1920x937','127.0.0.1','Mozilla/5.0 (X11; Linux x86_64) AppleWebKit/537.36 (KHTML, like Gecko) Chrome/56.0.2924.87 Safari/537.36',NULL),(832,'2017-02-20 09:26:47','USER_LOGIN',1,'2017-02-20 13:26:47',12,'(UserLogged,admin) - TZ=1;TZString=Europe/Paris;Screen=1920x937','127.0.0.1','Mozilla/5.0 (X11; Linux x86_64) AppleWebKit/537.36 (KHTML, like Gecko) Chrome/56.0.2924.87 Safari/537.36',NULL),(833,'2017-02-20 16:39:55','USER_LOGIN',1,'2017-02-20 20:39:55',12,'(UserLogged,admin) - TZ=1;TZString=Europe/Paris;Screen=1920x937','127.0.0.1','Mozilla/5.0 (X11; Linux x86_64) AppleWebKit/537.36 (KHTML, like Gecko) Chrome/56.0.2924.87 Safari/537.36',NULL),(834,'2017-02-20 16:49:00','USER_MODIFY',1,'2017-02-20 20:49:00',12,'Modification utilisateur ccommerson','127.0.0.1','Mozilla/5.0 (X11; Linux x86_64) AppleWebKit/537.36 (KHTML, like Gecko) Chrome/56.0.2924.87 Safari/537.36',NULL),(835,'2017-02-20 17:57:15','USER_LOGIN',1,'2017-02-20 21:57:14',12,'(UserLogged,admin) - TZ=1;TZString=Europe/Paris;Screen=1920x937','127.0.0.1','Mozilla/5.0 (X11; Linux x86_64) AppleWebKit/537.36 (KHTML, like Gecko) Chrome/56.0.2924.87 Safari/537.36',NULL),(836,'2017-02-20 19:43:48','USER_LOGIN',1,'2017-02-20 23:43:48',12,'(UserLogged,admin) - TZ=1;TZString=Europe/Paris;Screen=1920x937','127.0.0.1','Mozilla/5.0 (X11; Linux x86_64) AppleWebKit/537.36 (KHTML, like Gecko) Chrome/56.0.2924.87 Safari/537.36',NULL),(837,'2017-02-21 00:04:05','USER_LOGIN',1,'2017-02-21 04:04:05',12,'(UserLogged,admin) - TZ=1;TZString=Europe/Paris;Screen=1920x937','127.0.0.1','Mozilla/5.0 (X11; Linux x86_64) AppleWebKit/537.36 (KHTML, like Gecko) Chrome/56.0.2924.87 Safari/537.36',NULL),(838,'2017-02-21 10:23:13','USER_LOGIN',1,'2017-02-21 14:23:13',12,'(UserLogged,admin) - TZ=1;TZString=Europe/Paris;Screen=1920x937','127.0.0.1','Mozilla/5.0 (X11; Linux x86_64) AppleWebKit/537.36 (KHTML, like Gecko) Chrome/56.0.2924.87 Safari/537.36',NULL),(839,'2017-02-21 10:30:17','USER_LOGOUT',1,'2017-02-21 14:30:17',12,'(UserLogoff,admin)','127.0.0.1','Mozilla/5.0 (X11; Linux x86_64) AppleWebKit/537.36 (KHTML, like Gecko) Chrome/56.0.2924.87 Safari/537.36',NULL),(840,'2017-02-21 10:30:22','USER_LOGIN',1,'2017-02-21 14:30:22',12,'(UserLogged,admin) - TZ=1;TZString=Europe/Paris;Screen=1920x937','127.0.0.1','Mozilla/5.0 (X11; Linux x86_64) AppleWebKit/537.36 (KHTML, like Gecko) Chrome/56.0.2924.87 Safari/537.36',NULL),(841,'2017-02-21 11:44:05','USER_LOGIN',1,'2017-02-21 15:44:05',12,'(UserLogged,admin) - TZ=1;TZString=Europe/Paris;Screen=1920x937','127.0.0.1','Mozilla/5.0 (X11; Linux x86_64) AppleWebKit/537.36 (KHTML, like Gecko) Chrome/56.0.2924.87 Safari/537.36',NULL),(842,'2017-05-12 09:02:48','USER_LOGIN',1,'2017-05-12 13:02:48',12,'(UserLogged,admin) - TZ=1;TZString=Europe/Paris;Screen=1920x937','127.0.0.1','Mozilla/5.0 (X11; Linux x86_64) AppleWebKit/537.36 (KHTML, like Gecko) Chrome/58.0.3029.96 Safari/537.36',NULL),(843,'2017-08-27 13:29:16','USER_LOGIN',1,'2017-08-27 17:29:16',12,'(UserLogged,admin) - TZ=;TZString=;Screen=x','127.0.0.1','Mozilla/5.0 (X11; Linux x86_64) AppleWebKit/537.36 (KHTML, like Gecko) Chrome/60.0.3112.101 Safari/537.36',NULL),(844,'2017-08-28 09:11:07','USER_LOGIN',1,'2017-08-28 13:11:07',12,'(UserLogged,admin) - TZ=;TZString=;Screen=x','127.0.0.1','Mozilla/5.0 (X11; Linux x86_64) AppleWebKit/537.36 (KHTML, like Gecko) Chrome/60.0.3112.101 Safari/537.36',NULL),(845,'2017-08-28 10:08:58','USER_LOGIN',1,'2017-08-28 14:08:58',12,'(UserLogged,admin) - TZ=;TZString=;Screen=x','127.0.0.1','Mozilla/5.0 (X11; Linux x86_64) AppleWebKit/537.36 (KHTML, like Gecko) Chrome/60.0.3112.101 Safari/537.36',NULL),(846,'2017-08-28 10:12:46','USER_MODIFY',1,'2017-08-28 14:12:46',12,'User admin modified','127.0.0.1','Mozilla/5.0 (X11; Linux x86_64) AppleWebKit/537.36 (KHTML, like Gecko) Chrome/60.0.3112.101 Safari/537.36',NULL),(847,'2017-08-28 10:28:25','USER_LOGIN',1,'2017-08-28 14:28:25',12,'(UserLogged,admin) - TZ=1;TZString=Europe/Paris;Screen=1920x937','127.0.0.1','Mozilla/5.0 (X11; Linux x86_64) AppleWebKit/537.36 (KHTML, like Gecko) Chrome/60.0.3112.101 Safari/537.36',NULL),(848,'2017-08-28 10:28:36','USER_LOGOUT',1,'2017-08-28 14:28:36',12,'(UserLogoff,admin)','127.0.0.1','Mozilla/5.0 (X11; Linux x86_64) AppleWebKit/537.36 (KHTML, like Gecko) Chrome/60.0.3112.101 Safari/537.36',NULL),(849,'2017-08-28 10:34:50','USER_LOGIN',1,'2017-08-28 14:34:50',12,'(UserLogged,admin) - TZ=1;TZString=Europe/Paris;Screen=1920x937','127.0.0.1','Mozilla/5.0 (X11; Linux x86_64) AppleWebKit/537.36 (KHTML, like Gecko) Chrome/60.0.3112.101 Safari/537.36',NULL),(850,'2017-08-28 11:59:02','USER_LOGIN',1,'2017-08-28 15:59:02',12,'(UserLogged,admin) - TZ=1;TZString=Europe/Paris;Screen=1920x937','127.0.0.1','Mozilla/5.0 (X11; Linux x86_64) AppleWebKit/537.36 (KHTML, like Gecko) Chrome/60.0.3112.101 Safari/537.36',NULL),(851,'2017-08-29 09:57:34','USER_LOGIN',1,'2017-08-29 13:57:34',12,'(UserLogged,admin) - TZ=1;TZString=Europe/Paris;Screen=1920x937','127.0.0.1','Mozilla/5.0 (X11; Linux x86_64) AppleWebKit/537.36 (KHTML, like Gecko) Chrome/60.0.3112.113 Safari/537.36',NULL),(852,'2017-08-29 11:05:51','USER_LOGIN',1,'2017-08-29 15:05:51',12,'(UserLogged,admin) - TZ=1;TZString=Europe/Paris;Screen=1920x937','127.0.0.1','Mozilla/5.0 (X11; Linux x86_64) AppleWebKit/537.36 (KHTML, like Gecko) Chrome/60.0.3112.113 Safari/537.36',NULL),(853,'2017-08-29 14:15:58','USER_LOGIN',1,'2017-08-29 18:15:58',12,'(UserLogged,admin) - TZ=1;TZString=Europe/Paris;Screen=1920x937','127.0.0.1','Mozilla/5.0 (X11; Linux x86_64) AppleWebKit/537.36 (KHTML, like Gecko) Chrome/60.0.3112.113 Safari/537.36',NULL),(854,'2017-08-29 17:49:28','USER_LOGIN',1,'2017-08-29 21:49:28',12,'(UserLogged,admin) - TZ=1;TZString=Europe/Paris;Screen=1920x937','127.0.0.1','Mozilla/5.0 (X11; Linux x86_64) AppleWebKit/537.36 (KHTML, like Gecko) Chrome/60.0.3112.113 Safari/537.36',NULL),(855,'2017-08-30 11:53:25','USER_LOGIN',1,'2017-08-30 15:53:25',18,'(UserLogged,ldestailleur) - TZ=1;TZString=Europe/Paris;Screen=1920x937','127.0.0.1','Mozilla/5.0 (X11; Linux x86_64) AppleWebKit/537.36 (KHTML, like Gecko) Chrome/60.0.3112.113 Safari/537.36',NULL),(856,'2017-08-30 12:19:31','USER_MODIFY',1,'2017-08-30 16:19:31',18,'Modification utilisateur ldestailleur - UserRemovedFromGroup','127.0.0.1','Mozilla/5.0 (X11; Linux x86_64) AppleWebKit/537.36 (KHTML, like Gecko) Chrome/60.0.3112.113 Safari/537.36',NULL),(857,'2017-08-30 12:19:32','USER_MODIFY',1,'2017-08-30 16:19:32',18,'Modification utilisateur ldestailleur - UserRemovedFromGroup','127.0.0.1','Mozilla/5.0 (X11; Linux x86_64) AppleWebKit/537.36 (KHTML, like Gecko) Chrome/60.0.3112.113 Safari/537.36',NULL),(858,'2017-08-30 12:19:33','USER_MODIFY',1,'2017-08-30 16:19:33',18,'Modification utilisateur ldestailleur - UserRemovedFromGroup','127.0.0.1','Mozilla/5.0 (X11; Linux x86_64) AppleWebKit/537.36 (KHTML, like Gecko) Chrome/60.0.3112.113 Safari/537.36',NULL),(859,'2017-08-30 12:21:42','USER_LOGOUT',1,'2017-08-30 16:21:42',18,'(UserLogoff,ldestailleur)','127.0.0.1','Mozilla/5.0 (X11; Linux x86_64) AppleWebKit/537.36 (KHTML, like Gecko) Chrome/60.0.3112.113 Safari/537.36',NULL),(860,'2017-08-30 12:21:48','USER_LOGIN',1,'2017-08-30 16:21:48',12,'(UserLogged,admin) - TZ=1;TZString=Europe/Paris;Screen=1920x937','127.0.0.1','Mozilla/5.0 (X11; Linux x86_64) AppleWebKit/537.36 (KHTML, like Gecko) Chrome/60.0.3112.113 Safari/537.36',NULL),(861,'2017-08-30 15:02:06','USER_LOGIN',1,'2017-08-30 19:02:06',12,'(UserLogged,admin) - TZ=1;TZString=Europe/Paris;Screen=1920x937','127.0.0.1','Mozilla/5.0 (X11; Linux x86_64) AppleWebKit/537.36 (KHTML, like Gecko) Chrome/60.0.3112.113 Safari/537.36',NULL),(862,'2017-08-31 09:25:42','USER_LOGIN',1,'2017-08-31 13:25:42',12,'(UserLogged,admin) - TZ=1;TZString=Europe/Paris;Screen=1920x937','127.0.0.1','Mozilla/5.0 (X11; Linux x86_64) AppleWebKit/537.36 (KHTML, like Gecko) Chrome/60.0.3112.113 Safari/537.36',NULL),(863,'2017-09-04 07:51:21','USER_LOGIN',1,'2017-09-04 11:51:21',12,'(UserLogged,admin) - TZ=1;TZString=Europe/Paris;Screen=1920x577','127.0.0.1','Mozilla/5.0 (X11; Linux x86_64) AppleWebKit/537.36 (KHTML, like Gecko) Chrome/60.0.3112.113 Safari/537.36',NULL),(864,'2017-09-04 09:17:09','USER_LOGIN',1,'2017-09-04 13:17:09',12,'(UserLogged,admin) - TZ=1;TZString=Europe/Paris;Screen=1920x937','127.0.0.1','Mozilla/5.0 (X11; Linux x86_64) AppleWebKit/537.36 (KHTML, like Gecko) Chrome/60.0.3112.113 Safari/537.36',NULL),(865,'2017-09-04 13:40:28','USER_LOGIN',1,'2017-09-04 17:40:28',12,'(UserLogged,admin) - TZ=1;TZString=Europe/Paris;Screen=1920x937','127.0.0.1','Mozilla/5.0 (X11; Linux x86_64) AppleWebKit/537.36 (KHTML, like Gecko) Chrome/60.0.3112.113 Safari/537.36',NULL),(866,'2017-09-06 07:55:30','USER_LOGIN',1,'2017-09-06 11:55:30',18,'(UserLogged,ldestailleur) - TZ=1;TZString=Europe/Paris;Screen=1920x937','127.0.0.1','Mozilla/5.0 (X11; Linux x86_64) AppleWebKit/537.36 (KHTML, like Gecko) Chrome/60.0.3112.113 Safari/537.36',NULL),(867,'2017-09-06 07:55:33','USER_LOGOUT',1,'2017-09-06 11:55:33',18,'(UserLogoff,ldestailleur)','127.0.0.1','Mozilla/5.0 (X11; Linux x86_64) AppleWebKit/537.36 (KHTML, like Gecko) Chrome/60.0.3112.113 Safari/537.36',NULL),(868,'2017-09-06 07:55:38','USER_LOGIN',1,'2017-09-06 11:55:38',12,'(UserLogged,admin) - TZ=1;TZString=Europe/Paris;Screen=1920x937','127.0.0.1','Mozilla/5.0 (X11; Linux x86_64) AppleWebKit/537.36 (KHTML, like Gecko) Chrome/60.0.3112.113 Safari/537.36',NULL),(869,'2017-09-06 16:03:38','USER_LOGIN',1,'2017-09-06 20:03:38',12,'(UserLogged,admin) - TZ=1;TZString=Europe/Paris;Screen=1920x937','127.0.0.1','Mozilla/5.0 (X11; Linux x86_64) AppleWebKit/537.36 (KHTML, like Gecko) Chrome/60.0.3112.113 Safari/537.36',NULL),(870,'2017-09-06 19:43:07','USER_LOGIN',1,'2017-09-06 23:43:07',12,'(UserLogged,admin) - TZ=1;TZString=Europe/Paris;Screen=1920x937','127.0.0.1','Mozilla/5.0 (X11; Linux x86_64) AppleWebKit/537.36 (KHTML, like Gecko) Chrome/60.0.3112.113 Safari/537.36',NULL),(871,'2018-01-19 11:18:08','USER_LOGOUT',1,'2018-01-19 11:18:08',12,'(UserLogoff,admin)','82.240.38.230','Mozilla/5.0 (X11; Linux x86_64) AppleWebKit/537.36 (KHTML, like Gecko) Chrome/63.0.3239.132 Safari/537.36',NULL),(872,'2018-01-19 11:18:47','USER_LOGIN',1,'2018-01-19 11:18:47',12,'(UserLogged,admin) - TZ=1;TZString=Europe/Paris;Screen=1920x965','82.240.38.230','Mozilla/5.0 (X11; Linux x86_64) AppleWebKit/537.36 (KHTML, like Gecko) Chrome/63.0.3239.132 Safari/537.36',NULL),(873,'2018-01-19 11:21:41','USER_LOGIN',1,'2018-01-19 11:21:41',12,'(UserLogged,admin) - TZ=1;TZString=Europe/Paris;Screen=1920x926','82.240.38.230','Mozilla/5.0 (X11; Linux x86_64; rv:57.0) Gecko/20100101 Firefox/57.0',NULL),(874,'2018-01-19 11:24:18','USER_NEW_PASSWORD',1,'2018-01-19 11:24:18',12,'Password change for admin','82.240.38.230','Mozilla/5.0 (X11; Linux x86_64; rv:57.0) Gecko/20100101 Firefox/57.0',NULL),(875,'2018-01-19 11:24:18','USER_MODIFY',1,'2018-01-19 11:24:18',12,'User admin modified','82.240.38.230','Mozilla/5.0 (X11; Linux x86_64; rv:57.0) Gecko/20100101 Firefox/57.0',NULL),(876,'2018-01-19 11:28:45','USER_LOGOUT',1,'2018-01-19 11:28:45',12,'(UserLogoff,admin)','82.240.38.230','Mozilla/5.0 (X11; Linux x86_64; rv:57.0) Gecko/20100101 Firefox/57.0',NULL),(877,'2018-03-16 09:54:15','USER_LOGIN_FAILED',1,'2018-03-16 13:54:15',NULL,'Identifiant ou mot de passe incorrect - login=admin','127.0.0.1','Mozilla/5.0 (X11; Linux x86_64) AppleWebKit/537.36 (KHTML, like Gecko) Chrome/65.0.3325.146 Safari/537.36',NULL),(878,'2018-03-16 09:54:23','USER_LOGIN',1,'2018-03-16 13:54:23',12,'(UserLogged,admin) - TZ=1;TZString=Europe/Paris;Screen=1920x936','127.0.0.1','Mozilla/5.0 (X11; Linux x86_64) AppleWebKit/537.36 (KHTML, like Gecko) Chrome/65.0.3325.146 Safari/537.36',NULL);

--
-- Table structure for table `llx_expedition`
--

CREATE TABLE `llx_expedition` (
  `rowid` int(11) NOT NULL AUTO_INCREMENT,
  `tms` timestamp NOT NULL DEFAULT CURRENT_TIMESTAMP ON UPDATE CURRENT_TIMESTAMP,
  `ref` varchar(30) COLLATE utf8_unicode_ci NOT NULL,
  `entity` int(11) NOT NULL DEFAULT '1',
  `ref_customer` varchar(30) COLLATE utf8_unicode_ci DEFAULT NULL,
  `fk_soc` int(11) NOT NULL,
  `fk_projet` int(11) DEFAULT NULL,
  `ref_ext` varchar(255) COLLATE utf8_unicode_ci DEFAULT NULL,
  `ref_int` varchar(30) COLLATE utf8_unicode_ci DEFAULT NULL,
  `date_creation` datetime DEFAULT NULL,
  `fk_user_author` int(11) DEFAULT NULL,
  `date_valid` datetime DEFAULT NULL,
  `fk_user_valid` int(11) DEFAULT NULL,
  `date_expedition` datetime DEFAULT NULL,
  `date_delivery` datetime DEFAULT NULL,
  `fk_address` int(11) DEFAULT NULL,
  `fk_shipping_method` int(11) DEFAULT NULL,
  `tracking_number` varchar(50) COLLATE utf8_unicode_ci DEFAULT NULL,
  `fk_statut` smallint(6) DEFAULT '0',
  `height` float DEFAULT NULL,
  `height_unit` int(11) DEFAULT NULL,
  `width` float DEFAULT NULL,
  `size_units` int(11) DEFAULT NULL,
  `size` float DEFAULT NULL,
  `weight_units` int(11) DEFAULT NULL,
  `weight` float DEFAULT NULL,
  `note_private` text COLLATE utf8_unicode_ci,
  `note_public` text COLLATE utf8_unicode_ci,
  `model_pdf` varchar(255) COLLATE utf8_unicode_ci DEFAULT NULL,
  `fk_incoterms` int(11) DEFAULT NULL,
  `location_incoterms` varchar(255) COLLATE utf8_unicode_ci DEFAULT NULL,
  `import_key` varchar(14) COLLATE utf8_unicode_ci DEFAULT NULL,
  `extraparams` varchar(255) COLLATE utf8_unicode_ci DEFAULT NULL,
  `billed` smallint(6) DEFAULT '0',
  `fk_user_modif` int(11) DEFAULT NULL,
  `last_main_doc` varchar(255) COLLATE utf8_unicode_ci DEFAULT NULL,
  PRIMARY KEY (`rowid`),
  UNIQUE KEY `idx_expedition_uk_ref` (`ref`,`entity`),
  KEY `idx_expedition_fk_soc` (`fk_soc`),
  KEY `idx_expedition_fk_user_author` (`fk_user_author`),
  KEY `idx_expedition_fk_user_valid` (`fk_user_valid`),
  KEY `idx_expedition_fk_shipping_method` (`fk_shipping_method`),
  CONSTRAINT `fk_expedition_fk_shipping_method` FOREIGN KEY (`fk_shipping_method`) REFERENCES `llx_c_shipment_mode` (`rowid`),
  CONSTRAINT `fk_expedition_fk_soc` FOREIGN KEY (`fk_soc`) REFERENCES `llx_societe` (`rowid`),
  CONSTRAINT `fk_expedition_fk_user_author` FOREIGN KEY (`fk_user_author`) REFERENCES `llx_user` (`rowid`),
  CONSTRAINT `fk_expedition_fk_user_valid` FOREIGN KEY (`fk_user_valid`) REFERENCES `llx_user` (`rowid`)
) ENGINE=InnoDB AUTO_INCREMENT=3 DEFAULT CHARSET=utf8 COLLATE=utf8_unicode_ci;

--
-- Dumping data for table `llx_expedition`
--

INSERT INTO `llx_expedition` VALUES (1,'2018-01-22 17:33:03','SH1302-0001',1,NULL,1,NULL,NULL,NULL,'2013-08-08 03:05:34',1,'2015-02-17 18:22:51',1,NULL,'2013-08-09 00:00:00',NULL,NULL,'',1,NULL,NULL,NULL,0,NULL,0,NULL,NULL,NULL,'merou',NULL,NULL,NULL,NULL,0,NULL,NULL),(2,'2017-02-15 23:11:35','(PROV2)',1,NULL,4,NULL,NULL,NULL,'2017-02-16 03:11:35',12,NULL,NULL,NULL,NULL,NULL,1,'',0,NULL,NULL,NULL,0,NULL,0,NULL,NULL,NULL,'merou',0,'',NULL,NULL,0,NULL,NULL);

--
-- Table structure for table `llx_expedition_extrafields`
--

CREATE TABLE `llx_expedition_extrafields` (
  `rowid` int(11) NOT NULL AUTO_INCREMENT,
  `tms` timestamp NOT NULL DEFAULT CURRENT_TIMESTAMP ON UPDATE CURRENT_TIMESTAMP,
  `fk_object` int(11) NOT NULL,
  `import_key` varchar(14) COLLATE utf8_unicode_ci DEFAULT NULL,
  PRIMARY KEY (`rowid`),
  KEY `idx_expedition_extrafields` (`fk_object`)
) ENGINE=InnoDB DEFAULT CHARSET=utf8 COLLATE=utf8_unicode_ci;

--
-- Dumping data for table `llx_expedition_extrafields`
--


--
-- Table structure for table `llx_expedition_methode`
--

CREATE TABLE `llx_expedition_methode` (
  `rowid` int(11) NOT NULL,
  `tms` timestamp NOT NULL DEFAULT CURRENT_TIMESTAMP ON UPDATE CURRENT_TIMESTAMP,
  `code` varchar(30) COLLATE utf8_unicode_ci NOT NULL,
  `libelle` varchar(50) COLLATE utf8_unicode_ci NOT NULL,
  `description` text COLLATE utf8_unicode_ci,
  `active` tinyint(4) DEFAULT '0',
  PRIMARY KEY (`rowid`)
) ENGINE=InnoDB DEFAULT CHARSET=utf8 COLLATE=utf8_unicode_ci;

--
-- Dumping data for table `llx_expedition_methode`
--

INSERT INTO `llx_expedition_methode` VALUES (1,'2012-07-08 11:18:00','CATCH','Catch','Catch by client',1),(2,'2012-07-08 11:18:00','TRANS','Transporter','Generic transporter',1),(3,'2012-07-08 11:18:01','COLSUI','Colissimo Suivi','Colissimo Suivi',0);

--
-- Table structure for table `llx_expeditiondet`
--

CREATE TABLE `llx_expeditiondet` (
  `rowid` int(11) NOT NULL AUTO_INCREMENT,
  `fk_expedition` int(11) NOT NULL,
  `fk_origin_line` int(11) DEFAULT NULL,
  `fk_entrepot` int(11) DEFAULT NULL,
  `qty` double DEFAULT NULL,
  `rang` int(11) DEFAULT '0',
  PRIMARY KEY (`rowid`),
  KEY `idx_expeditiondet_fk_expedition` (`fk_expedition`),
  CONSTRAINT `fk_expeditiondet_fk_expedition` FOREIGN KEY (`fk_expedition`) REFERENCES `llx_expedition` (`rowid`)
) ENGINE=InnoDB AUTO_INCREMENT=3 DEFAULT CHARSET=utf8 COLLATE=utf8_unicode_ci;

--
-- Dumping data for table `llx_expeditiondet`
--

INSERT INTO `llx_expeditiondet` VALUES (1,1,10,3,1,0),(2,2,226,19,2,0);

--
-- Table structure for table `llx_expeditiondet_batch`
--

CREATE TABLE `llx_expeditiondet_batch` (
  `rowid` int(11) NOT NULL AUTO_INCREMENT,
  `fk_expeditiondet` int(11) NOT NULL,
  `eatby` date DEFAULT NULL,
  `sellby` date DEFAULT NULL,
  `batch` varchar(30) COLLATE utf8_unicode_ci DEFAULT NULL,
  `qty` double NOT NULL DEFAULT '0',
  `fk_origin_stock` int(11) NOT NULL,
  PRIMARY KEY (`rowid`),
  KEY `idx_fk_expeditiondet` (`fk_expeditiondet`),
  CONSTRAINT `fk_expeditiondet_batch_fk_expeditiondet` FOREIGN KEY (`fk_expeditiondet`) REFERENCES `llx_expeditiondet` (`rowid`)
) ENGINE=InnoDB DEFAULT CHARSET=utf8 COLLATE=utf8_unicode_ci;

--
-- Dumping data for table `llx_expeditiondet_batch`
--


--
-- Table structure for table `llx_expeditiondet_extrafields`
--

CREATE TABLE `llx_expeditiondet_extrafields` (
  `rowid` int(11) NOT NULL AUTO_INCREMENT,
  `tms` timestamp NOT NULL DEFAULT CURRENT_TIMESTAMP ON UPDATE CURRENT_TIMESTAMP,
  `fk_object` int(11) NOT NULL,
  `import_key` varchar(14) COLLATE utf8_unicode_ci DEFAULT NULL,
  PRIMARY KEY (`rowid`),
  KEY `idx_expeditiondet_extrafields` (`fk_object`)
) ENGINE=InnoDB DEFAULT CHARSET=utf8 COLLATE=utf8_unicode_ci;

--
-- Dumping data for table `llx_expeditiondet_extrafields`
--


--
-- Table structure for table `llx_expensereport`
--

CREATE TABLE `llx_expensereport` (
  `rowid` int(11) NOT NULL AUTO_INCREMENT,
  `ref` varchar(50) COLLATE utf8_unicode_ci NOT NULL,
  `entity` int(11) NOT NULL DEFAULT '1',
  `ref_number_int` int(11) DEFAULT NULL,
  `ref_ext` int(11) DEFAULT NULL,
  `total_ht` double(24,8) DEFAULT '0.00000000',
  `total_tva` double(24,8) DEFAULT '0.00000000',
  `localtax1` double(24,8) DEFAULT '0.00000000',
  `localtax2` double(24,8) DEFAULT '0.00000000',
  `total_ttc` double(24,8) DEFAULT '0.00000000',
  `date_debut` date NOT NULL,
  `date_fin` date NOT NULL,
  `date_create` datetime NOT NULL,
  `date_valid` datetime DEFAULT NULL,
  `date_approve` datetime DEFAULT NULL,
  `date_refuse` datetime DEFAULT NULL,
  `date_cancel` datetime DEFAULT NULL,
  `tms` timestamp NOT NULL DEFAULT CURRENT_TIMESTAMP ON UPDATE CURRENT_TIMESTAMP,
  `fk_user_author` int(11) NOT NULL,
  `fk_user_modif` int(11) DEFAULT NULL,
  `fk_user_valid` int(11) DEFAULT NULL,
  `fk_user_validator` int(11) DEFAULT NULL,
  `fk_user_approve` int(11) DEFAULT NULL,
  `fk_user_refuse` int(11) DEFAULT NULL,
  `fk_user_cancel` int(11) DEFAULT NULL,
  `fk_statut` int(11) NOT NULL,
  `fk_c_paiement` int(11) DEFAULT NULL,
  `paid` smallint(6) NOT NULL DEFAULT '0',
  `note_public` text COLLATE utf8_unicode_ci,
  `note_private` text COLLATE utf8_unicode_ci,
  `detail_refuse` varchar(255) COLLATE utf8_unicode_ci DEFAULT NULL,
  `detail_cancel` varchar(255) COLLATE utf8_unicode_ci DEFAULT NULL,
  `integration_compta` int(11) DEFAULT NULL,
  `fk_bank_account` int(11) DEFAULT NULL,
  `model_pdf` varchar(50) COLLATE utf8_unicode_ci DEFAULT NULL,
  `fk_multicurrency` int(11) DEFAULT NULL,
  `multicurrency_code` varchar(255) COLLATE utf8_unicode_ci DEFAULT NULL,
  `multicurrency_tx` double(24,8) DEFAULT '1.00000000',
  `multicurrency_total_ht` double(24,8) DEFAULT '0.00000000',
  `multicurrency_total_tva` double(24,8) DEFAULT '0.00000000',
  `multicurrency_total_ttc` double(24,8) DEFAULT '0.00000000',
  `import_key` varchar(14) COLLATE utf8_unicode_ci DEFAULT NULL,
  `extraparams` varchar(255) COLLATE utf8_unicode_ci DEFAULT NULL,
  PRIMARY KEY (`rowid`),
  UNIQUE KEY `idx_expensereport_uk_ref` (`ref`,`entity`),
  KEY `idx_expensereport_date_debut` (`date_debut`),
  KEY `idx_expensereport_date_fin` (`date_fin`),
  KEY `idx_expensereport_fk_statut` (`fk_statut`),
  KEY `idx_expensereport_fk_user_author` (`fk_user_author`),
  KEY `idx_expensereport_fk_user_valid` (`fk_user_valid`),
  KEY `idx_expensereport_fk_user_approve` (`fk_user_approve`),
  KEY `idx_expensereport_fk_refuse` (`fk_user_approve`)
) ENGINE=InnoDB AUTO_INCREMENT=4 DEFAULT CHARSET=utf8 COLLATE=utf8_unicode_ci;

--
-- Dumping data for table `llx_expensereport`
--

INSERT INTO `llx_expensereport` VALUES (1,'ADMIN-ER00002-150101',1,2,NULL,8.33000000,1.67000000,0.00000000,0.00000000,10.00000000,'2017-01-01','2017-01-03','2018-01-22 19:03:37','2018-01-22 19:06:50','2017-02-16 02:12:40',NULL,NULL,'2017-02-15 22:12:40',12,NULL,12,12,12,NULL,NULL,5,NULL,0,'Holidays',NULL,NULL,NULL,NULL,NULL,NULL,NULL,NULL,1.00000000,0.00000000,0.00000000,0.00000000,NULL,NULL),(2,'(PROV2)',1,NULL,NULL,141.67000000,28.33000000,0.00000000,0.00000000,170.00000000,'2017-02-01','2017-02-28','2018-01-22 19:04:44','2017-02-28 00:00:00',NULL,NULL,NULL,'2018-03-16 10:00:54',12,12,NULL,12,NULL,NULL,NULL,0,NULL,0,'Work on projet X','','',NULL,NULL,NULL,NULL,NULL,NULL,1.00000000,0.00000000,0.00000000,0.00000000,NULL,NULL),(3,'(PROV3)',1,NULL,NULL,0.00000000,0.00000000,0.00000000,0.00000000,0.00000000,'2017-02-02','2017-02-02','2017-02-02 03:57:03','2017-02-02 00:00:00',NULL,NULL,NULL,'2018-03-16 10:00:54',19,NULL,NULL,NULL,NULL,NULL,NULL,0,NULL,0,NULL,NULL,NULL,NULL,NULL,NULL,NULL,NULL,NULL,1.00000000,0.00000000,0.00000000,0.00000000,NULL,NULL);

--
-- Table structure for table `llx_expensereport_det`
--

CREATE TABLE `llx_expensereport_det` (
  `rowid` int(11) NOT NULL AUTO_INCREMENT,
  `fk_expensereport` int(11) NOT NULL,
  `docnumber` varchar(128) COLLATE utf8_unicode_ci DEFAULT NULL,
  `fk_c_type_fees` int(11) NOT NULL,
  `fk_projet` int(11) DEFAULT NULL,
  `comments` text COLLATE utf8_unicode_ci NOT NULL,
  `product_type` int(11) DEFAULT '-1',
  `qty` double NOT NULL,
  `subprice` double(24,8) NOT NULL DEFAULT '0.00000000',
  `value_unit` double(24,8) NOT NULL,
  `remise_percent` double DEFAULT NULL,
  `tva_tx` double(6,3) DEFAULT NULL,
  `localtax1_tx` double(6,3) DEFAULT '0.000',
  `localtax1_type` varchar(10) COLLATE utf8_unicode_ci DEFAULT NULL,
  `localtax2_tx` double(6,3) DEFAULT '0.000',
  `localtax2_type` varchar(10) COLLATE utf8_unicode_ci DEFAULT NULL,
  `total_ht` double(24,8) NOT NULL DEFAULT '0.00000000',
  `total_tva` double(24,8) NOT NULL DEFAULT '0.00000000',
  `total_localtax1` double(24,8) DEFAULT '0.00000000',
  `total_localtax2` double(24,8) DEFAULT '0.00000000',
  `total_ttc` double(24,8) NOT NULL DEFAULT '0.00000000',
  `date` date NOT NULL,
  `info_bits` int(11) DEFAULT '0',
  `special_code` int(11) DEFAULT '0',
  `rang` int(11) DEFAULT '0',
  `import_key` varchar(14) COLLATE utf8_unicode_ci DEFAULT NULL,
  `fk_multicurrency` int(11) DEFAULT NULL,
  `multicurrency_code` varchar(255) COLLATE utf8_unicode_ci DEFAULT NULL,
  `multicurrency_subprice` double(24,8) DEFAULT '0.00000000',
  `multicurrency_total_ht` double(24,8) DEFAULT '0.00000000',
  `multicurrency_total_tva` double(24,8) DEFAULT '0.00000000',
  `multicurrency_total_ttc` double(24,8) DEFAULT '0.00000000',
  `fk_facture` int(11) DEFAULT '0',
  `fk_code_ventilation` int(11) DEFAULT '0',
  `vat_src_code` varchar(10) COLLATE utf8_unicode_ci DEFAULT '',
  `rule_warning_message` text COLLATE utf8_unicode_ci,
  `fk_c_exp_tax_cat` int(11) DEFAULT NULL,
  `fk_ecm_files` int(11) DEFAULT NULL,
  PRIMARY KEY (`rowid`)
) ENGINE=InnoDB AUTO_INCREMENT=4 DEFAULT CHARSET=utf8 COLLATE=utf8_unicode_ci;

--
-- Dumping data for table `llx_expensereport_det`
--

INSERT INTO `llx_expensereport_det` VALUES (1,1,NULL,3,1,'',-1,1,0.00000000,10.00000000,NULL,20.000,0.000,NULL,0.000,NULL,8.33000000,1.67000000,0.00000000,0.00000000,10.00000000,'2017-01-01',0,0,0,NULL,NULL,NULL,0.00000000,0.00000000,0.00000000,0.00000000,0,0,'',NULL,NULL,NULL),(2,2,NULL,3,4,'',-1,1,0.00000000,20.00000000,NULL,20.000,0.000,NULL,0.000,NULL,16.67000000,3.33000000,0.00000000,0.00000000,20.00000000,'2017-01-07',0,0,0,NULL,NULL,NULL,0.00000000,0.00000000,0.00000000,0.00000000,0,0,'',NULL,NULL,NULL),(3,2,NULL,2,5,'Train',-1,1,0.00000000,150.00000000,NULL,20.000,0.000,NULL,0.000,NULL,125.00000000,25.00000000,0.00000000,0.00000000,150.00000000,'2017-02-05',0,0,0,NULL,NULL,NULL,0.00000000,0.00000000,0.00000000,0.00000000,0,0,'',NULL,NULL,NULL);

--
-- Table structure for table `llx_expensereport_extrafields`
--

CREATE TABLE `llx_expensereport_extrafields` (
  `rowid` int(11) NOT NULL AUTO_INCREMENT,
  `tms` timestamp NOT NULL DEFAULT CURRENT_TIMESTAMP ON UPDATE CURRENT_TIMESTAMP,
  `fk_object` int(11) NOT NULL,
  `import_key` varchar(14) COLLATE utf8_unicode_ci DEFAULT NULL,
  PRIMARY KEY (`rowid`),
  KEY `idx_expensereport_extrafields` (`fk_object`)
) ENGINE=InnoDB DEFAULT CHARSET=utf8 COLLATE=utf8_unicode_ci;

--
-- Dumping data for table `llx_expensereport_extrafields`
--


--
-- Table structure for table `llx_expensereport_ik`
--

CREATE TABLE `llx_expensereport_ik` (
  `rowid` int(11) NOT NULL AUTO_INCREMENT,
  `datec` datetime DEFAULT NULL,
  `tms` timestamp NOT NULL DEFAULT CURRENT_TIMESTAMP ON UPDATE CURRENT_TIMESTAMP,
  `fk_c_exp_tax_cat` int(11) NOT NULL DEFAULT '0',
  `fk_range` int(11) NOT NULL DEFAULT '0',
  `coef` double NOT NULL DEFAULT '0',
  `ikoffset` double NOT NULL DEFAULT '0',
  `active` int(11) DEFAULT '1',
  PRIMARY KEY (`rowid`)
) ENGINE=InnoDB AUTO_INCREMENT=16 DEFAULT CHARSET=utf8 COLLATE=utf8_unicode_ci;

--
-- Dumping data for table `llx_expensereport_ik`
--

INSERT INTO `llx_expensereport_ik` VALUES (1,NULL,'2018-01-19 11:09:35',4,1,0.41,0,1),(2,NULL,'2018-01-19 11:09:35',4,2,0.244,824,1),(3,NULL,'2018-01-19 11:09:35',4,3,0.286,0,1),(4,NULL,'2018-01-19 11:09:35',5,4,0.493,0,1),(5,NULL,'2018-01-19 11:09:35',5,5,0.277,1082,1),(6,NULL,'2018-01-19 11:09:35',5,6,0.332,0,1),(7,NULL,'2018-01-19 11:09:35',6,7,0.543,0,1),(8,NULL,'2018-01-19 11:09:35',6,8,0.305,1180,1),(9,NULL,'2018-01-19 11:09:35',6,9,0.364,0,1),(10,NULL,'2018-01-19 11:09:35',7,10,0.568,0,1),(11,NULL,'2018-01-19 11:09:35',7,11,0.32,1244,1),(12,NULL,'2018-01-19 11:09:35',7,12,0.382,0,1),(13,NULL,'2018-01-19 11:09:35',8,13,0.595,0,1),(14,NULL,'2018-01-19 11:09:35',8,14,0.337,1288,1),(15,NULL,'2018-01-19 11:09:35',8,15,0.401,0,1);

--
-- Table structure for table `llx_expensereport_rules`
--

CREATE TABLE `llx_expensereport_rules` (
  `rowid` int(11) NOT NULL AUTO_INCREMENT,
  `datec` datetime DEFAULT NULL,
  `tms` timestamp NOT NULL DEFAULT CURRENT_TIMESTAMP ON UPDATE CURRENT_TIMESTAMP,
  `dates` datetime NOT NULL,
  `datee` datetime NOT NULL,
  `amount` double(24,8) DEFAULT NULL,
  `restrictive` tinyint(4) NOT NULL,
  `fk_user` int(11) DEFAULT NULL,
  `fk_usergroup` int(11) DEFAULT NULL,
  `fk_c_type_fees` int(11) NOT NULL,
  `code_expense_rules_type` varchar(50) COLLATE utf8_unicode_ci NOT NULL,
  `is_for_all` tinyint(4) DEFAULT '0',
  `entity` int(11) DEFAULT '1',
  PRIMARY KEY (`rowid`)
) ENGINE=InnoDB DEFAULT CHARSET=utf8 COLLATE=utf8_unicode_ci;

--
-- Dumping data for table `llx_expensereport_rules`
--


--
-- Table structure for table `llx_export_compta`
--

CREATE TABLE `llx_export_compta` (
  `rowid` int(11) NOT NULL AUTO_INCREMENT,
  `ref` varchar(12) COLLATE utf8_unicode_ci NOT NULL,
  `date_export` datetime NOT NULL,
  `fk_user` int(11) NOT NULL,
  `note` text COLLATE utf8_unicode_ci,
  PRIMARY KEY (`rowid`)
) ENGINE=InnoDB DEFAULT CHARSET=utf8 COLLATE=utf8_unicode_ci;

--
-- Dumping data for table `llx_export_compta`
--


--
-- Table structure for table `llx_export_model`
--

CREATE TABLE `llx_export_model` (
  `rowid` int(11) NOT NULL AUTO_INCREMENT,
  `fk_user` int(11) NOT NULL DEFAULT '0',
  `label` varchar(50) COLLATE utf8_unicode_ci NOT NULL,
  `type` varchar(20) COLLATE utf8_unicode_ci NOT NULL,
  `field` text COLLATE utf8_unicode_ci NOT NULL,
  `filter` text COLLATE utf8_unicode_ci,
  PRIMARY KEY (`rowid`),
  UNIQUE KEY `uk_export_model` (`label`,`type`)
) ENGINE=InnoDB DEFAULT CHARSET=utf8 COLLATE=utf8_unicode_ci;

--
-- Dumping data for table `llx_export_model`
--


--
-- Table structure for table `llx_extrafields`
--

CREATE TABLE `llx_extrafields` (
  `rowid` int(11) NOT NULL AUTO_INCREMENT,
  `elementtype` varchar(64) COLLATE utf8_unicode_ci NOT NULL DEFAULT 'member',
  `name` varchar(64) COLLATE utf8_unicode_ci NOT NULL,
  `entity` int(11) NOT NULL DEFAULT '1',
  `tms` timestamp NOT NULL DEFAULT CURRENT_TIMESTAMP ON UPDATE CURRENT_TIMESTAMP,
  `label` varchar(255) COLLATE utf8_unicode_ci NOT NULL,
  `type` varchar(8) COLLATE utf8_unicode_ci DEFAULT NULL,
  `size` varchar(8) COLLATE utf8_unicode_ci DEFAULT NULL,
  `pos` int(11) DEFAULT '0',
  `alwayseditable` int(11) DEFAULT '0',
  `param` text COLLATE utf8_unicode_ci,
  `fieldunique` int(11) DEFAULT '0',
  `fieldrequired` int(11) DEFAULT '0',
  `perms` varchar(255) COLLATE utf8_unicode_ci DEFAULT NULL,
  `list` varchar(128) COLLATE utf8_unicode_ci DEFAULT NULL,
  `totalizable` tinyint(1) DEFAULT '0',
  `ishidden` int(11) DEFAULT '0',
  `fieldcomputed` text COLLATE utf8_unicode_ci,
  `fielddefault` varchar(255) COLLATE utf8_unicode_ci DEFAULT NULL,
  `langs` varchar(64) COLLATE utf8_unicode_ci DEFAULT NULL,
  `fk_user_author` int(11) DEFAULT NULL,
  `fk_user_modif` int(11) DEFAULT NULL,
  `datec` datetime DEFAULT NULL,
  `enabled` varchar(255) COLLATE utf8_unicode_ci DEFAULT '1',
  `help` text COLLATE utf8_unicode_ci,
  PRIMARY KEY (`rowid`),
  UNIQUE KEY `uk_extrafields_name` (`name`,`entity`,`elementtype`)
) ENGINE=InnoDB AUTO_INCREMENT=28 DEFAULT CHARSET=utf8 COLLATE=utf8_unicode_ci;

--
-- Dumping data for table `llx_extrafields`
--

INSERT INTO `llx_extrafields` VALUES (2,'adherent','zzz',1,'2018-01-19 11:17:49','zzz','varchar','255',0,0,NULL,0,0,NULL,'1',0,0,NULL,NULL,NULL,NULL,NULL,NULL,'1',NULL),(27,'projet','priority',1,'2018-01-19 11:17:49','Priority','select','',0,1,'a:1:{s:7:\"options\";a:5:{i:1;s:1:\"1\";i:2;s:1:\"2\";i:3;s:1:\"3\";i:4;s:1:\"4\";i:5;s:1:\"5\";}}',0,0,NULL,'1',0,0,NULL,NULL,NULL,NULL,NULL,NULL,'1',NULL);

--
-- Table structure for table `llx_facture`
--

CREATE TABLE `llx_facture` (
  `rowid` int(11) NOT NULL AUTO_INCREMENT,
  `ref` varchar(30) COLLATE utf8_unicode_ci NOT NULL,
  `entity` int(11) NOT NULL DEFAULT '1',
  `ref_ext` varchar(255) COLLATE utf8_unicode_ci DEFAULT NULL,
  `ref_int` varchar(255) COLLATE utf8_unicode_ci DEFAULT NULL,
  `type` smallint(6) NOT NULL DEFAULT '0',
  `ref_client` varchar(255) COLLATE utf8_unicode_ci DEFAULT NULL,
  `increment` varchar(10) COLLATE utf8_unicode_ci DEFAULT NULL,
  `fk_soc` int(11) NOT NULL,
  `datec` datetime DEFAULT NULL,
  `datef` date DEFAULT NULL,
  `date_valid` date DEFAULT NULL,
  `tms` timestamp NOT NULL DEFAULT CURRENT_TIMESTAMP ON UPDATE CURRENT_TIMESTAMP,
  `paye` smallint(6) NOT NULL DEFAULT '0',
  `amount` double(24,8) NOT NULL DEFAULT '0.00000000',
  `remise_percent` double DEFAULT '0',
  `remise_absolue` double DEFAULT '0',
  `remise` double DEFAULT '0',
  `close_code` varchar(16) COLLATE utf8_unicode_ci DEFAULT NULL,
  `close_note` varchar(128) COLLATE utf8_unicode_ci DEFAULT NULL,
  `tva` double(24,8) DEFAULT '0.00000000',
  `localtax1` double(24,8) DEFAULT '0.00000000',
  `localtax2` double(24,8) DEFAULT '0.00000000',
  `revenuestamp` double(24,8) DEFAULT '0.00000000',
  `total` double(24,8) DEFAULT '0.00000000',
  `total_ttc` double(24,8) DEFAULT '0.00000000',
  `fk_statut` smallint(6) NOT NULL DEFAULT '0',
  `fk_user_author` int(11) DEFAULT NULL,
  `fk_user_modif` int(11) DEFAULT NULL,
  `fk_user_valid` int(11) DEFAULT NULL,
  `fk_facture_source` int(11) DEFAULT NULL,
  `fk_projet` int(11) DEFAULT NULL,
  `fk_account` int(11) DEFAULT NULL,
  `fk_currency` varchar(3) COLLATE utf8_unicode_ci DEFAULT NULL,
  `fk_cond_reglement` int(11) NOT NULL DEFAULT '1',
  `fk_mode_reglement` int(11) DEFAULT NULL,
  `date_lim_reglement` date DEFAULT NULL,
  `note_private` text COLLATE utf8_unicode_ci,
  `note_public` text COLLATE utf8_unicode_ci,
  `model_pdf` varchar(255) COLLATE utf8_unicode_ci DEFAULT NULL,
  `import_key` varchar(14) COLLATE utf8_unicode_ci DEFAULT NULL,
  `extraparams` varchar(255) COLLATE utf8_unicode_ci DEFAULT NULL,
  `situation_cycle_ref` smallint(6) DEFAULT NULL,
  `situation_counter` smallint(6) DEFAULT NULL,
  `situation_final` smallint(6) DEFAULT NULL,
  `fk_incoterms` int(11) DEFAULT NULL,
  `location_incoterms` varchar(255) COLLATE utf8_unicode_ci DEFAULT NULL,
  `date_pointoftax` date DEFAULT NULL,
  `fk_multicurrency` int(11) DEFAULT NULL,
  `multicurrency_code` varchar(255) COLLATE utf8_unicode_ci DEFAULT NULL,
  `multicurrency_tx` double(24,8) DEFAULT '1.00000000',
  `multicurrency_total_ht` double(24,8) DEFAULT '0.00000000',
  `multicurrency_total_tva` double(24,8) DEFAULT '0.00000000',
  `multicurrency_total_ttc` double(24,8) DEFAULT '0.00000000',
  `fk_fac_rec_source` int(11) DEFAULT NULL,
  `last_main_doc` varchar(255) COLLATE utf8_unicode_ci DEFAULT NULL,
  `module_source` varchar(32) COLLATE utf8_unicode_ci DEFAULT NULL,
  `pos_source` varchar(32) COLLATE utf8_unicode_ci DEFAULT NULL,
  PRIMARY KEY (`rowid`),
  UNIQUE KEY `uk_facture_ref` (`ref`,`entity`),
  KEY `idx_facture_fk_soc` (`fk_soc`),
  KEY `idx_facture_fk_user_author` (`fk_user_author`),
  KEY `idx_facture_fk_user_valid` (`fk_user_valid`),
  KEY `idx_facture_fk_facture_source` (`fk_facture_source`),
  KEY `idx_facture_fk_projet` (`fk_projet`),
  KEY `idx_facture_fk_account` (`fk_account`),
  KEY `idx_facture_fk_currency` (`fk_currency`),
  KEY `idx_facture_fk_statut` (`fk_statut`),
  CONSTRAINT `fk_facture_fk_facture_source` FOREIGN KEY (`fk_facture_source`) REFERENCES `llx_facture` (`rowid`),
  CONSTRAINT `fk_facture_fk_projet` FOREIGN KEY (`fk_projet`) REFERENCES `llx_projet` (`rowid`),
  CONSTRAINT `fk_facture_fk_soc` FOREIGN KEY (`fk_soc`) REFERENCES `llx_societe` (`rowid`),
  CONSTRAINT `fk_facture_fk_user_author` FOREIGN KEY (`fk_user_author`) REFERENCES `llx_user` (`rowid`),
  CONSTRAINT `fk_facture_fk_user_valid` FOREIGN KEY (`fk_user_valid`) REFERENCES `llx_user` (`rowid`)
) ENGINE=InnoDB AUTO_INCREMENT=218 DEFAULT CHARSET=utf8 COLLATE=utf8_unicode_ci;

--
-- Dumping data for table `llx_facture`
--

INSERT INTO `llx_facture` VALUES (2,'FA1007-0002',1,NULL,NULL,0,NULL,NULL,2,'2012-07-10 18:20:13','2018-07-10',NULL,'2018-07-30 15:13:20',1,10.00000000,NULL,NULL,0,NULL,NULL,0.10000000,0.00000000,0.00000000,0.00000000,46.00000000,46.10000000,2,1,NULL,1,NULL,NULL,NULL,NULL,1,0,'2018-07-10',NULL,NULL,'crabe',NULL,NULL,NULL,NULL,NULL,NULL,NULL,NULL,NULL,NULL,1.00000000,0.00000000,0.00000000,0.00000000,NULL,NULL,NULL,NULL),(3,'FA1107-0006',1,NULL,NULL,0,NULL,NULL,10,'2013-07-18 20:33:35','2018-07-18',NULL,'2018-07-30 15:13:20',1,0.00000000,NULL,NULL,0,NULL,NULL,0.00000000,0.00000000,0.00000000,0.00000000,15.00000000,15.00000000,2,1,NULL,1,NULL,1,NULL,NULL,1,0,'2018-07-18',NULL,NULL,'crabe',NULL,NULL,NULL,NULL,NULL,NULL,NULL,NULL,NULL,NULL,1.00000000,0.00000000,0.00000000,0.00000000,NULL,NULL,NULL,NULL),(5,'FA1108-0003',1,NULL,NULL,0,NULL,NULL,7,'2013-08-01 03:34:11','2017-08-01',NULL,'2018-07-30 15:12:32',1,0.00000000,NULL,NULL,0,NULL,NULL,0.63000000,0.00000000,0.00000000,0.00000000,5.00000000,5.63000000,2,1,NULL,1,NULL,NULL,NULL,NULL,0,6,'2017-08-01',NULL,NULL,'crabe',NULL,NULL,NULL,NULL,NULL,NULL,NULL,NULL,NULL,NULL,1.00000000,0.00000000,0.00000000,0.00000000,NULL,NULL,NULL,NULL),(6,'FA1108-0004',1,NULL,NULL,0,NULL,NULL,7,'2013-08-06 20:33:53','2017-08-06',NULL,'2018-07-30 15:12:32',1,0.00000000,NULL,NULL,0,NULL,NULL,0.98000000,0.00000000,0.00000000,0.00000000,5.00000000,5.98000000,2,1,NULL,1,NULL,NULL,NULL,NULL,0,4,'2017-08-06','Cash\nReceived : 6 EUR\nRendu : 0.02 EUR\n\n--------------------------------------',NULL,'crabe',NULL,NULL,NULL,NULL,NULL,NULL,NULL,NULL,NULL,NULL,1.00000000,0.00000000,0.00000000,0.00000000,NULL,NULL,NULL,NULL),(8,'FA1108-0005',1,NULL,NULL,3,NULL,NULL,2,'2013-08-08 02:41:44','2017-08-08',NULL,'2018-07-30 15:12:32',1,0.00000000,NULL,NULL,0,NULL,NULL,0.00000000,0.00000000,0.00000000,0.00000000,10.00000000,10.00000000,2,1,NULL,1,NULL,NULL,NULL,NULL,1,0,'2017-08-08',NULL,NULL,'crabe',NULL,NULL,NULL,NULL,NULL,NULL,NULL,NULL,NULL,NULL,1.00000000,0.00000000,0.00000000,0.00000000,NULL,NULL,NULL,NULL),(9,'FA1108-0007',1,NULL,NULL,3,NULL,NULL,10,'2013-08-08 02:55:14','2017-08-08',NULL,'2018-07-30 15:12:32',0,0.00000000,NULL,NULL,0,NULL,NULL,1.96000000,0.00000000,0.00000000,0.00000000,10.00000000,11.96000000,1,1,NULL,1,NULL,NULL,NULL,NULL,1,0,'2017-08-08',NULL,NULL,'crabe',NULL,NULL,NULL,NULL,NULL,NULL,NULL,NULL,NULL,NULL,1.00000000,0.00000000,0.00000000,0.00000000,NULL,NULL,NULL,NULL),(10,'AV1212-0001',1,NULL,NULL,2,NULL,NULL,10,'2014-12-08 17:45:20','2017-12-08','2017-12-08','2018-07-30 15:12:32',0,0.00000000,NULL,NULL,0,NULL,NULL,-0.63000000,0.00000000,0.00000000,0.00000000,-11.00000000,-11.63000000,1,1,NULL,1,3,NULL,NULL,NULL,0,0,'2017-12-08',NULL,NULL,'crabe',NULL,NULL,NULL,NULL,NULL,NULL,NULL,NULL,NULL,NULL,1.00000000,0.00000000,0.00000000,0.00000000,NULL,NULL,NULL,NULL),(12,'AV1212-0002',1,NULL,NULL,2,NULL,NULL,10,'2014-12-08 18:20:14','2017-12-08','2017-12-08','2018-07-30 15:12:32',1,0.00000000,NULL,NULL,0,NULL,NULL,0.00000000,0.00000000,0.00000000,0.00000000,-5.00000000,-5.00000000,2,1,NULL,1,3,NULL,NULL,NULL,0,0,'2017-12-08',NULL,NULL,'crabe',NULL,NULL,NULL,NULL,NULL,NULL,NULL,NULL,NULL,NULL,1.00000000,0.00000000,0.00000000,0.00000000,NULL,NULL,NULL,NULL),(13,'FA1212-0011',1,NULL,NULL,0,NULL,NULL,7,'2014-12-09 20:04:19','2017-12-09','2018-02-12','2018-07-30 15:12:32',0,0.00000000,NULL,NULL,0,NULL,NULL,2.74000000,0.00000000,0.00000000,0.00000000,14.00000000,16.74000000,1,1,NULL,1,NULL,NULL,NULL,NULL,1,0,'2017-12-09',NULL,NULL,'crabe',NULL,NULL,NULL,NULL,NULL,NULL,NULL,NULL,NULL,NULL,1.00000000,0.00000000,0.00000000,0.00000000,NULL,NULL,NULL,NULL),(32,'FA1212-0021',1,NULL,NULL,0,NULL,NULL,1,'2014-12-11 09:34:23','2017-12-11','2018-03-24','2018-07-30 15:12:32',0,0.00000000,NULL,NULL,0,NULL,NULL,90.00000000,0.00000000,0.00000000,0.60000000,520.00000000,610.60000000,1,1,NULL,1,NULL,NULL,NULL,NULL,1,0,'2017-12-11','This is a comment (private)','This is a comment (public)','crabe',NULL,NULL,NULL,NULL,NULL,NULL,NULL,NULL,NULL,NULL,1.00000000,0.00000000,0.00000000,0.00000000,NULL,NULL,NULL,NULL),(33,'FA1212-0023',1,NULL,NULL,0,NULL,NULL,1,'2014-12-11 09:34:23','2017-12-11','2017-03-03','2018-07-30 15:12:32',0,0.00000000,NULL,NULL,0,'abandon',NULL,0.24000000,0.00000000,0.00000000,0.00000000,2.48000000,2.72000000,3,1,NULL,1,NULL,NULL,NULL,NULL,1,0,'2017-12-11','This is a comment (private)','This is a comment (public)','crabe',NULL,NULL,NULL,NULL,NULL,NULL,NULL,NULL,NULL,NULL,1.00000000,0.00000000,0.00000000,0.00000000,NULL,NULL,NULL,NULL),(55,'FA1212-0009',1,NULL,NULL,0,NULL,NULL,1,'2014-12-11 09:35:51','2017-12-11','2017-12-12','2018-07-30 15:12:32',0,0.00000000,NULL,NULL,0,NULL,NULL,0.24000000,0.00000000,0.00000000,0.00000000,2.48000000,2.72000000,1,1,NULL,1,NULL,NULL,NULL,NULL,1,0,'2017-12-11','This is a comment (private)','This is a comment (public)','generic_invoice_odt:/home/ldestailleur/git/dolibarr_3.8/documents/doctemplates/invoices/template_invoice.odt',NULL,NULL,NULL,NULL,NULL,NULL,NULL,NULL,NULL,NULL,1.00000000,0.00000000,0.00000000,0.00000000,NULL,NULL,NULL,NULL),(148,'FS1301-0001',1,NULL,NULL,0,NULL,NULL,1,'2015-01-19 18:22:48','2018-01-19','2018-01-19','2018-07-30 15:13:20',0,0.00000000,NULL,NULL,0,NULL,NULL,0.63000000,0.00000000,0.00000000,0.00000000,5.00000000,5.63000000,1,1,NULL,1,NULL,NULL,NULL,NULL,0,1,'2018-01-19',NULL,NULL,'',NULL,NULL,NULL,NULL,NULL,NULL,NULL,NULL,NULL,NULL,1.00000000,0.00000000,0.00000000,0.00000000,NULL,NULL,NULL,NULL),(149,'FA1601-0024',1,NULL,NULL,0,NULL,NULL,1,'2015-01-19 18:30:05','2018-01-19','2017-08-29','2018-03-16 09:59:31',0,0.00000000,NULL,NULL,0,NULL,NULL,1.80000000,0.90000000,0.90000000,0.00000000,20.00000000,23.60000000,1,1,NULL,12,NULL,NULL,NULL,NULL,0,0,'2018-01-19',NULL,NULL,'crabe',NULL,NULL,NULL,NULL,NULL,NULL,NULL,NULL,NULL,NULL,1.00000000,20.00000000,1.80000000,23.60000000,NULL,'facture/FA1601-0024/FA1601-0024.pdf',NULL,NULL),(150,'FA6801-0010',1,NULL,NULL,0,NULL,NULL,1,'2015-01-19 18:31:10','2018-01-19','2018-01-19','2018-07-30 15:13:20',1,0.00000000,NULL,NULL,0,NULL,NULL,0.00000000,0.00000000,0.00000000,0.00000000,0.00000000,0.00000000,2,1,NULL,1,NULL,NULL,NULL,NULL,0,1,'2018-01-19',NULL,NULL,'',NULL,NULL,NULL,NULL,NULL,NULL,NULL,NULL,NULL,NULL,1.00000000,0.00000000,0.00000000,0.00000000,NULL,NULL,NULL,NULL),(151,'FS1301-0002',1,NULL,NULL,0,NULL,NULL,1,'2015-01-19 18:31:58','2018-01-19','2018-01-19','2018-07-30 15:13:20',1,0.00000000,NULL,NULL,0,NULL,NULL,0.00000000,0.00000000,0.00000000,0.00000000,0.00000000,0.00000000,2,1,NULL,1,NULL,NULL,NULL,NULL,0,1,'2018-01-19',NULL,NULL,'',NULL,NULL,NULL,NULL,NULL,NULL,NULL,NULL,NULL,NULL,1.00000000,0.00000000,0.00000000,0.00000000,NULL,NULL,NULL,NULL),(160,'FA1507-0015',1,NULL,NULL,0,NULL,NULL,12,'2015-03-06 16:47:48','2018-07-18','2016-03-06','2018-07-30 15:13:20',0,0.00000000,NULL,NULL,0,NULL,NULL,1.11000000,0.00000000,0.00000000,0.00000000,8.89000000,10.00000000,1,1,NULL,1,NULL,NULL,NULL,NULL,1,0,'2018-07-18',NULL,NULL,'crabe',NULL,NULL,NULL,NULL,NULL,NULL,NULL,NULL,NULL,NULL,1.00000000,0.00000000,0.00000000,0.00000000,NULL,NULL,NULL,NULL),(210,'FA1107-0019',1,NULL,NULL,0,NULL,NULL,10,'2015-03-20 14:30:11','2018-07-10','2018-03-20','2018-07-30 15:13:20',0,0.00000000,NULL,NULL,0,NULL,NULL,0.00000000,0.00000000,0.00000000,0.00000000,10.00000000,10.00000000,1,1,NULL,1,NULL,NULL,NULL,NULL,1,0,'2018-07-10',NULL,NULL,'generic_invoice_odt:/home/ldestailleur/git/dolibarr_3.8/documents/doctemplates/invoices/template_invoice.odt',NULL,NULL,NULL,NULL,NULL,NULL,NULL,NULL,NULL,NULL,1.00000000,0.00000000,0.00000000,0.00000000,NULL,NULL,NULL,NULL),(211,'FA1303-0020',1,NULL,NULL,0,NULL,NULL,19,'2015-03-22 09:40:10','2018-03-22','2017-03-02','2017-02-06 04:11:17',0,0.00000000,NULL,NULL,0,NULL,NULL,17.64000000,0.00000000,0.00000000,0.40000000,340.00000000,358.04000000,1,1,NULL,1,NULL,NULL,NULL,NULL,1,3,'2018-03-22',NULL,NULL,'crabe',NULL,NULL,NULL,NULL,NULL,NULL,NULL,NULL,NULL,NULL,1.00000000,0.00000000,0.00000000,0.00000000,NULL,NULL,NULL,NULL),(213,'AV1303-0003',1,NULL,NULL,2,NULL,NULL,1,'2016-03-03 19:22:03','2018-03-03','2017-03-03','2018-07-30 15:13:20',0,0.00000000,NULL,NULL,0,NULL,NULL,0.00000000,0.00000000,0.00000000,0.00000000,-1000.00000000,-1000.00000000,1,1,NULL,1,32,NULL,NULL,NULL,0,0,'2018-03-03',NULL,NULL,'crabe',NULL,NULL,NULL,NULL,NULL,NULL,NULL,NULL,NULL,NULL,1.00000000,0.00000000,0.00000000,0.00000000,NULL,NULL,NULL,NULL),(216,'(PROV216)',1,NULL,NULL,0,NULL,NULL,26,'2017-02-12 23:21:27','2017-02-12',NULL,'2017-02-12 19:21:27',0,0.00000000,NULL,NULL,0,NULL,NULL,0.00000000,0.00000000,0.00000000,0.00000000,0.00000000,0.00000000,0,12,NULL,NULL,NULL,NULL,NULL,NULL,1,0,'2017-02-12',NULL,NULL,'crabe',NULL,NULL,NULL,NULL,0,0,'',NULL,0,'EUR',1.00000000,0.00000000,0.00000000,0.00000000,NULL,NULL,NULL,NULL),(217,'(PROV217)',1,NULL,NULL,0,NULL,NULL,1,'2017-08-31 13:26:17','2017-08-31',NULL,'2017-08-31 09:26:17',0,0.00000000,NULL,NULL,0,NULL,NULL,0.00000000,0.00000000,0.00000000,0.00000000,10.00000000,10.00000000,0,12,NULL,NULL,NULL,NULL,NULL,NULL,1,0,'2017-08-31',NULL,NULL,'crabe',NULL,NULL,NULL,NULL,0,0,'',NULL,1,'EUR',1.00000000,10.00000000,0.00000000,10.00000000,NULL,NULL,NULL,NULL);

--
-- Table structure for table `llx_facture_extrafields`
--

CREATE TABLE `llx_facture_extrafields` (
  `rowid` int(11) NOT NULL AUTO_INCREMENT,
  `tms` timestamp NOT NULL DEFAULT CURRENT_TIMESTAMP ON UPDATE CURRENT_TIMESTAMP,
  `fk_object` int(11) NOT NULL,
  `import_key` varchar(14) COLLATE utf8_unicode_ci DEFAULT NULL,
  PRIMARY KEY (`rowid`),
  KEY `idx_facture_extrafields` (`fk_object`)
) ENGINE=InnoDB DEFAULT CHARSET=utf8 COLLATE=utf8_unicode_ci;

--
-- Dumping data for table `llx_facture_extrafields`
--


--
-- Table structure for table `llx_facture_fourn`
--

CREATE TABLE `llx_facture_fourn` (
  `rowid` int(11) NOT NULL AUTO_INCREMENT,
  `ref` varchar(255) COLLATE utf8_unicode_ci NOT NULL,
  `ref_supplier` varchar(255) COLLATE utf8_unicode_ci DEFAULT NULL,
  `entity` int(11) NOT NULL DEFAULT '1',
  `ref_ext` varchar(255) COLLATE utf8_unicode_ci DEFAULT NULL,
  `type` smallint(6) NOT NULL DEFAULT '0',
  `fk_soc` int(11) NOT NULL,
  `datec` datetime DEFAULT NULL,
  `datef` date DEFAULT NULL,
  `tms` timestamp NOT NULL DEFAULT CURRENT_TIMESTAMP ON UPDATE CURRENT_TIMESTAMP,
  `libelle` varchar(255) COLLATE utf8_unicode_ci DEFAULT NULL,
  `paye` smallint(6) NOT NULL DEFAULT '0',
  `amount` double(24,8) NOT NULL DEFAULT '0.00000000',
  `remise` double(24,8) DEFAULT '0.00000000',
  `close_code` varchar(16) COLLATE utf8_unicode_ci DEFAULT NULL,
  `close_note` varchar(128) COLLATE utf8_unicode_ci DEFAULT NULL,
  `tva` double(24,8) DEFAULT '0.00000000',
  `localtax1` double(24,8) DEFAULT '0.00000000',
  `localtax2` double(24,8) DEFAULT '0.00000000',
  `total` double(24,8) DEFAULT '0.00000000',
  `total_ht` double(24,8) DEFAULT '0.00000000',
  `total_tva` double(24,8) DEFAULT '0.00000000',
  `total_ttc` double(24,8) DEFAULT '0.00000000',
  `fk_statut` smallint(6) NOT NULL DEFAULT '0',
  `fk_user_author` int(11) DEFAULT NULL,
  `fk_user_modif` int(11) DEFAULT NULL,
  `fk_user_valid` int(11) DEFAULT NULL,
  `fk_facture_source` int(11) DEFAULT NULL,
  `fk_projet` int(11) DEFAULT NULL,
  `fk_account` int(11) DEFAULT NULL,
  `fk_cond_reglement` int(11) DEFAULT NULL,
  `fk_mode_reglement` int(11) DEFAULT NULL,
  `date_lim_reglement` date DEFAULT NULL,
  `note_private` text COLLATE utf8_unicode_ci,
  `note_public` text COLLATE utf8_unicode_ci,
  `model_pdf` varchar(255) COLLATE utf8_unicode_ci DEFAULT NULL,
  `import_key` varchar(14) COLLATE utf8_unicode_ci DEFAULT NULL,
  `extraparams` varchar(255) COLLATE utf8_unicode_ci DEFAULT NULL,
  `fk_incoterms` int(11) DEFAULT NULL,
  `location_incoterms` varchar(255) COLLATE utf8_unicode_ci DEFAULT NULL,
  `fk_multicurrency` int(11) DEFAULT NULL,
  `multicurrency_code` varchar(255) COLLATE utf8_unicode_ci DEFAULT NULL,
  `multicurrency_tx` double(24,8) DEFAULT '1.00000000',
  `multicurrency_total_ht` double(24,8) DEFAULT '0.00000000',
  `multicurrency_total_tva` double(24,8) DEFAULT '0.00000000',
  `multicurrency_total_ttc` double(24,8) DEFAULT '0.00000000',
  `last_main_doc` varchar(255) COLLATE utf8_unicode_ci DEFAULT NULL,
  `date_pointoftax` date DEFAULT NULL,
  `date_valid` date DEFAULT NULL,
  PRIMARY KEY (`rowid`),
  UNIQUE KEY `uk_facture_fourn_ref` (`ref`,`entity`),
  UNIQUE KEY `uk_facture_fourn_ref_supplier` (`ref_supplier`,`fk_soc`,`entity`),
  KEY `idx_facture_fourn_date_lim_reglement` (`date_lim_reglement`),
  KEY `idx_facture_fourn_fk_soc` (`fk_soc`),
  KEY `idx_facture_fourn_fk_user_author` (`fk_user_author`),
  KEY `idx_facture_fourn_fk_user_valid` (`fk_user_valid`),
  KEY `idx_facture_fourn_fk_projet` (`fk_projet`),
  CONSTRAINT `fk_facture_fourn_fk_projet` FOREIGN KEY (`fk_projet`) REFERENCES `llx_projet` (`rowid`),
  CONSTRAINT `fk_facture_fourn_fk_soc` FOREIGN KEY (`fk_soc`) REFERENCES `llx_societe` (`rowid`),
  CONSTRAINT `fk_facture_fourn_fk_user_author` FOREIGN KEY (`fk_user_author`) REFERENCES `llx_user` (`rowid`),
  CONSTRAINT `fk_facture_fourn_fk_user_valid` FOREIGN KEY (`fk_user_valid`) REFERENCES `llx_user` (`rowid`)
) ENGINE=InnoDB AUTO_INCREMENT=21 DEFAULT CHARSET=utf8 COLLATE=utf8_unicode_ci;

--
-- Dumping data for table `llx_facture_fourn`
--

INSERT INTO `llx_facture_fourn` VALUES (16,'SI1601-0001','FR70813',1,NULL,0,1,'2014-12-19 15:24:11','2003-04-11','2017-02-06 04:08:22','OVH FR70813',0,0.00000000,0.00000000,NULL,NULL,0.00000000,0.00000000,0.00000000,0.00000000,829.00000000,162.48000000,991.48000000,1,1,NULL,12,NULL,NULL,NULL,1,NULL,'2003-04-11','','',NULL,NULL,NULL,NULL,NULL,NULL,NULL,1.00000000,0.00000000,0.00000000,0.00000000,NULL,NULL,NULL),(17,'SI1601-0002','FR81385',1,NULL,0,1,'2015-02-13 17:19:35','2003-06-04','2017-02-06 04:08:31','OVH FR81385',0,0.00000000,0.00000000,NULL,NULL,0.00000000,0.00000000,0.00000000,0.00000000,26.00000000,5.10000000,31.10000000,0,1,NULL,NULL,NULL,NULL,NULL,1,NULL,'2003-06-04','','','canelle',NULL,NULL,NULL,NULL,NULL,NULL,1.00000000,0.00000000,0.00000000,0.00000000,NULL,NULL,NULL),(18,'SI1601-0003','FR81385',1,NULL,0,2,'2015-02-13 17:20:25','2003-06-04','2017-02-06 04:08:35','OVH FR81385',0,0.00000000,0.00000000,NULL,NULL,0.00000000,0.00000000,0.00000000,0.00000000,26.00000000,5.10000000,31.10000000,0,1,NULL,NULL,NULL,NULL,NULL,1,NULL,'2003-06-04','','',NULL,NULL,NULL,NULL,NULL,NULL,NULL,1.00000000,0.00000000,0.00000000,0.00000000,NULL,NULL,NULL),(19,'SI1601-0004','FR813852',1,NULL,0,2,'2015-03-16 17:59:02','2015-03-16','2017-02-06 04:08:38','OVH FR81385',0,0.00000000,0.00000000,NULL,NULL,0.00000000,0.00000000,0.00000000,0.00000000,26.00000000,5.10000000,31.10000000,0,1,NULL,NULL,NULL,NULL,NULL,1,NULL,NULL,'','',NULL,NULL,NULL,NULL,NULL,NULL,NULL,1.00000000,0.00000000,0.00000000,0.00000000,NULL,NULL,NULL),(20,'SI1702-0001','INV-AE56ER08',1,NULL,0,13,'2017-02-01 19:00:31','2017-02-01','2017-02-01 15:05:28','',0,0.00000000,0.00000000,NULL,NULL,0.00000000,0.00000000,0.00000000,0.00000000,200.00000000,39.20000000,239.20000000,1,12,NULL,12,NULL,5,NULL,1,0,'2017-02-01','The customer has called us the 24th april. He agree us to not pay the remain of invoice due to default.<br />\r\nLet\'s see with our book keeper, if we must cancel invoice or ask the supplier a credit note...',NULL,'canelle',NULL,NULL,0,'',0,'EUR',1.00000000,200.00000000,39.20000000,239.20000000,NULL,NULL,NULL);

--
-- Table structure for table `llx_facture_fourn_det`
--

CREATE TABLE `llx_facture_fourn_det` (
  `rowid` int(11) NOT NULL AUTO_INCREMENT,
  `fk_facture_fourn` int(11) NOT NULL,
  `fk_parent_line` int(11) DEFAULT NULL,
  `fk_product` int(11) DEFAULT NULL,
  `ref` varchar(50) COLLATE utf8_unicode_ci DEFAULT NULL,
  `label` varchar(255) COLLATE utf8_unicode_ci DEFAULT NULL,
  `description` text COLLATE utf8_unicode_ci,
  `pu_ht` double(24,8) DEFAULT NULL,
  `pu_ttc` double(24,8) DEFAULT NULL,
  `qty` double DEFAULT NULL,
  `remise_percent` double DEFAULT '0',
  `tva_tx` double(6,3) DEFAULT NULL,
  `vat_src_code` varchar(10) COLLATE utf8_unicode_ci DEFAULT '',
  `localtax1_tx` double(6,3) DEFAULT '0.000',
  `localtax1_type` varchar(10) COLLATE utf8_unicode_ci NOT NULL DEFAULT '0',
  `localtax2_tx` double(6,3) DEFAULT '0.000',
  `localtax2_type` varchar(10) COLLATE utf8_unicode_ci NOT NULL DEFAULT '0',
  `total_ht` double(24,8) DEFAULT NULL,
  `tva` double(24,8) DEFAULT NULL,
  `total_localtax1` double(24,8) DEFAULT '0.00000000',
  `total_localtax2` double(24,8) DEFAULT '0.00000000',
  `total_ttc` double(24,8) DEFAULT NULL,
  `product_type` int(11) DEFAULT '0',
  `date_start` datetime DEFAULT NULL,
  `date_end` datetime DEFAULT NULL,
  `info_bits` int(11) NOT NULL DEFAULT '0',
  `import_key` varchar(14) COLLATE utf8_unicode_ci DEFAULT NULL,
  `fk_code_ventilation` int(11) NOT NULL DEFAULT '0',
  `special_code` int(11) DEFAULT '0',
  `rang` int(11) DEFAULT '0',
  `fk_unit` int(11) DEFAULT NULL,
  `fk_multicurrency` int(11) DEFAULT NULL,
  `multicurrency_code` varchar(255) COLLATE utf8_unicode_ci DEFAULT NULL,
  `multicurrency_subprice` double(24,8) DEFAULT '0.00000000',
  `multicurrency_total_ht` double(24,8) DEFAULT '0.00000000',
  `multicurrency_total_tva` double(24,8) DEFAULT '0.00000000',
  `multicurrency_total_ttc` double(24,8) DEFAULT '0.00000000',
  PRIMARY KEY (`rowid`),
  KEY `idx_facture_fourn_det_fk_facture` (`fk_facture_fourn`),
  KEY `fk_facture_fourn_det_fk_unit` (`fk_unit`),
  KEY `idx_facture_fourn_det_fk_code_ventilation` (`fk_code_ventilation`),
  KEY `idx_facture_fourn_det_fk_product` (`fk_product`),
  CONSTRAINT `fk_facture_fourn_det_fk_facture` FOREIGN KEY (`fk_facture_fourn`) REFERENCES `llx_facture_fourn` (`rowid`),
  CONSTRAINT `fk_facture_fourn_det_fk_unit` FOREIGN KEY (`fk_unit`) REFERENCES `llx_c_units` (`rowid`)
) ENGINE=InnoDB AUTO_INCREMENT=54 DEFAULT CHARSET=utf8 COLLATE=utf8_unicode_ci;

--
-- Dumping data for table `llx_facture_fourn_det`
--

INSERT INTO `llx_facture_fourn_det` VALUES (44,16,NULL,NULL,NULL,NULL,'<strong>ref :sd.loc.sp.512.6</strong><br>6 mois - Location de SuperPlan avec la connexion 512kbs<br>Du 11/04/2003 &agrave; 11/10/2003',414.00000000,495.14400000,1,0,19.600,'',0.000,'',0.000,'',414.00000000,81.14000000,0.00000000,0.00000000,495.14000000,0,NULL,NULL,0,NULL,0,0,0,NULL,NULL,NULL,0.00000000,0.00000000,0.00000000,0.00000000),(45,16,NULL,NULL,NULL,NULL,'<strong>ref :sd.loc.sp.512.6</strong><br>6 mois - Location de SuperPlan avec la connexion 512kbs<br>Du 11/10/2003 &agrave; 11/04/2004',414.00000000,495.14400000,1,0,19.600,'',0.000,'',0.000,'',414.00000000,81.14000000,0.00000000,0.00000000,495.14000000,0,NULL,NULL,0,NULL,0,0,0,NULL,NULL,NULL,0.00000000,0.00000000,0.00000000,0.00000000),(46,16,NULL,NULL,NULL,NULL,'<strong>ref :sd.installation.annuel</strong><br>Frais de mise en service d\'un serveur dédié pour un paiement annuel<br>',1.00000000,1.19600000,1,0,19.600,'',0.000,'',0.000,'',1.00000000,0.20000000,0.00000000,0.00000000,1.20000000,0,NULL,NULL,0,NULL,0,0,0,NULL,NULL,NULL,0.00000000,0.00000000,0.00000000,0.00000000),(47,17,NULL,NULL,NULL,NULL,'<strong>ref :bk.full250.creation</strong><br>Création du compte backup ftp 250Mo.<br>',1.00000000,1.19600000,1,0,19.600,'',0.000,'',0.000,'',1.00000000,0.20000000,0.00000000,0.00000000,1.20000000,0,NULL,NULL,0,NULL,0,0,0,NULL,NULL,NULL,0.00000000,0.00000000,0.00000000,0.00000000),(48,17,NULL,NULL,NULL,NULL,'<strong>ref :bk.full250.12</strong><br>Redevance pour un backup de 250Mo sur 12 mois<br>',25.00000000,29.90000000,1,0,19.600,'',0.000,'',0.000,'',25.00000000,4.90000000,0.00000000,0.00000000,29.90000000,0,NULL,NULL,0,NULL,0,0,0,NULL,NULL,NULL,0.00000000,0.00000000,0.00000000,0.00000000),(49,18,NULL,NULL,NULL,NULL,'<strong>ref :bk.full250.creation</strong><br>Création du compte backup ftp 250Mo.<br>',1.00000000,1.19600000,1,0,19.600,'',0.000,'',0.000,'',1.00000000,0.20000000,0.00000000,0.00000000,1.20000000,0,NULL,NULL,0,NULL,0,0,0,NULL,NULL,NULL,0.00000000,0.00000000,0.00000000,0.00000000),(50,18,NULL,NULL,NULL,NULL,'<strong>ref :bk.full250.12</strong><br>Redevance pour un backup de 250Mo sur 12 mois<br>',25.00000000,29.90000000,1,0,19.600,'',0.000,'',0.000,'',25.00000000,4.90000000,0.00000000,0.00000000,29.90000000,0,NULL,NULL,0,NULL,0,0,0,NULL,NULL,NULL,0.00000000,0.00000000,0.00000000,0.00000000),(51,19,NULL,NULL,NULL,NULL,'<strong>ref :bk.full250.creation</strong><br>Création du compte backup ftp 250Mo.<br>',1.00000000,1.19600000,1,0,19.600,'',0.000,'0',0.000,'0',1.00000000,0.20000000,0.00000000,0.00000000,1.20000000,0,NULL,NULL,0,NULL,0,0,0,NULL,NULL,NULL,0.00000000,0.00000000,0.00000000,0.00000000),(52,19,NULL,NULL,NULL,NULL,'<strong>ref :bk.full250.12</strong><br>Redevance pour un backup de 250Mo sur 12 mois<br>',25.00000000,29.90000000,1,0,19.600,'',0.000,'0',0.000,'0',25.00000000,4.90000000,0.00000000,0.00000000,29.90000000,0,NULL,NULL,0,NULL,0,0,0,NULL,NULL,NULL,0.00000000,0.00000000,0.00000000,0.00000000),(53,20,NULL,NULL,NULL,NULL,'Chips',20.00000000,23.92000000,10,0,19.600,'',0.000,'0',0.000,'0',200.00000000,39.20000000,0.00000000,0.00000000,239.20000000,0,NULL,NULL,0,NULL,0,0,0,NULL,0,'EUR',20.00000000,200.00000000,39.20000000,239.20000000);

--
-- Table structure for table `llx_facture_fourn_det_extrafields`
--

CREATE TABLE `llx_facture_fourn_det_extrafields` (
  `rowid` int(11) NOT NULL AUTO_INCREMENT,
  `tms` timestamp NOT NULL DEFAULT CURRENT_TIMESTAMP ON UPDATE CURRENT_TIMESTAMP,
  `fk_object` int(11) NOT NULL,
  `import_key` varchar(14) COLLATE utf8_unicode_ci DEFAULT NULL,
  PRIMARY KEY (`rowid`),
  KEY `idx_facture_fourn_det_extrafields` (`fk_object`)
) ENGINE=InnoDB DEFAULT CHARSET=utf8 COLLATE=utf8_unicode_ci;

--
-- Dumping data for table `llx_facture_fourn_det_extrafields`
--


--
-- Table structure for table `llx_facture_fourn_extrafields`
--

CREATE TABLE `llx_facture_fourn_extrafields` (
  `rowid` int(11) NOT NULL AUTO_INCREMENT,
  `tms` timestamp NOT NULL DEFAULT CURRENT_TIMESTAMP ON UPDATE CURRENT_TIMESTAMP,
  `fk_object` int(11) NOT NULL,
  `import_key` varchar(14) COLLATE utf8_unicode_ci DEFAULT NULL,
  PRIMARY KEY (`rowid`),
  KEY `idx_facture_fourn_extrafields` (`fk_object`)
) ENGINE=InnoDB DEFAULT CHARSET=utf8 COLLATE=utf8_unicode_ci;

--
-- Dumping data for table `llx_facture_fourn_extrafields`
--


--
-- Table structure for table `llx_facture_rec`
--

CREATE TABLE `llx_facture_rec` (
  `rowid` int(11) NOT NULL AUTO_INCREMENT,
  `titre` varchar(100) COLLATE utf8_unicode_ci DEFAULT NULL,
  `entity` int(11) NOT NULL DEFAULT '1',
  `fk_soc` int(11) NOT NULL,
  `datec` datetime DEFAULT NULL,
  `amount` double(24,8) NOT NULL DEFAULT '0.00000000',
  `remise` double DEFAULT '0',
  `remise_percent` double DEFAULT '0',
  `remise_absolue` double DEFAULT '0',
  `tva` double(24,8) DEFAULT '0.00000000',
  `localtax1` double(24,8) DEFAULT '0.00000000',
  `localtax2` double(24,8) DEFAULT '0.00000000',
  `total` double(24,8) DEFAULT '0.00000000',
  `total_ttc` double(24,8) DEFAULT '0.00000000',
  `fk_user_author` int(11) DEFAULT NULL,
  `fk_projet` int(11) DEFAULT NULL,
  `fk_cond_reglement` int(11) DEFAULT '0',
  `fk_mode_reglement` int(11) DEFAULT '0',
  `date_lim_reglement` date DEFAULT NULL,
  `note_private` text COLLATE utf8_unicode_ci,
  `note_public` text COLLATE utf8_unicode_ci,
  `modelpdf` varchar(255) COLLATE utf8_unicode_ci DEFAULT NULL,
  `last_gen` varchar(7) COLLATE utf8_unicode_ci DEFAULT NULL,
  `unit_frequency` varchar(2) COLLATE utf8_unicode_ci DEFAULT 'd',
  `date_when` datetime DEFAULT NULL,
  `date_last_gen` datetime DEFAULT NULL,
  `nb_gen_done` int(11) DEFAULT NULL,
  `nb_gen_max` int(11) DEFAULT NULL,
  `frequency` int(11) DEFAULT NULL,
  `usenewprice` int(11) DEFAULT '0',
  `revenuestamp` double(24,8) DEFAULT '0.00000000',
  `auto_validate` int(11) DEFAULT '0',
  `generate_pdf` int(11) DEFAULT '1',
  `fk_account` int(11) DEFAULT '0',
  `fk_multicurrency` int(11) DEFAULT NULL,
  `multicurrency_code` varchar(255) COLLATE utf8_unicode_ci DEFAULT NULL,
  `multicurrency_tx` double(24,8) DEFAULT '1.00000000',
  `multicurrency_total_ht` double(24,8) DEFAULT '0.00000000',
  `multicurrency_total_tva` double(24,8) DEFAULT '0.00000000',
  `multicurrency_total_ttc` double(24,8) DEFAULT '0.00000000',
  `fk_user_modif` int(11) DEFAULT NULL,
  `tms` timestamp NOT NULL DEFAULT CURRENT_TIMESTAMP ON UPDATE CURRENT_TIMESTAMP,
  `vat_src_code` varchar(10) COLLATE utf8_unicode_ci DEFAULT '',
  `suspended` int(11) DEFAULT '0',
  PRIMARY KEY (`rowid`),
  UNIQUE KEY `idx_facture_rec_uk_titre` (`titre`,`entity`),
  KEY `idx_facture_rec_fk_soc` (`fk_soc`),
  KEY `idx_facture_rec_fk_user_author` (`fk_user_author`),
  KEY `idx_facture_rec_fk_projet` (`fk_projet`),
  CONSTRAINT `fk_facture_rec_fk_projet` FOREIGN KEY (`fk_projet`) REFERENCES `llx_projet` (`rowid`),
  CONSTRAINT `fk_facture_rec_fk_soc` FOREIGN KEY (`fk_soc`) REFERENCES `llx_societe` (`rowid`),
  CONSTRAINT `fk_facture_rec_fk_user_author` FOREIGN KEY (`fk_user_author`) REFERENCES `llx_user` (`rowid`)
) ENGINE=InnoDB AUTO_INCREMENT=3 DEFAULT CHARSET=utf8 COLLATE=utf8_unicode_ci;

--
-- Dumping data for table `llx_facture_rec`
--

INSERT INTO `llx_facture_rec` VALUES (1,'fsdfsfsfsf',1,10,'2017-02-07 03:47:00',0.00000000,0,0,0,0.00000000,0.00000000,0.00000000,10.00000000,10.00000000,12,NULL,1,0,NULL,NULL,NULL,NULL,NULL,'m',NULL,NULL,0,0,0,0,0.00000000,0,1,3,NULL,NULL,1.00000000,10.00000000,0.00000000,10.00000000,NULL,'2017-02-07 02:47:00','',0),(2,'fffff',1,10,'2017-02-07 03:47:58',0.00000000,0,0,0,0.00000000,0.00000000,0.00000000,5.00000000,5.00000000,12,6,1,2,NULL,NULL,NULL,NULL,NULL,'m',NULL,NULL,0,0,0,0,0.00000000,0,1,4,NULL,NULL,1.00000000,5.00000000,0.00000000,5.00000000,NULL,'2017-02-07 02:47:58','',0);

--
-- Table structure for table `llx_facture_rec_extrafields`
--

CREATE TABLE `llx_facture_rec_extrafields` (
  `rowid` int(11) NOT NULL AUTO_INCREMENT,
  `tms` timestamp NOT NULL DEFAULT CURRENT_TIMESTAMP ON UPDATE CURRENT_TIMESTAMP,
  `fk_object` int(11) NOT NULL,
  `import_key` varchar(14) COLLATE utf8_unicode_ci DEFAULT NULL,
  PRIMARY KEY (`rowid`),
  KEY `idx_facture_rec_extrafields` (`fk_object`)
) ENGINE=InnoDB DEFAULT CHARSET=utf8 COLLATE=utf8_unicode_ci;

--
-- Dumping data for table `llx_facture_rec_extrafields`
--


--
-- Table structure for table `llx_facturedet`
--

CREATE TABLE `llx_facturedet` (
  `rowid` int(11) NOT NULL AUTO_INCREMENT,
  `fk_facture` int(11) NOT NULL,
  `fk_parent_line` int(11) DEFAULT NULL,
  `fk_product` int(11) DEFAULT NULL,
  `label` varchar(255) COLLATE utf8_unicode_ci DEFAULT NULL,
  `description` text COLLATE utf8_unicode_ci,
  `tva_tx` double(6,3) DEFAULT NULL,
  `vat_src_code` varchar(10) COLLATE utf8_unicode_ci DEFAULT '',
  `localtax1_tx` double(6,3) DEFAULT '0.000',
  `localtax1_type` varchar(10) COLLATE utf8_unicode_ci NOT NULL DEFAULT '0',
  `localtax2_tx` double(6,3) DEFAULT '0.000',
  `localtax2_type` varchar(10) COLLATE utf8_unicode_ci NOT NULL DEFAULT '0',
  `qty` double DEFAULT NULL,
  `remise_percent` double DEFAULT '0',
  `remise` double DEFAULT '0',
  `fk_remise_except` int(11) DEFAULT NULL,
  `subprice` double(24,8) DEFAULT NULL,
  `price` double(24,8) DEFAULT NULL,
  `total_ht` double(24,8) DEFAULT NULL,
  `total_tva` double(24,8) DEFAULT NULL,
  `total_localtax1` double(24,8) DEFAULT '0.00000000',
  `total_localtax2` double(24,8) DEFAULT '0.00000000',
  `total_ttc` double(24,8) DEFAULT NULL,
  `product_type` int(11) DEFAULT '0',
  `date_start` datetime DEFAULT NULL,
  `date_end` datetime DEFAULT NULL,
  `info_bits` int(11) DEFAULT '0',
  `fk_product_fournisseur_price` int(11) DEFAULT NULL,
  `buy_price_ht` double(24,8) DEFAULT '0.00000000',
  `fk_code_ventilation` int(11) NOT NULL DEFAULT '0',
  `special_code` int(10) unsigned DEFAULT '0',
  `rang` int(11) DEFAULT '0',
  `fk_contract_line` int(11) DEFAULT NULL,
  `import_key` varchar(14) COLLATE utf8_unicode_ci DEFAULT NULL,
  `situation_percent` double DEFAULT NULL,
  `fk_prev_id` int(11) DEFAULT NULL,
  `fk_unit` int(11) DEFAULT NULL,
  `fk_user_modif` int(11) DEFAULT NULL,
  `fk_user_author` int(11) DEFAULT NULL,
  `fk_multicurrency` int(11) DEFAULT NULL,
  `multicurrency_code` varchar(255) COLLATE utf8_unicode_ci DEFAULT NULL,
  `multicurrency_subprice` double(24,8) DEFAULT '0.00000000',
  `multicurrency_total_ht` double(24,8) DEFAULT '0.00000000',
  `multicurrency_total_tva` double(24,8) DEFAULT '0.00000000',
  `multicurrency_total_ttc` double(24,8) DEFAULT '0.00000000',
  PRIMARY KEY (`rowid`),
  UNIQUE KEY `uk_fk_remise_except` (`fk_remise_except`,`fk_facture`),
  KEY `idx_facturedet_fk_facture` (`fk_facture`),
  KEY `idx_facturedet_fk_product` (`fk_product`),
  KEY `fk_facturedet_fk_unit` (`fk_unit`),
  KEY `idx_facturedet_fk_code_ventilation` (`fk_code_ventilation`),
  CONSTRAINT `fk_facturedet_fk_facture` FOREIGN KEY (`fk_facture`) REFERENCES `llx_facture` (`rowid`),
  CONSTRAINT `fk_facturedet_fk_unit` FOREIGN KEY (`fk_unit`) REFERENCES `llx_c_units` (`rowid`)
) ENGINE=InnoDB AUTO_INCREMENT=1031 DEFAULT CHARSET=utf8 COLLATE=utf8_unicode_ci;

--
-- Dumping data for table `llx_facturedet`
--

INSERT INTO `llx_facturedet` VALUES (3,2,NULL,3,NULL,'Service S1',0.000,'',0.000,'',0.000,'',1,10,4,NULL,40.00000000,36.00000000,36.00000000,0.00000000,0.00000000,0.00000000,36.00000000,1,'2012-07-10 00:00:00',NULL,0,NULL,0.00000000,0,0,2,NULL,NULL,NULL,NULL,NULL,NULL,NULL,NULL,NULL,0.00000000,0.00000000,0.00000000,0.00000000),(4,2,NULL,NULL,NULL,'Abonnement annuel assurance',1.000,'',0.000,'',0.000,'',1,0,0,NULL,10.00000000,10.00000000,10.00000000,0.10000000,0.00000000,0.00000000,10.10000000,0,'2012-07-10 00:00:00','2013-07-10 00:00:00',0,NULL,0.00000000,0,0,3,NULL,NULL,NULL,NULL,NULL,NULL,NULL,NULL,NULL,0.00000000,0.00000000,0.00000000,0.00000000),(11,3,NULL,4,NULL,'afsdfsdfsdfsdf',0.000,'',0.000,'',0.000,'',1,0,0,NULL,5.00000000,5.00000000,5.00000000,0.00000000,0.00000000,0.00000000,5.00000000,0,NULL,NULL,0,NULL,0.00000000,0,0,0,NULL,NULL,NULL,NULL,NULL,NULL,NULL,NULL,NULL,0.00000000,0.00000000,0.00000000,0.00000000),(12,3,NULL,NULL,NULL,'dfdfd',0.000,'',0.000,'',0.000,'',1,0,0,NULL,10.00000000,10.00000000,10.00000000,0.00000000,0.00000000,0.00000000,10.00000000,0,NULL,NULL,0,NULL,0.00000000,0,0,2,NULL,NULL,NULL,NULL,NULL,NULL,NULL,NULL,NULL,0.00000000,0.00000000,0.00000000,0.00000000),(13,5,NULL,4,NULL,'Decapsuleur',12.500,'',0.000,'',0.000,'',1,0,0,NULL,5.00000000,5.00000000,5.00000000,0.63000000,0.00000000,0.00000000,5.63000000,0,NULL,NULL,0,NULL,0.00000000,0,0,0,NULL,NULL,NULL,NULL,NULL,NULL,NULL,NULL,NULL,0.00000000,0.00000000,0.00000000,0.00000000),(14,6,NULL,4,NULL,'Decapsuleur',19.600,'',0.000,'',0.000,'',1,0,0,NULL,5.00000000,5.00000000,5.00000000,0.98000000,0.00000000,0.00000000,5.98000000,0,NULL,NULL,0,NULL,0.00000000,0,0,0,NULL,NULL,NULL,NULL,NULL,NULL,NULL,NULL,NULL,0.00000000,0.00000000,0.00000000,0.00000000),(21,8,NULL,NULL,NULL,'dddd',0.000,'',0.000,'',0.000,'',1,0,0,NULL,10.00000000,10.00000000,10.00000000,0.00000000,0.00000000,0.00000000,10.00000000,0,NULL,NULL,0,NULL,0.00000000,0,0,1,NULL,NULL,NULL,NULL,NULL,NULL,NULL,NULL,NULL,0.00000000,0.00000000,0.00000000,0.00000000),(22,9,NULL,NULL,NULL,'ggg',19.600,'',0.000,'',0.000,'',1,0,0,NULL,10.00000000,10.00000000,10.00000000,1.96000000,0.00000000,0.00000000,11.96000000,0,NULL,NULL,0,NULL,0.00000000,0,0,1,NULL,NULL,NULL,NULL,NULL,NULL,NULL,NULL,NULL,0.00000000,0.00000000,0.00000000,0.00000000),(23,10,NULL,4,NULL,'',12.500,'',0.000,'',0.000,'',1,0,0,NULL,-5.00000000,NULL,-5.00000000,-0.63000000,0.00000000,0.00000000,-5.63000000,0,NULL,NULL,0,NULL,12.00000000,0,0,1,NULL,NULL,NULL,NULL,NULL,NULL,NULL,NULL,NULL,0.00000000,0.00000000,0.00000000,0.00000000),(24,10,NULL,1,NULL,'A beatifull pink dress\r\nlkm',0.000,'',0.000,'',0.000,'',1,0,0,NULL,-6.00000000,NULL,-6.00000000,0.00000000,0.00000000,0.00000000,-6.00000000,0,NULL,NULL,0,0,0.00000000,0,0,2,NULL,NULL,NULL,NULL,NULL,NULL,NULL,NULL,NULL,0.00000000,0.00000000,0.00000000,0.00000000),(26,12,NULL,1,NULL,'A beatifull pink dress\r\nhfghf',0.000,'',0.000,'',0.000,'',1,0,0,NULL,-5.00000000,NULL,-5.00000000,0.00000000,0.00000000,0.00000000,-5.00000000,0,NULL,NULL,0,0,0.00000000,0,0,1,NULL,NULL,NULL,NULL,NULL,NULL,NULL,NULL,NULL,0.00000000,0.00000000,0.00000000,0.00000000),(27,13,NULL,NULL,NULL,'gdfgdf',19.600,'',0.000,'',0.000,'',1.4,0,0,NULL,10.00000000,NULL,14.00000000,2.74000000,0.00000000,0.00000000,16.74000000,0,NULL,NULL,0,NULL,0.00000000,0,0,1,NULL,NULL,NULL,NULL,NULL,NULL,NULL,NULL,NULL,0.00000000,0.00000000,0.00000000,0.00000000),(137,33,NULL,NULL,NULL,'Desc',10.000,'',0.000,'',0.000,'',1,0,0,NULL,1.24000000,NULL,1.24000000,0.12000000,0.00000000,0.00000000,1.36000000,0,NULL,NULL,0,NULL,0.00000000,0,0,1,NULL,NULL,NULL,NULL,NULL,NULL,NULL,NULL,NULL,0.00000000,0.00000000,0.00000000,0.00000000),(138,33,NULL,NULL,NULL,'Desc',10.000,'',0.000,'',0.000,'',1,0,0,NULL,1.24000000,NULL,1.24000000,0.12000000,0.00000000,0.00000000,1.36000000,0,NULL,NULL,0,NULL,0.00000000,0,0,2,NULL,NULL,NULL,NULL,NULL,NULL,NULL,NULL,NULL,0.00000000,0.00000000,0.00000000,0.00000000),(256,55,NULL,NULL,NULL,'Desc',10.000,'',0.000,'',0.000,'',1,0,0,NULL,1.24000000,NULL,1.24000000,0.12000000,0.00000000,0.00000000,1.36000000,0,NULL,NULL,0,NULL,0.00000000,0,0,1,NULL,NULL,NULL,NULL,NULL,NULL,NULL,NULL,NULL,0.00000000,0.00000000,0.00000000,0.00000000),(257,55,NULL,NULL,NULL,'Desc',10.000,'',0.000,'',0.000,'',1,0,0,NULL,1.24000000,NULL,1.24000000,0.12000000,0.00000000,0.00000000,1.36000000,0,NULL,NULL,0,NULL,0.00000000,0,0,2,NULL,NULL,NULL,NULL,NULL,NULL,NULL,NULL,NULL,0.00000000,0.00000000,0.00000000,0.00000000),(753,13,NULL,2,NULL,'(Pays d\'origine: Albanie)',0.000,'',0.000,'',0.000,'',1,0,0,NULL,0.00000000,NULL,0.00000000,0.00000000,0.00000000,0.00000000,0.00000000,0,NULL,NULL,0,0,0.00000000,0,0,2,NULL,NULL,NULL,NULL,NULL,NULL,NULL,NULL,NULL,0.00000000,0.00000000,0.00000000,0.00000000),(754,148,NULL,11,NULL,'hfghf',0.000,'',0.000,'',0.000,'',1,0,0,NULL,0.00000000,NULL,0.00000000,0.00000000,0.00000000,0.00000000,0.00000000,0,NULL,NULL,0,NULL,0.00000000,0,0,1,NULL,NULL,NULL,NULL,NULL,NULL,NULL,NULL,NULL,0.00000000,0.00000000,0.00000000,0.00000000),(755,148,NULL,4,NULL,'Decapsuleur',12.500,'',0.000,'',0.000,'',1,0,0,NULL,5.00000000,NULL,5.00000000,0.63000000,0.00000000,0.00000000,5.63000000,0,NULL,NULL,0,NULL,0.00000000,0,0,2,NULL,NULL,NULL,NULL,NULL,NULL,NULL,NULL,NULL,0.00000000,0.00000000,0.00000000,0.00000000),(757,150,NULL,2,NULL,'Product P1',12.500,'',0.000,'',0.000,'',1,0,0,NULL,0.00000000,NULL,0.00000000,0.00000000,0.00000000,0.00000000,0.00000000,0,NULL,NULL,0,NULL,0.00000000,0,0,1,NULL,NULL,NULL,NULL,NULL,NULL,NULL,NULL,NULL,0.00000000,0.00000000,0.00000000,0.00000000),(758,151,NULL,2,NULL,'Product P1',12.500,'',0.000,'',0.000,'',1,0,0,NULL,0.00000000,NULL,0.00000000,0.00000000,0.00000000,0.00000000,0.00000000,0,NULL,NULL,0,NULL,0.00000000,0,0,1,NULL,NULL,NULL,NULL,NULL,NULL,NULL,NULL,NULL,0.00000000,0.00000000,0.00000000,0.00000000),(768,32,NULL,NULL,NULL,'mlml',18.000,'',0.000,'',0.000,'',1,0,0,NULL,100.00000000,NULL,100.00000000,18.00000000,0.00000000,0.00000000,118.00000000,0,NULL,NULL,0,NULL,46.00000000,0,0,3,NULL,NULL,NULL,NULL,NULL,NULL,NULL,NULL,NULL,0.00000000,0.00000000,0.00000000,0.00000000),(769,32,NULL,NULL,NULL,'mlkml',18.000,'',0.000,'',0.000,'',1,0,0,NULL,400.00000000,NULL,400.00000000,72.00000000,0.00000000,0.00000000,472.00000000,0,NULL,NULL,0,NULL,300.00000000,0,0,4,NULL,NULL,NULL,NULL,NULL,NULL,NULL,NULL,NULL,0.00000000,0.00000000,0.00000000,0.00000000),(772,160,NULL,NULL,NULL,'Adhésion/cotisation 2015',12.500,'',0.000,'',0.000,'',1,0,0,NULL,8.88889000,NULL,8.89000000,1.11000000,0.00000000,0.00000000,10.00000000,1,'2017-07-18 00:00:00','2018-07-17 00:00:00',0,NULL,0.00000000,0,0,1,NULL,NULL,NULL,NULL,NULL,NULL,NULL,NULL,NULL,0.00000000,0.00000000,0.00000000,0.00000000),(776,32,NULL,NULL,NULL,'fsdfsdfds',0.000,'',0.000,'0',0.000,'0',1,0,0,NULL,10.00000000,NULL,10.00000000,0.00000000,0.00000000,0.00000000,10.00000000,0,NULL,NULL,0,NULL,0.00000000,0,0,5,NULL,NULL,NULL,NULL,NULL,NULL,NULL,NULL,NULL,0.00000000,0.00000000,0.00000000,0.00000000),(777,32,NULL,NULL,NULL,'fsdfsdfds',0.000,'',0.000,'0',0.000,'0',1,0,0,NULL,10.00000000,NULL,10.00000000,0.00000000,0.00000000,0.00000000,10.00000000,0,NULL,NULL,0,NULL,0.00000000,0,0,6,NULL,NULL,NULL,NULL,NULL,NULL,NULL,NULL,NULL,0.00000000,0.00000000,0.00000000,0.00000000),(779,32,NULL,NULL,NULL,'fsdfds',0.000,'',0.000,'0',0.000,'0',0,0,0,NULL,0.00000000,NULL,0.00000000,0.00000000,0.00000000,0.00000000,0.00000000,9,NULL,NULL,0,0,0.00000000,0,0,2,NULL,NULL,NULL,NULL,NULL,NULL,NULL,NULL,NULL,0.00000000,0.00000000,0.00000000,0.00000000),(780,32,NULL,NULL,NULL,'ffsdf',0.000,'',0.000,'0',0.000,'0',0,0,0,NULL,0.00000000,NULL,0.00000000,0.00000000,0.00000000,0.00000000,0.00000000,9,NULL,NULL,0,NULL,0.00000000,0,1790,1,NULL,NULL,NULL,NULL,NULL,NULL,NULL,NULL,NULL,0.00000000,0.00000000,0.00000000,0.00000000),(1022,210,NULL,NULL,NULL,'Adhésion/cotisation 2011',0.000,'',0.000,'0',0.000,'0',1,0,0,NULL,10.00000000,NULL,10.00000000,0.00000000,0.00000000,0.00000000,10.00000000,1,'2013-07-10 00:00:00','2014-07-09 00:00:00',0,NULL,0.00000000,0,0,1,NULL,NULL,NULL,NULL,NULL,NULL,NULL,NULL,NULL,0.00000000,0.00000000,0.00000000,0.00000000),(1023,211,NULL,NULL,NULL,'Samsung Android x4',0.000,'',0.000,'0',0.000,'0',1,0,0,NULL,250.00000000,NULL,250.00000000,0.00000000,0.00000000,0.00000000,250.00000000,0,NULL,NULL,0,NULL,200.00000000,0,0,1,NULL,NULL,NULL,NULL,NULL,NULL,NULL,NULL,NULL,0.00000000,0.00000000,0.00000000,0.00000000),(1024,211,NULL,1,NULL,'A beatifull pink dress\r\nSize XXL',19.600,'',0.000,'0',0.000,'0',1,10,0,NULL,100.00000000,NULL,90.00000000,17.64000000,0.00000000,0.00000000,107.64000000,0,NULL,NULL,0,NULL,90.00000000,0,0,2,NULL,NULL,NULL,NULL,NULL,NULL,NULL,NULL,NULL,0.00000000,0.00000000,0.00000000,0.00000000),(1026,213,NULL,1,NULL,'A beatifull pink dress',0.000,'',0.000,'0',0.000,'0',10,0,0,NULL,-100.00000000,NULL,-1000.00000000,0.00000000,0.00000000,0.00000000,-1000.00000000,0,NULL,NULL,0,NULL,0.00000000,0,0,1,NULL,NULL,NULL,NULL,NULL,NULL,NULL,NULL,NULL,0.00000000,0.00000000,0.00000000,0.00000000),(1028,149,NULL,NULL,NULL,'opoo',0.000,'CGST+SGST',9.000,'1',9.000,'1',1,0,0,NULL,10.00000000,NULL,10.00000000,0.00000000,0.90000000,0.90000000,11.80000000,0,NULL,NULL,0,NULL,0.00000000,0,0,2,NULL,NULL,100,NULL,NULL,12,12,0,'',10.00000000,10.00000000,0.00000000,11.80000000),(1029,149,NULL,NULL,NULL,'gdgd',18.000,'IGST',0.000,'0',0.000,'0',1,0,0,NULL,10.00000000,NULL,10.00000000,1.80000000,0.00000000,0.00000000,11.80000000,0,NULL,NULL,0,NULL,0.00000000,0,0,3,NULL,NULL,100,NULL,NULL,12,12,0,'',10.00000000,10.00000000,1.80000000,11.80000000),(1030,217,NULL,NULL,NULL,'gfdgdf',0.000,'',0.000,'0',0.000,'0',1,0,0,NULL,10.00000000,NULL,10.00000000,0.00000000,0.00000000,0.00000000,10.00000000,0,NULL,NULL,0,NULL,0.00000000,0,0,0,NULL,NULL,100,NULL,NULL,12,12,1,'EUR',10.00000000,10.00000000,0.00000000,10.00000000);

--
