-- Table structure for table `llx_c_holiday_types`
--

CREATE TABLE `llx_c_holiday_types` (
  `rowid` int(11) NOT NULL AUTO_INCREMENT,
  `code` varchar(16) COLLATE utf8_unicode_ci NOT NULL,
  `label` varchar(255) COLLATE utf8_unicode_ci NOT NULL,
  `affect` int(11) NOT NULL,
  `delay` int(11) NOT NULL,
  `newByMonth` double(8,5) NOT NULL DEFAULT '0.00000',
  `fk_country` int(11) DEFAULT NULL,
  `active` int(11) DEFAULT '1',
  PRIMARY KEY (`rowid`),
  UNIQUE KEY `uk_c_holiday_types` (`code`)
) ENGINE=InnoDB AUTO_INCREMENT=6 DEFAULT CHARSET=utf8 COLLATE=utf8_unicode_ci;

--
-- Dumping data for table `llx_c_holiday_types`
--

INSERT INTO `llx_c_holiday_types` VALUES (1,'LEAVE_SICK','Sick leave',0,0,0.00000,NULL,1),(2,'LEAVE_OTHER','Other leave',0,0,0.00000,NULL,1),(3,'LEAVE_PAID','Paid vacation',1,7,0.00000,NULL,1),(4,'LEAVE_RTT_FR','RTT',1,7,0.83000,1,0),(5,'LEAVE_PAID_FR','Paid vacation',1,30,2.08334,1,0);

--
-- Table structure for table `llx_c_hrm_department`
--

CREATE TABLE `llx_c_hrm_department` (
  `rowid` int(11) NOT NULL,
  `pos` tinyint(4) NOT NULL DEFAULT '0',
  `code` varchar(16) COLLATE utf8_unicode_ci NOT NULL,
  `label` varchar(50) COLLATE utf8_unicode_ci DEFAULT NULL,
  `active` tinyint(4) NOT NULL DEFAULT '1',
  PRIMARY KEY (`rowid`)
) ENGINE=InnoDB DEFAULT CHARSET=utf8 COLLATE=utf8_unicode_ci;

--
-- Dumping data for table `llx_c_hrm_department`
--

INSERT INTO `llx_c_hrm_department` VALUES (1,5,'MANAGEMENT','Management',1),(2,10,'GESTION','Gestion',1),(3,15,'TRAINING','Training',1),(4,20,'IT','Inform. Technology (IT)',1),(5,25,'MARKETING','Marketing',1),(6,30,'SALES','Sales',1),(7,35,'LEGAL','Legal',1),(8,40,'FINANCIAL','Financial accounting',1),(9,45,'HUMANRES','Human resources',1),(10,50,'PURCHASING','Purchasing',1),(11,55,'SERVICES','Services',1),(12,60,'CUSTOMSERV','Customer service',1),(13,65,'CONSULTING','Consulting',1),(14,70,'LOGISTIC','Logistics',1),(15,75,'CONSTRUCT','Engineering/design',1),(16,80,'PRODUCTION','Manufacturing',1),(17,85,'QUALITY','Quality assurance',1),(18,85,'MAINT','Plant assurance',1);

--
-- Table structure for table `llx_c_hrm_function`
--

CREATE TABLE `llx_c_hrm_function` (
  `rowid` int(11) NOT NULL,
  `pos` tinyint(4) NOT NULL DEFAULT '0',
  `code` varchar(16) COLLATE utf8_unicode_ci NOT NULL,
  `label` varchar(50) COLLATE utf8_unicode_ci DEFAULT NULL,
  `c_level` tinyint(4) NOT NULL DEFAULT '0',
  `active` tinyint(4) NOT NULL DEFAULT '1',
  PRIMARY KEY (`rowid`)
) ENGINE=InnoDB DEFAULT CHARSET=utf8 COLLATE=utf8_unicode_ci;

--
-- Dumping data for table `llx_c_hrm_function`
--

INSERT INTO `llx_c_hrm_function` VALUES (1,5,'EXECBOARD','Executive board',0,1),(2,10,'MANAGDIR','Managing director',1,1),(3,15,'ACCOUNTMANAG','Account manager',0,1),(4,20,'ENGAGDIR','Engagement director',1,1),(5,25,'DIRECTOR','Director',1,1),(6,30,'PROJMANAG','Project manager',0,1),(7,35,'DEPHEAD','Department head',0,1),(8,40,'SECRETAR','Secretary',0,1),(9,45,'EMPLOYEE','Department employee',0,1);

--
-- Table structure for table `llx_c_incoterms`
--

CREATE TABLE `llx_c_incoterms` (
  `rowid` int(11) NOT NULL AUTO_INCREMENT,
  `code` varchar(3) COLLATE utf8_unicode_ci NOT NULL,
  `libelle` varchar(255) COLLATE utf8_unicode_ci NOT NULL,
  `active` tinyint(4) NOT NULL DEFAULT '1',
  PRIMARY KEY (`rowid`),
  UNIQUE KEY `uk_c_incoterms` (`code`)
) ENGINE=InnoDB AUTO_INCREMENT=12 DEFAULT CHARSET=utf8 COLLATE=utf8_unicode_ci;

--
-- Dumping data for table `llx_c_incoterms`
--

INSERT INTO `llx_c_incoterms` VALUES (1,'EXW','Ex Works, au départ non chargé, non dédouané sortie d\'usine (uniquement adapté aux flux domestiques, nationaux)',1),(2,'FCA','Free Carrier, marchandises dédouanées et chargées dans le pays de départ, chez le vendeur ou chez le commissionnaire de transport de l\'acheteur',1),(3,'FAS','Free Alongside Ship, sur le quai du port de départ',1),(4,'FOB','Free On Board, chargé sur le bateau, les frais de chargement dans celui-ci étant fonction du liner term indiqué par la compagnie maritime (à la charge du vendeur)',1),(5,'CFR','Cost and Freight, chargé dans le bateau, livraison au port de départ, frais payés jusqu\'au port d\'arrivée, sans assurance pour le transport, non déchargé du navire à destination (les frais de déchargement sont inclus ou non au port d\'arrivée)',1),(6,'CIF','Cost, Insurance and Freight, chargé sur le bateau, frais jusqu\'au port d\'arrivée, avec l\'assurance marchandise transportée souscrite par le vendeur pour le compte de l\'acheteur',1),(7,'CPT','Carriage Paid To, livraison au premier transporteur, frais jusqu\'au déchargement du mode de transport, sans assurance pour le transport',1),(8,'CIP','Carriage and Insurance Paid to, idem CPT, avec assurance marchandise transportée souscrite par le vendeur pour le compte de l\'acheteur',1),(9,'DAT','Delivered At Terminal, marchandises (déchargées) livrées sur quai, dans un terminal maritime, fluvial, aérien, routier ou ferroviaire désigné (dédouanement import, et post-acheminement payés par l\'acheteur)',1),(10,'DAP','Delivered At Place, marchandises (non déchargées) mises à disposition de l\'acheteur dans le pays d\'importation au lieu précisé dans le contrat (déchargement, dédouanement import payé par l\'acheteur)',1),(11,'DDP','Delivered Duty Paid, marchandises (non déchargées) livrées à destination finale, dédouanement import et taxes à la charge du vendeur ; l\'acheteur prend en charge uniquement le déchargement (si exclusion des taxes type TVA, le préciser clairement)',1);

--
-- Table structure for table `llx_c_input_method`
--

CREATE TABLE `llx_c_input_method` (
  `rowid` int(11) NOT NULL AUTO_INCREMENT,
  `code` varchar(30) COLLATE utf8_unicode_ci DEFAULT NULL,
  `libelle` varchar(60) COLLATE utf8_unicode_ci DEFAULT NULL,
  `active` tinyint(4) NOT NULL DEFAULT '1',
  `module` varchar(32) COLLATE utf8_unicode_ci DEFAULT NULL,
  PRIMARY KEY (`rowid`),
  UNIQUE KEY `uk_c_methode_commande_fournisseur` (`code`),
  UNIQUE KEY `uk_c_input_method` (`code`)
) ENGINE=InnoDB AUTO_INCREMENT=6 DEFAULT CHARSET=utf8 COLLATE=utf8_unicode_ci;

--
-- Dumping data for table `llx_c_input_method`
--

INSERT INTO `llx_c_input_method` VALUES (1,'OrderByMail','Courrier',1,NULL),(2,'OrderByFax','Fax',1,NULL),(3,'OrderByEMail','EMail',1,NULL),(4,'OrderByPhone','Téléphone',1,NULL),(5,'OrderByWWW','En ligne',1,NULL);

--
-- Table structure for table `llx_c_input_reason`
--

CREATE TABLE `llx_c_input_reason` (
  `rowid` int(11) NOT NULL AUTO_INCREMENT,
  `code` varchar(30) COLLATE utf8_unicode_ci NOT NULL,
  `label` varchar(60) COLLATE utf8_unicode_ci NOT NULL,
  `active` tinyint(4) NOT NULL DEFAULT '1',
  `module` varchar(32) COLLATE utf8_unicode_ci DEFAULT NULL,
  PRIMARY KEY (`rowid`),
  UNIQUE KEY `uk_c_input_reason` (`code`)
) ENGINE=MyISAM AUTO_INCREMENT=12 DEFAULT CHARSET=utf8 COLLATE=utf8_unicode_ci;

--
-- Dumping data for table `llx_c_input_reason`
--

INSERT INTO `llx_c_input_reason` VALUES (1,'SRC_INTE','Web site',1,NULL),(2,'SRC_CAMP_MAIL','Mailing campaign',1,NULL),(3,'SRC_CAMP_PHO','Phone campaign',1,NULL),(4,'SRC_CAMP_FAX','Fax campaign',1,NULL),(5,'SRC_COMM','Commercial contact',1,NULL),(6,'SRC_SHOP','Shop contact',1,NULL),(7,'SRC_CAMP_EMAIL','EMailing campaign',1,NULL),(8,'SRC_WOM','Word of mouth',1,NULL),(9,'SRC_PARTNER','Partner',1,NULL),(10,'SRC_EMPLOYEE','Employee',1,NULL),(11,'SRC_SPONSORING','Sponsoring',1,NULL);

--
-- Table structure for table `llx_c_lead_status`
--

CREATE TABLE `llx_c_lead_status` (
  `rowid` int(11) NOT NULL AUTO_INCREMENT,
  `code` varchar(10) COLLATE utf8_unicode_ci DEFAULT NULL,
  `label` varchar(50) COLLATE utf8_unicode_ci DEFAULT NULL,
  `position` int(11) DEFAULT NULL,
  `percent` double(5,2) DEFAULT NULL,
  `active` tinyint(4) NOT NULL DEFAULT '1',
  PRIMARY KEY (`rowid`),
  UNIQUE KEY `uk_c_lead_status_code` (`code`)
) ENGINE=InnoDB AUTO_INCREMENT=8 DEFAULT CHARSET=utf8 COLLATE=utf8_unicode_ci;

--
-- Dumping data for table `llx_c_lead_status`
--

INSERT INTO `llx_c_lead_status` VALUES (1,'PROSP','Prospection',10,0.00,1),(2,'QUAL','Qualification',20,20.00,1),(3,'PROPO','Proposal',30,40.00,1),(4,'NEGO','Negotiation',40,60.00,1),(5,'PENDING','Pending',50,50.00,0),(6,'WON','Won',60,100.00,1),(7,'LOST','Lost',70,0.00,1);

--
-- Table structure for table `llx_c_lead_type`
--

CREATE TABLE `llx_c_lead_type` (
  `rowid` int(11) NOT NULL AUTO_INCREMENT,
  `code` varchar(10) COLLATE utf8_unicode_ci NOT NULL,
  `label` varchar(50) COLLATE utf8_unicode_ci DEFAULT NULL,
  `active` tinyint(4) NOT NULL DEFAULT '1',
  PRIMARY KEY (`rowid`),
  UNIQUE KEY `code` (`code`)
) ENGINE=InnoDB AUTO_INCREMENT=4 DEFAULT CHARSET=utf8 COLLATE=utf8_unicode_ci;

--
-- Dumping data for table `llx_c_lead_type`
--

INSERT INTO `llx_c_lead_type` VALUES (1,'SUPP','Support',1),(2,'TRAIN','Formation',1),(3,'ADVI','Conseil',1);

--
-- Table structure for table `llx_c_methode_commande_fournisseur`
--

CREATE TABLE `llx_c_methode_commande_fournisseur` (
  `rowid` int(11) NOT NULL AUTO_INCREMENT,
  `code` varchar(30) COLLATE utf8_unicode_ci DEFAULT NULL,
  `libelle` varchar(60) COLLATE utf8_unicode_ci DEFAULT NULL,
  `active` tinyint(4) NOT NULL DEFAULT '1',
  PRIMARY KEY (`rowid`),
  UNIQUE KEY `uk_c_methode_commande_fournisseur` (`code`)
) ENGINE=InnoDB AUTO_INCREMENT=6 DEFAULT CHARSET=utf8 COLLATE=utf8_unicode_ci;

--
-- Dumping data for table `llx_c_methode_commande_fournisseur`
--

INSERT INTO `llx_c_methode_commande_fournisseur` VALUES (1,'OrderByMail','Courrier',1),(2,'OrderByFax','Fax',1),(3,'OrderByEMail','EMail',1),(4,'OrderByPhone','Téléphone',1),(5,'OrderByWWW','En ligne',1);

--
-- Table structure for table `llx_c_paiement`
--

CREATE TABLE `llx_c_paiement` (
  `id` int(11) NOT NULL AUTO_INCREMENT,
  `entity` int(11) NOT NULL DEFAULT '1',
  `code` varchar(6) COLLATE utf8_unicode_ci NOT NULL,
  `libelle` varchar(62) COLLATE utf8_unicode_ci DEFAULT NULL,
  `type` smallint(6) DEFAULT NULL,
  `active` tinyint(4) NOT NULL DEFAULT '1',
  `accountancy_code` varchar(32) COLLATE utf8_unicode_ci DEFAULT NULL,
  `module` varchar(32) COLLATE utf8_unicode_ci DEFAULT NULL,
  `position` int(11) NOT NULL DEFAULT '0',
  PRIMARY KEY (`id`),
  UNIQUE KEY `uk_c_paiement_code` (`entity`,`code`)
) ENGINE=InnoDB AUTO_INCREMENT=54 DEFAULT CHARSET=utf8 COLLATE=utf8_unicode_ci;

--
-- Dumping data for table `llx_c_paiement`
--

INSERT INTO `llx_c_paiement` VALUES (1,1,'TIP','TIP',2,0,NULL,NULL,0),(2,1,'VIR','Virement',2,1,NULL,NULL,0),(3,1,'PRE','Prélèvement',2,1,NULL,NULL,0),(4,1,'LIQ','Espèces',2,1,NULL,NULL,0),(6,1,'CB','Carte Bancaire',2,1,NULL,NULL,0),(7,1,'CHQ','Chèque',2,1,NULL,NULL,0),(50,1,'VAD','Paiement en ligne',2,0,NULL,NULL,0),(51,1,'TRA','Traite',2,0,NULL,NULL,0),(52,1,'LCR','LCR',2,0,NULL,NULL,0),(53,1,'FAC','Factor',2,0,NULL,NULL,0);

--
-- Table structure for table `llx_c_paiement_temp`
--

CREATE TABLE `llx_c_paiement_temp` (
  `id` int(11) NOT NULL,
  `entity` int(11) NOT NULL DEFAULT '1',
  `code` varchar(6) COLLATE utf8_unicode_ci NOT NULL,
  `libelle` varchar(62) COLLATE utf8_unicode_ci DEFAULT NULL,
  `type` smallint(6) DEFAULT NULL,
  `active` tinyint(4) NOT NULL DEFAULT '1',
  `accountancy_code` varchar(32) COLLATE utf8_unicode_ci DEFAULT NULL,
  `module` varchar(32) COLLATE utf8_unicode_ci DEFAULT NULL,
  `position` int(11) NOT NULL DEFAULT '0'
) ENGINE=InnoDB DEFAULT CHARSET=utf8 COLLATE=utf8_unicode_ci;

--
-- Dumping data for table `llx_c_paiement_temp`
--

INSERT INTO `llx_c_paiement_temp` VALUES (1,1,'TIP','TIP',2,0,NULL,NULL,0),(2,1,'VIR','Virement',2,1,NULL,NULL,0),(3,1,'PRE','Prélèvement',2,1,NULL,NULL,0),(4,1,'LIQ','Espèces',2,1,NULL,NULL,0),(6,1,'CB','Carte Bancaire',2,1,NULL,NULL,0),(7,1,'CHQ','Chèque',2,1,NULL,NULL,0),(50,1,'VAD','Paiement en ligne',2,0,NULL,NULL,0),(51,1,'TRA','Traite',2,0,NULL,NULL,0),(52,1,'LCR','LCR',2,0,NULL,NULL,0),(53,1,'FAC','Factor',2,0,NULL,NULL,0);

--
-- Table structure for table `llx_c_paper_format`
--

CREATE TABLE `llx_c_paper_format` (
  `rowid` int(11) NOT NULL AUTO_INCREMENT,
  `code` varchar(16) COLLATE utf8_unicode_ci NOT NULL,
  `label` varchar(50) COLLATE utf8_unicode_ci NOT NULL,
  `width` float(6,2) DEFAULT '0.00',
  `height` float(6,2) DEFAULT '0.00',
  `unit` varchar(5) COLLATE utf8_unicode_ci NOT NULL,
  `active` tinyint(4) NOT NULL DEFAULT '1',
  `module` varchar(32) COLLATE utf8_unicode_ci DEFAULT NULL,
  PRIMARY KEY (`rowid`)
) ENGINE=InnoDB AUTO_INCREMENT=226 DEFAULT CHARSET=utf8 COLLATE=utf8_unicode_ci;

--
-- Dumping data for table `llx_c_paper_format`
--

INSERT INTO `llx_c_paper_format` VALUES (1,'EU4A0','Format 4A0',1682.00,2378.00,'mm',1,NULL),(2,'EU2A0','Format 2A0',1189.00,1682.00,'mm',1,NULL),(3,'EUA0','Format A0',840.00,1189.00,'mm',1,NULL),(4,'EUA1','Format A1',594.00,840.00,'mm',1,NULL),(5,'EUA2','Format A2',420.00,594.00,'mm',1,NULL),(6,'EUA3','Format A3',297.00,420.00,'mm',1,NULL),(7,'EUA4','Format A4',210.00,297.00,'mm',1,NULL),(8,'EUA5','Format A5',148.00,210.00,'mm',1,NULL),(9,'EUA6','Format A6',105.00,148.00,'mm',1,NULL),(100,'USLetter','Format Letter (A)',216.00,279.00,'mm',1,NULL),(105,'USLegal','Format Legal',216.00,356.00,'mm',1,NULL),(110,'USExecutive','Format Executive',190.00,254.00,'mm',1,NULL),(115,'USLedger','Format Ledger/Tabloid (B)',279.00,432.00,'mm',1,NULL),(200,'CAP1','Format Canadian P1',560.00,860.00,'mm',1,NULL),(205,'CAP2','Format Canadian P2',430.00,560.00,'mm',1,NULL),(210,'CAP3','Format Canadian P3',280.00,430.00,'mm',1,NULL),(215,'CAP4','Format Canadian P4',215.00,280.00,'mm',1,NULL),(220,'CAP5','Format Canadian P5',140.00,215.00,'mm',1,NULL),(225,'CAP6','Format Canadian P6',107.00,140.00,'mm',1,NULL);

--
-- Table structure for table `llx_c_payment_term`
--

CREATE TABLE `llx_c_payment_term` (
  `rowid` int(11) NOT NULL AUTO_INCREMENT,
  `entity` int(11) NOT NULL DEFAULT '1',
  `code` varchar(16) COLLATE utf8_unicode_ci DEFAULT NULL,
  `sortorder` smallint(6) DEFAULT NULL,
  `active` tinyint(4) DEFAULT '1',
  `libelle` varchar(255) COLLATE utf8_unicode_ci DEFAULT NULL,
  `libelle_facture` text COLLATE utf8_unicode_ci,
  `type_cdr` tinyint(4) DEFAULT NULL,
  `nbjour` smallint(6) DEFAULT NULL,
  `decalage` smallint(6) DEFAULT NULL,
  `module` varchar(32) COLLATE utf8_unicode_ci DEFAULT NULL,
  `position` int(11) NOT NULL DEFAULT '0',
  PRIMARY KEY (`rowid`),
  UNIQUE KEY `uk_c_payment_term_code` (`entity`,`code`)
) ENGINE=InnoDB AUTO_INCREMENT=9 DEFAULT CHARSET=utf8 COLLATE=utf8_unicode_ci;

--
-- Dumping data for table `llx_c_payment_term`
--

INSERT INTO `llx_c_payment_term` VALUES (1,1,'RECEP',1,1,'A réception','Réception de facture',0,0,NULL,NULL,0),(2,1,'30D',2,1,'30 jours','Réglement à 30 jours',0,30,NULL,NULL,0),(3,1,'30DENDMONTH',3,1,'30 jours fin de mois','Réglement à 30 jours fin de mois',1,30,NULL,NULL,0),(4,1,'60D',4,1,'60 jours','Réglement à 60 jours',0,60,NULL,NULL,0),(5,1,'60DENDMONTH',5,1,'60 jours fin de mois','Réglement à 60 jours fin de mois',1,60,NULL,NULL,0),(6,1,'PT_ORDER',6,1,'A réception de commande','A réception de commande',0,0,NULL,NULL,0),(7,1,'PT_DELIVERY',7,1,'Livraison','Règlement à la livraison',0,0,NULL,NULL,0),(8,1,'PT_5050',8,1,'50 et 50','Règlement 50% à la commande, 50% à la livraison',0,0,NULL,NULL,0);

--
-- Table structure for table `llx_c_price_expression`
--

CREATE TABLE `llx_c_price_expression` (
  `rowid` int(11) NOT NULL AUTO_INCREMENT,
  `title` varchar(20) COLLATE utf8_unicode_ci NOT NULL,
  `expression` varchar(80) COLLATE utf8_unicode_ci NOT NULL,
  PRIMARY KEY (`rowid`)
) ENGINE=InnoDB DEFAULT CHARSET=utf8 COLLATE=utf8_unicode_ci;

--
-- Dumping data for table `llx_c_price_expression`
--


--
-- Table structure for table `llx_c_price_global_variable`
--

CREATE TABLE `llx_c_price_global_variable` (
  `rowid` int(11) NOT NULL AUTO_INCREMENT,
  `code` varchar(20) COLLATE utf8_unicode_ci NOT NULL,
  `description` text COLLATE utf8_unicode_ci,
  `value` double(24,8) DEFAULT '0.00000000',
  PRIMARY KEY (`rowid`)
) ENGINE=InnoDB DEFAULT CHARSET=utf8 COLLATE=utf8_unicode_ci;

--
-- Dumping data for table `llx_c_price_global_variable`
--


--
-- Table structure for table `llx_c_price_global_variable_updater`
--

CREATE TABLE `llx_c_price_global_variable_updater` (
  `rowid` int(11) NOT NULL AUTO_INCREMENT,
  `type` int(11) NOT NULL,
  `description` text COLLATE utf8_unicode_ci,
  `parameters` text COLLATE utf8_unicode_ci,
  `fk_variable` int(11) NOT NULL,
  `update_interval` int(11) DEFAULT '0',
  `next_update` int(11) DEFAULT '0',
  `last_status` text COLLATE utf8_unicode_ci,
  PRIMARY KEY (`rowid`)
) ENGINE=InnoDB DEFAULT CHARSET=utf8 COLLATE=utf8_unicode_ci;

--
-- Dumping data for table `llx_c_price_global_variable_updater`
--


--
-- Table structure for table `llx_c_propalst`
--

CREATE TABLE `llx_c_propalst` (
  `id` smallint(6) NOT NULL,
  `code` varchar(12) COLLATE utf8_unicode_ci NOT NULL,
  `label` varchar(30) COLLATE utf8_unicode_ci DEFAULT NULL,
  `active` tinyint(4) NOT NULL DEFAULT '1',
  PRIMARY KEY (`id`),
  UNIQUE KEY `uk_c_propalst` (`code`)
) ENGINE=InnoDB DEFAULT CHARSET=utf8 COLLATE=utf8_unicode_ci;

--
-- Dumping data for table `llx_c_propalst`
--

INSERT INTO `llx_c_propalst` VALUES (0,'PR_DRAFT','Brouillon',1),(1,'PR_OPEN','Ouverte',1),(2,'PR_SIGNED','Signée',1),(3,'PR_NOTSIGNED','Non Signée',1),(4,'PR_FAC','Facturée',1);

--
-- Table structure for table `llx_c_prospectlevel`
--

CREATE TABLE `llx_c_prospectlevel` (
  `code` varchar(12) COLLATE utf8_unicode_ci NOT NULL,
  `label` varchar(30) COLLATE utf8_unicode_ci DEFAULT NULL,
  `sortorder` smallint(6) DEFAULT NULL,
  `active` smallint(6) NOT NULL DEFAULT '1',
  `module` varchar(32) COLLATE utf8_unicode_ci DEFAULT NULL,
  PRIMARY KEY (`code`)
) ENGINE=InnoDB DEFAULT CHARSET=utf8 COLLATE=utf8_unicode_ci;

--
-- Dumping data for table `llx_c_prospectlevel`
--

INSERT INTO `llx_c_prospectlevel` VALUES ('PL_HIGH','High',4,1,NULL),('PL_LOW','Low',2,1,NULL),('PL_MEDIUM','Medium',3,1,NULL),('PL_NONE','None',1,1,NULL);

--
-- Table structure for table `llx_c_regions`
--

CREATE TABLE `llx_c_regions` (
  `rowid` int(11) NOT NULL AUTO_INCREMENT,
  `code_region` int(11) NOT NULL,
  `fk_pays` int(11) NOT NULL,
  `cheflieu` varchar(50) COLLATE utf8_unicode_ci DEFAULT NULL,
  `tncc` int(11) DEFAULT NULL,
  `nom` varchar(50) COLLATE utf8_unicode_ci DEFAULT NULL,
  `active` tinyint(4) NOT NULL DEFAULT '1',
  PRIMARY KEY (`rowid`),
  UNIQUE KEY `code_region` (`code_region`),
  UNIQUE KEY `uk_code_region` (`code_region`),
  KEY `idx_c_regions_fk_pays` (`fk_pays`)
) ENGINE=InnoDB AUTO_INCREMENT=23347 DEFAULT CHARSET=utf8 COLLATE=utf8_unicode_ci;

--
-- Dumping data for table `llx_c_regions`
--

INSERT INTO `llx_c_regions` VALUES (1,0,0,'0',0,'-',1),(101,1,1,'97105',3,'Guadeloupe',1),(102,2,1,'97209',3,'Martinique',1),(103,3,1,'97302',3,'Guyane',1),(104,4,1,'97411',3,'Réunion',1),(105,11,1,'75056',1,'Île-de-France',1),(106,21,1,'51108',0,'Champagne-Ardenne',1),(107,22,1,'80021',0,'Picardie',1),(108,23,1,'76540',0,'Haute-Normandie',1),(109,24,1,'45234',2,'Centre',1),(110,25,1,'14118',0,'Basse-Normandie',1),(111,26,1,'21231',0,'Bourgogne',1),(112,31,1,'59350',2,'Nord-Pas-de-Calais',1),(113,41,1,'57463',0,'Lorraine',1),(114,42,1,'67482',1,'Alsace',1),(115,43,1,'25056',0,'Franche-Comté',1),(116,52,1,'44109',4,'Pays de la Loire',1),(117,53,1,'35238',0,'Bretagne',1),(118,54,1,'86194',2,'Poitou-Charentes',1),(119,72,1,'33063',1,'Aquitaine',1),(120,73,1,'31555',0,'Midi-Pyrénées',1),(121,74,1,'87085',2,'Limousin',1),(122,82,1,'69123',2,'Rhône-Alpes',1),(123,83,1,'63113',1,'Auvergne',1),(124,91,1,'34172',2,'Languedoc-Roussillon',1),(125,93,1,'13055',0,'Provence-Alpes-Côte d\'Azur',1),(126,94,1,'2A004',0,'Corse',1),(201,201,2,'',1,'Flandre',1),(202,202,2,'',2,'Wallonie',1),(203,203,2,'',3,'Bruxelles-Capitale',1),(301,301,3,NULL,1,'Abruzzo',1),(302,302,3,NULL,1,'Basilicata',1),(303,303,3,NULL,1,'Calabria',1),(304,304,3,NULL,1,'Campania',1),(305,305,3,NULL,1,'Emilia-Romagna',1),(306,306,3,NULL,1,'Friuli-Venezia Giulia',1),(307,307,3,NULL,1,'Lazio',1),(308,308,3,NULL,1,'Liguria',1),(309,309,3,NULL,1,'Lombardia',1),(310,310,3,NULL,1,'Marche',1),(311,311,3,NULL,1,'Molise',1),(312,312,3,NULL,1,'Piemonte',1),(313,313,3,NULL,1,'Puglia',1),(314,314,3,NULL,1,'Sardegna',1),(315,315,3,NULL,1,'Sicilia',1),(316,316,3,NULL,1,'Toscana',1),(317,317,3,NULL,1,'Trentino-Alto Adige',1),(318,318,3,NULL,1,'Umbria',1),(319,319,3,NULL,1,'Valle d Aosta',1),(320,320,3,NULL,1,'Veneto',1),(401,401,4,'',0,'Andalucia',1),(402,402,4,'',0,'Aragón',1),(403,403,4,'',0,'Castilla y León',1),(404,404,4,'',0,'Castilla la Mancha',1),(405,405,4,'',0,'Canarias',1),(406,406,4,'',0,'Cataluña',1),(407,407,4,'',0,'Comunidad de Ceuta',1),(408,408,4,'',0,'Comunidad Foral de Navarra',1),(409,409,4,'',0,'Comunidad de Melilla',1),(410,410,4,'',0,'Cantabria',1),(411,411,4,'',0,'Comunidad Valenciana',1),(412,412,4,'',0,'Extemadura',1),(413,413,4,'',0,'Galicia',1),(414,414,4,'',0,'Islas Baleares',1),(415,415,4,'',0,'La Rioja',1),(416,416,4,'',0,'Comunidad de Madrid',1),(417,417,4,'',0,'Región de Murcia',1),(418,418,4,'',0,'Principado de Asturias',1),(419,419,4,'',0,'Pais Vasco',1),(601,601,6,'',1,'Cantons',1),(1001,1001,10,'',0,'Ariana',1),(1002,1002,10,'',0,'Béja',1),(1003,1003,10,'',0,'Ben Arous',1),(1004,1004,10,'',0,'Bizerte',1),(1005,1005,10,'',0,'Gabès',1),(1006,1006,10,'',0,'Gafsa',1),(1007,1007,10,'',0,'Jendouba',1),(1008,1008,10,'',0,'Kairouan',1),(1009,1009,10,'',0,'Kasserine',1),(1010,1010,10,'',0,'Kébili',1),(1011,1011,10,'',0,'La Manouba',1),(1012,1012,10,'',0,'Le Kef',1),(1013,1013,10,'',0,'Mahdia',1),(1014,1014,10,'',0,'Médenine',1),(1015,1015,10,'',0,'Monastir',1),(1016,1016,10,'',0,'Nabeul',1),(1017,1017,10,'',0,'Sfax',1),(1018,1018,10,'',0,'Sidi Bouzid',1),(1019,1019,10,'',0,'Siliana',1),(1020,1020,10,'',0,'Sousse',1),(1021,1021,10,'',0,'Tataouine',1),(1022,1022,10,'',0,'Tozeur',1),(1023,1023,10,'',0,'Tunis',1),(1024,1024,10,'',0,'Zaghouan',1),(1101,1101,11,'',0,'United-States',1),(1201,1201,12,'',0,'Tanger-Tétouan',1),(1202,1202,12,'',0,'Gharb-Chrarda-Beni Hssen',1),(1203,1203,12,'',0,'Taza-Al Hoceima-Taounate',1),(1204,1204,12,'',0,'L\'Oriental',1),(1205,1205,12,'',0,'Fès-Boulemane',1),(1206,1206,12,'',0,'Meknès-Tafialet',1),(1207,1207,12,'',0,'Rabat-Salé-Zemour-Zaër',1),(1208,1208,12,'',0,'Grand Cassablanca',1),(1209,1209,12,'',0,'Chaouia-Ouardigha',1),(1210,1210,12,'',0,'Doukahla-Adba',1),(1211,1211,12,'',0,'Marrakech-Tensift-Al Haouz',1),(1212,1212,12,'',0,'Tadla-Azilal',1),(1213,1213,12,'',0,'Sous-Massa-Drâa',1),(1214,1214,12,'',0,'Guelmim-Es Smara',1),(1215,1215,12,'',0,'Laâyoune-Boujdour-Sakia el Hamra',1),(1216,1216,12,'',0,'Oued Ed-Dahab Lagouira',1),(1301,1301,13,'',0,'Algerie',1),(2301,2301,23,'',0,'Norte',1),(2302,2302,23,'',0,'Litoral',1),(2303,2303,23,'',0,'Cuyana',1),(2304,2304,23,'',0,'Central',1),(2305,2305,23,'',0,'Patagonia',1),(2801,2801,28,'',0,'Australia',1),(4601,4601,46,'',0,'Barbados',1),(6701,6701,67,NULL,NULL,'Tarapacá',1),(6702,6702,67,NULL,NULL,'Antofagasta',1),(6703,6703,67,NULL,NULL,'Atacama',1),(6704,6704,67,NULL,NULL,'Coquimbo',1),(6705,6705,67,NULL,NULL,'Valparaíso',1),(6706,6706,67,NULL,NULL,'General Bernardo O Higgins',1),(6707,6707,67,NULL,NULL,'Maule',1),(6708,6708,67,NULL,NULL,'Biobío',1),(6709,6709,67,NULL,NULL,'Raucanía',1),(6710,6710,67,NULL,NULL,'Los Lagos',1),(6711,6711,67,NULL,NULL,'Aysén General Carlos Ibáñez del Campo',1),(6712,6712,67,NULL,NULL,'Magallanes y Antártica Chilena',1),(6713,6713,67,NULL,NULL,'Santiago',1),(6714,6714,67,NULL,NULL,'Los Ríos',1),(6715,6715,67,NULL,NULL,'Arica y Parinacota',1),(7001,7001,70,'',0,'Colombie',1),(8601,8601,86,NULL,NULL,'Central',1),(8602,8602,86,NULL,NULL,'Oriental',1),(8603,8603,86,NULL,NULL,'Occidental',1),(10201,10201,102,NULL,NULL,'??????',1),(10202,10202,102,NULL,NULL,'?????? ??????',1),(10203,10203,102,NULL,NULL,'???????? ?????????',1),(10204,10204,102,NULL,NULL,'?????',1),(10205,10205,102,NULL,NULL,'????????? ????????? ??? ?????',1),(10206,10206,102,NULL,NULL,'???????',1),(10207,10207,102,NULL,NULL,'????? ?????',1),(10208,10208,102,NULL,NULL,'?????? ??????',1),(10209,10209,102,NULL,NULL,'????????????',1),(10210,10210,102,NULL,NULL,'????? ??????',1),(10211,10211,102,NULL,NULL,'?????? ??????',1),(10212,10212,102,NULL,NULL,'????????',1),(10213,10213,102,NULL,NULL,'?????? ?????????',1),(11401,11401,114,'',0,'Honduras',1),(11701,11701,117,'',0,'India',1),(15201,15201,152,'',0,'Rivière Noire',1),(15202,15202,152,'',0,'Flacq',1),(15203,15203,152,'',0,'Grand Port',1),(15204,15204,152,'',0,'Moka',1),(15205,15205,152,'',0,'Pamplemousses',1),(15206,15206,152,'',0,'Plaines Wilhems',1),(15207,15207,152,'',0,'Port-Louis',1),(15208,15208,152,'',0,'Rivière du Rempart',1),(15209,15209,152,'',0,'Savanne',1),(15210,15210,152,'',0,'Rodrigues',1),(15211,15211,152,'',0,'Les îles Agaléga',1),(15212,15212,152,'',0,'Les écueils des Cargados Carajos',1),(15401,15401,154,'',0,'Mexique',1),(23201,23201,232,'',0,'Los Andes',1),(23202,23202,232,'',0,'Capital',1),(23203,23203,232,'',0,'Central',1),(23204,23204,232,'',0,'Cento Occidental',1),(23205,23205,232,'',0,'Guayana',1),(23206,23206,232,'',0,'Insular',1),(23207,23207,232,'',0,'Los Llanos',1),(23208,23208,232,'',0,'Nor-Oriental',1),(23209,23209,232,'',0,'Zuliana',1),(23215,6,1,'97601',3,'Mayotte',1),(23280,420,4,'',0,'Otros',1),(23281,501,5,'',0,'Deutschland',1),(23296,701,7,'',0,'England',1),(23297,702,7,'',0,'Wales',1),(23298,703,7,'',0,'Scotland',1),(23299,704,7,'',0,'Northern Ireland',1),(23325,1401,14,'',0,'Canada',1),(23326,1701,17,'',0,'Provincies van Nederland ',1),(23333,5601,56,'',0,'Brasil',1),(23334,5201,52,'',0,'Chuquisaca',1),(23335,5202,52,'',0,'La Paz',1),(23336,5203,52,'',0,'Cochabamba',1),(23337,5204,52,'',0,'Oruro',1),(23338,5205,52,'',0,'Potosí',1),(23339,5206,52,'',0,'Tarija',1),(23340,5207,52,'',0,'Santa Cruz',1),(23341,5208,52,'',0,'El Beni',1),(23342,5209,52,'',0,'Pando',1),(23343,4101,41,'',0,'Österreich',1),(23344,17801,178,'',0,'Panama',1),(23345,22701,227,'',0,'United Arab Emirates',1),(23346,11801,118,'',0,'Indonesia',1);

--
-- Table structure for table `llx_c_revenuestamp`
--

CREATE TABLE `llx_c_revenuestamp` (
  `rowid` int(11) NOT NULL AUTO_INCREMENT,
  `fk_pays` int(11) NOT NULL,
  `taux` double NOT NULL,
  `note` varchar(128) COLLATE utf8_unicode_ci DEFAULT NULL,
  `active` tinyint(4) NOT NULL DEFAULT '1',
  `accountancy_code_sell` varchar(32) COLLATE utf8_unicode_ci DEFAULT NULL,
  `accountancy_code_buy` varchar(32) COLLATE utf8_unicode_ci DEFAULT NULL,
  `revenuestamp_type` varchar(16) COLLATE utf8_unicode_ci NOT NULL DEFAULT 'fixed',
  PRIMARY KEY (`rowid`)
) ENGINE=InnoDB AUTO_INCREMENT=102 DEFAULT CHARSET=utf8 COLLATE=utf8_unicode_ci;

--
-- Dumping data for table `llx_c_revenuestamp`
--

INSERT INTO `llx_c_revenuestamp` VALUES (101,10,0.4,'Revenue stamp tunisia',1,NULL,NULL,'fixed');

--
-- Table structure for table `llx_c_shipment_mode`
--

CREATE TABLE `llx_c_shipment_mode` (
  `rowid` int(11) NOT NULL AUTO_INCREMENT,
  `tms` timestamp NOT NULL DEFAULT CURRENT_TIMESTAMP ON UPDATE CURRENT_TIMESTAMP,
  `code` varchar(30) COLLATE utf8_unicode_ci NOT NULL,
  `libelle` varchar(50) COLLATE utf8_unicode_ci NOT NULL,
  `description` text COLLATE utf8_unicode_ci,
  `tracking` varchar(256) COLLATE utf8_unicode_ci NOT NULL,
  `active` tinyint(4) DEFAULT '0',
  `module` varchar(32) COLLATE utf8_unicode_ci DEFAULT NULL,
  PRIMARY KEY (`rowid`)
) ENGINE=InnoDB AUTO_INCREMENT=13 DEFAULT CHARSET=utf8 COLLATE=utf8_unicode_ci;

--
-- Dumping data for table `llx_c_shipment_mode`
--

INSERT INTO `llx_c_shipment_mode` VALUES (1,'2012-10-09 23:43:16','CATCH','Catch','Catch by client','',1,NULL),(2,'2012-10-09 23:43:16','TRANS','Transporter','Generic transporter','',1,NULL),(3,'2012-10-09 23:43:16','COLSUI','Colissimo Suivi','Colissimo Suivi','',0,NULL),(4,'2013-07-18 17:28:27','LETTREMAX','Lettre Max','Courrier Suivi et Lettre Max','',0,NULL),(9,'2015-02-24 01:48:18','UPS','UPS','United Parcel Service','http://wwwapps.ups.com/etracking/tracking.cgi?InquiryNumber2=&InquiryNumber3=&tracknums_displayed=3&loc=fr_FR&TypeOfInquiryNumber=T&HTMLVersion=4.0&InquiryNumber22=&InquiryNumber32=&track=Track&Suivi.x=64&Suivi.y=7&Suivi=Valider&InquiryNumber1={TRACKID}',0,NULL),(10,'2015-02-24 01:48:18','KIALA','KIALA','Relais Kiala','http://www.kiala.fr/tnt/delivery/{TRACKID}',0,NULL),(11,'2015-02-24 01:48:18','GLS','GLS','General Logistics Systems','http://www.gls-group.eu/276-I-PORTAL-WEB/content/GLS/FR01/FR/5004.htm?txtAction=71000&txtRefNo={TRACKID}',0,NULL),(12,'2015-02-24 01:48:18','CHRONO','Chronopost','Chronopost','http://www.chronopost.fr/expedier/inputLTNumbersNoJahia.do?listeNumeros={TRACKID}',0,NULL);

--
-- Table structure for table `llx_c_stcomm`
--

CREATE TABLE `llx_c_stcomm` (
  `id` int(11) NOT NULL,
  `code` varchar(12) COLLATE utf8_unicode_ci NOT NULL,
  `libelle` varchar(30) COLLATE utf8_unicode_ci DEFAULT NULL,
  `active` tinyint(4) NOT NULL DEFAULT '1',
  `picto` varchar(128) COLLATE utf8_unicode_ci DEFAULT NULL,
  PRIMARY KEY (`id`),
  UNIQUE KEY `uk_c_stcomm` (`code`)
) ENGINE=InnoDB DEFAULT CHARSET=utf8 COLLATE=utf8_unicode_ci;

--
-- Dumping data for table `llx_c_stcomm`
--

INSERT INTO `llx_c_stcomm` VALUES (-1,'ST_NO','Do not contact',1,NULL),(0,'ST_NEVER','Never contacted',1,NULL),(1,'ST_TODO','To contact',1,NULL),(2,'ST_PEND','Contact in progress',1,NULL),(3,'ST_DONE','Contacted',1,NULL);

--
-- Table structure for table `llx_c_ticket_category`
--

CREATE TABLE `llx_c_ticket_category` (
  `rowid` int(11) NOT NULL AUTO_INCREMENT,
  `entity` int(11) DEFAULT '1',
  `code` varchar(32) COLLATE utf8_unicode_ci NOT NULL,
  `pos` varchar(32) COLLATE utf8_unicode_ci NOT NULL,
  `label` varchar(128) COLLATE utf8_unicode_ci NOT NULL,
  `active` int(11) DEFAULT '1',
  `use_default` int(11) DEFAULT '1',
  `description` varchar(255) COLLATE utf8_unicode_ci DEFAULT NULL,
  PRIMARY KEY (`rowid`),
  UNIQUE KEY `uk_code` (`code`,`entity`)
) ENGINE=InnoDB AUTO_INCREMENT=3 DEFAULT CHARSET=utf8 COLLATE=utf8_unicode_ci;

--
-- Dumping data for table `llx_c_ticket_category`
--

INSERT INTO `llx_c_ticket_category` VALUES (1,1,'OTHER','10','Other',1,1,NULL);

--
-- Table structure for table `llx_c_ticket_severity`
--

CREATE TABLE `llx_c_ticket_severity` (
  `rowid` int(11) NOT NULL AUTO_INCREMENT,
  `entity` int(11) DEFAULT '1',
  `code` varchar(32) COLLATE utf8_unicode_ci NOT NULL,
  `pos` varchar(32) COLLATE utf8_unicode_ci NOT NULL,
  `label` varchar(128) COLLATE utf8_unicode_ci NOT NULL,
  `color` varchar(10) COLLATE utf8_unicode_ci NOT NULL,
  `active` int(11) DEFAULT '1',
  `use_default` int(11) DEFAULT '1',
  `description` varchar(255) COLLATE utf8_unicode_ci DEFAULT NULL,
  PRIMARY KEY (`rowid`),
  UNIQUE KEY `uk_code` (`code`,`entity`)
) ENGINE=InnoDB AUTO_INCREMENT=9 DEFAULT CHARSET=utf8 COLLATE=utf8_unicode_ci;

--
-- Dumping data for table `llx_c_ticket_severity`
--

INSERT INTO `llx_c_ticket_severity` VALUES (1,1,'LOW','10','Low','',1,0,NULL),(2,1,'NORMAL','20','Normal','',1,1,NULL),(3,1,'HIGH','30','High','',1,0,NULL),(4,1,'BLOCKING','40','Critical / blocking','',1,0,NULL);

--
-- Table structure for table `llx_c_ticket_type`
--

CREATE TABLE `llx_c_ticket_type` (
  `rowid` int(11) NOT NULL AUTO_INCREMENT,
  `entity` int(11) DEFAULT '1',
  `code` varchar(32) COLLATE utf8_unicode_ci NOT NULL,
  `pos` varchar(32) COLLATE utf8_unicode_ci NOT NULL,
  `label` varchar(128) COLLATE utf8_unicode_ci NOT NULL,
  `active` int(11) DEFAULT '1',
  `use_default` int(11) DEFAULT '1',
  `description` varchar(255) COLLATE utf8_unicode_ci DEFAULT NULL,
  PRIMARY KEY (`rowid`),
  UNIQUE KEY `uk_code` (`code`,`entity`)
) ENGINE=InnoDB AUTO_INCREMENT=11 DEFAULT CHARSET=utf8 COLLATE=utf8_unicode_ci;

--
-- Dumping data for table `llx_c_ticket_type`
--

INSERT INTO `llx_c_ticket_type` VALUES (1,1,'COM','10','Commercial question',1,1,NULL),(2,1,'ISSUE','20','Issue or problem',1,0,NULL),(3,1,'REQUEST','25','Change or enhancement request',1,0,NULL),(4,1,'PROJECT','30','Project',0,0,NULL),(5,1,'OTHER','40','Other',1,0,NULL);

--
-- Table structure for table `llx_c_tva`
--

CREATE TABLE `llx_c_tva` (
  `rowid` int(11) NOT NULL AUTO_INCREMENT,
  `fk_pays` int(11) NOT NULL,
  `code` varchar(10) COLLATE utf8_unicode_ci DEFAULT '',
  `taux` double NOT NULL,
  `localtax1` varchar(20) COLLATE utf8_unicode_ci DEFAULT NULL,
  `localtax1_type` varchar(10) COLLATE utf8_unicode_ci NOT NULL DEFAULT '0',
  `localtax2` varchar(20) COLLATE utf8_unicode_ci DEFAULT NULL,
  `localtax2_type` varchar(10) COLLATE utf8_unicode_ci NOT NULL DEFAULT '0',
  `recuperableonly` int(11) NOT NULL DEFAULT '0',
  `note` varchar(128) COLLATE utf8_unicode_ci DEFAULT NULL,
  `active` tinyint(4) NOT NULL DEFAULT '1',
  `accountancy_code_sell` varchar(32) COLLATE utf8_unicode_ci DEFAULT NULL,
  `accountancy_code_buy` varchar(32) COLLATE utf8_unicode_ci DEFAULT NULL,
  PRIMARY KEY (`rowid`),
  UNIQUE KEY `uk_c_tva_id` (`fk_pays`,`code`,`taux`,`recuperableonly`)
) ENGINE=InnoDB AUTO_INCREMENT=2477 DEFAULT CHARSET=utf8 COLLATE=utf8_unicode_ci;

--
-- Dumping data for table `llx_c_tva`
--

INSERT INTO `llx_c_tva` VALUES (11,1,'',20,NULL,'0',NULL,'0',0,'VAT standard rate (France hors DOM-TOM)',1,NULL,NULL),(12,1,'',8.5,NULL,'0',NULL,'0',0,'VAT standard rate (DOM sauf Guyane et Saint-Martin)',0,NULL,NULL),(13,1,'',8.5,NULL,'0',NULL,'0',1,'VAT standard rate (DOM sauf Guyane et Saint-Martin), non perçu par le vendeur mais récupérable par acheteur',0,NULL,NULL),(14,1,'',5.5,NULL,'0',NULL,'0',0,'VAT reduced rate (France hors DOM-TOM)',1,NULL,NULL),(15,1,'',0,NULL,'0',NULL,'0',0,'VAT Rate 0 ou non applicable',1,NULL,NULL),(16,1,'',2.1,NULL,'0',NULL,'0',0,'VAT super-reduced rate',1,NULL,NULL),(17,1,'',10,NULL,'0',NULL,'0',0,'VAT reduced rate',1,NULL,NULL),(21,2,'',21,NULL,'0',NULL,'0',0,'VAT standard rate',1,NULL,NULL),(22,2,'',6,NULL,'0',NULL,'0',0,'VAT reduced rate',1,NULL,NULL),(23,2,'',0,NULL,'0',NULL,'0',0,'VAT Rate 0 ou non applicable',1,NULL,NULL),(24,2,'',12,NULL,'0',NULL,'0',0,'VAT reduced rate',1,NULL,NULL),(31,3,'',21,NULL,'0',NULL,'0',0,'VAT standard rate',1,NULL,NULL),(32,3,'',10,NULL,'0',NULL,'0',0,'VAT reduced rate',1,NULL,NULL),(33,3,'',4,NULL,'0',NULL,'0',0,'VAT super-reduced rate',1,NULL,NULL),(34,3,'',0,NULL,'0',NULL,'0',0,'VAT Rate 0',1,NULL,NULL),(41,4,'',21,'5.2','3','-19:-15:-9','5',0,'VAT standard rate',1,NULL,NULL),(42,4,'',10,'1.4','3','-19:-15:-9','5',0,'VAT reduced rate',1,NULL,NULL),(43,4,'',4,'0.5','3','-19:-15:-9','5',0,'VAT super-reduced rate',1,NULL,NULL),(44,4,'',0,'0','3','-19:-15:-9','5',0,'VAT Rate 0',1,NULL,NULL),(51,5,'',19,NULL,'0',NULL,'0',0,'allgemeine Ust.',1,NULL,NULL),(52,5,'',7,NULL,'0',NULL,'0',0,'ermäßigte USt.',1,NULL,NULL),(53,5,'',0,NULL,'0',NULL,'0',0,'keine USt.',1,NULL,NULL),(54,5,'',5.5,NULL,'0',NULL,'0',0,'USt. Forst',0,NULL,NULL),(55,5,'',10.7,NULL,'0',NULL,'0',0,'USt. Landwirtschaft',0,NULL,NULL),(61,6,'',8,NULL,'0',NULL,'0',0,'VAT standard rate',1,NULL,NULL),(62,6,'',3.8,NULL,'0',NULL,'0',0,'VAT reduced rate',1,NULL,NULL),(63,6,'',2.5,NULL,'0',NULL,'0',0,'VAT super-reduced rate',1,NULL,NULL),(64,6,'',0,NULL,'0',NULL,'0',0,'VAT Rate 0',1,NULL,NULL),(71,7,'',20,NULL,'0',NULL,'0',0,'VAT standard rate',1,NULL,NULL),(72,7,'',17.5,NULL,'0',NULL,'0',0,'VAT standard rate before 2011',1,NULL,NULL),(73,7,'',5,NULL,'0',NULL,'0',0,'VAT reduced rate',1,NULL,NULL),(74,7,'',0,NULL,'0',NULL,'0',0,'VAT Rate 0',1,NULL,NULL),(81,8,'',0,NULL,'0',NULL,'0',0,'VAT Rate 0',1,NULL,NULL),(82,8,'',23,NULL,'0',NULL,'0',0,'VAT standard rate',1,NULL,NULL),(83,8,'',13.5,NULL,'0',NULL,'0',0,'VAT reduced rate',1,NULL,NULL),(84,8,'',9,NULL,'0',NULL,'0',0,'VAT reduced rate',1,NULL,NULL),(85,8,'',4.8,NULL,'0',NULL,'0',0,'VAT reduced rate',1,NULL,NULL),(91,9,'',17,NULL,'0',NULL,'0',0,'VAT standard rate',1,NULL,NULL),(92,9,'',13,NULL,'0',NULL,'0',0,'VAT reduced rate 0',1,NULL,NULL),(93,9,'',3,NULL,'0',NULL,'0',0,'VAT super reduced rate 0',1,NULL,NULL),(94,9,'',0,NULL,'0',NULL,'0',0,'VAT Rate 0',1,NULL,NULL),(101,10,'',6,'1','4','0','0',0,'VAT 6%',1,NULL,NULL),(102,10,'',12,'1','4','0','0',0,'VAT 12%',1,NULL,NULL),(103,10,'',18,'1','4','0','0',0,'VAT 18%',1,NULL,NULL),(104,10,'',7.5,'1','4','0','0',0,'VAT 6% Majoré à 25% (7.5%)',1,NULL,NULL),(105,10,'',15,'1','4','0','0',0,'VAT 12% Majoré à 25% (15%)',1,NULL,NULL),(106,10,'',22.5,'1','4','0','0',0,'VAT 18% Majoré à 25% (22.5%)',1,NULL,NULL),(107,10,'',0,'1','4','0','0',0,'VAT Rate 0',1,NULL,NULL),(111,11,'',0,NULL,'0',NULL,'0',0,'No Sales Tax',1,NULL,NULL),(112,11,'',4,NULL,'0',NULL,'0',0,'Sales Tax 4%',1,NULL,NULL),(113,11,'',6,NULL,'0',NULL,'0',0,'Sales Tax 6%',1,NULL,NULL),(121,12,'',20,NULL,'0',NULL,'0',0,'VAT standard rate',1,NULL,NULL),(122,12,'',14,NULL,'0',NULL,'0',0,'VAT reduced rate',1,NULL,NULL),(123,12,'',10,NULL,'0',NULL,'0',0,'VAT reduced rate',1,NULL,NULL),(124,12,'',7,NULL,'0',NULL,'0',0,'VAT super-reduced rate',1,NULL,NULL),(125,12,'',0,NULL,'0',NULL,'0',0,'VAT Rate 0',1,NULL,NULL),(141,14,'',7,NULL,'0',NULL,'0',0,'VAT standard rate',1,NULL,NULL),(142,14,'',0,NULL,'0',NULL,'0',0,'VAT Rate 0',1,NULL,NULL),(143,14,'',5,'9.975','1',NULL,'0',0,'GST/TPS and PST/TVQ rate for Province',1,NULL,NULL),(171,17,'',19,NULL,'0',NULL,'0',0,'Algemeen BTW tarief',1,NULL,NULL),(172,17,'',6,NULL,'0',NULL,'0',0,'Verlaagd BTW tarief',1,NULL,NULL),(173,17,'',0,NULL,'0',NULL,'0',0,'0 BTW tarief',1,NULL,NULL),(174,17,'',21,NULL,'0',NULL,'0',0,'Algemeen BTW tarief (vanaf 1 oktober 2012)',0,NULL,NULL),(201,20,'',25,NULL,'0',NULL,'0',0,'VAT standard rate',1,NULL,NULL),(202,20,'',12,NULL,'0',NULL,'0',0,'VAT reduced rate',1,NULL,NULL),(203,20,'',6,NULL,'0',NULL,'0',0,'VAT super-reduced rate',1,NULL,NULL),(204,20,'',0,NULL,'0',NULL,'0',0,'VAT Rate 0',1,NULL,NULL),(211,21,'',0,'0','0','0','0',0,'IVA Rate 0',1,NULL,NULL),(212,21,'',18,'7.5','2','0','0',0,'IVA standard rate',1,NULL,NULL),(221,22,'',18,NULL,'0',NULL,'0',0,'VAT standard rate',1,NULL,NULL),(222,22,'',10,NULL,'0',NULL,'0',0,'VAT reduced rate',1,NULL,NULL),(223,22,'',0,NULL,'0',NULL,'0',0,'VAT Rate 0',1,NULL,NULL),(231,23,'',21,NULL,'0',NULL,'0',0,'IVA standard rate',1,NULL,NULL),(232,23,'',10.5,NULL,'0',NULL,'0',0,'IVA reduced rate',1,NULL,NULL),(233,23,'',0,NULL,'0',NULL,'0',0,'IVA Rate 0',1,NULL,NULL),(241,24,'',19.25,NULL,'0',NULL,'0',0,'VAT standard rate',1,NULL,NULL),(242,24,'',0,NULL,'0',NULL,'0',0,'VAT Rate 0',1,NULL,NULL),(251,25,'',23,NULL,'0',NULL,'0',0,'VAT standard rate',1,NULL,NULL),(252,25,'',13,NULL,'0',NULL,'0',0,'VAT reduced rate',1,NULL,NULL),(253,25,'',0,NULL,'0',NULL,'0',0,'VAT Rate 0',1,NULL,NULL),(254,25,'',6,NULL,'0',NULL,'0',0,'VAT reduced rate',1,NULL,NULL),(261,26,'',0,NULL,'0',NULL,'0',0,'VAT Rate 0',1,NULL,NULL),(271,27,'',19.6,NULL,'0',NULL,'0',0,'VAT standard rate (France hors DOM-TOM)',1,NULL,NULL),(272,27,'',8.5,NULL,'0',NULL,'0',0,'VAT standard rate (DOM sauf Guyane et Saint-Martin)',0,NULL,NULL),(273,27,'',8.5,NULL,'0',NULL,'0',1,'VAT standard rate (DOM sauf Guyane et Saint-Martin), non perçu par le vendeur mais récupérable par acheteur',0,NULL,NULL),(274,27,'',5.5,NULL,'0',NULL,'0',0,'VAT reduced rate (France hors DOM-TOM)',0,NULL,NULL),(275,27,'',0,NULL,'0',NULL,'0',0,'VAT Rate 0 ou non applicable',1,NULL,NULL),(276,27,'',2.1,NULL,'0',NULL,'0',0,'VAT super-reduced rate',1,NULL,NULL),(277,27,'',7,NULL,'0',NULL,'0',0,'VAT reduced rate',1,NULL,NULL),(281,28,'',10,NULL,'0',NULL,'0',0,'VAT standard rate',1,NULL,NULL),(282,28,'',0,NULL,'0',NULL,'0',0,'VAT Rate 0',1,NULL,NULL),(411,41,'',20,NULL,'0',NULL,'0',0,'VAT standard rate',1,NULL,NULL),(412,41,'',10,NULL,'0',NULL,'0',0,'VAT reduced rate',1,NULL,NULL),(413,41,'',0,NULL,'0',NULL,'0',0,'VAT Rate 0',1,NULL,NULL),(461,46,'',0,NULL,'0',NULL,'0',0,'No VAT',1,NULL,NULL),(462,46,'',15,NULL,'0',NULL,'0',0,'VAT 15%',1,NULL,NULL),(463,46,'',7.5,NULL,'0',NULL,'0',0,'VAT 7.5%',1,NULL,NULL),(561,56,'',0,NULL,'0',NULL,'0',0,'VAT reduced rate',1,NULL,NULL),(591,59,'',20,NULL,'0',NULL,'0',0,'VAT standard rate',1,NULL,NULL),(592,59,'',7,NULL,'0',NULL,'0',0,'VAT reduced rate',1,NULL,NULL),(593,59,'',0,NULL,'0',NULL,'0',0,'VAT Rate 0',1,NULL,NULL),(671,67,'',19,NULL,'0',NULL,'0',0,'VAT standard rate',1,NULL,NULL),(672,67,'',0,NULL,'0',NULL,'0',0,'VAT Rate 0',1,NULL,NULL),(801,80,'',25,NULL,'0',NULL,'0',0,'VAT standard rate',1,NULL,NULL),(802,80,'',0,NULL,'0',NULL,'0',0,'VAT Rate 0',1,NULL,NULL),(861,86,'',13,NULL,'0',NULL,'0',0,'IVA 13',1,NULL,NULL),(862,86,'',0,NULL,'0',NULL,'0',0,'SIN IVA',1,NULL,NULL),(1141,114,'',0,NULL,'0',NULL,'0',0,'No ISV',1,NULL,NULL),(1142,114,'',12,NULL,'0',NULL,'0',0,'ISV 12%',1,NULL,NULL),(1161,116,'',25.5,NULL,'0',NULL,'0',0,'VAT standard rate',1,NULL,NULL),(1162,116,'',7,NULL,'0',NULL,'0',0,'VAT reduced rate',1,NULL,NULL),(1163,116,'',0,NULL,'0',NULL,'0',0,'VAT rate 0',1,NULL,NULL),(1171,117,'',12.5,NULL,'0',NULL,'0',0,'VAT standard rate',1,NULL,NULL),(1172,117,'',4,NULL,'0',NULL,'0',0,'VAT reduced rate',1,NULL,NULL),(1173,117,'',1,NULL,'0',NULL,'0',0,'VAT super-reduced rate',1,NULL,NULL),(1174,117,'',0,NULL,'0',NULL,'0',0,'VAT Rate 0',1,NULL,NULL),(1176,117,'CGST+SGST',0,'9','1','9','1',0,'CGST+SGST - Same state sales',1,NULL,NULL),(1177,117,'IGST',18,'0','0','0','0',0,'IGST',1,NULL,NULL),(1231,123,'',0,NULL,'0',NULL,'0',0,'VAT Rate 0',1,NULL,NULL),(1232,123,'',5,NULL,'0',NULL,'0',0,'VAT Rate 5',1,NULL,NULL),(1401,140,'',15,NULL,'0',NULL,'0',0,'VAT standard rate',1,NULL,NULL),(1402,140,'',12,NULL,'0',NULL,'0',0,'VAT reduced rate',1,NULL,NULL),(1403,140,'',6,NULL,'0',NULL,'0',0,'VAT reduced rate',1,NULL,NULL),(1404,140,'',3,NULL,'0',NULL,'0',0,'VAT super-reduced rate',1,NULL,NULL),(1405,140,'',0,NULL,'0',NULL,'0',0,'VAT Rate 0',1,NULL,NULL),(1481,148,'',18,NULL,'0',NULL,'0',0,'VAT standard rate',1,NULL,NULL),(1482,148,'',7,NULL,'0',NULL,'0',0,'VAT reduced rate',1,NULL,NULL),(1483,148,'',5,NULL,'0',NULL,'0',0,'VAT super-reduced rate',1,NULL,NULL),(1484,148,'',0,NULL,'0',NULL,'0',0,'VAT Rate 0',1,NULL,NULL),(1511,151,'',0,NULL,'0',NULL,'0',0,'VAT Rate 0',1,NULL,NULL),(1512,151,'',14,NULL,'0',NULL,'0',0,'VAT Rate 14',1,NULL,NULL),(1521,152,'',0,NULL,'0',NULL,'0',0,'VAT Rate 0',1,NULL,NULL),(1522,152,'',15,NULL,'0',NULL,'0',0,'VAT Rate 15',1,NULL,NULL),(1541,154,'',0,NULL,'0',NULL,'0',0,'No VAT',1,NULL,NULL),(1542,154,'',16,NULL,'0',NULL,'0',0,'VAT 16%',1,NULL,NULL),(1543,154,'',10,NULL,'0',NULL,'0',0,'VAT Frontero',1,NULL,NULL),(1662,166,'',15,NULL,'0',NULL,'0',0,'VAT standard rate',1,NULL,NULL),(1663,166,'',0,NULL,'0',NULL,'0',0,'VAT Rate 0',1,NULL,NULL),(1692,169,'',5,NULL,'0',NULL,'0',0,'VAT standard rate',1,NULL,NULL),(1693,169,'',0,NULL,'0',NULL,'0',0,'VAT Rate 0',1,NULL,NULL),(1731,173,'',25,NULL,'0',NULL,'0',0,'VAT standard rate',1,NULL,NULL),(1732,173,'',14,NULL,'0',NULL,'0',0,'VAT reduced rate',1,NULL,NULL),(1733,173,'',8,NULL,'0',NULL,'0',0,'VAT reduced rate',1,NULL,NULL),(1734,173,'',0,NULL,'0',NULL,'0',0,'VAT Rate 0',1,NULL,NULL),(1781,178,'',7,NULL,'0',NULL,'0',0,'ITBMS standard rate',1,NULL,NULL),(1782,178,'',0,NULL,'0',NULL,'0',0,'ITBMS Rate 0',1,NULL,NULL),(1811,181,'',18,NULL,'0',NULL,'0',0,'VAT standard rate',1,NULL,NULL),(1812,181,'',0,NULL,'0',NULL,'0',0,'VAT Rate 0',1,NULL,NULL),(1841,184,'',20,NULL,'0',NULL,'0',0,'VAT standard rate',1,NULL,NULL),(1842,184,'',7,NULL,'0',NULL,'0',0,'VAT reduced rate',1,NULL,NULL),(1843,184,'',3,NULL,'0',NULL,'0',0,'VAT reduced rate',1,NULL,NULL),(1844,184,'',0,NULL,'0',NULL,'0',0,'VAT Rate 0',1,NULL,NULL),(1881,188,'',24,NULL,'0',NULL,'0',0,'VAT standard rate',1,NULL,NULL),(1882,188,'',9,NULL,'0',NULL,'0',0,'VAT reduced rate',1,NULL,NULL),(1883,188,'',0,NULL,'0',NULL,'0',0,'VAT Rate 0',1,NULL,NULL),(1884,188,'',5,NULL,'0',NULL,'0',0,'VAT reduced rate',1,NULL,NULL),(1931,193,'',0,NULL,'0',NULL,'0',0,'No VAT in SPM',1,NULL,NULL),(2011,201,'',19,NULL,'0',NULL,'0',0,'VAT standard rate',1,NULL,NULL),(2012,201,'',10,NULL,'0',NULL,'0',0,'VAT reduced rate',1,NULL,NULL),(2013,201,'',0,NULL,'0',NULL,'0',0,'VAT Rate 0',1,NULL,NULL),(2021,202,'',22,NULL,'0',NULL,'0',0,'VAT standard rate',1,NULL,NULL),(2022,202,'',9.5,NULL,'0',NULL,'0',0,'VAT reduced rate',1,NULL,NULL),(2023,202,'',0,NULL,'0',NULL,'0',0,'VAT Rate 0',1,NULL,NULL),(2051,205,'',0,NULL,'0',NULL,'0',0,'No VAT',1,NULL,NULL),(2052,205,'',14,NULL,'0',NULL,'0',0,'VAT 14%',1,NULL,NULL),(2131,213,'',5,NULL,'0',NULL,'0',0,'VAT 5%',1,NULL,NULL),(2261,226,'',20,NULL,'0',NULL,'0',0,'VAT standart rate',1,NULL,NULL),(2262,226,'',0,NULL,'0',NULL,'0',0,'VAT Rate 0',1,NULL,NULL),(2321,232,'',0,NULL,'0',NULL,'0',0,'No VAT',1,NULL,NULL),(2322,232,'',12,NULL,'0',NULL,'0',0,'VAT 12%',1,NULL,NULL),(2323,232,'',8,NULL,'0',NULL,'0',0,'VAT 8%',1,NULL,NULL),(2461,246,'',0,NULL,'0',NULL,'0',0,'VAT Rate 0',1,NULL,NULL),(2462,102,'',23,'0','0','0','0',0,'Κανονικός Φ.Π.Α.',1,NULL,NULL),(2463,102,'',0,'0','0','0','0',0,'Μηδενικό Φ.Π.Α.',1,NULL,NULL),(2464,102,'',13,'0','0','0','0',0,'Μειωμένος Φ.Π.Α.',1,NULL,NULL),(2465,102,'',6.5,'0','0','0','0',0,'Υπερμειωμένος Φ.Π.Α.',1,NULL,NULL),(2466,102,'',16,'0','0','0','0',0,'Νήσων κανονικός Φ.Π.Α.',1,NULL,NULL),(2467,102,'',9,'0','0','0','0',0,'Νήσων μειωμένος Φ.Π.Α.',1,NULL,NULL),(2468,102,'',5,'0','0','0','0',0,'Νήσων υπερμειωμένος Φ.Π.Α.',1,NULL,NULL),(2469,1,'85',8.5,NULL,'0',NULL,'0',0,'VAT standard rate (DOM sauf Guyane et Saint-Martin)',0,NULL,NULL),(2470,1,'85NPR',8.5,NULL,'0',NULL,'0',1,'VAT standard rate (DOM sauf Guyane et Saint-Martin), non perçu par le vendeur mais récupérable par acheteur',0,NULL,NULL),(2471,1,'85NPROM',8.5,'2','3',NULL,'0',1,'VAT standard rate (DOM sauf Guyane et Saint-Martin), NPR, Octroi de Mer',0,NULL,NULL),(2472,1,'85NPROMOMR',8.5,'2','3','2.5','3',1,'VAT standard rate (DOM sauf Guyane et Saint-Martin), NPR, Octroi de Mer et Octroi de Mer Regional',0,NULL,NULL);

--
-- Table structure for table `llx_c_type_contact`
--

CREATE TABLE `llx_c_type_contact` (
  `rowid` int(11) NOT NULL,
  `element` varchar(30) COLLATE utf8_unicode_ci NOT NULL,
  `source` varchar(8) COLLATE utf8_unicode_ci NOT NULL DEFAULT 'external',
  `code` varchar(32) COLLATE utf8_unicode_ci NOT NULL,
  `libelle` varchar(64) COLLATE utf8_unicode_ci NOT NULL,
  `active` tinyint(4) NOT NULL DEFAULT '1',
  `module` varchar(32) COLLATE utf8_unicode_ci DEFAULT NULL,
  `position` int(11) NOT NULL DEFAULT '0',
  PRIMARY KEY (`rowid`),
  UNIQUE KEY `uk_c_type_contact_id` (`element`,`source`,`code`)
) ENGINE=InnoDB DEFAULT CHARSET=utf8 COLLATE=utf8_unicode_ci;

--
-- Dumping data for table `llx_c_type_contact`
--

INSERT INTO `llx_c_type_contact` VALUES (10,'contrat','internal','SALESREPSIGN','Commercial signataire du contrat',1,NULL,0),(11,'contrat','internal','SALESREPFOLL','Commercial suivi du contrat',1,NULL,0),(20,'contrat','external','BILLING','Contact client facturation contrat',1,NULL,0),(21,'contrat','external','CUSTOMER','Contact client suivi contrat',1,NULL,0),(22,'contrat','external','SALESREPSIGN','Contact client signataire contrat',1,NULL,0),(31,'propal','internal','SALESREPFOLL','Commercial à l\'origine de la propale',1,NULL,0),(40,'propal','external','BILLING','Contact client facturation propale',1,NULL,0),(41,'propal','external','CUSTOMER','Contact client suivi propale',1,NULL,0),(42,'propal','external','SHIPPING','Customer contact for delivery',1,NULL,0),(50,'facture','internal','SALESREPFOLL','Responsable suivi du paiement',1,NULL,0),(60,'facture','external','BILLING','Contact client facturation',1,NULL,0),(61,'facture','external','SHIPPING','Contact client livraison',1,NULL,0),(62,'facture','external','SERVICE','Contact client prestation',1,NULL,0),(70,'invoice_supplier','internal','SALESREPFOLL','Responsable suivi du paiement',1,NULL,0),(71,'invoice_supplier','external','BILLING','Contact fournisseur facturation',1,NULL,0),(72,'invoice_supplier','external','SHIPPING','Contact fournisseur livraison',1,NULL,0),(73,'invoice_supplier','external','SERVICE','Contact fournisseur prestation',1,NULL,0),(80,'agenda','internal','ACTOR','Responsable',1,NULL,0),(81,'agenda','internal','GUEST','Guest',1,NULL,0),(85,'agenda','external','ACTOR','Responsable',1,NULL,0),(86,'agenda','external','GUEST','Guest',1,NULL,0),(91,'commande','internal','SALESREPFOLL','Responsable suivi de la commande',1,NULL,0),(100,'commande','external','BILLING','Contact client facturation commande',1,NULL,0),(101,'commande','external','CUSTOMER','Contact client suivi commande',1,NULL,0),(102,'commande','external','SHIPPING','Contact client livraison commande',1,NULL,0),(110,'supplier_proposal','internal','SALESREPFOLL','Responsable suivi de la demande',1,NULL,0),(111,'supplier_proposal','external','BILLING','Contact fournisseur facturation',1,NULL,0),(112,'supplier_proposal','external','SHIPPING','Contact fournisseur livraison',1,NULL,0),(113,'supplier_proposal','external','SERVICE','Contact fournisseur prestation',1,NULL,0),(120,'fichinter','internal','INTERREPFOLL','Responsable suivi de l\'intervention',1,NULL,0),(121,'fichinter','internal','INTERVENING','Intervenant',1,NULL,0),(130,'fichinter','external','BILLING','Contact client facturation intervention',1,NULL,0),(131,'fichinter','external','CUSTOMER','Contact client suivi de l\'intervention',1,NULL,0),(140,'order_supplier','internal','SALESREPFOLL','Responsable suivi de la commande',1,NULL,0),(141,'order_supplier','internal','SHIPPING','Responsable réception de la commande',1,NULL,0),(142,'order_supplier','external','BILLING','Contact fournisseur facturation commande',1,NULL,0),(143,'order_supplier','external','CUSTOMER','Contact fournisseur suivi commande',1,NULL,0),(145,'order_supplier','external','SHIPPING','Contact fournisseur livraison commande',1,NULL,0),(150,'dolresource','internal','USERINCHARGE','In charge of resource',1,NULL,0),(151,'dolresource','external','THIRDINCHARGE','In charge of resource',1,NULL,0),(155,'ticket','internal','SUPPORTTEC','Utilisateur contact support',1,NULL,0),(156,'ticket','internal','CONTRIBUTOR','Intervenant',1,NULL,0),(157,'ticket','external','SUPPORTCLI','Contact client suivi incident',1,NULL,0),(158,'ticket','external','CONTRIBUTOR','Intervenant',1,NULL,0),(160,'project','internal','PROJECTLEADER','Chef de Projet',1,NULL,0),(161,'project','internal','PROJECTCONTRIBUTOR','Intervenant',1,NULL,0),(170,'project','external','PROJECTLEADER','Chef de Projet',1,NULL,0),(171,'project','external','PROJECTCONTRIBUTOR','Intervenant',1,NULL,0),(180,'project_task','internal','TASKEXECUTIVE','Responsable',1,NULL,0),(181,'project_task','internal','TASKCONTRIBUTOR','Intervenant',1,NULL,0),(190,'project_task','external','TASKEXECUTIVE','Responsable',1,NULL,0),(191,'project_task','external','TASKCONTRIBUTOR','Intervenant',1,NULL,0),(200,'societe','external','GENERALREF','Généraliste (référent)',0,'cabinetmed',0),(201,'societe','external','GENERALISTE','Généraliste',0,'cabinetmed',0),(210,'societe','external','SPECCHIROR','Chirurgien ortho',0,'cabinetmed',0),(211,'societe','external','SPECCHIROT','Chirurgien autre',0,'cabinetmed',0),(220,'societe','external','SPECDERMA','Dermatologue',0,'cabinetmed',0),(225,'societe','external','SPECENDOC','Endocrinologue',0,'cabinetmed',0),(230,'societe','external','SPECGYNECO','Gynécologue',0,'cabinetmed',0),(240,'societe','external','SPECGASTRO','Gastroantérologue',0,'cabinetmed',0),(245,'societe','external','SPECINTERNE','Interniste',0,'cabinetmed',0),(250,'societe','external','SPECCARDIO','Cardiologue',0,'cabinetmed',0),(260,'societe','external','SPECNEPHRO','Néphrologue',0,'cabinetmed',0),(263,'societe','external','SPECPNEUMO','Pneumologue',0,'cabinetmed',0),(265,'societe','external','SPECNEURO','Neurologue',0,'cabinetmed',0),(270,'societe','external','SPECRHUMATO','Rhumatologue',0,'cabinetmed',0),(280,'societe','external','KINE','Kinésithérapeute',0,'cabinetmed',0);

--
-- Table structure for table `llx_c_type_container`
--

CREATE TABLE `llx_c_type_container` (
  `rowid` int(11) NOT NULL AUTO_INCREMENT,
  `code` varchar(32) COLLATE utf8_unicode_ci NOT NULL,
  `entity` int(11) NOT NULL DEFAULT '1',
  `label` varchar(64) COLLATE utf8_unicode_ci NOT NULL,
  `active` tinyint(4) NOT NULL DEFAULT '1',
  `module` varchar(32) COLLATE utf8_unicode_ci DEFAULT NULL,
  PRIMARY KEY (`rowid`),
  UNIQUE KEY `uk_c_type_container_id` (`code`,`entity`)
) ENGINE=InnoDB AUTO_INCREMENT=10 DEFAULT CHARSET=utf8 COLLATE=utf8_unicode_ci;

--
-- Dumping data for table `llx_c_type_container`
--

INSERT INTO `llx_c_type_container` VALUES (2,'page',1,'Page',1,'system'),(3,'banner',1,'Banner',1,'system'),(4,'blogpost',1,'BlogPost',1,'system'),(5,'other',1,'Other',1,'system');

--
-- Table structure for table `llx_c_type_fees`
--

CREATE TABLE `llx_c_type_fees` (
  `id` int(11) NOT NULL AUTO_INCREMENT,
  `code` varchar(12) COLLATE utf8_unicode_ci NOT NULL,
  `label` varchar(30) COLLATE utf8_unicode_ci DEFAULT NULL,
  `accountancy_code` varchar(32) COLLATE utf8_unicode_ci DEFAULT NULL,
  `active` tinyint(4) NOT NULL DEFAULT '1',
  `module` varchar(32) COLLATE utf8_unicode_ci DEFAULT NULL,
  `position` int(11) NOT NULL DEFAULT '0',
  `type` int(11) DEFAULT '0',
  PRIMARY KEY (`id`),
  UNIQUE KEY `uk_c_type_fees` (`code`)
) ENGINE=InnoDB AUTO_INCREMENT=48 DEFAULT CHARSET=utf8 COLLATE=utf8_unicode_ci;

--
-- Dumping data for table `llx_c_type_fees`
--

INSERT INTO `llx_c_type_fees` VALUES (1,'TF_OTHER','Other','705',1,NULL,0,0),(2,'TF_TRIP','Trip',NULL,1,NULL,0,0),(3,'TF_LUNCH','Lunch',NULL,1,NULL,0,0),(4,'EX_KME','ExpLabelKm','625100',1,NULL,0,0),(5,'EX_FUE','ExpLabelFuelCV','606150',0,NULL,0,0),(6,'EX_HOT','ExpLabelHotel','625160',0,NULL,0,0),(7,'EX_PAR','ExpLabelParkingCV','625160',0,NULL,0,0),(8,'EX_TOL','ExpLabelTollCV','625160',0,NULL,0,0),(9,'EX_TAX','ExpLabelVariousTaxes','637800',0,NULL,0,0),(10,'EX_IND','ExpLabelIndemnityTranspSub','648100',0,NULL,0,0),(11,'EX_SUM','ExpLabelMaintenanceSupply','606300',0,NULL,0,0),(12,'EX_SUO','ExpLabelOfficeSupplies','606400',0,NULL,0,0),(13,'EX_CAR','ExpLabelCarRental','613000',0,NULL,0,0),(14,'EX_DOC','ExpLabelDocumentation','618100',0,NULL,0,0),(15,'EX_CUR','ExpLabelCustomersReceiving','625710',0,NULL,0,0),(16,'EX_OTR','ExpLabelOtherReceiving','625700',0,NULL,0,0),(17,'EX_POS','ExpLabelPostage','626100',0,NULL,0,0),(18,'EX_CAM','ExpLabelMaintenanceRepairCV','615300',0,NULL,0,0),(19,'EX_EMM','ExpLabelEmployeesMeal','625160',0,NULL,0,0),(20,'EX_GUM','ExpLabelGuestsMeal','625160',0,NULL,0,0),(21,'EX_BRE','ExpLabelBreakfast','625160',0,NULL,0,0),(22,'EX_FUE_VP','ExpLabelFuelPV','606150',0,NULL,0,0),(23,'EX_TOL_VP','ExpLabelTollPV','625160',0,NULL,0,0),(24,'EX_PAR_VP','ExpLabelParkingPV','625160',0,NULL,0,0),(25,'EX_CAM_VP','ExpLabelMaintenanceRepairPV','615300',0,NULL,0,0);

--
-- Table structure for table `llx_c_type_resource`
--

CREATE TABLE `llx_c_type_resource` (
  `rowid` int(11) NOT NULL AUTO_INCREMENT,
  `code` varchar(32) COLLATE utf8_unicode_ci NOT NULL,
  `label` varchar(64) COLLATE utf8_unicode_ci NOT NULL,
  `active` tinyint(4) NOT NULL DEFAULT '1',
  PRIMARY KEY (`rowid`),
  UNIQUE KEY `uk_c_type_resource_id` (`label`,`code`)
) ENGINE=InnoDB AUTO_INCREMENT=3 DEFAULT CHARSET=utf8 COLLATE=utf8_unicode_ci;

--
-- Dumping data for table `llx_c_type_resource`
--

INSERT INTO `llx_c_type_resource` VALUES (1,'RES_ROOMS','Rooms',1),(2,'RES_CARS','Cars',1);

--
-- Table structure for table `llx_c_typent`
--

CREATE TABLE `llx_c_typent` (
  `id` int(11) NOT NULL,
  `code` varchar(12) COLLATE utf8_unicode_ci NOT NULL,
  `libelle` varchar(64) COLLATE utf8_unicode_ci DEFAULT NULL,
  `fk_country` int(11) DEFAULT NULL,
  `active` tinyint(4) NOT NULL DEFAULT '1',
  `module` varchar(32) COLLATE utf8_unicode_ci DEFAULT NULL,
  `position` int(11) NOT NULL DEFAULT '0',
  PRIMARY KEY (`id`),
  UNIQUE KEY `uk_c_typent` (`code`)
) ENGINE=InnoDB DEFAULT CHARSET=utf8 COLLATE=utf8_unicode_ci;

--
-- Dumping data for table `llx_c_typent`
--

INSERT INTO `llx_c_typent` VALUES (0,'TE_UNKNOWN','-',NULL,1,NULL,0),(1,'TE_STARTUP','Start-up',NULL,1,NULL,0),(2,'TE_GROUP','Grand groupe',NULL,1,NULL,0),(3,'TE_MEDIUM','PME/PMI',NULL,1,NULL,0),(4,'TE_SMALL','TPE',NULL,1,NULL,0),(5,'TE_ADMIN','Administration',NULL,1,NULL,0),(6,'TE_WHOLE','Grossiste',NULL,1,NULL,0),(7,'TE_RETAIL','Revendeur',NULL,1,NULL,0),(8,'TE_PRIVATE','Particulier',NULL,1,NULL,0),(100,'TE_OTHER','Autres',NULL,1,NULL,0),(101,'TE_HOMME','Homme',NULL,0,'cabinetmed',0),(102,'TE_FEMME','Femme',NULL,0,'cabinetmed',0),(231,'TE_A_RI','Responsable Inscripto',23,1,NULL,0),(232,'TE_B_RNI','Responsable No Inscripto',23,1,NULL,0),(233,'TE_C_FE','Consumidor Final/Exento',23,1,NULL,0);

--
-- Table structure for table `llx_c_units`
--

CREATE TABLE `llx_c_units` (
  `rowid` int(11) NOT NULL AUTO_INCREMENT,
  `code` varchar(3) COLLATE utf8_unicode_ci DEFAULT NULL,
  `label` varchar(50) COLLATE utf8_unicode_ci DEFAULT NULL,
  `short_label` varchar(5) COLLATE utf8_unicode_ci DEFAULT NULL,
  `active` tinyint(4) NOT NULL DEFAULT '1',
  `scale` int(11) DEFAULT NULL,
  `unit_type` varchar(10) COLLATE utf8_unicode_ci DEFAULT NULL,
  PRIMARY KEY (`rowid`),
  UNIQUE KEY `uk_c_units_code` (`code`)
) ENGINE=InnoDB AUTO_INCREMENT=49 DEFAULT CHARSET=utf8 COLLATE=utf8_unicode_ci;

--
-- Dumping data for table `llx_c_units`
--

INSERT INTO `llx_c_units` VALUES (1,'P','piece','p',1,NULL,NULL),(2,'SET','set','se',1,NULL,NULL),(3,'S','second','s',1,NULL,'time'),(4,'H','hour','h',1,NULL,'time'),(5,'D','day','d',1,NULL,'time'),(6,'KG','kilogram','kg',1,NULL,'weight'),(7,'G','gram','g',1,NULL,'weight'),(8,'M','SizeUnitm','m',1,NULL,'size'),(9,'LM','linear meter','lm',0,NULL,'size'),(10,'M2','SurfaceUnitm2','m2',1,NULL,'surface'),(11,'M3','VolumeUnitm3','m3',1,NULL,'volume'),(12,'L','liter','l',0,-3,'volume'),(13,'T','WeightUnitton','T',1,3,'weight'),(16,'MG','WeightUnitmg','mg',1,-6,'weight'),(17,'OZ','WeightUnitounce','Oz',1,98,'weight'),(18,'LB','WeightUnitpound','lb',1,99,'weight'),(20,'DM','SizeUnitdm','dm',1,-1,'size'),(21,'CM','SizeUnitcm','cm',1,-2,'size'),(22,'MM','SizeUnitmm','mm',1,-3,'size'),(23,'FT','SizeUnitfoot','ft',1,98,'size'),(24,'IN','SizeUnitinch','in',1,99,'size'),(26,'DM2','SurfaceUnitdm2','dm2',1,-2,'surface'),(27,'CM2','SurfaceUnitcm2','cm2',1,-4,'surface'),(28,'MM2','SurfaceUnitmm2','mm2',1,-6,'surface'),(29,'FT2','SurfaceUnitfoot2','ft2',1,98,'surface'),(30,'IN2','SurfaceUnitinch2','in2',1,99,'surface'),(32,'DM3','VolumeUnitdm3','dm3',1,-3,'volume'),(33,'CM3','VolumeUnitcm3','cm3',1,-6,'volume'),(34,'MM3','VolumeUnitmm3','mm3',1,-9,'volume'),(35,'FT3','VolumeUnitfoot3','ft3',1,88,'volume'),(36,'IN3','VolumeUnitinch3','in3',1,89,'volume'),(37,'OZ3','VolumeUnitounce','Oz',1,97,'volume'),(39,'GAL','VolumeUnitgallon','gal',1,99,'volume'),(43,'MI','minute','i',1,60,'time'),(46,'W','week','w',1,604800,'time'),(47,'MO','month','m',1,2629800,'time'),(48,'Y','year','y',1,31557600,'time');

--
-- Table structure for table `llx_c_ziptown`
--

CREATE TABLE `llx_c_ziptown` (
  `rowid` int(11) NOT NULL AUTO_INCREMENT,
  `code` varchar(5) COLLATE utf8_unicode_ci DEFAULT NULL,
  `fk_county` int(11) DEFAULT NULL,
  `fk_pays` int(11) NOT NULL DEFAULT '0',
  `zip` varchar(10) COLLATE utf8_unicode_ci NOT NULL,
  `town` varchar(255) COLLATE utf8_unicode_ci NOT NULL,
  `active` tinyint(4) NOT NULL DEFAULT '1',
  PRIMARY KEY (`rowid`),
  UNIQUE KEY `uk_ziptown_fk_pays` (`zip`,`town`,`fk_pays`),
  KEY `idx_c_ziptown_fk_county` (`fk_county`),
  KEY `idx_c_ziptown_fk_pays` (`fk_pays`),
  KEY `idx_c_ziptown_zip` (`zip`),
  CONSTRAINT `fk_c_ziptown_fk_county` FOREIGN KEY (`fk_county`) REFERENCES `llx_c_departements` (`rowid`),
  CONSTRAINT `fk_c_ziptown_fk_pays` FOREIGN KEY (`fk_pays`) REFERENCES `llx_c_country` (`rowid`)
) ENGINE=InnoDB DEFAULT CHARSET=utf8 COLLATE=utf8_unicode_ci;

--
-- Dumping data for table `llx_c_ziptown`
--


--
-- Table structure for table `llx_categorie`
--

CREATE TABLE `llx_categorie` (
  `rowid` int(11) NOT NULL AUTO_INCREMENT,
  `fk_parent` int(11) NOT NULL DEFAULT '0',
  `label` varchar(255) COLLATE utf8_unicode_ci NOT NULL,
  `type` tinyint(4) NOT NULL DEFAULT '1',
  `entity` int(11) NOT NULL DEFAULT '1',
  `description` text COLLATE utf8_unicode_ci,
  `fk_soc` int(11) DEFAULT NULL,
  `visible` tinyint(4) NOT NULL DEFAULT '1',
  `import_key` varchar(14) COLLATE utf8_unicode_ci DEFAULT NULL,
  `color` varchar(8) COLLATE utf8_unicode_ci DEFAULT NULL,
  `ref_ext` varchar(255) COLLATE utf8_unicode_ci DEFAULT NULL,
  PRIMARY KEY (`rowid`),
  UNIQUE KEY `uk_categorie_ref` (`entity`,`fk_parent`,`label`,`type`),
  KEY `idx_categorie_type` (`type`),
  KEY `idx_categorie_label` (`label`)
) ENGINE=InnoDB AUTO_INCREMENT=31 DEFAULT CHARSET=utf8 COLLATE=utf8_unicode_ci;

--
-- Dumping data for table `llx_categorie`
--

INSERT INTO `llx_categorie` VALUES (1,0,'Preferred Partners',1,1,'This category is used to tag suppliers that are Prefered Partners',NULL,0,NULL,'005fbf',NULL),(2,0,'MyCategory',1,1,'This is description of MyCategory for customer and prospects<br />',NULL,0,NULL,NULL,NULL),(3,7,'Hot products',1,1,'This is description of hot products<br />',NULL,0,NULL,NULL,NULL),(4,0,'Merchant',1,1,'Category dedicated to merchant third parties',NULL,0,NULL,'bf5f00',NULL),(5,7,'Bio Fairtrade',0,1,'',NULL,0,NULL,NULL,NULL),(6,7,'Bio AB',0,1,'',NULL,0,NULL,NULL,NULL),(7,9,'Bio',0,1,'This product is a BIO product',NULL,0,NULL,NULL,NULL),(8,7,'Bio Dynamic',0,1,'',NULL,0,NULL,NULL,NULL),(9,0,'High Quality Product',0,1,'Label dedicated for High quality products',NULL,0,NULL,'7f7f00',NULL),(10,0,'Reserved for VIP',0,1,'Product of thi category are reserved to VIP customers',NULL,0,NULL,'7f0000',NULL),(11,9,'ISO',0,1,'Product of this category has an ISO label',NULL,0,NULL,NULL,NULL),(12,0,'VIP',2,1,'',NULL,0,NULL,'bf5f00',NULL),(13,0,'Region North',2,1,'Customer of North Region',NULL,0,NULL,'7f007f',NULL),(14,0,'Regular customer',2,1,'',NULL,0,NULL,'5fbf00',NULL),(15,13,'Region North A',2,1,'',NULL,0,NULL,'bf00bf',NULL),(17,0,'MyTag1',4,1,'',NULL,0,NULL,NULL,NULL),(18,0,'Met during meeting',4,1,'',NULL,0,NULL,'ff7f00',NULL),(19,17,'MySubTag1',4,1,'',NULL,0,NULL,NULL,NULL),(20,13,'Region North B',2,1,'',NULL,0,NULL,'bf005f',NULL),(21,0,'Region South',2,1,'',NULL,0,NULL,NULL,NULL),(22,21,'Region South A',2,1,'',NULL,0,NULL,NULL,NULL),(23,21,'Region South B',2,1,'',NULL,0,NULL,NULL,NULL),(24,0,'Limited Edition',0,1,'This is a limited edition',NULL,0,NULL,'ff7f00',NULL),(25,0,'Imported products',0,1,'For product we have to import from another country',NULL,0,NULL,NULL,NULL),(26,28,'Friends',4,1,'Category of friends contact',NULL,0,NULL,'00bf00',NULL),(27,28,'Family',4,1,'Category of family contacts',NULL,0,NULL,'007f3f',NULL),(28,0,'Personal contacts',4,1,'For personal contacts',NULL,0,NULL,'007f3f',NULL),(29,0,'Online only merchant',1,1,'',NULL,0,NULL,'aaaaff',NULL),(30,0,'ppp',6,1,'ppp',NULL,0,NULL,'ff5656',NULL);

--
-- Table structure for table `llx_categorie_account`
--

CREATE TABLE `llx_categorie_account` (
  `fk_categorie` int(11) NOT NULL,
  `fk_account` int(11) NOT NULL,
  `import_key` varchar(14) COLLATE utf8_unicode_ci DEFAULT NULL,
  PRIMARY KEY (`fk_categorie`,`fk_account`),
  KEY `idx_categorie_account_fk_categorie` (`fk_categorie`),
  KEY `idx_categorie_account_fk_account` (`fk_account`),
  CONSTRAINT `fk_categorie_account_categorie_rowid` FOREIGN KEY (`fk_categorie`) REFERENCES `llx_categorie` (`rowid`),
  CONSTRAINT `fk_categorie_account_fk_account` FOREIGN KEY (`fk_account`) REFERENCES `llx_bank_account` (`rowid`)
) ENGINE=InnoDB DEFAULT CHARSET=utf8 COLLATE=utf8_unicode_ci;

--
-- Dumping data for table `llx_categorie_account`
--


--
-- Table structure for table `llx_categorie_association`
--

CREATE TABLE `llx_categorie_association` (
  `fk_categorie_mere` int(11) NOT NULL,
  `fk_categorie_fille` int(11) NOT NULL,
  UNIQUE KEY `uk_categorie_association` (`fk_categorie_mere`,`fk_categorie_fille`),
  UNIQUE KEY `uk_categorie_association_fk_categorie_fille` (`fk_categorie_fille`)
) ENGINE=InnoDB DEFAULT CHARSET=utf8 COLLATE=utf8_unicode_ci;

--
-- Dumping data for table `llx_categorie_association`
--

INSERT INTO `llx_categorie_association` VALUES (3,5),(9,11);

--
-- Table structure for table `llx_categorie_contact`
--

CREATE TABLE `llx_categorie_contact` (
  `fk_categorie` int(11) NOT NULL,
  `fk_socpeople` int(11) NOT NULL,
  `import_key` varchar(14) COLLATE utf8_unicode_ci DEFAULT NULL,
  PRIMARY KEY (`fk_categorie`,`fk_socpeople`),
  KEY `idx_categorie_contact_fk_categorie` (`fk_categorie`),
  KEY `idx_categorie_contact_fk_socpeople` (`fk_socpeople`),
  CONSTRAINT `fk_categorie_contact_categorie_rowid` FOREIGN KEY (`fk_categorie`) REFERENCES `llx_categorie` (`rowid`),
  CONSTRAINT `fk_categorie_contact_fk_socpeople` FOREIGN KEY (`fk_socpeople`) REFERENCES `llx_socpeople` (`rowid`)
) ENGINE=InnoDB DEFAULT CHARSET=utf8 COLLATE=utf8_unicode_ci;

--
-- Dumping data for table `llx_categorie_contact`
--

INSERT INTO `llx_categorie_contact` VALUES (18,3,NULL),(18,6,NULL),(19,6,NULL),(26,9,NULL),(27,7,NULL),(27,8,NULL),(27,10,NULL),(28,11,NULL);

--
-- Table structure for table `llx_categorie_fournisseur`
--

CREATE TABLE `llx_categorie_fournisseur` (
  `fk_categorie` int(11) NOT NULL,
  `fk_soc` int(11) NOT NULL,
  `import_key` varchar(14) COLLATE utf8_unicode_ci DEFAULT NULL,
  PRIMARY KEY (`fk_categorie`,`fk_soc`),
  KEY `idx_categorie_fournisseur_fk_categorie` (`fk_categorie`),
  KEY `idx_categorie_fournisseur_fk_societe` (`fk_soc`),
  CONSTRAINT `fk_categorie_fournisseur_categorie_rowid` FOREIGN KEY (`fk_categorie`) REFERENCES `llx_categorie` (`rowid`),
  CONSTRAINT `fk_categorie_fournisseur_fk_soc` FOREIGN KEY (`fk_soc`) REFERENCES `llx_societe` (`rowid`)
) ENGINE=InnoDB DEFAULT CHARSET=utf8 COLLATE=utf8_unicode_ci;

--
-- Dumping data for table `llx_categorie_fournisseur`
--

INSERT INTO `llx_categorie_fournisseur` VALUES (1,2,NULL),(1,10,NULL);

--
-- Table structure for table `llx_categorie_lang`
--

CREATE TABLE `llx_categorie_lang` (
  `rowid` int(11) NOT NULL AUTO_INCREMENT,
  `fk_category` int(11) NOT NULL DEFAULT '0',
  `lang` varchar(5) COLLATE utf8_unicode_ci NOT NULL DEFAULT '0',
  `label` varchar(255) COLLATE utf8_unicode_ci NOT NULL,
  `description` text COLLATE utf8_unicode_ci,
  PRIMARY KEY (`rowid`),
  UNIQUE KEY `uk_category_lang` (`fk_category`,`lang`),
  CONSTRAINT `fk_category_lang_fk_category` FOREIGN KEY (`fk_category`) REFERENCES `llx_categorie` (`rowid`)
) ENGINE=InnoDB DEFAULT CHARSET=utf8 COLLATE=utf8_unicode_ci;

--
-- Dumping data for table `llx_categorie_lang`
--


--
-- Table structure for table `llx_categorie_member`
--

CREATE TABLE `llx_categorie_member` (
  `fk_categorie` int(11) NOT NULL,
  `fk_member` int(11) NOT NULL,
  PRIMARY KEY (`fk_categorie`,`fk_member`),
  KEY `idx_categorie_member_fk_categorie` (`fk_categorie`),
  KEY `idx_categorie_member_fk_member` (`fk_member`),
  CONSTRAINT `fk_categorie_member_categorie_rowid` FOREIGN KEY (`fk_categorie`) REFERENCES `llx_categorie` (`rowid`),
  CONSTRAINT `fk_categorie_member_member_rowid` FOREIGN KEY (`fk_member`) REFERENCES `llx_adherent` (`rowid`)
) ENGINE=InnoDB DEFAULT CHARSET=utf8 COLLATE=utf8_unicode_ci;

--
-- Dumping data for table `llx_categorie_member`
--


--
-- Table structure for table `llx_categorie_product`
--

CREATE TABLE `llx_categorie_product` (
  `fk_categorie` int(11) NOT NULL,
  `fk_product` int(11) NOT NULL,
  `import_key` varchar(14) COLLATE utf8_unicode_ci DEFAULT NULL,
  PRIMARY KEY (`fk_categorie`,`fk_product`),
  KEY `idx_categorie_product_fk_categorie` (`fk_categorie`),
  KEY `idx_categorie_product_fk_product` (`fk_product`),
  CONSTRAINT `fk_categorie_product_categorie_rowid` FOREIGN KEY (`fk_categorie`) REFERENCES `llx_categorie` (`rowid`),
  CONSTRAINT `fk_categorie_product_product_rowid` FOREIGN KEY (`fk_product`) REFERENCES `llx_product` (`rowid`)
) ENGINE=InnoDB DEFAULT CHARSET=utf8 COLLATE=utf8_unicode_ci;

--
-- Dumping data for table `llx_categorie_product`
--

INSERT INTO `llx_categorie_product` VALUES (5,2,NULL),(6,2,NULL),(8,4,NULL),(9,5,NULL),(9,12,NULL),(10,3,NULL),(10,4,NULL),(24,1,NULL),(24,11,NULL),(25,10,NULL);

--
-- Table structure for table `llx_categorie_project`
--

CREATE TABLE `llx_categorie_project` (
  `fk_categorie` int(11) NOT NULL,
  `fk_project` int(11) NOT NULL,
  `import_key` varchar(14) COLLATE utf8_unicode_ci DEFAULT NULL,
  PRIMARY KEY (`fk_categorie`,`fk_project`),
  KEY `idx_categorie_project_fk_categorie` (`fk_categorie`),
  KEY `idx_categorie_project_fk_project` (`fk_project`),
  CONSTRAINT `fk_categorie_project_categorie_rowid` FOREIGN KEY (`fk_categorie`) REFERENCES `llx_categorie` (`rowid`),
  CONSTRAINT `fk_categorie_project_fk_project` FOREIGN KEY (`fk_project`) REFERENCES `llx_projet` (`rowid`),
  CONSTRAINT `fk_categorie_project_fk_project_rowid` FOREIGN KEY (`fk_project`) REFERENCES `llx_projet` (`rowid`)
) ENGINE=InnoDB DEFAULT CHARSET=utf8 COLLATE=utf8_unicode_ci;

--
-- Dumping data for table `llx_categorie_project`
--


--
-- Table structure for table `llx_categorie_societe`
--

CREATE TABLE `llx_categorie_societe` (
  `fk_categorie` int(11) NOT NULL,
  `fk_soc` int(11) NOT NULL,
  `import_key` varchar(14) COLLATE utf8_unicode_ci DEFAULT NULL,
  PRIMARY KEY (`fk_categorie`,`fk_soc`),
  KEY `idx_categorie_societe_fk_categorie` (`fk_categorie`),
  KEY `idx_categorie_societe_fk_societe` (`fk_soc`),
  CONSTRAINT `fk_categorie_societe_categorie_rowid` FOREIGN KEY (`fk_categorie`) REFERENCES `llx_categorie` (`rowid`),
  CONSTRAINT `fk_categorie_societe_fk_soc` FOREIGN KEY (`fk_soc`) REFERENCES `llx_societe` (`rowid`)
) ENGINE=InnoDB DEFAULT CHARSET=utf8 COLLATE=utf8_unicode_ci;

--
-- Dumping data for table `llx_categorie_societe`
--

INSERT INTO `llx_categorie_societe` VALUES (12,10,NULL),(12,11,NULL),(14,11,NULL);

--
-- Table structure for table `llx_categorie_user`
--

CREATE TABLE `llx_categorie_user` (
  `fk_categorie` int(11) NOT NULL,
  `fk_user` int(11) NOT NULL,
  `import_key` varchar(14) COLLATE utf8_unicode_ci DEFAULT NULL,
  PRIMARY KEY (`fk_categorie`,`fk_user`),
  KEY `idx_categorie_user_fk_categorie` (`fk_categorie`),
  KEY `idx_categorie_user_fk_user` (`fk_user`),
  CONSTRAINT `fk_categorie_user_categorie_rowid` FOREIGN KEY (`fk_categorie`) REFERENCES `llx_categorie` (`rowid`),
  CONSTRAINT `fk_categorie_user_fk_user` FOREIGN KEY (`fk_user`) REFERENCES `llx_user` (`rowid`)
) ENGINE=InnoDB DEFAULT CHARSET=utf8 COLLATE=utf8_unicode_ci;

--
-- Dumping data for table `llx_categorie_user`
--


--
-- Table structure for table `llx_categories_extrafields`
--

CREATE TABLE `llx_categories_extrafields` (
  `rowid` int(11) NOT NULL AUTO_INCREMENT,
  `tms` timestamp NOT NULL DEFAULT CURRENT_TIMESTAMP ON UPDATE CURRENT_TIMESTAMP,
  `fk_object` int(11) NOT NULL,
  `import_key` varchar(14) COLLATE utf8_unicode_ci DEFAULT NULL,
  PRIMARY KEY (`rowid`),
  KEY `idx_categories_extrafields` (`fk_object`)
) ENGINE=InnoDB DEFAULT CHARSET=utf8 COLLATE=utf8_unicode_ci;

--
-- Dumping data for table `llx_categories_extrafields`
--


--
-- Table structure for table `llx_chargesociales`
--

CREATE TABLE `llx_chargesociales` (
  `rowid` int(11) NOT NULL AUTO_INCREMENT,
  `date_ech` datetime NOT NULL,
  `libelle` varchar(80) COLLATE utf8_unicode_ci NOT NULL,
  `entity` int(11) NOT NULL DEFAULT '1',
  `fk_type` int(11) NOT NULL,
  `fk_account` int(11) DEFAULT NULL,
  `fk_mode_reglement` int(11) DEFAULT NULL,
  `amount` double(24,8) DEFAULT NULL,
  `paye` smallint(6) NOT NULL DEFAULT '0',
  `periode` date DEFAULT NULL,
  `tms` timestamp NOT NULL DEFAULT CURRENT_TIMESTAMP ON UPDATE CURRENT_TIMESTAMP,
  `date_creation` datetime DEFAULT NULL,
  `date_valid` datetime DEFAULT NULL,
  `import_key` varchar(14) COLLATE utf8_unicode_ci DEFAULT NULL,
  `fk_user_author` int(11) DEFAULT NULL,
  `fk_user_modif` int(11) DEFAULT NULL,
  `fk_user_valid` int(11) DEFAULT NULL,
  `ref` varchar(16) COLLATE utf8_unicode_ci DEFAULT NULL,
  `fk_projet` int(11) DEFAULT NULL,
  PRIMARY KEY (`rowid`)
) ENGINE=InnoDB AUTO_INCREMENT=5 DEFAULT CHARSET=utf8 COLLATE=utf8_unicode_ci;

--
-- Dumping data for table `llx_chargesociales`
--

INSERT INTO `llx_chargesociales` VALUES (4,'2013-08-09 00:00:00','fff',1,60,NULL,NULL,10.00000000,1,'2013-08-01','2014-12-08 13:11:10',NULL,NULL,NULL,NULL,NULL,NULL,NULL,NULL);

--
-- Table structure for table `llx_commande`
--

CREATE TABLE `llx_commande` (
  `rowid` int(11) NOT NULL AUTO_INCREMENT,
  `tms` timestamp NOT NULL DEFAULT CURRENT_TIMESTAMP ON UPDATE CURRENT_TIMESTAMP,
  `fk_soc` int(11) NOT NULL,
  `fk_projet` int(11) DEFAULT NULL,
  `ref` varchar(30) COLLATE utf8_unicode_ci NOT NULL,
  `entity` int(11) NOT NULL DEFAULT '1',
  `ref_ext` varchar(255) COLLATE utf8_unicode_ci DEFAULT NULL,
  `ref_int` varchar(255) COLLATE utf8_unicode_ci DEFAULT NULL,
  `ref_client` varchar(255) COLLATE utf8_unicode_ci DEFAULT NULL,
  `date_creation` datetime DEFAULT NULL,
  `date_valid` datetime DEFAULT NULL,
  `date_cloture` datetime DEFAULT NULL,
  `date_commande` date DEFAULT NULL,
  `fk_user_author` int(11) DEFAULT NULL,
  `fk_user_modif` int(11) DEFAULT NULL,
  `fk_user_valid` int(11) DEFAULT NULL,
  `fk_user_cloture` int(11) DEFAULT NULL,
  `source` smallint(6) DEFAULT NULL,
  `fk_statut` smallint(6) DEFAULT '0',
  `amount_ht` double(24,8) DEFAULT NULL,
  `remise_percent` double DEFAULT '0',
  `remise_absolue` double DEFAULT '0',
  `remise` double DEFAULT '0',
  `tva` double(24,8) DEFAULT '0.00000000',
  `localtax1` double(24,8) DEFAULT '0.00000000',
  `localtax2` double(24,8) DEFAULT '0.00000000',
  `total_ht` double(24,8) DEFAULT '0.00000000',
  `total_ttc` double(24,8) DEFAULT '0.00000000',
  `note_private` text COLLATE utf8_unicode_ci,
  `note_public` text COLLATE utf8_unicode_ci,
  `model_pdf` varchar(255) COLLATE utf8_unicode_ci DEFAULT NULL,
  `facture` tinyint(4) DEFAULT '0',
  `fk_account` int(11) DEFAULT NULL,
  `fk_currency` varchar(3) COLLATE utf8_unicode_ci DEFAULT NULL,
  `fk_cond_reglement` int(11) DEFAULT NULL,
  `fk_mode_reglement` int(11) DEFAULT NULL,
  `date_livraison` date DEFAULT NULL,
  `fk_shipping_method` int(11) DEFAULT NULL,
  `fk_warehouse` int(11) DEFAULT NULL,
  `fk_availability` int(11) DEFAULT NULL,
  `fk_input_reason` int(11) DEFAULT NULL,
  `fk_delivery_address` int(11) DEFAULT NULL,
  `import_key` varchar(14) COLLATE utf8_unicode_ci DEFAULT NULL,
  `extraparams` varchar(255) COLLATE utf8_unicode_ci DEFAULT NULL,
  `fk_incoterms` int(11) DEFAULT NULL,
  `location_incoterms` varchar(255) COLLATE utf8_unicode_ci DEFAULT NULL,
  `fk_multicurrency` int(11) DEFAULT NULL,
  `multicurrency_code` varchar(255) COLLATE utf8_unicode_ci DEFAULT NULL,
  `multicurrency_tx` double(24,8) DEFAULT '1.00000000',
  `multicurrency_total_ht` double(24,8) DEFAULT '0.00000000',
  `multicurrency_total_tva` double(24,8) DEFAULT '0.00000000',
  `multicurrency_total_ttc` double(24,8) DEFAULT '0.00000000',
  `last_main_doc` varchar(255) COLLATE utf8_unicode_ci DEFAULT NULL,
  `module_source` varchar(32) COLLATE utf8_unicode_ci DEFAULT NULL,
  `pos_source` varchar(32) COLLATE utf8_unicode_ci DEFAULT NULL,
  PRIMARY KEY (`rowid`),
  UNIQUE KEY `uk_commande_ref` (`ref`,`entity`),
  KEY `idx_commande_fk_soc` (`fk_soc`),
  KEY `idx_commande_fk_user_author` (`fk_user_author`),
  KEY `idx_commande_fk_user_valid` (`fk_user_valid`),
  KEY `idx_commande_fk_user_cloture` (`fk_user_cloture`),
  KEY `idx_commande_fk_projet` (`fk_projet`),
  KEY `idx_commande_fk_account` (`fk_account`),
  KEY `idx_commande_fk_currency` (`fk_currency`),
  CONSTRAINT `fk_commande_fk_projet` FOREIGN KEY (`fk_projet`) REFERENCES `llx_projet` (`rowid`),
  CONSTRAINT `fk_commande_fk_soc` FOREIGN KEY (`fk_soc`) REFERENCES `llx_societe` (`rowid`),
  CONSTRAINT `fk_commande_fk_user_author` FOREIGN KEY (`fk_user_author`) REFERENCES `llx_user` (`rowid`),
  CONSTRAINT `fk_commande_fk_user_cloture` FOREIGN KEY (`fk_user_cloture`) REFERENCES `llx_user` (`rowid`),
  CONSTRAINT `fk_commande_fk_user_valid` FOREIGN KEY (`fk_user_valid`) REFERENCES `llx_user` (`rowid`)
) ENGINE=InnoDB AUTO_INCREMENT=93 DEFAULT CHARSET=utf8 COLLATE=utf8_unicode_ci;

--
-- Dumping data for table `llx_commande`
--

INSERT INTO `llx_commande` VALUES (1,'2018-07-30 15:13:20',1,NULL,'CO1107-0002',1,NULL,NULL,'','2013-07-20 15:23:12','2018-08-08 13:59:09',NULL,'2018-07-20',1,NULL,1,NULL,NULL,1,0.00000000,0,NULL,0,0.00000000,0.00000000,0.00000000,10.00000000,10.00000000,'','','einstein',0,NULL,NULL,1,1,NULL,NULL,NULL,0,NULL,NULL,NULL,NULL,NULL,NULL,NULL,NULL,1.00000000,0.00000000,0.00000000,0.00000000,NULL,NULL,NULL),(2,'2018-07-30 15:13:20',1,NULL,'CO1107-0003',1,NULL,NULL,'','2013-07-20 23:20:12','2018-02-12 17:06:51',NULL,'2018-07-21',1,NULL,1,NULL,NULL,1,0.00000000,0,NULL,0,0.00000000,0.00000000,0.00000000,10.00000000,10.00000000,'','','einstein',0,NULL,NULL,0,NULL,NULL,NULL,NULL,0,NULL,NULL,NULL,NULL,NULL,NULL,NULL,NULL,1.00000000,0.00000000,0.00000000,0.00000000,NULL,NULL,NULL),(3,'2018-07-30 15:13:20',1,NULL,'CO1107-0004',1,NULL,NULL,'','2013-07-20 23:22:53','2018-02-17 18:27:56',NULL,'2018-07-21',1,NULL,1,NULL,NULL,1,0.00000000,0,NULL,0,0.00000000,0.00000000,0.00000000,30.00000000,30.00000000,'','','einstein',0,NULL,NULL,NULL,NULL,NULL,NULL,NULL,NULL,NULL,NULL,NULL,NULL,NULL,NULL,NULL,NULL,1.00000000,0.00000000,0.00000000,0.00000000,NULL,NULL,NULL),(5,'2018-07-30 15:12:32',1,NULL,'CO1108-0001',1,NULL,NULL,'','2013-08-08 03:04:11','2017-08-08 03:04:21',NULL,'2017-08-08',1,NULL,1,NULL,NULL,2,0.00000000,0,NULL,0,0.00000000,0.00000000,0.00000000,10.00000000,10.00000000,'','','einstein',0,NULL,NULL,NULL,NULL,NULL,NULL,NULL,NULL,NULL,NULL,NULL,NULL,NULL,NULL,NULL,NULL,1.00000000,0.00000000,0.00000000,0.00000000,NULL,NULL,NULL),(6,'2018-07-30 15:13:20',19,NULL,'(PROV6)',1,NULL,NULL,'','2015-02-17 16:22:14',NULL,NULL,'2018-02-17',1,NULL,NULL,NULL,NULL,0,0.00000000,0,NULL,0,11.76000000,0.00000000,0.00000000,60.00000000,71.76000000,'','','einstein',0,NULL,NULL,1,NULL,NULL,NULL,NULL,NULL,NULL,NULL,NULL,NULL,NULL,NULL,NULL,NULL,1.00000000,0.00000000,0.00000000,0.00000000,NULL,NULL,NULL),(17,'2017-02-15 22:50:34',4,NULL,'CO7001-0005',1,NULL,NULL,NULL,'2017-02-15 23:50:34','2017-02-15 23:50:34',NULL,'2018-05-13',12,NULL,12,NULL,1,1,0.00000000,0,NULL,0,0.00000000,0.00000000,0.00000000,509.00000000,509.00000000,'','','',0,NULL,NULL,NULL,NULL,NULL,NULL,NULL,NULL,NULL,NULL,NULL,NULL,0,'',0,'EUR',1.00000000,509.00000000,0.00000000,509.00000000,NULL,NULL,NULL),(18,'2017-02-15 23:08:58',7,4,'CO7001-0006',1,NULL,NULL,NULL,'2017-02-15 23:51:23','2017-02-15 23:51:23',NULL,'2017-02-03',12,NULL,12,NULL,1,1,0.00000000,0,NULL,0,0.00000000,0.00000000,0.00000000,900.00000000,900.00000000,'','','',0,NULL,NULL,NULL,NULL,NULL,NULL,NULL,NULL,NULL,NULL,NULL,NULL,0,'',0,'EUR',1.00000000,900.00000000,0.00000000,900.00000000,NULL,NULL,NULL),(20,'2017-02-15 23:09:04',4,NULL,'CO7001-0007',1,NULL,NULL,NULL,'2017-02-15 23:55:52','2017-02-15 23:55:52',NULL,'2018-04-03',12,NULL,12,NULL,1,1,0.00000000,0,NULL,0,0.00000000,0.00000000,0.00000000,330.00000000,330.00000000,'','','',0,NULL,NULL,2,NULL,NULL,1,NULL,NULL,NULL,NULL,NULL,NULL,0,'',0,'EUR',1.00000000,330.00000000,0.00000000,330.00000000,NULL,NULL,NULL),(29,'2017-02-15 23:08:42',4,NULL,'CO7001-0008',1,NULL,NULL,NULL,'2017-02-16 00:03:44','2017-02-16 00:03:44',NULL,'2017-02-12',12,NULL,12,NULL,1,1,0.00000000,0,NULL,0,0.00000000,0.00000000,0.00000000,457.00000000,457.00000000,'','','',0,NULL,NULL,1,NULL,NULL,2,NULL,NULL,NULL,NULL,NULL,NULL,0,'',0,'EUR',1.00000000,457.00000000,0.00000000,457.00000000,NULL,NULL,NULL),(34,'2017-02-15 23:08:47',11,NULL,'CO7001-0009',1,NULL,NULL,NULL,'2017-02-16 00:05:01','2017-02-16 00:05:01',NULL,'2017-01-03',12,NULL,12,NULL,1,1,0.00000000,0,NULL,0,0.00000000,0.00000000,0.00000000,124.00000000,124.00000000,'','','',0,NULL,NULL,2,NULL,NULL,2,NULL,NULL,NULL,NULL,NULL,NULL,0,'',0,'EUR',1.00000000,124.00000000,0.00000000,124.00000000,NULL,NULL,NULL),(38,'2017-02-15 23:08:50',3,NULL,'CO7001-0010',1,NULL,NULL,NULL,'2017-02-16 00:05:01','2017-02-16 00:05:01',NULL,'2017-02-03',12,NULL,12,NULL,1,1,0.00000000,0,NULL,0,0.00000000,0.00000000,0.00000000,200.00000000,200.00000000,'','','',0,NULL,NULL,1,NULL,NULL,2,NULL,1,NULL,NULL,NULL,NULL,0,'',0,'EUR',1.00000000,200.00000000,0.00000000,200.00000000,NULL,NULL,NULL),(40,'2017-02-15 23:08:53',11,NULL,'CO7001-0011',1,NULL,NULL,NULL,'2017-02-16 00:05:10','2017-02-16 00:05:11',NULL,'2017-01-23',12,NULL,12,NULL,1,1,0.00000000,0,NULL,0,0.00000000,0.00000000,0.00000000,1210.00000000,1210.00000000,'','','',0,NULL,NULL,1,NULL,NULL,1,NULL,NULL,NULL,NULL,NULL,NULL,0,'',0,'EUR',1.00000000,1210.00000000,0.00000000,1210.00000000,NULL,NULL,NULL),(43,'2017-02-15 23:05:11',10,NULL,'CO7001-0012',1,NULL,NULL,NULL,'2017-02-16 00:05:11','2017-02-16 00:05:11',NULL,'2017-02-13',12,NULL,12,NULL,1,1,0.00000000,0,NULL,0,0.00000000,0.00000000,0.00000000,478.00000000,478.00000000,'','','',0,NULL,NULL,2,NULL,NULL,2,NULL,NULL,NULL,NULL,NULL,NULL,0,'',0,'EUR',1.00000000,478.00000000,0.00000000,478.00000000,NULL,NULL,NULL),(47,'2017-02-15 23:09:10',1,NULL,'CO7001-0013',1,NULL,NULL,NULL,'2017-02-16 00:05:11','2017-02-16 00:05:11',NULL,'2018-11-13',12,NULL,12,NULL,1,1,0.00000000,0,NULL,0,0.00000000,0.00000000,0.00000000,55.00000000,55.00000000,'','','',0,NULL,NULL,2,NULL,NULL,1,NULL,1,NULL,NULL,NULL,NULL,0,'',0,'EUR',1.00000000,55.00000000,0.00000000,55.00000000,NULL,NULL,NULL),(48,'2017-02-15 23:09:07',4,NULL,'CO7001-0014',1,NULL,NULL,NULL,'2017-02-16 00:05:11','2017-02-16 00:05:11',NULL,'2018-07-30',12,NULL,12,NULL,1,1,0.00000000,0,NULL,0,0.00000000,0.00000000,0.00000000,540.00000000,540.00000000,'','','',0,NULL,NULL,NULL,NULL,NULL,1,NULL,NULL,NULL,NULL,NULL,NULL,0,'',0,'EUR',1.00000000,540.00000000,0.00000000,540.00000000,NULL,NULL,NULL),(50,'2017-02-15 23:05:26',1,NULL,'CO7001-0015',1,NULL,NULL,NULL,'2017-02-16 00:05:26','2017-02-16 00:05:26',NULL,'2017-12-12',12,NULL,12,NULL,1,1,0.00000000,0,NULL,0,0.00000000,0.00000000,0.00000000,118.00000000,118.00000000,'','','',0,NULL,NULL,1,NULL,NULL,1,NULL,1,NULL,NULL,NULL,NULL,0,'',0,'EUR',1.00000000,118.00000000,0.00000000,118.00000000,NULL,NULL,NULL),(54,'2017-02-15 23:06:01',12,NULL,'CO7001-0016',1,NULL,NULL,NULL,'2017-02-16 00:05:26','2017-02-16 00:05:26','2017-02-16 03:05:56','2018-06-03',12,NULL,12,12,1,3,0.00000000,0,NULL,0,0.00000000,0.00000000,0.00000000,220.00000000,220.00000000,'','','',1,NULL,NULL,NULL,NULL,NULL,1,NULL,1,NULL,NULL,NULL,NULL,0,'',0,'EUR',1.00000000,220.00000000,0.00000000,220.00000000,NULL,NULL,NULL),(58,'2017-02-15 23:09:13',1,NULL,'CO7001-0017',1,NULL,NULL,NULL,'2017-02-16 00:05:26','2017-02-16 00:05:26',NULL,'2018-07-23',12,NULL,12,NULL,1,1,0.00000000,0,NULL,0,0.00000000,0.00000000,0.00000000,436.00000000,436.00000000,'','','',0,NULL,NULL,1,NULL,NULL,2,NULL,NULL,NULL,NULL,NULL,NULL,0,'',0,'EUR',1.00000000,436.00000000,0.00000000,436.00000000,NULL,NULL,NULL),(62,'2017-02-15 23:09:16',19,NULL,'CO7001-0018',1,NULL,NULL,NULL,'2017-02-16 00:05:35','2017-02-16 00:05:35',NULL,'2018-02-23',12,NULL,12,NULL,1,1,0.00000000,0,NULL,0,0.00000000,0.00000000,0.00000000,410.00000000,410.00000000,'','','',0,NULL,NULL,2,NULL,NULL,1,NULL,1,NULL,NULL,NULL,NULL,0,'',0,'EUR',1.00000000,410.00000000,0.00000000,410.00000000,NULL,NULL,NULL),(68,'2017-02-15 23:09:19',3,NULL,'CO7001-0019',1,NULL,NULL,NULL,'2017-02-16 00:05:35','2017-02-16 00:05:35',NULL,'2018-05-19',12,NULL,12,NULL,1,1,0.00000000,0,NULL,0,0.00000000,0.00000000,0.00000000,45.00000000,45.00000000,'','','',0,NULL,NULL,NULL,NULL,NULL,1,NULL,1,NULL,NULL,NULL,NULL,0,'',0,'EUR',1.00000000,45.00000000,0.00000000,45.00000000,NULL,NULL,NULL),(72,'2017-02-15 23:09:23',6,NULL,'CO7001-0020',1,NULL,NULL,NULL,'2017-02-16 00:05:36','2017-02-16 00:05:36',NULL,'2018-11-13',12,NULL,12,NULL,1,1,0.00000000,0,NULL,0,0.00000000,0.00000000,0.00000000,610.00000000,610.00000000,'','','',0,NULL,NULL,NULL,NULL,NULL,2,NULL,1,NULL,NULL,NULL,NULL,0,'',0,'EUR',1.00000000,610.00000000,0.00000000,610.00000000,NULL,NULL,NULL),(75,'2017-02-16 00:14:20',4,NULL,'CO7001-0021',1,NULL,NULL,NULL,'2017-02-16 00:05:37','2017-02-16 04:14:20',NULL,'2018-02-13',12,NULL,12,NULL,1,1,0.00000000,0,NULL,0,25.00000000,49.88000000,0.00000000,1200.00000000,1274.88000000,'','','',0,NULL,NULL,2,NULL,NULL,1,NULL,NULL,NULL,NULL,NULL,NULL,0,'',0,'EUR',1.00000000,1200.00000000,25.00000000,1274.88000000,NULL,NULL,NULL),(78,'2017-02-15 23:05:37',12,NULL,'CO7001-0022',1,NULL,NULL,NULL,'2017-02-16 00:05:37','2017-02-16 00:05:37',NULL,'2018-10-03',12,NULL,12,NULL,1,1,0.00000000,0,NULL,0,0.00000000,0.00000000,0.00000000,928.00000000,928.00000000,'','','',0,NULL,NULL,2,NULL,NULL,2,NULL,NULL,NULL,NULL,NULL,NULL,0,'',0,'EUR',1.00000000,928.00000000,0.00000000,928.00000000,NULL,NULL,NULL),(81,'2017-02-15 23:09:30',11,NULL,'CO7001-0023',1,NULL,NULL,NULL,'2017-02-16 00:05:38','2017-02-16 00:05:38',NULL,'2018-07-03',12,NULL,12,NULL,1,1,0.00000000,0,NULL,0,0.00000000,0.00000000,0.00000000,725.00000000,725.00000000,'','','',0,NULL,NULL,2,NULL,NULL,1,NULL,1,NULL,NULL,NULL,NULL,0,'',0,'EUR',1.00000000,725.00000000,0.00000000,725.00000000,NULL,NULL,NULL),(83,'2017-02-15 23:10:24',26,NULL,'CO7001-0024',1,NULL,NULL,NULL,'2017-02-16 00:05:38','2017-02-16 00:05:38',NULL,'2018-04-03',12,NULL,12,NULL,1,-1,0.00000000,0,NULL,0,0.00000000,0.00000000,0.00000000,105.00000000,105.00000000,'','','',0,NULL,NULL,1,NULL,NULL,1,NULL,1,NULL,NULL,NULL,NULL,0,'',0,'EUR',1.00000000,105.00000000,0.00000000,105.00000000,NULL,NULL,NULL),(84,'2017-02-15 23:05:38',2,NULL,'CO7001-0025',1,NULL,NULL,NULL,'2017-02-16 00:05:38','2017-02-16 00:05:38',NULL,'2018-06-19',12,NULL,12,NULL,1,1,0.00000000,0,NULL,0,0.00000000,0.00000000,0.00000000,510.00000000,510.00000000,'','','',0,NULL,NULL,1,NULL,NULL,2,NULL,NULL,NULL,NULL,NULL,NULL,0,'',0,'EUR',1.00000000,510.00000000,0.00000000,510.00000000,NULL,NULL,NULL),(85,'2017-02-15 23:05:38',1,NULL,'CO7001-0026',1,NULL,NULL,NULL,'2017-02-16 00:05:38','2017-02-16 00:05:38',NULL,'2018-01-03',12,NULL,12,NULL,1,1,0.00000000,0,NULL,0,0.00000000,0.00000000,0.00000000,47.00000000,47.00000000,'','','',0,NULL,NULL,1,NULL,NULL,1,NULL,NULL,NULL,NULL,NULL,NULL,0,'',0,'EUR',1.00000000,47.00000000,0.00000000,47.00000000,NULL,NULL,NULL),(88,'2017-02-15 23:09:36',10,NULL,'CO7001-0027',1,NULL,NULL,NULL,'2017-02-16 00:05:38','2017-02-16 00:05:38',NULL,'2017-02-23',12,NULL,12,NULL,1,1,0.00000000,0,NULL,0,0.00000000,0.00000000,0.00000000,50.00000000,50.00000000,'','','',0,NULL,NULL,1,NULL,NULL,1,NULL,NULL,NULL,NULL,NULL,NULL,0,'',0,'EUR',1.00000000,50.00000000,0.00000000,50.00000000,NULL,NULL,NULL),(90,'2017-02-16 00:46:31',19,NULL,'(PROV90)',1,NULL,NULL,NULL,'2017-02-16 04:46:31',NULL,NULL,'2017-02-16',12,NULL,NULL,NULL,NULL,0,0.00000000,0,NULL,0,0.00000000,0.00000000,0.00000000,440.00000000,440.00000000,'','','',0,NULL,NULL,3,3,NULL,NULL,NULL,NULL,NULL,NULL,NULL,NULL,0,'',0,'EUR',1.00000000,440.00000000,0.00000000,440.00000000,NULL,NULL,NULL),(91,'2017-02-16 00:46:37',1,NULL,'(PROV91)',1,NULL,NULL,NULL,'2017-02-16 04:46:37',NULL,NULL,'2017-02-16',12,NULL,NULL,NULL,NULL,0,0.00000000,0,NULL,0,0.00000000,0.00000000,0.00000000,1000.00000000,1000.00000000,'','','',0,NULL,NULL,3,3,NULL,NULL,NULL,NULL,NULL,NULL,NULL,NULL,0,'',0,'EUR',1.00000000,1000.00000000,0.00000000,1000.00000000,NULL,NULL,NULL),(92,'2017-02-16 00:47:25',3,NULL,'(PROV92)',1,NULL,NULL,NULL,'2017-02-16 04:47:25',NULL,NULL,'2017-02-16',12,NULL,NULL,NULL,NULL,0,0.00000000,0,NULL,0,0.00000000,0.00000000,0.00000000,1018.00000000,1018.00000000,'','','',0,NULL,NULL,3,3,NULL,NULL,NULL,NULL,NULL,NULL,NULL,NULL,0,'',0,'EUR',1.00000000,1018.00000000,0.00000000,1018.00000000,NULL,NULL,NULL);

--
-- Table structure for table `llx_commande_extrafields`
--

CREATE TABLE `llx_commande_extrafields` (
  `rowid` int(11) NOT NULL AUTO_INCREMENT,
  `tms` timestamp NOT NULL DEFAULT CURRENT_TIMESTAMP ON UPDATE CURRENT_TIMESTAMP,
  `fk_object` int(11) NOT NULL,
  `import_key` varchar(14) COLLATE utf8_unicode_ci DEFAULT NULL,
  PRIMARY KEY (`rowid`),
  KEY `idx_commande_extrafields` (`fk_object`)
) ENGINE=InnoDB DEFAULT CHARSET=utf8 COLLATE=utf8_unicode_ci;

--
-- Dumping data for table `llx_commande_extrafields`
--


--
-- Table structure for table `llx_commande_fournisseur`
--

CREATE TABLE `llx_commande_fournisseur` (
  `rowid` int(11) NOT NULL AUTO_INCREMENT,
  `tms` timestamp NOT NULL DEFAULT CURRENT_TIMESTAMP ON UPDATE CURRENT_TIMESTAMP,
  `fk_soc` int(11) NOT NULL,
  `ref` varchar(255) COLLATE utf8_unicode_ci DEFAULT NULL,
  `entity` int(11) NOT NULL DEFAULT '1',
  `ref_ext` varchar(255) COLLATE utf8_unicode_ci DEFAULT NULL,
  `ref_supplier` varchar(255) COLLATE utf8_unicode_ci DEFAULT NULL,
  `fk_projet` int(11) DEFAULT '0',
  `date_creation` datetime DEFAULT NULL,
  `date_valid` datetime DEFAULT NULL,
  `date_approve` datetime DEFAULT NULL,
  `date_approve2` datetime DEFAULT NULL,
  `date_commande` date DEFAULT NULL,
  `fk_user_author` int(11) DEFAULT NULL,
  `fk_user_modif` int(11) DEFAULT NULL,
  `fk_user_valid` int(11) DEFAULT NULL,
  `fk_user_approve` int(11) DEFAULT NULL,
  `fk_user_approve2` int(11) DEFAULT NULL,
  `source` smallint(6) NOT NULL,
  `fk_statut` smallint(6) DEFAULT '0',
  `billed` smallint(6) DEFAULT '0',
  `amount_ht` double(24,8) DEFAULT NULL,
  `remise_percent` double DEFAULT '0',
  `remise` double DEFAULT '0',
  `tva` double(24,8) DEFAULT '0.00000000',
  `localtax1` double(24,8) DEFAULT '0.00000000',
  `localtax2` double(24,8) DEFAULT '0.00000000',
  `total_ht` double(24,8) DEFAULT '0.00000000',
  `total_ttc` double(24,8) DEFAULT '0.00000000',
  `note_private` text COLLATE utf8_unicode_ci,
  `note_public` text COLLATE utf8_unicode_ci,
  `model_pdf` varchar(255) COLLATE utf8_unicode_ci DEFAULT NULL,
  `fk_input_method` int(11) DEFAULT '0',
  `fk_cond_reglement` int(11) DEFAULT '0',
  `fk_mode_reglement` int(11) DEFAULT '0',
  `import_key` varchar(14) COLLATE utf8_unicode_ci DEFAULT NULL,
  `extraparams` varchar(255) COLLATE utf8_unicode_ci DEFAULT NULL,
  `date_livraison` datetime DEFAULT NULL,
  `fk_account` int(11) DEFAULT NULL,
  `fk_incoterms` int(11) DEFAULT NULL,
  `location_incoterms` varchar(255) COLLATE utf8_unicode_ci DEFAULT NULL,
  `fk_multicurrency` int(11) DEFAULT NULL,
  `multicurrency_code` varchar(255) COLLATE utf8_unicode_ci DEFAULT NULL,
  `multicurrency_tx` double(24,8) DEFAULT '1.00000000',
  `multicurrency_total_ht` double(24,8) DEFAULT '0.00000000',
  `multicurrency_total_tva` double(24,8) DEFAULT '0.00000000',
  `multicurrency_total_ttc` double(24,8) DEFAULT '0.00000000',
  `last_main_doc` varchar(255) COLLATE utf8_unicode_ci DEFAULT NULL,
  PRIMARY KEY (`rowid`),
  UNIQUE KEY `uk_commande_fournisseur_ref` (`ref`,`fk_soc`,`entity`),
  KEY `idx_commande_fournisseur_fk_soc` (`fk_soc`),
  KEY `billed` (`billed`),
  CONSTRAINT `fk_commande_fournisseur_fk_soc` FOREIGN KEY (`fk_soc`) REFERENCES `llx_societe` (`rowid`)
) ENGINE=InnoDB AUTO_INCREMENT=14 DEFAULT CHARSET=utf8 COLLATE=utf8_unicode_ci;

--
-- Dumping data for table `llx_commande_fournisseur`
--

INSERT INTO `llx_commande_fournisseur` VALUES (1,'2017-02-01 14:54:01',13,'CF1007-0001',1,NULL,NULL,NULL,'2018-07-11 17:13:40','2017-02-01 18:51:42','2017-02-01 18:52:04',NULL,'2017-02-01',1,NULL,12,12,NULL,0,4,0,0.00000000,0,0,39.20000000,0.00000000,0.00000000,200.00000000,239.20000000,NULL,NULL,'muscadet',2,0,0,NULL,NULL,NULL,NULL,NULL,NULL,NULL,NULL,1.00000000,0.00000000,0.00000000,0.00000000,NULL),(2,'2018-07-30 16:11:52',1,'CF1007-0002',1,NULL,NULL,NULL,'2018-07-11 18:46:28','2018-07-11 18:47:33',NULL,NULL,'2018-07-11',1,NULL,1,NULL,NULL,0,3,0,0.00000000,0,0,0.00000000,0.00000000,0.00000000,200.00000000,200.00000000,NULL,NULL,'muscadet',4,0,0,NULL,NULL,NULL,NULL,NULL,NULL,NULL,NULL,1.00000000,0.00000000,0.00000000,0.00000000,NULL),(3,'2014-12-08 13:11:07',17,'(PROV3)',1,NULL,NULL,NULL,'2013-08-04 23:00:52',NULL,NULL,NULL,NULL,1,NULL,NULL,NULL,NULL,0,0,0,0.00000000,0,0,0.00000000,0.00000000,0.00000000,0.00000000,0.00000000,NULL,NULL,'muscadet',0,0,0,NULL,NULL,NULL,NULL,NULL,NULL,NULL,NULL,1.00000000,0.00000000,0.00000000,0.00000000,NULL),(4,'2014-12-08 13:11:07',17,'(PROV4)',1,NULL,NULL,NULL,'2013-08-04 23:19:32',NULL,NULL,NULL,NULL,1,NULL,NULL,NULL,NULL,0,0,0,0.00000000,0,0,0.00000000,0.00000000,0.00000000,0.00000000,0.00000000,NULL,NULL,'muscadet',0,0,0,NULL,NULL,NULL,NULL,NULL,NULL,NULL,NULL,1.00000000,0.00000000,0.00000000,0.00000000,NULL),(13,'2017-02-01 13:35:27',1,'CF1303-0004',1,NULL,NULL,NULL,'2018-03-09 19:39:18','2018-03-09 19:39:27','2018-03-09 19:39:32',NULL,'2018-03-09',1,NULL,1,1,NULL,0,2,0,0.00000000,0,0,0.00000000,0.00000000,0.00000000,10.00000000,10.00000000,NULL,NULL,'muscadet',1,0,0,NULL,NULL,NULL,NULL,NULL,NULL,NULL,NULL,1.00000000,0.00000000,0.00000000,0.00000000,NULL);

--
-- Table structure for table `llx_commande_fournisseur_dispatch`
--

CREATE TABLE `llx_commande_fournisseur_dispatch` (
  `rowid` int(11) NOT NULL AUTO_INCREMENT,
  `fk_commande` int(11) DEFAULT NULL,
  `fk_product` int(11) DEFAULT NULL,
  `fk_commandefourndet` int(11) NOT NULL DEFAULT '0',
  `qty` float DEFAULT NULL,
  `fk_entrepot` int(11) DEFAULT NULL,
  `fk_user` int(11) DEFAULT NULL,
  `datec` datetime DEFAULT NULL,
  `comment` varchar(255) COLLATE utf8_unicode_ci DEFAULT NULL,
  `status` int(11) DEFAULT NULL,
  `tms` timestamp NOT NULL DEFAULT CURRENT_TIMESTAMP ON UPDATE CURRENT_TIMESTAMP,
  `batch` varchar(30) COLLATE utf8_unicode_ci DEFAULT NULL,
  `eatby` date DEFAULT NULL,
  `sellby` date DEFAULT NULL,
  `fk_projet` int(11) DEFAULT NULL,
  `fk_reception` int(11) DEFAULT NULL,
  PRIMARY KEY (`rowid`),
  KEY `idx_commande_fournisseur_dispatch_fk_commande` (`fk_commande`)
) ENGINE=InnoDB DEFAULT CHARSET=utf8 COLLATE=utf8_unicode_ci;

--
-- Dumping data for table `llx_commande_fournisseur_dispatch`
--


--
-- Table structure for table `llx_commande_fournisseur_dispatch_extrafields`
--

CREATE TABLE `llx_commande_fournisseur_dispatch_extrafields` (
  `rowid` int(11) NOT NULL AUTO_INCREMENT,
  `tms` timestamp NOT NULL DEFAULT CURRENT_TIMESTAMP ON UPDATE CURRENT_TIMESTAMP,
  `fk_object` int(11) NOT NULL,
  `import_key` varchar(14) COLLATE utf8_unicode_ci DEFAULT NULL,
  PRIMARY KEY (`rowid`),
  KEY `idx_commande_fournisseur_dispatch_extrafields` (`fk_object`)
) ENGINE=InnoDB DEFAULT CHARSET=utf8 COLLATE=utf8_unicode_ci;

--
-- Dumping data for table `llx_commande_fournisseur_dispatch_extrafields`
--


--
-- Table structure for table `llx_commande_fournisseur_extrafields`
--

CREATE TABLE `llx_commande_fournisseur_extrafields` (
  `rowid` int(11) NOT NULL AUTO_INCREMENT,
  `tms` timestamp NOT NULL DEFAULT CURRENT_TIMESTAMP ON UPDATE CURRENT_TIMESTAMP,
  `fk_object` int(11) NOT NULL,
  `import_key` varchar(14) COLLATE utf8_unicode_ci DEFAULT NULL,
  PRIMARY KEY (`rowid`),
  KEY `idx_commande_fournisseur_extrafields` (`fk_object`)
) ENGINE=InnoDB DEFAULT CHARSET=utf8 COLLATE=utf8_unicode_ci;

--
-- Dumping data for table `llx_commande_fournisseur_extrafields`
--


--
-- Table structure for table `llx_commande_fournisseur_log`
--

CREATE TABLE `llx_commande_fournisseur_log` (
  `rowid` int(11) NOT NULL AUTO_INCREMENT,
  `tms` timestamp NOT NULL DEFAULT CURRENT_TIMESTAMP ON UPDATE CURRENT_TIMESTAMP,
  `datelog` datetime NOT NULL,
  `fk_commande` int(11) NOT NULL,
  `fk_statut` smallint(6) NOT NULL,
  `fk_user` int(11) NOT NULL,
  `comment` varchar(255) COLLATE utf8_unicode_ci DEFAULT NULL,
  PRIMARY KEY (`rowid`)
) ENGINE=InnoDB AUTO_INCREMENT=34 DEFAULT CHARSET=utf8 COLLATE=utf8_unicode_ci;

--
-- Dumping data for table `llx_commande_fournisseur_log`
--

INSERT INTO `llx_commande_fournisseur_log` VALUES (1,'2012-07-11 15:13:40','2012-07-11 17:13:40',1,0,1,NULL),(2,'2012-07-11 15:15:42','2012-07-11 17:15:42',1,1,1,NULL),(3,'2012-07-11 15:16:28','2012-07-11 17:16:28',1,2,1,NULL),(4,'2012-07-11 15:19:14','2012-07-11 00:00:00',1,3,1,NULL),(5,'2012-07-11 15:19:36','2012-07-11 00:00:00',1,5,1,NULL),(6,'2012-07-11 16:46:28','2012-07-11 18:46:28',2,0,1,NULL),(7,'2012-07-11 16:47:33','2012-07-11 18:47:33',2,1,1,NULL),(8,'2012-07-11 16:47:41','2012-07-11 18:47:41',2,2,1,NULL),(9,'2012-07-11 16:48:00','2012-07-11 00:00:00',2,3,1,NULL),(10,'2013-08-04 21:00:52','2013-08-04 23:00:52',3,0,1,NULL),(11,'2013-08-04 21:19:32','2013-08-04 23:19:32',4,0,1,NULL),(12,'2013-08-04 21:22:16','2013-08-04 23:22:16',5,0,1,NULL),(13,'2013-08-04 21:22:54','2013-08-04 23:22:54',6,0,1,NULL),(14,'2013-08-04 21:23:29','2013-08-04 23:23:29',7,0,1,NULL),(15,'2013-08-04 21:36:10','2013-08-04 23:36:10',8,0,1,NULL),(19,'2013-08-08 13:04:37','2013-08-08 15:04:37',6,1,1,NULL),(20,'2013-08-08 13:04:38','2013-08-08 15:04:38',6,2,1,NULL),(29,'2015-03-09 18:39:18','2015-03-09 19:39:18',13,0,1,NULL),(30,'2015-03-09 18:39:27','2015-03-09 19:39:27',13,1,1,NULL),(31,'2015-03-09 18:39:32','2015-03-09 19:39:32',13,2,1,NULL),(32,'2015-03-09 18:39:41','2015-03-09 00:00:00',13,3,1,'hf'),(33,'2015-03-22 09:26:38','2015-03-22 10:26:38',14,0,1,NULL);

--
-- Table structure for table `llx_commande_fournisseurdet`
--

CREATE TABLE `llx_commande_fournisseurdet` (
  `rowid` int(11) NOT NULL AUTO_INCREMENT,
  `fk_commande` int(11) NOT NULL,
  `fk_parent_line` int(11) DEFAULT NULL,
  `fk_product` int(11) DEFAULT NULL,
  `ref` varchar(50) COLLATE utf8_unicode_ci DEFAULT NULL,
  `label` varchar(255) COLLATE utf8_unicode_ci DEFAULT NULL,
  `description` text COLLATE utf8_unicode_ci,
  `tva_tx` double(6,3) DEFAULT '0.000',
  `vat_src_code` varchar(10) COLLATE utf8_unicode_ci DEFAULT '',
  `localtax1_tx` double(6,3) DEFAULT '0.000',
  `localtax1_type` varchar(10) COLLATE utf8_unicode_ci NOT NULL DEFAULT '0',
  `localtax2_tx` double(6,3) DEFAULT '0.000',
  `localtax2_type` varchar(10) COLLATE utf8_unicode_ci NOT NULL DEFAULT '0',
  `qty` double DEFAULT NULL,
  `remise_percent` double DEFAULT '0',
  `remise` double DEFAULT '0',
  `subprice` double(24,8) DEFAULT '0.00000000',
  `total_ht` double(24,8) DEFAULT '0.00000000',
  `total_tva` double(24,8) DEFAULT '0.00000000',
  `total_localtax1` double(24,8) DEFAULT '0.00000000',
  `total_localtax2` double(24,8) DEFAULT '0.00000000',
  `total_ttc` double(24,8) DEFAULT '0.00000000',
  `product_type` int(11) DEFAULT '0',
  `date_start` datetime DEFAULT NULL,
  `date_end` datetime DEFAULT NULL,
  `info_bits` int(11) DEFAULT '0',
  `import_key` varchar(14) COLLATE utf8_unicode_ci DEFAULT NULL,
  `special_code` int(11) DEFAULT '0',
  `rang` int(11) DEFAULT '0',
  `fk_unit` int(11) DEFAULT NULL,
  `fk_multicurrency` int(11) DEFAULT NULL,
  `multicurrency_code` varchar(255) COLLATE utf8_unicode_ci DEFAULT NULL,
  `multicurrency_subprice` double(24,8) DEFAULT '0.00000000',
  `multicurrency_total_ht` double(24,8) DEFAULT '0.00000000',
  `multicurrency_total_tva` double(24,8) DEFAULT '0.00000000',
  `multicurrency_total_ttc` double(24,8) DEFAULT '0.00000000',
  PRIMARY KEY (`rowid`),
  KEY `fk_commande_fournisseurdet_fk_unit` (`fk_unit`),
  CONSTRAINT `fk_commande_fournisseurdet_fk_unit` FOREIGN KEY (`fk_unit`) REFERENCES `llx_c_units` (`rowid`)
) ENGINE=InnoDB AUTO_INCREMENT=7 DEFAULT CHARSET=utf8 COLLATE=utf8_unicode_ci;

--
-- Dumping data for table `llx_commande_fournisseurdet`
--

INSERT INTO `llx_commande_fournisseurdet` VALUES (1,1,NULL,NULL,'','','Chips',19.600,'',0.000,'',0.000,'',10,0,0,20.00000000,200.00000000,39.20000000,0.00000000,0.00000000,239.20000000,0,NULL,NULL,0,NULL,0,0,NULL,NULL,NULL,0.00000000,0.00000000,0.00000000,0.00000000),(2,2,NULL,4,'ABCD','Decapsuleur','',0.000,'',0.000,'',0.000,'',20,0,0,10.00000000,200.00000000,0.00000000,0.00000000,0.00000000,200.00000000,0,NULL,NULL,0,NULL,0,0,NULL,NULL,NULL,0.00000000,0.00000000,0.00000000,0.00000000),(6,13,NULL,NULL,'','','dfgdf',0.000,'',0.000,'0',0.000,'0',1,0,0,10.00000000,10.00000000,0.00000000,0.00000000,0.00000000,10.00000000,0,NULL,NULL,0,NULL,0,0,NULL,NULL,NULL,0.00000000,0.00000000,0.00000000,0.00000000);

--
-- Table structure for table `llx_commande_fournisseurdet_extrafields`
--

CREATE TABLE `llx_commande_fournisseurdet_extrafields` (
  `rowid` int(11) NOT NULL AUTO_INCREMENT,
  `tms` timestamp NOT NULL DEFAULT CURRENT_TIMESTAMP ON UPDATE CURRENT_TIMESTAMP,
  `fk_object` int(11) NOT NULL,
  `import_key` varchar(14) COLLATE utf8_unicode_ci DEFAULT NULL,
  PRIMARY KEY (`rowid`),
  KEY `idx_commande_fournisseurdet_extrafields` (`fk_object`)
) ENGINE=InnoDB DEFAULT CHARSET=utf8 COLLATE=utf8_unicode_ci;

--
-- Dumping data for table `llx_commande_fournisseurdet_extrafields`
--


--
-- Table structure for table `llx_commandedet`
--

CREATE TABLE `llx_commandedet` (
  `rowid` int(11) NOT NULL AUTO_INCREMENT,
  `fk_commande` int(11) DEFAULT NULL,
  `fk_parent_line` int(11) DEFAULT NULL,
  `fk_product` int(11) DEFAULT NULL,
  `label` varchar(255) COLLATE utf8_unicode_ci DEFAULT NULL,
  `description` text COLLATE utf8_unicode_ci,
  `tva_tx` double(6,3) DEFAULT NULL,
  `vat_src_code` varchar(10) COLLATE utf8_unicode_ci DEFAULT '',
  `localtax1_tx` double(6,3) DEFAULT NULL,
  `localtax1_type` varchar(10) COLLATE utf8_unicode_ci NOT NULL DEFAULT '0',
  `localtax2_tx` double(6,3) DEFAULT NULL,
  `localtax2_type` varchar(10) COLLATE utf8_unicode_ci NOT NULL DEFAULT '0',
  `qty` double DEFAULT NULL,
  `remise_percent` double DEFAULT '0',
  `remise` double DEFAULT '0',
  `fk_remise_except` int(11) DEFAULT NULL,
  `price` double DEFAULT NULL,
  `subprice` double(24,8) DEFAULT '0.00000000',
  `total_ht` double(24,8) DEFAULT '0.00000000',
  `total_tva` double(24,8) DEFAULT '0.00000000',
  `total_localtax1` double(24,8) DEFAULT '0.00000000',
  `total_localtax2` double(24,8) DEFAULT '0.00000000',
  `total_ttc` double(24,8) DEFAULT '0.00000000',
  `product_type` int(11) DEFAULT '0',
  `date_start` datetime DEFAULT NULL,
  `date_end` datetime DEFAULT NULL,
  `info_bits` int(11) DEFAULT '0',
  `fk_product_fournisseur_price` int(11) DEFAULT NULL,
  `buy_price_ht` double(24,8) DEFAULT '0.00000000',
  `special_code` int(10) unsigned DEFAULT '0',
  `rang` int(11) DEFAULT '0',
  `import_key` varchar(14) COLLATE utf8_unicode_ci DEFAULT NULL,
  `fk_commandefourndet` int(11) DEFAULT NULL,
  `fk_unit` int(11) DEFAULT NULL,
  `fk_multicurrency` int(11) DEFAULT NULL,
  `multicurrency_code` varchar(255) COLLATE utf8_unicode_ci DEFAULT NULL,
  `multicurrency_subprice` double(24,8) DEFAULT '0.00000000',
  `multicurrency_total_ht` double(24,8) DEFAULT '0.00000000',
  `multicurrency_total_tva` double(24,8) DEFAULT '0.00000000',
  `multicurrency_total_ttc` double(24,8) DEFAULT '0.00000000',
  PRIMARY KEY (`rowid`),
  KEY `idx_commandedet_fk_commande` (`fk_commande`),
  KEY `idx_commandedet_fk_product` (`fk_product`),
  KEY `fk_commandedet_fk_unit` (`fk_unit`),
  CONSTRAINT `fk_commandedet_fk_commande` FOREIGN KEY (`fk_commande`) REFERENCES `llx_commande` (`rowid`),
  CONSTRAINT `fk_commandedet_fk_unit` FOREIGN KEY (`fk_unit`) REFERENCES `llx_c_units` (`rowid`)
) ENGINE=InnoDB AUTO_INCREMENT=292 DEFAULT CHARSET=utf8 COLLATE=utf8_unicode_ci;

--
-- Dumping data for table `llx_commandedet`
--

INSERT INTO `llx_commandedet` VALUES (1,1,NULL,NULL,NULL,'Product 1',0.000,'',0.000,'',0.000,'',1,0,0,NULL,10,10.00000000,10.00000000,0.00000000,0.00000000,0.00000000,10.00000000,0,NULL,NULL,0,NULL,0.00000000,0,1,NULL,NULL,NULL,NULL,NULL,0.00000000,0.00000000,0.00000000,0.00000000),(2,1,NULL,2,NULL,'',0.000,'',0.000,'',0.000,'',1,0,0,NULL,NULL,NULL,0.00000000,0.00000000,0.00000000,0.00000000,0.00000000,0,NULL,NULL,0,NULL,0.00000000,0,2,NULL,NULL,NULL,NULL,NULL,0.00000000,0.00000000,0.00000000,0.00000000),(3,1,NULL,5,NULL,'cccc',0.000,'',0.000,'',0.000,'',1,0,0,NULL,0,0.00000000,0.00000000,0.00000000,0.00000000,0.00000000,0.00000000,0,NULL,NULL,0,NULL,0.00000000,0,3,NULL,NULL,NULL,NULL,NULL,0.00000000,0.00000000,0.00000000,0.00000000),(4,2,NULL,NULL,NULL,'hgf',0.000,'',0.000,'',0.000,'',1,0,0,NULL,10,10.00000000,10.00000000,0.00000000,0.00000000,0.00000000,10.00000000,0,NULL,NULL,0,NULL,0.00000000,0,1,NULL,NULL,NULL,NULL,NULL,0.00000000,0.00000000,0.00000000,0.00000000),(10,5,NULL,NULL,NULL,'gfdgdf',0.000,'',0.000,'',0.000,'',1,0,0,NULL,10,10.00000000,10.00000000,0.00000000,0.00000000,0.00000000,10.00000000,0,NULL,NULL,0,NULL,0.00000000,0,1,NULL,NULL,NULL,NULL,NULL,0.00000000,0.00000000,0.00000000,0.00000000),(11,6,NULL,NULL,NULL,'gdfg',19.600,'',0.000,'',0.000,'',1,0,0,NULL,10,10.00000000,10.00000000,1.96000000,0.00000000,0.00000000,11.96000000,0,NULL,NULL,0,NULL,0.00000000,0,1,NULL,NULL,NULL,NULL,NULL,0.00000000,0.00000000,0.00000000,0.00000000),(12,6,NULL,NULL,NULL,'gfdgd',19.600,'',0.000,'',0.000,'',1,0,0,NULL,50,50.00000000,50.00000000,9.80000000,0.00000000,0.00000000,59.80000000,1,NULL,NULL,0,NULL,0.00000000,0,2,NULL,NULL,NULL,NULL,NULL,0.00000000,0.00000000,0.00000000,0.00000000),(14,3,NULL,NULL,NULL,'gdfgdf',0.000,'',0.000,'',0.000,'',1,0,0,NULL,10,10.00000000,10.00000000,0.00000000,0.00000000,0.00000000,10.00000000,1,NULL,NULL,0,NULL,0.00000000,0,1,NULL,NULL,NULL,NULL,NULL,0.00000000,0.00000000,0.00000000,0.00000000),(15,3,NULL,NULL,NULL,'fghfgh',0.000,'',0.000,'',0.000,'',1,0,0,NULL,20,20.00000000,20.00000000,0.00000000,0.00000000,0.00000000,20.00000000,0,NULL,NULL,0,NULL,0.00000000,0,2,NULL,NULL,NULL,NULL,NULL,0.00000000,0.00000000,0.00000000,0.00000000),(16,17,NULL,2,NULL,'',0.000,'',0.000,'0',0.000,'0',3,0,0,NULL,0,0.00000000,0.00000000,0.00000000,0.00000000,0.00000000,0.00000000,0,NULL,NULL,0,NULL,0.00000000,0,1,NULL,NULL,NULL,0,'EUR',0.00000000,0.00000000,0.00000000,0.00000000),(17,17,NULL,10,NULL,'A powerfull computer XP4523&nbsp;',0.000,'',0.000,'0',0.000,'0',5,0,0,NULL,100,100.00000000,500.00000000,0.00000000,0.00000000,0.00000000,500.00000000,0,NULL,NULL,0,NULL,0.00000000,0,2,NULL,NULL,NULL,0,'EUR',100.00000000,500.00000000,0.00000000,500.00000000),(18,17,NULL,12,NULL,'Cloud hosting of Dolibarr ERP and CRM software',0.000,'',0.000,'0',0.000,'0',1,0,0,NULL,9,9.00000000,9.00000000,0.00000000,0.00000000,0.00000000,9.00000000,1,NULL,NULL,0,NULL,0.00000000,0,3,NULL,NULL,NULL,0,'EUR',9.00000000,9.00000000,0.00000000,9.00000000),(19,18,NULL,10,NULL,'A powerfull computer XP4523&nbsp;',0.000,'',0.000,'0',0.000,'0',5,0,0,NULL,100,100.00000000,500.00000000,0.00000000,0.00000000,0.00000000,500.00000000,0,NULL,NULL,0,NULL,0.00000000,0,1,NULL,NULL,NULL,0,'EUR',100.00000000,500.00000000,0.00000000,500.00000000),(20,18,NULL,3,NULL,'',0.000,'',0.000,'0',0.000,'0',1,0,0,NULL,0,0.00000000,0.00000000,0.00000000,0.00000000,0.00000000,0.00000000,1,NULL,NULL,0,NULL,0.00000000,0,2,NULL,NULL,NULL,0,'EUR',0.00000000,0.00000000,0.00000000,0.00000000),(21,18,NULL,1,NULL,'A beatifull pink dress',0.000,'',0.000,'0',0.000,'0',4,0,0,NULL,100,100.00000000,400.00000000,0.00000000,0.00000000,0.00000000,400.00000000,0,NULL,NULL,0,NULL,0.00000000,0,3,NULL,NULL,NULL,0,'EUR',100.00000000,400.00000000,0.00000000,400.00000000),(24,20,NULL,4,NULL,'Nice Bio Apple Pie.<br />\r\n&nbsp;',0.000,'',0.000,'0',0.000,'0',4,0,0,NULL,5,5.00000000,20.00000000,0.00000000,0.00000000,0.00000000,20.00000000,0,NULL,NULL,0,NULL,0.00000000,0,1,NULL,NULL,NULL,0,'EUR',5.00000000,20.00000000,0.00000000,20.00000000),(25,20,NULL,1,NULL,'A beatifull pink dress',0.000,'',0.000,'0',0.000,'0',3,0,0,NULL,100,100.00000000,300.00000000,0.00000000,0.00000000,0.00000000,300.00000000,0,NULL,NULL,0,NULL,0.00000000,0,2,NULL,NULL,NULL,0,'EUR',100.00000000,300.00000000,0.00000000,300.00000000),(26,20,NULL,4,NULL,'Nice Bio Apple Pie.<br />\r\n&nbsp;',0.000,'',0.000,'0',0.000,'0',2,0,0,NULL,5,5.00000000,10.00000000,0.00000000,0.00000000,0.00000000,10.00000000,0,NULL,NULL,0,NULL,0.00000000,0,3,NULL,NULL,NULL,0,'EUR',5.00000000,10.00000000,0.00000000,10.00000000),(55,29,NULL,2,NULL,'',0.000,'',0.000,'0',0.000,'0',2,0,0,NULL,0,0.00000000,0.00000000,0.00000000,0.00000000,0.00000000,0.00000000,0,NULL,NULL,0,NULL,0.00000000,0,1,NULL,NULL,NULL,0,'EUR',0.00000000,0.00000000,0.00000000,0.00000000),(56,29,NULL,3,NULL,'',0.000,'',0.000,'0',0.000,'0',1,0,0,NULL,0,0.00000000,0.00000000,0.00000000,0.00000000,0.00000000,0.00000000,1,NULL,NULL,0,NULL,0.00000000,0,2,NULL,NULL,NULL,0,'EUR',0.00000000,0.00000000,0.00000000,0.00000000),(57,29,NULL,10,NULL,'A powerfull computer XP4523&nbsp;',0.000,'',0.000,'0',0.000,'0',4,0,0,NULL,100,100.00000000,400.00000000,0.00000000,0.00000000,0.00000000,400.00000000,0,NULL,NULL,0,NULL,0.00000000,0,3,NULL,NULL,NULL,0,'EUR',100.00000000,400.00000000,0.00000000,400.00000000),(58,29,NULL,12,NULL,'Cloud hosting of Dolibarr ERP and CRM software',0.000,'',0.000,'0',0.000,'0',3,0,0,NULL,9,9.00000000,27.00000000,0.00000000,0.00000000,0.00000000,27.00000000,1,NULL,NULL,0,NULL,0.00000000,0,4,NULL,NULL,NULL,0,'EUR',9.00000000,27.00000000,0.00000000,27.00000000),(59,29,NULL,5,NULL,'<strong><span style=\"font-family:roboto,uilanguagefont,arial,sans-serif; font-size:14px\">DoliDroid is the Android front-end client for Dolibarr ERP &amp; CRM web software.</span><br />\r\n<span style=\"font-family:roboto,uilanguagefont,arial,sans-serif; font-size:14px\">This application is not a standalone program. It is a front end to use a online hosted Dolibarr ERP &amp; CRM software (an Open-source web software to manage your business).</span></strong>\r\n<p><u>The advantage of DoliDroid are :</u><br />\r\n- DoliDroid is not a duplicate code of Dolibarr, but a front-end of a Dolibarr web installation, so all your online existing features are supported by this application. This is also true for external modules features.<br />\r\n- Upgrading Dolibarr will not break DoliDroid.<br />\r\n- DoliDroid use embedded image resources to reduce bandwidth usage.<br />\r\n- DoliDroid use internal cache for pages that should not change (like menu page)<br />\r\n- Connections parameters are saved. No need to enter them each time you use DoliDroid.<br />\r\n- Integration with your phone or other applications (Clicking on PDF open PDF reader, clicking onto email or phone launch your email application or launch Android dialer, ...)</p>\r\n\r\n<p><span style=\"color:#DAA520\"><strong>WARNING !&nbsp;</strong></span></p>\r\n\r\n<p>This application need Android 4.0+ and a hosted Dolibarr ERP &amp; CRM version 3.5 or newer accessible by internet<br />\r\n(For example, when hosted on any SaaS solution like DoliCloud -&nbsp;<a href=\"https://www.google.com/url?q=https://www.google.com/url?q%3Dhttp://www.dolicloud.com%26sa%3DD%26usg%3DAFQjCNGdd9htz4JDciiMtScpBwK83qIRkw&amp;sa=D&amp;usg=AFQjCNGMpCbxNnU5BiK59e368K5AR0l_pg\" style=\"text-decoration: none; color: rgb(51, 105, 30); cursor: pointer;\" target=\"_blank\">http://www.dolicloud.com</a>).</p>',0.000,'',0.000,'0',0.000,'0',3,0,0,NULL,10,10.00000000,30.00000000,0.00000000,0.00000000,0.00000000,30.00000000,0,NULL,NULL,0,NULL,0.00000000,0,5,NULL,NULL,NULL,0,'EUR',10.00000000,30.00000000,0.00000000,30.00000000),(75,34,NULL,3,NULL,'',0.000,'',0.000,'0',0.000,'0',4,0,0,NULL,0,0.00000000,0.00000000,0.00000000,0.00000000,0.00000000,0.00000000,1,NULL,NULL,0,NULL,0.00000000,0,1,NULL,NULL,NULL,0,'EUR',0.00000000,0.00000000,0.00000000,0.00000000),(76,34,NULL,4,NULL,'Nice Bio Apple Pie.<br />\r\n&nbsp;',0.000,'',0.000,'0',0.000,'0',3,0,0,NULL,5,5.00000000,15.00000000,0.00000000,0.00000000,0.00000000,15.00000000,0,NULL,NULL,0,NULL,0.00000000,0,2,NULL,NULL,NULL,0,'EUR',5.00000000,15.00000000,0.00000000,15.00000000),(77,34,NULL,1,NULL,'A beatifull pink dress',0.000,'',0.000,'0',0.000,'0',1,0,0,NULL,100,100.00000000,100.00000000,0.00000000,0.00000000,0.00000000,100.00000000,0,NULL,NULL,0,NULL,0.00000000,0,3,NULL,NULL,NULL,0,'EUR',100.00000000,100.00000000,0.00000000,100.00000000),(78,34,NULL,12,NULL,'Cloud hosting of Dolibarr ERP and CRM software',0.000,'',0.000,'0',0.000,'0',1,0,0,NULL,9,9.00000000,9.00000000,0.00000000,0.00000000,0.00000000,9.00000000,1,NULL,NULL,0,NULL,0.00000000,0,4,NULL,NULL,NULL,0,'EUR',9.00000000,9.00000000,0.00000000,9.00000000),(94,38,NULL,10,NULL,'A powerfull computer XP4523&nbsp;',0.000,'',0.000,'0',0.000,'0',2,0,0,NULL,100,100.00000000,200.00000000,0.00000000,0.00000000,0.00000000,200.00000000,0,NULL,NULL,0,NULL,0.00000000,0,1,NULL,NULL,NULL,0,'EUR',100.00000000,200.00000000,0.00000000,200.00000000),(95,38,NULL,2,NULL,'',0.000,'',0.000,'0',0.000,'0',3,0,0,NULL,0,0.00000000,0.00000000,0.00000000,0.00000000,0.00000000,0.00000000,0,NULL,NULL,0,NULL,0.00000000,0,2,NULL,NULL,NULL,0,'EUR',0.00000000,0.00000000,0.00000000,0.00000000),(99,40,NULL,1,NULL,'A beatifull pink dress',0.000,'',0.000,'0',0.000,'0',4,0,0,NULL,100,100.00000000,400.00000000,0.00000000,0.00000000,0.00000000,400.00000000,0,NULL,NULL,0,NULL,0.00000000,0,1,NULL,NULL,NULL,0,'EUR',100.00000000,400.00000000,0.00000000,400.00000000),(100,40,NULL,10,NULL,'A powerfull computer XP4523&nbsp;',0.000,'',0.000,'0',0.000,'0',4,0,0,NULL,100,100.00000000,400.00000000,0.00000000,0.00000000,0.00000000,400.00000000,0,NULL,NULL,0,NULL,0.00000000,0,2,NULL,NULL,NULL,0,'EUR',100.00000000,400.00000000,0.00000000,400.00000000),(101,40,NULL,3,NULL,'',0.000,'',0.000,'0',0.000,'0',3,0,0,NULL,0,0.00000000,0.00000000,0.00000000,0.00000000,0.00000000,0.00000000,1,NULL,NULL,0,NULL,0.00000000,0,3,NULL,NULL,NULL,0,'EUR',0.00000000,0.00000000,0.00000000,0.00000000),(102,40,NULL,4,NULL,'Nice Bio Apple Pie.<br />\r\n&nbsp;',0.000,'',0.000,'0',0.000,'0',2,0,0,NULL,5,5.00000000,10.00000000,0.00000000,0.00000000,0.00000000,10.00000000,0,NULL,NULL,0,NULL,0.00000000,0,4,NULL,NULL,NULL,0,'EUR',5.00000000,10.00000000,0.00000000,10.00000000),(103,40,NULL,1,NULL,'A beatifull pink dress',0.000,'',0.000,'0',0.000,'0',4,0,0,NULL,100,100.00000000,400.00000000,0.00000000,0.00000000,0.00000000,400.00000000,0,NULL,NULL,0,NULL,0.00000000,0,5,NULL,NULL,NULL,0,'EUR',100.00000000,400.00000000,0.00000000,400.00000000),(112,43,NULL,12,NULL,'Cloud hosting of Dolibarr ERP and CRM software',0.000,'',0.000,'0',0.000,'0',2,0,0,NULL,9,9.00000000,18.00000000,0.00000000,0.00000000,0.00000000,18.00000000,1,NULL,NULL,0,NULL,0.00000000,0,1,NULL,NULL,NULL,0,'EUR',9.00000000,18.00000000,0.00000000,18.00000000),(113,43,NULL,12,NULL,'Cloud hosting of Dolibarr ERP and CRM software',0.000,'',0.000,'0',0.000,'0',5,0,0,NULL,9,9.00000000,45.00000000,0.00000000,0.00000000,0.00000000,45.00000000,1,NULL,NULL,0,NULL,0.00000000,0,2,NULL,NULL,NULL,0,'EUR',9.00000000,45.00000000,0.00000000,45.00000000),(114,43,NULL,10,NULL,'A powerfull computer XP4523&nbsp;',0.000,'',0.000,'0',0.000,'0',4,0,0,NULL,100,100.00000000,400.00000000,0.00000000,0.00000000,0.00000000,400.00000000,0,NULL,NULL,0,NULL,0.00000000,0,3,NULL,NULL,NULL,0,'EUR',100.00000000,400.00000000,0.00000000,400.00000000),(115,43,NULL,4,NULL,'Nice Bio Apple Pie.<br />\r\n&nbsp;',0.000,'',0.000,'0',0.000,'0',3,0,0,NULL,5,5.00000000,15.00000000,0.00000000,0.00000000,0.00000000,15.00000000,0,NULL,NULL,0,NULL,0.00000000,0,4,NULL,NULL,NULL,0,'EUR',5.00000000,15.00000000,0.00000000,15.00000000),(116,43,NULL,2,NULL,'',0.000,'',0.000,'0',0.000,'0',4,0,0,NULL,0,0.00000000,0.00000000,0.00000000,0.00000000,0.00000000,0.00000000,0,NULL,NULL,0,NULL,0.00000000,0,5,NULL,NULL,NULL,0,'EUR',0.00000000,0.00000000,0.00000000,0.00000000),(125,47,NULL,2,NULL,'',0.000,'',0.000,'0',0.000,'0',3,0,0,NULL,0,0.00000000,0.00000000,0.00000000,0.00000000,0.00000000,0.00000000,0,NULL,NULL,0,NULL,0.00000000,0,1,NULL,NULL,NULL,0,'EUR',0.00000000,0.00000000,0.00000000,0.00000000),(126,47,NULL,4,NULL,'Nice Bio Apple Pie.<br />\r\n&nbsp;',0.000,'',0.000,'0',0.000,'0',3,0,0,NULL,5,5.00000000,15.00000000,0.00000000,0.00000000,0.00000000,15.00000000,0,NULL,NULL,0,NULL,0.00000000,0,2,NULL,NULL,NULL,0,'EUR',5.00000000,15.00000000,0.00000000,15.00000000),(127,47,NULL,3,NULL,'',0.000,'',0.000,'0',0.000,'0',5,0,0,NULL,0,0.00000000,0.00000000,0.00000000,0.00000000,0.00000000,0.00000000,1,NULL,NULL,0,NULL,0.00000000,0,3,NULL,NULL,NULL,0,'EUR',0.00000000,0.00000000,0.00000000,0.00000000),(128,47,NULL,5,NULL,'<strong><span style=\"font-family:roboto,uilanguagefont,arial,sans-serif; font-size:14px\">DoliDroid is the Android front-end client for Dolibarr ERP &amp; CRM web software.</span><br />\r\n<span style=\"font-family:roboto,uilanguagefont,arial,sans-serif; font-size:14px\">This application is not a standalone program. It is a front end to use a online hosted Dolibarr ERP &amp; CRM software (an Open-source web software to manage your business).</span></strong>\r\n<p><u>The advantage of DoliDroid are :</u><br />\r\n- DoliDroid is not a duplicate code of Dolibarr, but a front-end of a Dolibarr web installation, so all your online existing features are supported by this application. This is also true for external modules features.<br />\r\n- Upgrading Dolibarr will not break DoliDroid.<br />\r\n- DoliDroid use embedded image resources to reduce bandwidth usage.<br />\r\n- DoliDroid use internal cache for pages that should not change (like menu page)<br />\r\n- Connections parameters are saved. No need to enter them each time you use DoliDroid.<br />\r\n- Integration with your phone or other applications (Clicking on PDF open PDF reader, clicking onto email or phone launch your email application or launch Android dialer, ...)</p>\r\n\r\n<p><span style=\"color:#DAA520\"><strong>WARNING !&nbsp;</strong></span></p>\r\n\r\n<p>This application need Android 4.0+ and a hosted Dolibarr ERP &amp; CRM version 3.5 or newer accessible by internet<br />\r\n(For example, when hosted on any SaaS solution like DoliCloud -&nbsp;<a href=\"https://www.google.com/url?q=https://www.google.com/url?q%3Dhttp://www.dolicloud.com%26sa%3DD%26usg%3DAFQjCNGdd9htz4JDciiMtScpBwK83qIRkw&amp;sa=D&amp;usg=AFQjCNGMpCbxNnU5BiK59e368K5AR0l_pg\" style=\"text-decoration: none; color: rgb(51, 105, 30); cursor: pointer;\" target=\"_blank\">http://www.dolicloud.com</a>).</p>',0.000,'',0.000,'0',0.000,'0',4,0,0,NULL,10,10.00000000,40.00000000,0.00000000,0.00000000,0.00000000,40.00000000,0,NULL,NULL,0,NULL,0.00000000,0,4,NULL,NULL,NULL,0,'EUR',10.00000000,40.00000000,0.00000000,40.00000000),(129,48,NULL,5,NULL,'<strong><span style=\"font-family:roboto,uilanguagefont,arial,sans-serif; font-size:14px\">DoliDroid is the Android front-end client for Dolibarr ERP &amp; CRM web software.</span><br />\r\n<span style=\"font-family:roboto,uilanguagefont,arial,sans-serif; font-size:14px\">This application is not a standalone program. It is a front end to use a online hosted Dolibarr ERP &amp; CRM software (an Open-source web software to manage your business).</span></strong>\r\n<p><u>The advantage of DoliDroid are :</u><br />\r\n- DoliDroid is not a duplicate code of Dolibarr, but a front-end of a Dolibarr web installation, so all your online existing features are supported by this application. This is also true for external modules features.<br />\r\n- Upgrading Dolibarr will not break DoliDroid.<br />\r\n- DoliDroid use embedded image resources to reduce bandwidth usage.<br />\r\n- DoliDroid use internal cache for pages that should not change (like menu page)<br />\r\n- Connections parameters are saved. No need to enter them each time you use DoliDroid.<br />\r\n- Integration with your phone or other applications (Clicking on PDF open PDF reader, clicking onto email or phone launch your email application or launch Android dialer, ...)</p>\r\n\r\n<p><span style=\"color:#DAA520\"><strong>WARNING !&nbsp;</strong></span></p>\r\n\r\n<p>This application need Android 4.0+ and a hosted Dolibarr ERP &amp; CRM version 3.5 or newer accessible by internet<br />\r\n(For example, when hosted on any SaaS solution like DoliCloud -&nbsp;<a href=\"https://www.google.com/url?q=https://www.google.com/url?q%3Dhttp://www.dolicloud.com%26sa%3DD%26usg%3DAFQjCNGdd9htz4JDciiMtScpBwK83qIRkw&amp;sa=D&amp;usg=AFQjCNGMpCbxNnU5BiK59e368K5AR0l_pg\" style=\"text-decoration: none; color: rgb(51, 105, 30); cursor: pointer;\" target=\"_blank\">http://www.dolicloud.com</a>).</p>',0.000,'',0.000,'0',0.000,'0',4,0,0,NULL,10,10.00000000,40.00000000,0.00000000,0.00000000,0.00000000,40.00000000,0,NULL,NULL,0,NULL,0.00000000,0,1,NULL,NULL,NULL,0,'EUR',10.00000000,40.00000000,0.00000000,40.00000000),(130,48,NULL,1,NULL,'A beatifull pink dress',0.000,'',0.000,'0',0.000,'0',5,0,0,NULL,100,100.00000000,500.00000000,0.00000000,0.00000000,0.00000000,500.00000000,0,NULL,NULL,0,NULL,0.00000000,0,2,NULL,NULL,NULL,0,'EUR',100.00000000,500.00000000,0.00000000,500.00000000),(134,50,NULL,10,NULL,'A powerfull computer XP4523&nbsp;',0.000,'',0.000,'0',0.000,'0',1,0,0,NULL,100,100.00000000,100.00000000,0.00000000,0.00000000,0.00000000,100.00000000,0,NULL,NULL,0,NULL,0.00000000,0,1,NULL,NULL,NULL,0,'EUR',100.00000000,100.00000000,0.00000000,100.00000000),(135,50,NULL,12,NULL,'Cloud hosting of Dolibarr ERP and CRM software',0.000,'',0.000,'0',0.000,'0',2,0,0,NULL,9,9.00000000,18.00000000,0.00000000,0.00000000,0.00000000,18.00000000,1,NULL,NULL,0,NULL,0.00000000,0,2,NULL,NULL,NULL,0,'EUR',9.00000000,18.00000000,0.00000000,18.00000000),(145,54,NULL,1,NULL,'A beatifull pink dress',0.000,'',0.000,'0',0.000,'0',2,0,0,NULL,100,100.00000000,200.00000000,0.00000000,0.00000000,0.00000000,200.00000000,0,NULL,NULL,0,NULL,0.00000000,0,1,NULL,NULL,NULL,0,'EUR',100.00000000,200.00000000,0.00000000,200.00000000),(146,54,NULL,5,NULL,'<strong><span style=\"font-family:roboto,uilanguagefont,arial,sans-serif; font-size:14px\">DoliDroid is the Android front-end client for Dolibarr ERP &amp; CRM web software.</span><br />\r\n<span style=\"font-family:roboto,uilanguagefont,arial,sans-serif; font-size:14px\">This application is not a standalone program. It is a front end to use a online hosted Dolibarr ERP &amp; CRM software (an Open-source web software to manage your business).</span></strong>\r\n<p><u>The advantage of DoliDroid are :</u><br />\r\n- DoliDroid is not a duplicate code of Dolibarr, but a front-end of a Dolibarr web installation, so all your online existing features are supported by this application. This is also true for external modules features.<br />\r\n- Upgrading Dolibarr will not break DoliDroid.<br />\r\n- DoliDroid use embedded image resources to reduce bandwidth usage.<br />\r\n- DoliDroid use internal cache for pages that should not change (like menu page)<br />\r\n- Connections parameters are saved. No need to enter them each time you use DoliDroid.<br />\r\n- Integration with your phone or other applications (Clicking on PDF open PDF reader, clicking onto email or phone launch your email application or launch Android dialer, ...)</p>\r\n\r\n<p><span style=\"color:#DAA520\"><strong>WARNING !&nbsp;</strong></span></p>\r\n\r\n<p>This application need Android 4.0+ and a hosted Dolibarr ERP &amp; CRM version 3.5 or newer accessible by internet<br />\r\n(For example, when hosted on any SaaS solution like DoliCloud -&nbsp;<a href=\"https://www.google.com/url?q=https://www.google.com/url?q%3Dhttp://www.dolicloud.com%26sa%3DD%26usg%3DAFQjCNGdd9htz4JDciiMtScpBwK83qIRkw&amp;sa=D&amp;usg=AFQjCNGMpCbxNnU5BiK59e368K5AR0l_pg\" style=\"text-decoration: none; color: rgb(51, 105, 30); cursor: pointer;\" target=\"_blank\">http://www.dolicloud.com</a>).</p>',0.000,'',0.000,'0',0.000,'0',2,0,0,NULL,10,10.00000000,20.00000000,0.00000000,0.00000000,0.00000000,20.00000000,0,NULL,NULL,0,NULL,0.00000000,0,2,NULL,NULL,NULL,0,'EUR',10.00000000,20.00000000,0.00000000,20.00000000),(158,58,NULL,2,NULL,'',0.000,'',0.000,'0',0.000,'0',3,0,0,NULL,0,0.00000000,0.00000000,0.00000000,0.00000000,0.00000000,0.00000000,0,NULL,NULL,0,NULL,0.00000000,0,1,NULL,NULL,NULL,0,'EUR',0.00000000,0.00000000,0.00000000,0.00000000),(159,58,NULL,10,NULL,'A powerfull computer XP4523&nbsp;',0.000,'',0.000,'0',0.000,'0',4,0,0,NULL,100,100.00000000,400.00000000,0.00000000,0.00000000,0.00000000,400.00000000,0,NULL,NULL,0,NULL,0.00000000,0,2,NULL,NULL,NULL,0,'EUR',100.00000000,400.00000000,0.00000000,400.00000000),(160,58,NULL,12,NULL,'Cloud hosting of Dolibarr ERP and CRM software',0.000,'',0.000,'0',0.000,'0',4,0,0,NULL,9,9.00000000,36.00000000,0.00000000,0.00000000,0.00000000,36.00000000,1,NULL,NULL,0,NULL,0.00000000,0,3,NULL,NULL,NULL,0,'EUR',9.00000000,36.00000000,0.00000000,36.00000000),(174,62,NULL,4,NULL,'Nice Bio Apple Pie.<br />\r\n&nbsp;',0.000,'',0.000,'0',0.000,'0',2,0,0,NULL,5,5.00000000,10.00000000,0.00000000,0.00000000,0.00000000,10.00000000,0,NULL,NULL,0,NULL,0.00000000,0,1,NULL,NULL,NULL,0,'EUR',5.00000000,10.00000000,0.00000000,10.00000000),(175,62,NULL,10,NULL,'A powerfull computer XP4523&nbsp;',0.000,'',0.000,'0',0.000,'0',2,0,0,NULL,100,100.00000000,200.00000000,0.00000000,0.00000000,0.00000000,200.00000000,0,NULL,NULL,0,NULL,0.00000000,0,2,NULL,NULL,NULL,0,'EUR',100.00000000,200.00000000,0.00000000,200.00000000),(176,62,NULL,1,NULL,'A beatifull pink dress',0.000,'',0.000,'0',0.000,'0',2,0,0,NULL,100,100.00000000,200.00000000,0.00000000,0.00000000,0.00000000,200.00000000,0,NULL,NULL,0,NULL,0.00000000,0,3,NULL,NULL,NULL,0,'EUR',100.00000000,200.00000000,0.00000000,200.00000000),(198,68,NULL,12,NULL,'Cloud hosting of Dolibarr ERP and CRM software',0.000,'',0.000,'0',0.000,'0',5,0,0,NULL,9,9.00000000,45.00000000,0.00000000,0.00000000,0.00000000,45.00000000,1,NULL,NULL,0,NULL,0.00000000,0,1,NULL,NULL,NULL,0,'EUR',9.00000000,45.00000000,0.00000000,45.00000000),(199,68,NULL,2,NULL,'',0.000,'',0.000,'0',0.000,'0',5,0,0,NULL,0,0.00000000,0.00000000,0.00000000,0.00000000,0.00000000,0.00000000,0,NULL,NULL,0,NULL,0.00000000,0,2,NULL,NULL,NULL,0,'EUR',0.00000000,0.00000000,0.00000000,0.00000000),(209,72,NULL,3,NULL,'',0.000,'',0.000,'0',0.000,'0',1,0,0,NULL,0,0.00000000,0.00000000,0.00000000,0.00000000,0.00000000,0.00000000,1,NULL,NULL,0,NULL,0.00000000,0,1,NULL,NULL,NULL,0,'EUR',0.00000000,0.00000000,0.00000000,0.00000000),(210,72,NULL,1,NULL,'A beatifull pink dress',0.000,'',0.000,'0',0.000,'0',4,0,0,NULL,100,100.00000000,400.00000000,0.00000000,0.00000000,0.00000000,400.00000000,0,NULL,NULL,0,NULL,0.00000000,0,2,NULL,NULL,NULL,0,'EUR',100.00000000,400.00000000,0.00000000,400.00000000),(211,72,NULL,5,NULL,'<strong><span style=\"font-family:roboto,uilanguagefont,arial,sans-serif; font-size:14px\">DoliDroid is the Android front-end client for Dolibarr ERP &amp; CRM web software.</span><br />\r\n<span style=\"font-family:roboto,uilanguagefont,arial,sans-serif; font-size:14px\">This application is not a standalone program. It is a front end to use a online hosted Dolibarr ERP &amp; CRM software (an Open-source web software to manage your business).</span></strong>\r\n<p><u>The advantage of DoliDroid are :</u><br />\r\n- DoliDroid is not a duplicate code of Dolibarr, but a front-end of a Dolibarr web installation, so all your online existing features are supported by this application. This is also true for external modules features.<br />\r\n- Upgrading Dolibarr will not break DoliDroid.<br />\r\n- DoliDroid use embedded image resources to reduce bandwidth usage.<br />\r\n- DoliDroid use internal cache for pages that should not change (like menu page)<br />\r\n- Connections parameters are saved. No need to enter them each time you use DoliDroid.<br />\r\n- Integration with your phone or other applications (Clicking on PDF open PDF reader, clicking onto email or phone launch your email application or launch Android dialer, ...)</p>\r\n\r\n<p><span style=\"color:#DAA520\"><strong>WARNING !&nbsp;</strong></span></p>\r\n\r\n<p>This application need Android 4.0+ and a hosted Dolibarr ERP &amp; CRM version 3.5 or newer accessible by internet<br />\r\n(For example, when hosted on any SaaS solution like DoliCloud -&nbsp;<a href=\"https://www.google.com/url?q=https://www.google.com/url?q%3Dhttp://www.dolicloud.com%26sa%3DD%26usg%3DAFQjCNGdd9htz4JDciiMtScpBwK83qIRkw&amp;sa=D&amp;usg=AFQjCNGMpCbxNnU5BiK59e368K5AR0l_pg\" style=\"text-decoration: none; color: rgb(51, 105, 30); cursor: pointer;\" target=\"_blank\">http://www.dolicloud.com</a>).</p>',0.000,'',0.000,'0',0.000,'0',1,0,0,NULL,10,10.00000000,10.00000000,0.00000000,0.00000000,0.00000000,10.00000000,0,NULL,NULL,0,NULL,0.00000000,0,3,NULL,NULL,NULL,0,'EUR',10.00000000,10.00000000,0.00000000,10.00000000),(212,72,NULL,1,NULL,'A beatifull pink dress',0.000,'',0.000,'0',0.000,'0',2,0,0,NULL,100,100.00000000,200.00000000,0.00000000,0.00000000,0.00000000,200.00000000,0,NULL,NULL,0,NULL,0.00000000,0,4,NULL,NULL,NULL,0,'EUR',100.00000000,200.00000000,0.00000000,200.00000000),(213,72,NULL,3,NULL,'',0.000,'',0.000,'0',0.000,'0',2,0,0,NULL,0,0.00000000,0.00000000,0.00000000,0.00000000,0.00000000,0.00000000,1,NULL,NULL,0,NULL,0.00000000,0,5,NULL,NULL,NULL,0,'EUR',0.00000000,0.00000000,0.00000000,0.00000000),(227,75,NULL,10,NULL,'A powerfull computer XP4523&nbsp;',0.000,'',0.000,'0',0.000,'0',4,0,0,NULL,100,100.00000000,400.00000000,0.00000000,0.00000000,0.00000000,400.00000000,0,NULL,NULL,0,NULL,0.00000000,0,1,NULL,NULL,NULL,0,'EUR',100.00000000,400.00000000,0.00000000,400.00000000),(235,78,NULL,10,NULL,'A powerfull computer XP4523&nbsp;',0.000,'',0.000,'0',0.000,'0',4,0,0,NULL,100,100.00000000,400.00000000,0.00000000,0.00000000,0.00000000,400.00000000,0,NULL,NULL,0,NULL,0.00000000,0,1,NULL,NULL,NULL,0,'EUR',100.00000000,400.00000000,0.00000000,400.00000000),(236,78,NULL,12,NULL,'Cloud hosting of Dolibarr ERP and CRM software',0.000,'',0.000,'0',0.000,'0',2,0,0,NULL,9,9.00000000,18.00000000,0.00000000,0.00000000,0.00000000,18.00000000,1,NULL,NULL,0,NULL,0.00000000,0,2,NULL,NULL,NULL,0,'EUR',9.00000000,18.00000000,0.00000000,18.00000000),(237,78,NULL,4,NULL,'Nice Bio Apple Pie.<br />\r\n&nbsp;',0.000,'',0.000,'0',0.000,'0',2,0,0,NULL,5,5.00000000,10.00000000,0.00000000,0.00000000,0.00000000,10.00000000,0,NULL,NULL,0,NULL,0.00000000,0,3,NULL,NULL,NULL,0,'EUR',5.00000000,10.00000000,0.00000000,10.00000000),(238,78,NULL,10,NULL,'A powerfull computer XP4523&nbsp;',0.000,'',0.000,'0',0.000,'0',5,0,0,NULL,100,100.00000000,500.00000000,0.00000000,0.00000000,0.00000000,500.00000000,0,NULL,NULL,0,NULL,0.00000000,0,4,NULL,NULL,NULL,0,'EUR',100.00000000,500.00000000,0.00000000,500.00000000),(246,81,NULL,10,NULL,'A powerfull computer XP4523&nbsp;',0.000,'',0.000,'0',0.000,'0',4,0,0,NULL,100,100.00000000,400.00000000,0.00000000,0.00000000,0.00000000,400.00000000,0,NULL,NULL,0,NULL,0.00000000,0,1,NULL,NULL,NULL,0,'EUR',100.00000000,400.00000000,0.00000000,400.00000000),(247,81,NULL,10,NULL,'A powerfull computer XP4523&nbsp;',0.000,'',0.000,'0',0.000,'0',3,0,0,NULL,100,100.00000000,300.00000000,0.00000000,0.00000000,0.00000000,300.00000000,0,NULL,NULL,0,NULL,0.00000000,0,2,NULL,NULL,NULL,0,'EUR',100.00000000,300.00000000,0.00000000,300.00000000),(248,81,NULL,4,NULL,'Nice Bio Apple Pie.<br />\r\n&nbsp;',0.000,'',0.000,'0',0.000,'0',5,0,0,NULL,5,5.00000000,25.00000000,0.00000000,0.00000000,0.00000000,25.00000000,0,NULL,NULL,0,NULL,0.00000000,0,3,NULL,NULL,NULL,0,'EUR',5.00000000,25.00000000,0.00000000,25.00000000),(253,83,NULL,4,NULL,'Nice Bio Apple Pie.<br />\r\n&nbsp;',0.000,'',0.000,'0',0.000,'0',1,0,0,NULL,5,5.00000000,5.00000000,0.00000000,0.00000000,0.00000000,5.00000000,0,NULL,NULL,0,NULL,0.00000000,0,1,NULL,NULL,NULL,0,'EUR',5.00000000,5.00000000,0.00000000,5.00000000),(254,83,NULL,3,NULL,'',0.000,'',0.000,'0',0.000,'0',2,0,0,NULL,0,0.00000000,0.00000000,0.00000000,0.00000000,0.00000000,0.00000000,1,NULL,NULL,0,NULL,0.00000000,0,2,NULL,NULL,NULL,0,'EUR',0.00000000,0.00000000,0.00000000,0.00000000),(255,83,NULL,5,NULL,'<strong><span style=\"font-family:roboto,uilanguagefont,arial,sans-serif; font-size:14px\">DoliDroid is the Android front-end client for Dolibarr ERP &amp; CRM web software.</span><br />\r\n<span style=\"font-family:roboto,uilanguagefont,arial,sans-serif; font-size:14px\">This application is not a standalone program. It is a front end to use a online hosted Dolibarr ERP &amp; CRM software (an Open-source web software to manage your business).</span></strong>\r\n<p><u>The advantage of DoliDroid are :</u><br />\r\n- DoliDroid is not a duplicate code of Dolibarr, but a front-end of a Dolibarr web installation, so all your online existing features are supported by this application. This is also true for external modules features.<br />\r\n- Upgrading Dolibarr will not break DoliDroid.<br />\r\n- DoliDroid use embedded image resources to reduce bandwidth usage.<br />\r\n- DoliDroid use internal cache for pages that should not change (like menu page)<br />\r\n- Connections parameters are saved. No need to enter them each time you use DoliDroid.<br />\r\n- Integration with your phone or other applications (Clicking on PDF open PDF reader, clicking onto email or phone launch your email application or launch Android dialer, ...)</p>\r\n\r\n<p><span style=\"color:#DAA520\"><strong>WARNING !&nbsp;</strong></span></p>\r\n\r\n<p>This application need Android 4.0+ and a hosted Dolibarr ERP &amp; CRM version 3.5 or newer accessible by internet<br />\r\n(For example, when hosted on any SaaS solution like DoliCloud -&nbsp;<a href=\"https://www.google.com/url?q=https://www.google.com/url?q%3Dhttp://www.dolicloud.com%26sa%3DD%26usg%3DAFQjCNGdd9htz4JDciiMtScpBwK83qIRkw&amp;sa=D&amp;usg=AFQjCNGMpCbxNnU5BiK59e368K5AR0l_pg\" style=\"text-decoration: none; color: rgb(51, 105, 30); cursor: pointer;\" target=\"_blank\">http://www.dolicloud.com</a>).</p>',0.000,'',0.000,'0',0.000,'0',5,0,0,NULL,10,10.00000000,50.00000000,0.00000000,0.00000000,0.00000000,50.00000000,0,NULL,NULL,0,NULL,0.00000000,0,3,NULL,NULL,NULL,0,'EUR',10.00000000,50.00000000,0.00000000,50.00000000),(256,83,NULL,5,NULL,'<strong><span style=\"font-family:roboto,uilanguagefont,arial,sans-serif; font-size:14px\">DoliDroid is the Android front-end client for Dolibarr ERP &amp; CRM web software.</span><br />\r\n<span style=\"font-family:roboto,uilanguagefont,arial,sans-serif; font-size:14px\">This application is not a standalone program. It is a front end to use a online hosted Dolibarr ERP &amp; CRM software (an Open-source web software to manage your business).</span></strong>\r\n<p><u>The advantage of DoliDroid are :</u><br />\r\n- DoliDroid is not a duplicate code of Dolibarr, but a front-end of a Dolibarr web installation, so all your online existing features are supported by this application. This is also true for external modules features.<br />\r\n- Upgrading Dolibarr will not break DoliDroid.<br />\r\n- DoliDroid use embedded image resources to reduce bandwidth usage.<br />\r\n- DoliDroid use internal cache for pages that should not change (like menu page)<br />\r\n- Connections parameters are saved. No need to enter them each time you use DoliDroid.<br />\r\n- Integration with your phone or other applications (Clicking on PDF open PDF reader, clicking onto email or phone launch your email application or launch Android dialer, ...)</p>\r\n\r\n<p><span style=\"color:#DAA520\"><strong>WARNING !&nbsp;</strong></span></p>\r\n\r\n<p>This application need Android 4.0+ and a hosted Dolibarr ERP &amp; CRM version 3.5 or newer accessible by internet<br />\r\n(For example, when hosted on any SaaS solution like DoliCloud -&nbsp;<a href=\"https://www.google.com/url?q=https://www.google.com/url?q%3Dhttp://www.dolicloud.com%26sa%3DD%26usg%3DAFQjCNGdd9htz4JDciiMtScpBwK83qIRkw&amp;sa=D&amp;usg=AFQjCNGMpCbxNnU5BiK59e368K5AR0l_pg\" style=\"text-decoration: none; color: rgb(51, 105, 30); cursor: pointer;\" target=\"_blank\">http://www.dolicloud.com</a>).</p>',0.000,'',0.000,'0',0.000,'0',5,0,0,NULL,10,10.00000000,50.00000000,0.00000000,0.00000000,0.00000000,50.00000000,0,NULL,NULL,0,NULL,0.00000000,0,4,NULL,NULL,NULL,0,'EUR',10.00000000,50.00000000,0.00000000,50.00000000),(257,84,NULL,10,NULL,'A powerfull computer XP4523&nbsp;',0.000,'',0.000,'0',0.000,'0',5,0,0,NULL,100,100.00000000,500.00000000,0.00000000,0.00000000,0.00000000,500.00000000,0,NULL,NULL,0,NULL,0.00000000,0,1,NULL,NULL,NULL,0,'EUR',100.00000000,500.00000000,0.00000000,500.00000000),(258,84,NULL,4,NULL,'Nice Bio Apple Pie.<br />\r\n&nbsp;',0.000,'',0.000,'0',0.000,'0',2,0,0,NULL,5,5.00000000,10.00000000,0.00000000,0.00000000,0.00000000,10.00000000,0,NULL,NULL,0,NULL,0.00000000,0,2,NULL,NULL,NULL,0,'EUR',5.00000000,10.00000000,0.00000000,10.00000000),(259,84,NULL,3,NULL,'',0.000,'',0.000,'0',0.000,'0',1,0,0,NULL,0,0.00000000,0.00000000,0.00000000,0.00000000,0.00000000,0.00000000,1,NULL,NULL,0,NULL,0.00000000,0,3,NULL,NULL,NULL,0,'EUR',0.00000000,0.00000000,0.00000000,0.00000000),(260,85,NULL,12,NULL,'Cloud hosting of Dolibarr ERP and CRM software',0.000,'',0.000,'0',0.000,'0',3,0,0,NULL,9,9.00000000,27.00000000,0.00000000,0.00000000,0.00000000,27.00000000,1,NULL,NULL,0,NULL,0.00000000,0,1,NULL,NULL,NULL,0,'EUR',9.00000000,27.00000000,0.00000000,27.00000000),(261,85,NULL,3,NULL,'',0.000,'',0.000,'0',0.000,'0',4,0,0,NULL,0,0.00000000,0.00000000,0.00000000,0.00000000,0.00000000,0.00000000,1,NULL,NULL,0,NULL,0.00000000,0,2,NULL,NULL,NULL,0,'EUR',0.00000000,0.00000000,0.00000000,0.00000000),(262,85,NULL,5,NULL,'<strong><span style=\"font-family:roboto,uilanguagefont,arial,sans-serif; font-size:14px\">DoliDroid is the Android front-end client for Dolibarr ERP &amp; CRM web software.</span><br />\r\n<span style=\"font-family:roboto,uilanguagefont,arial,sans-serif; font-size:14px\">This application is not a standalone program. It is a front end to use a online hosted Dolibarr ERP &amp; CRM software (an Open-source web software to manage your business).</span></strong>\r\n<p><u>The advantage of DoliDroid are :</u><br />\r\n- DoliDroid is not a duplicate code of Dolibarr, but a front-end of a Dolibarr web installation, so all your online existing features are supported by this application. This is also true for external modules features.<br />\r\n- Upgrading Dolibarr will not break DoliDroid.<br />\r\n- DoliDroid use embedded image resources to reduce bandwidth usage.<br />\r\n- DoliDroid use internal cache for pages that should not change (like menu page)<br />\r\n- Connections parameters are saved. No need to enter them each time you use DoliDroid.<br />\r\n- Integration with your phone or other applications (Clicking on PDF open PDF reader, clicking onto email or phone launch your email application or launch Android dialer, ...)</p>\r\n\r\n<p><span style=\"color:#DAA520\"><strong>WARNING !&nbsp;</strong></span></p>\r\n\r\n<p>This application need Android 4.0+ and a hosted Dolibarr ERP &amp; CRM version 3.5 or newer accessible by internet<br />\r\n(For example, when hosted on any SaaS solution like DoliCloud -&nbsp;<a href=\"https://www.google.com/url?q=https://www.google.com/url?q%3Dhttp://www.dolicloud.com%26sa%3DD%26usg%3DAFQjCNGdd9htz4JDciiMtScpBwK83qIRkw&amp;sa=D&amp;usg=AFQjCNGMpCbxNnU5BiK59e368K5AR0l_pg\" style=\"text-decoration: none; color: rgb(51, 105, 30); cursor: pointer;\" target=\"_blank\">http://www.dolicloud.com</a>).</p>',0.000,'',0.000,'0',0.000,'0',2,0,0,NULL,10,10.00000000,20.00000000,0.00000000,0.00000000,0.00000000,20.00000000,0,NULL,NULL,0,NULL,0.00000000,0,3,NULL,NULL,NULL,0,'EUR',10.00000000,20.00000000,0.00000000,20.00000000),(271,88,NULL,5,NULL,'<strong><span style=\"font-family:roboto,uilanguagefont,arial,sans-serif; font-size:14px\">DoliDroid is the Android front-end client for Dolibarr ERP &amp; CRM web software.</span><br />\r\n<span style=\"font-family:roboto,uilanguagefont,arial,sans-serif; font-size:14px\">This application is not a standalone program. It is a front end to use a online hosted Dolibarr ERP &amp; CRM software (an Open-source web software to manage your business).</span></strong>\r\n<p><u>The advantage of DoliDroid are :</u><br />\r\n- DoliDroid is not a duplicate code of Dolibarr, but a front-end of a Dolibarr web installation, so all your online existing features are supported by this application. This is also true for external modules features.<br />\r\n- Upgrading Dolibarr will not break DoliDroid.<br />\r\n- DoliDroid use embedded image resources to reduce bandwidth usage.<br />\r\n- DoliDroid use internal cache for pages that should not change (like menu page)<br />\r\n- Connections parameters are saved. No need to enter them each time you use DoliDroid.<br />\r\n- Integration with your phone or other applications (Clicking on PDF open PDF reader, clicking onto email or phone launch your email application or launch Android dialer, ...)</p>\r\n\r\n<p><span style=\"color:#DAA520\"><strong>WARNING !&nbsp;</strong></span></p>\r\n\r\n<p>This application need Android 4.0+ and a hosted Dolibarr ERP &amp; CRM version 3.5 or newer accessible by internet<br />\r\n(For example, when hosted on any SaaS solution like DoliCloud -&nbsp;<a href=\"https://www.google.com/url?q=https://www.google.com/url?q%3Dhttp://www.dolicloud.com%26sa%3DD%26usg%3DAFQjCNGdd9htz4JDciiMtScpBwK83qIRkw&amp;sa=D&amp;usg=AFQjCNGMpCbxNnU5BiK59e368K5AR0l_pg\" style=\"text-decoration: none; color: rgb(51, 105, 30); cursor: pointer;\" target=\"_blank\">http://www.dolicloud.com</a>).</p>',0.000,'',0.000,'0',0.000,'0',5,0,0,NULL,10,10.00000000,50.00000000,0.00000000,0.00000000,0.00000000,50.00000000,0,NULL,NULL,0,NULL,0.00000000,0,1,NULL,NULL,NULL,0,'EUR',10.00000000,50.00000000,0.00000000,50.00000000),(272,88,NULL,3,NULL,'',0.000,'',0.000,'0',0.000,'0',3,0,0,NULL,0,0.00000000,0.00000000,0.00000000,0.00000000,0.00000000,0.00000000,1,NULL,NULL,0,NULL,0.00000000,0,2,NULL,NULL,NULL,0,'EUR',0.00000000,0.00000000,0.00000000,0.00000000),(276,75,NULL,1,NULL,'A beatifull pink dress',0.000,'',0.000,'0',0.000,'0',1,0,0,NULL,100,100.00000000,100.00000000,0.00000000,0.00000000,0.00000000,100.00000000,0,NULL,NULL,0,NULL,90.00000000,0,3,NULL,NULL,NULL,0,'EUR',100.00000000,100.00000000,0.00000000,100.00000000),(278,75,NULL,13,NULL,'A powerfull computer XP4523&nbsp;<br />\r\n(Code douane: USXP765 - Pays d&#39;origine: Etats-Unis)',5.000,'',9.975,'1',0.000,'0',5,0,0,NULL,100,100.00000000,500.00000000,25.00000000,49.88000000,0.00000000,574.88000000,0,NULL,NULL,0,NULL,0.00000000,0,2,NULL,NULL,NULL,0,'EUR',100.00000000,500.00000000,25.00000000,574.88000000),(279,75,NULL,13,NULL,'A powerfull computer XP4523&nbsp;<br>\n(Code douane: USXP765 - Pays d\'origine: Etats-Unis)',0.000,'',0.000,'0',0.000,'0',2,0,0,NULL,100,100.00000000,200.00000000,0.00000000,0.00000000,0.00000000,200.00000000,0,NULL,NULL,0,NULL,0.00000000,0,4,NULL,NULL,NULL,0,'EUR',100.00000000,200.00000000,0.00000000,200.00000000),(280,90,NULL,4,NULL,'Nice Bio Apple Pie.<br />\r\n&nbsp;',0.000,'',0.000,'0',0.000,'0',2,0,0,NULL,5,5.00000000,10.00000000,0.00000000,0.00000000,0.00000000,10.00000000,0,NULL,NULL,0,NULL,0.00000000,0,1,NULL,NULL,NULL,0,'EUR',5.00000000,10.00000000,0.00000000,10.00000000),(281,90,NULL,5,NULL,'<strong><span style=\"font-family:roboto,uilanguagefont,arial,sans-serif; font-size:14px\">DoliDroid is the Android front-end client for Dolibarr ERP &amp; CRM web software.</span><br />\r\n<span style=\"font-family:roboto,uilanguagefont,arial,sans-serif; font-size:14px\">This application is not a standalone program. It is a front end to use a online hosted Dolibarr ERP &amp; CRM software (an Open-source web software to manage your business).</span></strong>\r\n<p><u>The advantage of DoliDroid are :</u><br />\r\n- DoliDroid is not a duplicate code of Dolibarr, but a front-end of a Dolibarr web installation, so all your online existing features are supported by this application. This is also true for external modules features.<br />\r\n- Upgrading Dolibarr will not break DoliDroid.<br />\r\n- DoliDroid use embedded image resources to reduce bandwidth usage.<br />\r\n- DoliDroid use internal cache for pages that should not change (like menu page)<br />\r\n- Connections parameters are saved. No need to enter them each time you use DoliDroid.<br />\r\n- Integration with your phone or other applications (Clicking on PDF open PDF reader, clicking onto email or phone launch your email application or launch Android dialer, ...)</p>\r\n\r\n<p><span style=\"color:#DAA520\"><strong>WARNING !&nbsp;</strong></span></p>\r\n\r\n<p>This application need Android 4.0+ and a hosted Dolibarr ERP &amp; CRM version 3.5 or newer accessible by internet<br />\r\n(For example, when hosted on any SaaS solution like DoliCloud -&nbsp;<a href=\"https://www.google.com/url?q=https://www.google.com/url?q%3Dhttp://www.dolicloud.com%26sa%3DD%26usg%3DAFQjCNGdd9htz4JDciiMtScpBwK83qIRkw&amp;sa=D&amp;usg=AFQjCNGMpCbxNnU5BiK59e368K5AR0l_pg\" style=\"text-decoration: none; color: rgb(51, 105, 30); cursor: pointer;\" target=\"_blank\">http://www.dolicloud.com</a>).</p>',0.000,'',0.000,'0',0.000,'0',3,0,0,NULL,10,10.00000000,30.00000000,0.00000000,0.00000000,0.00000000,30.00000000,0,NULL,NULL,0,NULL,0.00000000,0,2,NULL,NULL,NULL,0,'EUR',10.00000000,30.00000000,0.00000000,30.00000000),(282,90,NULL,2,NULL,'',0.000,'',0.000,'0',0.000,'0',5,0,0,NULL,NULL,0.00000000,0.00000000,0.00000000,0.00000000,0.00000000,0.00000000,0,NULL,NULL,0,NULL,0.00000000,0,3,NULL,NULL,NULL,0,'EUR',0.00000000,0.00000000,0.00000000,0.00000000),(283,90,NULL,1,NULL,'A beatifull pink dress',0.000,'',0.000,'0',0.000,'0',4,0,0,NULL,100,100.00000000,400.00000000,0.00000000,0.00000000,0.00000000,400.00000000,0,NULL,NULL,0,NULL,0.00000000,0,4,NULL,NULL,NULL,0,'EUR',100.00000000,400.00000000,0.00000000,400.00000000),(284,91,NULL,1,NULL,'A beatifull pink dress',0.000,'',0.000,'0',0.000,'0',3,0,0,NULL,100,100.00000000,300.00000000,0.00000000,0.00000000,0.00000000,300.00000000,0,NULL,NULL,0,NULL,0.00000000,0,1,NULL,NULL,NULL,0,'EUR',100.00000000,300.00000000,0.00000000,300.00000000),(285,91,NULL,1,NULL,'A beatifull pink dress',0.000,'',0.000,'0',0.000,'0',5,0,0,NULL,100,100.00000000,500.00000000,0.00000000,0.00000000,0.00000000,500.00000000,0,NULL,NULL,0,NULL,0.00000000,0,2,NULL,NULL,NULL,0,'EUR',100.00000000,500.00000000,0.00000000,500.00000000),(286,91,NULL,13,NULL,'A powerfull computer XP4523&nbsp;',0.000,'',0.000,'0',0.000,'0',2,0,0,NULL,100,100.00000000,200.00000000,0.00000000,0.00000000,0.00000000,200.00000000,0,NULL,NULL,0,NULL,0.00000000,0,3,NULL,NULL,NULL,0,'EUR',100.00000000,200.00000000,0.00000000,200.00000000),(287,92,NULL,10,NULL,'A powerfull computer XP4523&nbsp;',0.000,'',0.000,'0',0.000,'0',4,0,0,NULL,100,100.00000000,400.00000000,0.00000000,0.00000000,0.00000000,400.00000000,0,NULL,NULL,0,NULL,0.00000000,0,1,NULL,NULL,NULL,0,'EUR',100.00000000,400.00000000,0.00000000,400.00000000),(288,92,NULL,13,NULL,'A powerfull computer XP4523&nbsp;',0.000,'',0.000,'0',0.000,'0',3,0,0,NULL,100,100.00000000,300.00000000,0.00000000,0.00000000,0.00000000,300.00000000,0,NULL,NULL,0,NULL,0.00000000,0,2,NULL,NULL,NULL,0,'EUR',100.00000000,300.00000000,0.00000000,300.00000000),(289,92,NULL,10,NULL,'A powerfull computer XP4523&nbsp;',0.000,'',0.000,'0',0.000,'0',2,0,0,NULL,100,100.00000000,200.00000000,0.00000000,0.00000000,0.00000000,200.00000000,0,NULL,NULL,0,NULL,0.00000000,0,3,NULL,NULL,NULL,0,'EUR',100.00000000,200.00000000,0.00000000,200.00000000),(290,92,NULL,13,NULL,'A powerfull computer XP4523&nbsp;',0.000,'',0.000,'0',0.000,'0',1,0,0,NULL,100,100.00000000,100.00000000,0.00000000,0.00000000,0.00000000,100.00000000,0,NULL,NULL,0,NULL,0.00000000,0,4,NULL,NULL,NULL,0,'EUR',100.00000000,100.00000000,0.00000000,100.00000000),(291,92,NULL,12,NULL,'Cloud hosting of Dolibarr ERP and CRM software',0.000,'',0.000,'0',0.000,'0',2,0,0,NULL,9,9.00000000,18.00000000,0.00000000,0.00000000,0.00000000,18.00000000,0,NULL,NULL,0,NULL,0.00000000,0,5,NULL,NULL,NULL,0,'EUR',9.00000000,18.00000000,0.00000000,18.00000000);

--
-- Table structure for table `llx_commandedet_extrafields`
--

CREATE TABLE `llx_commandedet_extrafields` (
  `rowid` int(11) NOT NULL AUTO_INCREMENT,
  `tms` timestamp NOT NULL DEFAULT CURRENT_TIMESTAMP ON UPDATE CURRENT_TIMESTAMP,
  `fk_object` int(11) NOT NULL,
  `import_key` varchar(14) COLLATE utf8_unicode_ci DEFAULT NULL,
  PRIMARY KEY (`rowid`),
  KEY `idx_commandedet_extrafields` (`fk_object`)
) ENGINE=InnoDB DEFAULT CHARSET=utf8 COLLATE=utf8_unicode_ci;

--
-- Dumping data for table `llx_commandedet_extrafields`
--


--
-- Table structure for table `llx_comment`
--

CREATE TABLE `llx_comment` (
  `rowid` int(11) NOT NULL AUTO_INCREMENT,
  `datec` datetime DEFAULT NULL,
  `tms` timestamp NOT NULL DEFAULT CURRENT_TIMESTAMP ON UPDATE CURRENT_TIMESTAMP,
  `description` text COLLATE utf8_unicode_ci NOT NULL,
  `fk_user_author` int(11) DEFAULT NULL,
  `fk_element` int(11) DEFAULT NULL,
  `element_type` varchar(50) COLLATE utf8_unicode_ci DEFAULT NULL,
  `entity` int(11) DEFAULT '1',
  `import_key` varchar(125) COLLATE utf8_unicode_ci DEFAULT NULL,
  PRIMARY KEY (`rowid`)
) ENGINE=InnoDB DEFAULT CHARSET=utf8 COLLATE=utf8_unicode_ci;

--
-- Dumping data for table `llx_comment`
--


--
-- Table structure for table `llx_cond_reglement`
--

CREATE TABLE `llx_cond_reglement` (
  `rowid` int(11) NOT NULL,
  `code` varchar(16) COLLATE utf8_unicode_ci DEFAULT NULL,
  `sortorder` smallint(6) DEFAULT NULL,
  `active` tinyint(4) DEFAULT '1',
  `libelle` varchar(255) COLLATE utf8_unicode_ci DEFAULT NULL,
  `libelle_facture` text COLLATE utf8_unicode_ci,
  `fdm` tinyint(4) DEFAULT NULL,
  `nbjour` smallint(6) DEFAULT NULL,
  `decalage` smallint(6) DEFAULT NULL,
  PRIMARY KEY (`rowid`)
) ENGINE=InnoDB DEFAULT CHARSET=utf8 COLLATE=utf8_unicode_ci;

--
-- Dumping data for table `llx_cond_reglement`
--

INSERT INTO `llx_cond_reglement` VALUES (1,'RECEP',1,1,'A réception','Réception de facture',0,0,NULL),(2,'30D',2,1,'30 jours','Réglement à 30 jours',0,30,NULL),(3,'30DENDMONTH',3,1,'30 jours fin de mois','Réglement à 30 jours fin de mois',1,30,NULL),(4,'60D',4,1,'60 jours','Réglement à 60 jours',0,60,NULL),(5,'60DENDMONTH',5,1,'60 jours fin de mois','Réglement à 60 jours fin de mois',1,60,NULL);

--
-- Table structure for table `llx_const`
--

CREATE TABLE `llx_const` (
  `rowid` int(11) NOT NULL AUTO_INCREMENT,
  `name` varchar(255) COLLATE utf8_unicode_ci NOT NULL,
  `entity` int(11) NOT NULL DEFAULT '1',
  `value` text COLLATE utf8_unicode_ci NOT NULL,
  `type` varchar(64) COLLATE utf8_unicode_ci DEFAULT 'string',
  `visible` tinyint(4) NOT NULL DEFAULT '1',
  `note` text COLLATE utf8_unicode_ci,
  `tms` timestamp NOT NULL DEFAULT CURRENT_TIMESTAMP ON UPDATE CURRENT_TIMESTAMP,
  PRIMARY KEY (`rowid`),
  UNIQUE KEY `uk_const` (`name`,`entity`)
) ENGINE=InnoDB AUTO_INCREMENT=6649 DEFAULT CHARSET=utf8 COLLATE=utf8_unicode_ci;

--
-- Dumping data for table `llx_const`
--

INSERT INTO `llx_const` VALUES (8,'MAIN_UPLOAD_DOC',0,'2048','chaine',0,'Max size for file upload (0 means no upload allowed)','2012-07-08 11:17:57'),(9,'MAIN_SEARCHFORM_SOCIETE',0,'1','yesno',0,'Show form for quick company search','2012-07-08 11:17:57'),(10,'MAIN_SEARCHFORM_CONTACT',0,'1','yesno',0,'Show form for quick contact search','2012-07-08 11:17:57'),(11,'MAIN_SEARCHFORM_PRODUITSERVICE',0,'1','yesno',0,'Show form for quick product search','2012-07-08 11:17:58'),(12,'MAIN_SEARCHFORM_ADHERENT',0,'1','yesno',0,'Show form for quick member search','2012-07-08 11:17:58'),(16,'MAIN_SIZE_LISTE_LIMIT',0,'25','chaine',0,'Longueur maximum des listes','2012-07-08 11:17:58'),(29,'MAIN_DELAY_NOT_ACTIVATED_SERVICES',1,'0','chaine',0,'Tolérance de retard avant alerte (en jours) sur services à activer','2012-07-08 11:17:58'),(33,'SOCIETE_NOLIST_COURRIER',0,'1','yesno',0,'Liste les fichiers du repertoire courrier','2012-07-08 11:17:58'),(36,'ADHERENT_MAIL_REQUIRED',1,'1','yesno',0,'EMail required to create a new member','2012-07-08 11:17:58'),(37,'ADHERENT_MAIL_FROM',1,'adherents@domain.com','chaine',0,'Sender EMail for automatic emails','2012-07-08 11:17:58'),(38,'ADHERENT_MAIL_RESIL',1,'Your subscription has been resiliated.\r\nWe hope to see you soon again','html',0,'Mail resiliation','2018-11-23 11:56:07'),(39,'ADHERENT_MAIL_VALID',1,'Your subscription has been validated.\r\nThis is a remind of your personal information :\r\n\r\n%INFOS%\r\n\r\n','html',0,'Mail de validation','2018-11-23 11:56:07'),(40,'ADHERENT_MAIL_COTIS',1,'Hello %PRENOM%,\r\nThanks for your subscription.\r\nThis email confirms that your subscription has been received and processed.\r\n\r\n','html',0,'Mail de validation de cotisation','2018-11-23 11:56:07'),(41,'ADHERENT_MAIL_VALID_SUBJECT',1,'Your subscription has been validated','chaine',0,'Sujet du mail de validation','2012-07-08 11:17:59'),(42,'ADHERENT_MAIL_RESIL_SUBJECT',1,'Resiliating your subscription','chaine',0,'Sujet du mail de resiliation','2012-07-08 11:17:59'),(43,'ADHERENT_MAIL_COTIS_SUBJECT',1,'Receipt of your subscription','chaine',0,'Sujet du mail de validation de cotisation','2012-07-08 11:17:59'),(44,'MAILING_EMAIL_FROM',1,'dolibarr@domain.com','chaine',0,'EMail emmetteur pour les envois d emailings','2012-07-08 11:17:59'),(45,'ADHERENT_USE_MAILMAN',1,'0','yesno',0,'Utilisation de Mailman','2012-07-08 11:17:59'),(46,'ADHERENT_MAILMAN_UNSUB_URL',1,'http://lists.domain.com/cgi-bin/mailman/admin/%LISTE%/members?adminpw=%MAILMAN_ADMINPW%&user=%EMAIL%','chaine',0,'Url de desinscription aux listes mailman','2012-07-08 11:17:59'),(47,'ADHERENT_MAILMAN_URL',1,'http://lists.domain.com/cgi-bin/mailman/admin/%LISTE%/members?adminpw=%MAILMAN_ADMINPW%&send_welcome_msg_to_this_batch=1&subscribees=%EMAIL%','chaine',0,'Url pour les inscriptions mailman','2012-07-08 11:17:59'),(48,'ADHERENT_MAILMAN_LISTS',1,'test-test,test-test2','chaine',0,'Listes auxquelles inscrire les nouveaux adherents','2012-07-08 11:17:59'),(49,'ADHERENT_MAILMAN_ADMINPW',1,'','chaine',0,'Mot de passe Admin des liste mailman','2012-07-08 11:17:59'),(50,'ADHERENT_MAILMAN_SERVER',1,'lists.domain.com','chaine',0,'Serveur hebergeant les interfaces d Admin des listes mailman','2012-07-08 11:17:59'),(51,'ADHERENT_MAILMAN_LISTS_COTISANT',1,'','chaine',0,'Liste(s) auxquelles les nouveaux cotisants sont inscris automatiquement','2012-07-08 11:17:59'),(52,'ADHERENT_USE_SPIP',1,'0','yesno',0,'Utilisation de SPIP ?','2012-07-08 11:17:59'),(53,'ADHERENT_USE_SPIP_AUTO',1,'0','yesno',0,'Utilisation de SPIP automatiquement','2012-07-08 11:17:59'),(54,'ADHERENT_SPIP_USER',1,'user','chaine',0,'user spip','2012-07-08 11:17:59'),(55,'ADHERENT_SPIP_PASS',1,'pass','chaine',0,'Pass de connection','2012-07-08 11:17:59'),(56,'ADHERENT_SPIP_SERVEUR',1,'localhost','chaine',0,'serveur spip','2012-07-08 11:17:59'),(57,'ADHERENT_SPIP_DB',1,'spip','chaine',0,'db spip','2012-07-08 11:17:59'),(58,'ADHERENT_CARD_HEADER_TEXT',1,'%ANNEE%','chaine',0,'Texte imprime sur le haut de la carte adherent','2012-07-08 11:17:59'),(59,'ADHERENT_CARD_FOOTER_TEXT',1,'Association AZERTY','chaine',0,'Texte imprime sur le bas de la carte adherent','2012-07-08 11:17:59'),(61,'FCKEDITOR_ENABLE_USER',1,'1','yesno',0,'Activation fckeditor sur notes utilisateurs','2012-07-08 11:17:59'),(62,'FCKEDITOR_ENABLE_SOCIETE',1,'1','yesno',0,'Activation fckeditor sur notes societe','2012-07-08 11:17:59'),(63,'FCKEDITOR_ENABLE_PRODUCTDESC',1,'1','yesno',0,'Activation fckeditor sur notes produits','2012-07-08 11:17:59'),(64,'FCKEDITOR_ENABLE_MEMBER',1,'1','yesno',0,'Activation fckeditor sur notes adherent','2012-07-08 11:17:59'),(65,'FCKEDITOR_ENABLE_MAILING',1,'1','yesno',0,'Activation fckeditor sur emailing','2012-07-08 11:17:59'),(67,'DON_ADDON_MODEL',1,'html_cerfafr','chaine',0,'','2012-07-08 11:18:00'),(68,'PROPALE_ADDON',1,'mod_propale_marbre','chaine',0,'','2012-07-08 11:18:00'),(69,'PROPALE_ADDON_PDF',1,'azur','chaine',0,'','2012-07-08 11:18:00'),(70,'COMMANDE_ADDON',1,'mod_commande_marbre','chaine',0,'','2012-07-08 11:18:00'),(71,'COMMANDE_ADDON_PDF',1,'einstein','chaine',0,'','2012-07-08 11:18:00'),(72,'COMMANDE_SUPPLIER_ADDON',1,'mod_commande_fournisseur_muguet','chaine',0,'','2012-07-08 11:18:00'),(73,'COMMANDE_SUPPLIER_ADDON_PDF',1,'muscadet','chaine',0,'','2012-07-08 11:18:00'),(74,'EXPEDITION_ADDON',1,'enlevement','chaine',0,'','2012-07-08 11:18:00'),(76,'FICHEINTER_ADDON',1,'pacific','chaine',0,'','2012-07-08 11:18:00'),(77,'FICHEINTER_ADDON_PDF',1,'soleil','chaine',0,'','2012-07-08 11:18:00'),(79,'FACTURE_ADDON_PDF',1,'crabe','chaine',0,'','2012-07-08 11:18:00'),(80,'PROPALE_VALIDITY_DURATION',1,'15','chaine',0,'Durée de validitée des propales','2012-07-08 11:18:00'),(230,'COMPANY_ADDON_PDF_ODT_PATH',1,'DOL_DATA_ROOT/doctemplates/thirdparties','chaine',0,NULL,'2012-07-08 11:26:20'),(238,'LIVRAISON_ADDON_PDF',1,'typhon','chaine',0,'Nom du gestionnaire de generation des commandes en PDF','2012-07-08 11:26:27'),(239,'LIVRAISON_ADDON_NUMBER',1,'mod_livraison_jade','chaine',0,'Nom du gestionnaire de numerotation des bons de livraison','2015-03-20 13:17:36'),(245,'FACTURE_ADDON_PDF_ODT_PATH',1,'DOL_DATA_ROOT/doctemplates/invoices','chaine',0,NULL,'2012-07-08 11:28:53'),(249,'DON_FORM',1,'html_cerfafr','chaine',0,'Nom du gestionnaire de formulaire de dons','2017-09-06 16:12:22'),(254,'ADHERENT_BANK_ACCOUNT',1,'','chaine',0,'ID du Compte banquaire utilise','2012-07-08 11:29:05'),(255,'ADHERENT_BANK_CATEGORIE',1,'','chaine',0,'ID de la categorie banquaire des cotisations','2012-07-08 11:29:05'),(256,'ADHERENT_ETIQUETTE_TYPE',1,'L7163','chaine',0,'Type d etiquette (pour impression de planche d etiquette)','2012-07-08 11:29:05'),(269,'PROJECT_ADDON_PDF',1,'baleine','chaine',0,'Nom du gestionnaire de generation des projets en PDF','2012-07-08 11:29:33'),(270,'PROJECT_ADDON',1,'mod_project_simple','chaine',0,'Nom du gestionnaire de numerotation des projets','2012-07-08 11:29:33'),(368,'STOCK_USERSTOCK_AUTOCREATE',1,'1','chaine',0,'','2012-07-08 22:44:59'),(369,'EXPEDITION_ADDON_PDF',1,'merou','chaine',0,'','2012-07-08 22:58:07'),(377,'FACTURE_ADDON',1,'mod_facture_terre','chaine',0,'','2012-07-08 23:08:12'),(380,'ADHERENT_CARD_TEXT',1,'%TYPE% n° %ID%\r\n%PRENOM% %NOM%\r\n<%EMAIL%>\r\n%ADRESSE%\r\n%CP% %VILLE%\r\n%PAYS%','',0,'Texte imprime sur la carte adherent','2012-07-08 23:14:46'),(381,'ADHERENT_CARD_TEXT_RIGHT',1,'aaa','',0,'','2012-07-08 23:14:55'),(385,'PRODUIT_USE_SEARCH_TO_SELECT',1,'1','chaine',0,'','2012-07-08 23:22:19'),(386,'STOCK_CALCULATE_ON_SHIPMENT',1,'1','chaine',0,'','2012-07-08 23:23:21'),(387,'STOCK_CALCULATE_ON_SUPPLIER_DISPATCH_ORDER',1,'1','chaine',0,'','2012-07-08 23:23:26'),(392,'MAIN_AGENDA_XCAL_EXPORTKEY',1,'dolibarr','chaine',0,'','2012-07-08 23:27:50'),(393,'MAIN_AGENDA_EXPORT_PAST_DELAY',1,'100','chaine',0,'','2012-07-08 23:27:50'),(610,'CASHDESK_ID_THIRDPARTY',1,'7','chaine',0,'','2012-07-11 17:08:18'),(611,'CASHDESK_ID_BANKACCOUNT_CASH',1,'3','chaine',0,'','2012-07-11 17:08:18'),(612,'CASHDESK_ID_BANKACCOUNT_CHEQUE',1,'1','chaine',0,'','2012-07-11 17:08:18'),(613,'CASHDESK_ID_BANKACCOUNT_CB',1,'1','chaine',0,'','2012-07-11 17:08:18'),(614,'CASHDESK_ID_WAREHOUSE',1,'2','chaine',0,'','2012-07-11 17:08:18'),(660,'LDAP_USER_DN',1,'ou=users,dc=my-domain,dc=com','chaine',0,NULL,'2012-07-18 10:25:27'),(661,'LDAP_GROUP_DN',1,'ou=groups,dc=my-domain,dc=com','chaine',0,NULL,'2012-07-18 10:25:27'),(662,'LDAP_FILTER_CONNECTION',1,'&(objectClass=user)(objectCategory=person)','chaine',0,NULL,'2012-07-18 10:25:27'),(663,'LDAP_FIELD_LOGIN',1,'uid','chaine',0,NULL,'2012-07-18 10:25:27'),(664,'LDAP_FIELD_FULLNAME',1,'cn','chaine',0,NULL,'2012-07-18 10:25:27'),(665,'LDAP_FIELD_NAME',1,'sn','chaine',0,NULL,'2012-07-18 10:25:27'),(666,'LDAP_FIELD_FIRSTNAME',1,'givenname','chaine',0,NULL,'2012-07-18 10:25:27'),(667,'LDAP_FIELD_MAIL',1,'mail','chaine',0,NULL,'2012-07-18 10:25:27'),(668,'LDAP_FIELD_PHONE',1,'telephonenumber','chaine',0,NULL,'2012-07-18 10:25:27'),(669,'LDAP_FIELD_FAX',1,'facsimiletelephonenumber','chaine',0,NULL,'2012-07-18 10:25:27'),(670,'LDAP_FIELD_MOBILE',1,'mobile','chaine',0,NULL,'2012-07-18 10:25:27'),(671,'LDAP_SERVER_TYPE',1,'openldap','chaine',0,'','2012-07-18 10:25:46'),(672,'LDAP_SERVER_PROTOCOLVERSION',1,'3','chaine',0,'','2012-07-18 10:25:47'),(673,'LDAP_SERVER_HOST',1,'localhost','chaine',0,'','2012-07-18 10:25:47'),(674,'LDAP_SERVER_PORT',1,'389','chaine',0,'','2012-07-18 10:25:47'),(675,'LDAP_SERVER_USE_TLS',1,'0','chaine',0,'','2012-07-18 10:25:47'),(676,'LDAP_SYNCHRO_ACTIVE',1,'dolibarr2ldap','chaine',0,'','2012-07-18 10:25:47'),(677,'LDAP_CONTACT_ACTIVE',1,'1','chaine',0,'','2012-07-18 10:25:47'),(678,'LDAP_MEMBER_ACTIVE',1,'1','chaine',0,'','2012-07-18 10:25:47'),(974,'MAIN_MODULE_WORKFLOW_TRIGGERS',1,'1','chaine',0,NULL,'2013-07-18 18:02:20'),(975,'WORKFLOW_PROPAL_AUTOCREATE_ORDER',1,'1','chaine',0,'','2013-07-18 18:02:24'),(980,'PRELEVEMENT_NUMERO_NATIONAL_EMETTEUR',1,'1234567','chaine',0,'','2013-07-18 18:05:50'),(983,'FACTURE_RIB_NUMBER',1,'1','chaine',0,'','2013-07-18 18:35:14'),(984,'FACTURE_CHQ_NUMBER',1,'1','chaine',0,'','2013-07-18 18:35:14'),(1016,'GOOGLE_DUPLICATE_INTO_GCAL',1,'1','chaine',0,'','2013-07-18 21:40:20'),(1152,'SOCIETE_CODECLIENT_ADDON',1,'mod_codeclient_monkey','chaine',0,'','2013-07-29 20:50:02'),(1231,'MAIN_UPLOAD_DOC',1,'2048','chaine',0,'','2013-07-29 21:04:00'),(1234,'MAIN_UMASK',1,'0664','chaine',0,'','2013-07-29 21:04:11'),(1240,'MAIN_LOGEVENTS_USER_LOGIN',1,'1','chaine',0,'','2013-07-29 21:05:01'),(1241,'MAIN_LOGEVENTS_USER_LOGIN_FAILED',1,'1','chaine',0,'','2013-07-29 21:05:01'),(1242,'MAIN_LOGEVENTS_USER_LOGOUT',1,'1','chaine',0,'','2013-07-29 21:05:01'),(1243,'MAIN_LOGEVENTS_USER_CREATE',1,'1','chaine',0,'','2013-07-29 21:05:01'),(1244,'MAIN_LOGEVENTS_USER_MODIFY',1,'1','chaine',0,'','2013-07-29 21:05:01'),(1245,'MAIN_LOGEVENTS_USER_NEW_PASSWORD',1,'1','chaine',0,'','2013-07-29 21:05:01'),(1246,'MAIN_LOGEVENTS_USER_ENABLEDISABLE',1,'1','chaine',0,'','2013-07-29 21:05:01'),(1247,'MAIN_LOGEVENTS_USER_DELETE',1,'1','chaine',0,'','2013-07-29 21:05:01'),(1248,'MAIN_LOGEVENTS_GROUP_CREATE',1,'1','chaine',0,'','2013-07-29 21:05:01'),(1249,'MAIN_LOGEVENTS_GROUP_MODIFY',1,'1','chaine',0,'','2013-07-29 21:05:01'),(1250,'MAIN_LOGEVENTS_GROUP_DELETE',1,'1','chaine',0,'','2013-07-29 21:05:01'),(1251,'MAIN_BOXES_MAXLINES',1,'5','',0,'','2013-07-29 21:05:42'),(1482,'EXPEDITION_ADDON_NUMBER',1,'mod_expedition_safor','chaine',0,'Nom du gestionnaire de numerotation des expeditions','2013-08-05 17:53:11'),(1490,'CONTRACT_ADDON',1,'mod_contract_serpis','chaine',0,'Nom du gestionnaire de numerotation des contrats','2013-08-05 18:11:58'),(1677,'COMMANDE_ADDON_PDF_ODT_PATH',1,'DOL_DATA_ROOT/doctemplates/orders','chaine',0,NULL,'2014-12-08 13:11:02'),(1698,'PRODUCT_CODEPRODUCT_ADDON',1,'mod_codeproduct_leopard','yesno',0,'Module to control product codes','2014-12-08 13:11:25'),(1724,'PROPALE_ADDON_PDF_ODT_PATH',1,'DOL_DATA_ROOT/doctemplates/proposals','chaine',0,NULL,'2014-12-08 13:17:14'),(1730,'OPENSTREETMAP_ENABLE_MAPS',1,'1','chaine',0,'','2014-12-08 13:22:47'),(1731,'OPENSTREETMAP_ENABLE_MAPS_CONTACTS',1,'1','chaine',0,'','2014-12-08 13:22:47'),(1732,'OPENSTREETMAP_ENABLE_MAPS_MEMBERS',1,'1','chaine',0,'','2014-12-08 13:22:47'),(1733,'OPENSTREETMAP_MAPS_ZOOM_LEVEL',1,'15','chaine',0,'','2014-12-08 13:22:47'),(1742,'MAIN_MAIL_EMAIL_FROM',2,'dolibarr-robot@domain.com','chaine',0,'EMail emetteur pour les emails automatiques Dolibarr','2014-12-08 14:08:14'),(1743,'MAIN_MENU_STANDARD',2,'eldy_menu.php','chaine',0,'Module de gestion de la barre de menu du haut pour utilisateurs internes','2015-02-11 19:43:54'),(1744,'MAIN_MENUFRONT_STANDARD',2,'eldy_menu.php','chaine',0,'Module de gestion de la barre de menu du haut pour utilisateurs externes','2015-02-11 19:43:54'),(1745,'MAIN_MENU_SMARTPHONE',2,'iphone_backoffice.php','chaine',0,'Module de gestion de la barre de menu smartphone pour utilisateurs internes','2014-12-08 14:08:14'),(1746,'MAIN_MENUFRONT_SMARTPHONE',2,'iphone_frontoffice.php','chaine',0,'Module de gestion de la barre de menu smartphone pour utilisateurs externes','2014-12-08 14:08:14'),(1747,'MAIN_THEME',2,'eldy','chaine',0,'Default theme','2014-12-08 14:08:14'),(1748,'MAIN_DELAY_ACTIONS_TODO',2,'7','chaine',0,'Tolérance de retard avant alerte (en jours) sur actions planifiées non réalisées','2014-12-08 14:08:14'),(1749,'MAIN_DELAY_ORDERS_TO_PROCESS',2,'2','chaine',0,'Tolérance de retard avant alerte (en jours) sur commandes clients non traitées','2014-12-08 14:08:14'),(1750,'MAIN_DELAY_SUPPLIER_ORDERS_TO_PROCESS',2,'7','chaine',0,'Tolérance de retard avant alerte (en jours) sur commandes fournisseurs non traitées','2014-12-08 14:08:14'),(1751,'MAIN_DELAY_PROPALS_TO_CLOSE',2,'31','chaine',0,'Tolérance de retard avant alerte (en jours) sur propales à cloturer','2014-12-08 14:08:14'),(1752,'MAIN_DELAY_PROPALS_TO_BILL',2,'7','chaine',0,'Tolérance de retard avant alerte (en jours) sur propales non facturées','2014-12-08 14:08:14'),(1753,'MAIN_DELAY_CUSTOMER_BILLS_UNPAYED',2,'31','chaine',0,'Tolérance de retard avant alerte (en jours) sur factures client impayées','2014-12-08 14:08:14'),(1754,'MAIN_DELAY_SUPPLIER_BILLS_TO_PAY',2,'2','chaine',0,'Tolérance de retard avant alerte (en jours) sur factures fournisseur impayées','2014-12-08 14:08:14'),(1755,'MAIN_DELAY_NOT_ACTIVATED_SERVICES',2,'0','chaine',0,'Tolérance de retard avant alerte (en jours) sur services à activer','2014-12-08 14:08:14'),(1756,'MAIN_DELAY_RUNNING_SERVICES',2,'0','chaine',0,'Tolérance de retard avant alerte (en jours) sur services expirés','2014-12-08 14:08:14'),(1757,'MAIN_DELAY_MEMBERS',2,'31','chaine',0,'Tolérance de retard avant alerte (en jours) sur cotisations adhérent en retard','2014-12-08 14:08:14'),(1758,'MAIN_DELAY_TRANSACTIONS_TO_CONCILIATE',2,'62','chaine',0,'Tolérance de retard avant alerte (en jours) sur rapprochements bancaires à faire','2014-12-08 14:08:14'),(1759,'MAILING_EMAIL_FROM',2,'dolibarr@domain.com','chaine',0,'EMail emmetteur pour les envois d emailings','2014-12-08 14:08:14'),(1760,'MAIN_INFO_SOCIETE_COUNTRY',3,'1:FR:France','chaine',0,'','2015-02-26 21:56:28'),(1761,'MAIN_INFO_SOCIETE_NOM',3,'bbb','chaine',0,'','2014-12-08 14:08:20'),(1762,'MAIN_INFO_SOCIETE_STATE',3,'0','chaine',0,'','2015-02-27 14:20:27'),(1763,'MAIN_MONNAIE',3,'EUR','chaine',0,'','2014-12-08 14:08:20'),(1764,'MAIN_LANG_DEFAULT',3,'auto','chaine',0,'','2014-12-08 14:08:20'),(1765,'MAIN_MAIL_EMAIL_FROM',3,'dolibarr-robot@domain.com','chaine',0,'EMail emetteur pour les emails automatiques Dolibarr','2014-12-08 14:08:20'),(1766,'MAIN_MENU_STANDARD',3,'eldy_menu.php','chaine',0,'Module de gestion de la barre de menu du haut pour utilisateurs internes','2015-02-11 19:43:54'),(1767,'MAIN_MENUFRONT_STANDARD',3,'eldy_menu.php','chaine',0,'Module de gestion de la barre de menu du haut pour utilisateurs externes','2015-02-11 19:43:54'),(1768,'MAIN_MENU_SMARTPHONE',3,'iphone_backoffice.php','chaine',0,'Module de gestion de la barre de menu smartphone pour utilisateurs internes','2014-12-08 14:08:20'),(1769,'MAIN_MENUFRONT_SMARTPHONE',3,'iphone_frontoffice.php','chaine',0,'Module de gestion de la barre de menu smartphone pour utilisateurs externes','2014-12-08 14:08:20'),(1770,'MAIN_THEME',3,'eldy','chaine',0,'Default theme','2014-12-08 14:08:20'),(1771,'MAIN_DELAY_ACTIONS_TODO',3,'7','chaine',0,'Tolérance de retard avant alerte (en jours) sur actions planifiées non réalisées','2014-12-08 14:08:20'),(1772,'MAIN_DELAY_ORDERS_TO_PROCESS',3,'2','chaine',0,'Tolérance de retard avant alerte (en jours) sur commandes clients non traitées','2014-12-08 14:08:20'),(1773,'MAIN_DELAY_SUPPLIER_ORDERS_TO_PROCESS',3,'7','chaine',0,'Tolérance de retard avant alerte (en jours) sur commandes fournisseurs non traitées','2014-12-08 14:08:20'),(1774,'MAIN_DELAY_PROPALS_TO_CLOSE',3,'31','chaine',0,'Tolérance de retard avant alerte (en jours) sur propales à cloturer','2014-12-08 14:08:20'),(1775,'MAIN_DELAY_PROPALS_TO_BILL',3,'7','chaine',0,'Tolérance de retard avant alerte (en jours) sur propales non facturées','2014-12-08 14:08:20'),(1776,'MAIN_DELAY_CUSTOMER_BILLS_UNPAYED',3,'31','chaine',0,'Tolérance de retard avant alerte (en jours) sur factures client impayées','2014-12-08 14:08:20'),(1777,'MAIN_DELAY_SUPPLIER_BILLS_TO_PAY',3,'2','chaine',0,'Tolérance de retard avant alerte (en jours) sur factures fournisseur impayées','2014-12-08 14:08:20'),(1778,'MAIN_DELAY_NOT_ACTIVATED_SERVICES',3,'0','chaine',0,'Tolérance de retard avant alerte (en jours) sur services à activer','2014-12-08 14:08:20'),(1779,'MAIN_DELAY_RUNNING_SERVICES',3,'0','chaine',0,'Tolérance de retard avant alerte (en jours) sur services expirés','2014-12-08 14:08:20'),(1780,'MAIN_DELAY_MEMBERS',3,'31','chaine',0,'Tolérance de retard avant alerte (en jours) sur cotisations adhérent en retard','2014-12-08 14:08:20'),(1781,'MAIN_DELAY_TRANSACTIONS_TO_CONCILIATE',3,'62','chaine',0,'Tolérance de retard avant alerte (en jours) sur rapprochements bancaires à faire','2014-12-08 14:08:20'),(1782,'MAILING_EMAIL_FROM',3,'dolibarr@domain.com','chaine',0,'EMail emmetteur pour les envois d emailings','2014-12-08 14:08:20'),(1803,'SYSLOG_FILE',1,'DOL_DATA_ROOT/dolibarr.log','chaine',0,'','2014-12-08 14:15:08'),(1804,'SYSLOG_HANDLERS',1,'[\"mod_syslog_file\"]','chaine',0,'','2014-12-08 14:15:08'),(1805,'MAIN_MODULE_SKINCOLOREDITOR',3,'1',NULL,0,NULL,'2014-12-08 14:35:40'),(1806,'MAIN_MODULE_SKINCOLOREDITOR_TABS_0',3,'user:+tabskincoloreditors:ColorEditor:skincoloreditor@skincoloreditor:/skincoloreditor/usercolors.php?id=__ID__','chaine',0,NULL,'2014-12-08 14:35:40'),(1922,'PAYPAL_API_SANDBOX',1,'1','chaine',0,'','2014-12-12 12:11:05'),(1923,'PAYPAL_API_USER',1,'seller_1355312017_biz_api1.nltechno.com','chaine',0,'','2014-12-12 12:11:05'),(1924,'PAYPAL_API_PASSWORD',1,'1355312040','chaine',0,'','2014-12-12 12:11:05'),(1925,'PAYPAL_API_SIGNATURE',1,'AXqqdsWBzvfn0q5iNmbuiDv1y.3EAXIMWyl4C5KvDReR9HDwwAd6dQ4Q','chaine',0,'','2014-12-12 12:11:05'),(1926,'PAYPAL_API_INTEGRAL_OR_PAYPALONLY',1,'integral','chaine',0,'','2014-12-12 12:11:05'),(1927,'PAYPAL_SECURITY_TOKEN',1,'50c82fab36bb3b6aa83e2a50691803b2','chaine',0,'','2014-12-12 12:11:05'),(1928,'PAYPAL_SECURITY_TOKEN_UNIQUE',1,'0','chaine',0,'','2014-12-12 12:11:05'),(1929,'PAYPAL_ADD_PAYMENT_URL',1,'1','chaine',0,'','2014-12-12 12:11:05'),(1980,'MAIN_PDF_FORMAT',1,'EUA4','chaine',0,'','2014-12-12 19:58:05'),(1981,'MAIN_PROFID1_IN_ADDRESS',1,'0','chaine',0,'','2014-12-12 19:58:05'),(1982,'MAIN_PROFID2_IN_ADDRESS',1,'0','chaine',0,'','2014-12-12 19:58:05'),(1983,'MAIN_PROFID3_IN_ADDRESS',1,'0','chaine',0,'','2014-12-12 19:58:05'),(1984,'MAIN_PROFID4_IN_ADDRESS',1,'0','chaine',0,'','2014-12-12 19:58:05'),(1985,'MAIN_GENERATE_DOCUMENTS_WITHOUT_VAT',1,'0','chaine',0,'','2014-12-12 19:58:05'),(2251,'FCKEDITOR_TEST',1,'Test<br />\r\n<img alt=\"\" src=\"/dolibarrnew/viewimage.php?modulepart=fckeditor&amp;file=image/Julien-Lavergne_reference_medium.jpg\" style=\"width: 200px; height: 172px;\" />fdfs','chaine',0,'','2014-12-19 19:12:24'),(2293,'SYSTEMTOOLS_MYSQLDUMP',1,'/usr/bin/mysqldump','chaine',0,'','2014-12-27 02:02:00'),(2835,'MAIN_USE_CONNECT_TIMEOUT',1,'10','chaine',0,'','2015-01-16 19:28:50'),(2836,'MAIN_USE_RESPONSE_TIMEOUT',1,'30','chaine',0,'','2015-01-16 19:28:50'),(2837,'MAIN_PROXY_USE',1,'0','chaine',0,'','2015-01-16 19:28:50'),(2838,'MAIN_PROXY_HOST',1,'localhost','chaine',0,'','2015-01-16 19:28:50'),(2839,'MAIN_PROXY_PORT',1,'8080','chaine',0,'','2015-01-16 19:28:50'),(2840,'MAIN_PROXY_USER',1,'aaa','chaine',0,'','2015-01-16 19:28:50'),(2841,'MAIN_PROXY_PASS',1,'bbb','chaine',0,'','2015-01-16 19:28:50'),(2848,'OVHSMS_NICK',1,'BN196-OVH','chaine',0,'','2015-01-16 19:32:36'),(2849,'OVHSMS_PASS',1,'bigone-10','chaine',0,'','2015-01-16 19:32:36'),(2850,'OVHSMS_SOAPURL',1,'https://www.ovh.com/soapi/soapi-re-1.55.wsdl','chaine',0,'','2015-01-16 19:32:36'),(2854,'THEME_ELDY_RGB',1,'bfbf00','chaine',0,'','2015-01-18 10:02:53'),(2855,'THEME_ELDY_ENABLE_PERSONALIZED',1,'0','chaine',0,'','2015-01-18 10:02:55'),(2858,'MAIN_SESSION_TIMEOUT',1,'2000','chaine',0,'','2015-01-19 17:01:53'),(2862,'TICKET_ADDON',1,'mod_ticket_avenc','chaine',0,'Nom du gestionnaire de numerotation des tickets','2015-01-19 17:16:10'),(2867,'FACSIM_ADDON',1,'mod_facsim_alcoy','chaine',0,'','2015-01-19 17:16:25'),(2868,'POS_SERVICES',1,'0','chaine',0,'','2015-01-19 17:16:51'),(2869,'POS_USE_TICKETS',1,'1','chaine',0,'','2015-01-19 17:16:51'),(2870,'POS_MAX_TTC',1,'100','chaine',0,'','2015-01-19 17:16:51'),(3190,'MAIN_MODULE_HOLIDAY',2,'1',NULL,0,NULL,'2015-02-01 08:52:34'),(3191,'MAIN_MODULE_HOLIDAY_TABS_0',2,'user:+paidholidays:CPTitreMenu:holiday:$user->rights->holiday->write:/holiday/index.php?mainmenu=holiday&id=__ID__','chaine',0,NULL,'2015-02-01 08:52:34'),(3195,'INVOICE_SUPPLIER_ADDON_PDF',1,'canelle','chaine',0,'','2015-02-10 19:50:27'),(3199,'MAIN_FORCE_RELOAD_PAGE',1,'1','chaine',0,NULL,'2015-02-12 16:22:55'),(3223,'OVH_THIRDPARTY_IMPORT',1,'2','chaine',0,'','2015-02-13 16:20:18'),(3241,'COMPANY_USE_SEARCH_TO_SELECT',1,'2','chaine',0,'','2015-02-17 14:33:39'),(3409,'AGENDA_USE_EVENT_TYPE',1,'1','chaine',0,'','2015-02-27 18:12:24'),(3886,'MAIN_REMOVE_INSTALL_WARNING',1,'1','chaine',1,'','2015-03-02 18:32:50'),(4013,'MAIN_DELAY_ACTIONS_TODO',1,'7','chaine',0,'','2015-03-06 08:59:12'),(4014,'MAIN_DELAY_PROPALS_TO_CLOSE',1,'31','chaine',0,'','2015-03-06 08:59:12'),(4015,'MAIN_DELAY_PROPALS_TO_BILL',1,'7','chaine',0,'','2015-03-06 08:59:12'),(4016,'MAIN_DELAY_ORDERS_TO_PROCESS',1,'2','chaine',0,'','2015-03-06 08:59:12'),(4017,'MAIN_DELAY_CUSTOMER_BILLS_UNPAYED',1,'31','chaine',0,'','2015-03-06 08:59:12'),(4018,'MAIN_DELAY_SUPPLIER_ORDERS_TO_PROCESS',1,'7','chaine',0,'','2015-03-06 08:59:12'),(4019,'MAIN_DELAY_SUPPLIER_BILLS_TO_PAY',1,'2','chaine',0,'','2015-03-06 08:59:12'),(4020,'MAIN_DELAY_RUNNING_SERVICES',1,'-15','chaine',0,'','2015-03-06 08:59:12'),(4021,'MAIN_DELAY_TRANSACTIONS_TO_CONCILIATE',1,'62','chaine',0,'','2015-03-06 08:59:13'),(4022,'MAIN_DELAY_MEMBERS',1,'31','chaine',0,'','2015-03-06 08:59:13'),(4023,'MAIN_DISABLE_METEO',1,'0','chaine',0,'','2015-03-06 08:59:13'),(4044,'ADHERENT_VAT_FOR_SUBSCRIPTIONS',1,'0','',0,'','2015-03-06 16:06:38'),(4047,'ADHERENT_BANK_USE',1,'bankviainvoice','',0,'','2015-03-06 16:12:30'),(4049,'PHPSANE_SCANIMAGE',1,'/usr/bin/scanimage','chaine',0,'','2015-03-06 21:54:13'),(4050,'PHPSANE_PNMTOJPEG',1,'/usr/bin/pnmtojpeg','chaine',0,'','2015-03-06 21:54:13'),(4051,'PHPSANE_PNMTOTIFF',1,'/usr/bin/pnmtotiff','chaine',0,'','2015-03-06 21:54:13'),(4052,'PHPSANE_OCR',1,'/usr/bin/gocr','chaine',0,'','2015-03-06 21:54:13'),(4548,'ECM_AUTO_TREE_ENABLED',1,'1','chaine',0,'','2015-03-10 15:57:21'),(4579,'MAIN_MODULE_AGENDA',2,'1',NULL,0,NULL,'2015-03-13 15:29:19'),(4580,'MAIN_AGENDA_ACTIONAUTO_COMPANY_CREATE',2,'1','chaine',0,NULL,'2015-03-13 15:29:19'),(4581,'MAIN_AGENDA_ACTIONAUTO_CONTRACT_VALIDATE',2,'1','chaine',0,NULL,'2015-03-13 15:29:19'),(4582,'MAIN_AGENDA_ACTIONAUTO_PROPAL_VALIDATE',2,'1','chaine',0,NULL,'2015-03-13 15:29:19'),(4583,'MAIN_AGENDA_ACTIONAUTO_PROPAL_SENTBYMAIL',2,'1','chaine',0,NULL,'2015-03-13 15:29:19'),(4584,'MAIN_AGENDA_ACTIONAUTO_ORDER_VALIDATE',2,'1','chaine',0,NULL,'2015-03-13 15:29:19'),(4585,'MAIN_AGENDA_ACTIONAUTO_ORDER_SENTBYMAIL',2,'1','chaine',0,NULL,'2015-03-13 15:29:19'),(4586,'MAIN_AGENDA_ACTIONAUTO_BILL_VALIDATE',2,'1','chaine',0,NULL,'2015-03-13 15:29:19'),(4587,'MAIN_AGENDA_ACTIONAUTO_BILL_PAYED',2,'1','chaine',0,NULL,'2015-03-13 15:29:19'),(4588,'MAIN_AGENDA_ACTIONAUTO_BILL_CANCEL',2,'1','chaine',0,NULL,'2015-03-13 15:29:19'),(4589,'MAIN_AGENDA_ACTIONAUTO_BILL_SENTBYMAIL',2,'1','chaine',0,NULL,'2015-03-13 15:29:19'),(4590,'MAIN_AGENDA_ACTIONAUTO_ORDER_SUPPLIER_VALIDATE',2,'1','chaine',0,NULL,'2015-03-13 15:29:19'),(4591,'MAIN_AGENDA_ACTIONAUTO_BILL_SUPPLIER_VALIDATE',2,'1','chaine',0,NULL,'2015-03-13 15:29:19'),(4592,'MAIN_AGENDA_ACTIONAUTO_SHIPPING_VALIDATE',2,'1','chaine',0,NULL,'2015-03-13 15:29:19'),(4593,'MAIN_AGENDA_ACTIONAUTO_SHIPPING_SENTBYMAIL',2,'1','chaine',0,NULL,'2015-03-13 15:29:19'),(4594,'MAIN_AGENDA_ACTIONAUTO_BILL_UNVALIDATE',2,'1','chaine',0,NULL,'2015-03-13 15:29:19'),(4596,'MAIN_MODULE_GOOGLE_TABS_0',2,'agenda:+gcal:MenuAgendaGoogle:google@google:$conf->google->enabled && $conf->global->GOOGLE_ENABLE_AGENDA:/google/index.php','chaine',0,NULL,'2015-03-13 15:29:47'),(4597,'MAIN_MODULE_GOOGLE_TABS_1',2,'user:+gsetup:GoogleUserConf:google@google:$conf->google->enabled && $conf->global->GOOGLE_DUPLICATE_INTO_GCAL:/google/admin/google_calsync_user.php?id=__ID__','chaine',0,NULL,'2015-03-13 15:29:47'),(4598,'MAIN_MODULE_GOOGLE_TRIGGERS',2,'1','chaine',0,NULL,'2015-03-13 15:29:47'),(4688,'GOOGLE_ENABLE_AGENDA',2,'1','chaine',0,'','2015-03-13 15:36:29'),(4689,'GOOGLE_AGENDA_NAME1',2,'eldy','chaine',0,'','2015-03-13 15:36:29'),(4690,'GOOGLE_AGENDA_SRC1',2,'eldy10@mail.com','chaine',0,'','2015-03-13 15:36:29'),(4691,'GOOGLE_AGENDA_COLOR1',2,'BE6D00','chaine',0,'','2015-03-13 15:36:29'),(4692,'GOOGLE_AGENDA_COLOR2',2,'7A367A','chaine',0,'','2015-03-13 15:36:29'),(4693,'GOOGLE_AGENDA_COLOR3',2,'7A367A','chaine',0,'','2015-03-13 15:36:29'),(4694,'GOOGLE_AGENDA_COLOR4',2,'7A367A','chaine',0,'','2015-03-13 15:36:29'),(4695,'GOOGLE_AGENDA_COLOR5',2,'7A367A','chaine',0,'','2015-03-13 15:36:29'),(4696,'GOOGLE_AGENDA_TIMEZONE',2,'Europe/Paris','chaine',0,'','2015-03-13 15:36:29'),(4697,'GOOGLE_AGENDA_NB',2,'5','chaine',0,'','2015-03-13 15:36:29'),(4725,'SOCIETE_CODECLIENT_ADDON',2,'mod_codeclient_leopard','chaine',0,'Module to control third parties codes','2015-03-13 20:21:35'),(4726,'SOCIETE_CODECOMPTA_ADDON',2,'mod_codecompta_panicum','chaine',0,'Module to control third parties codes','2015-03-13 20:21:35'),(4727,'SOCIETE_FISCAL_MONTH_START',2,'','chaine',0,'Mettre le numero du mois du debut d\\\'annee fiscale, ex: 9 pour septembre','2015-03-13 20:21:35'),(4728,'MAIN_SEARCHFORM_SOCIETE',2,'1','yesno',0,'Show form for quick company search','2015-03-13 20:21:35'),(4729,'MAIN_SEARCHFORM_CONTACT',2,'1','yesno',0,'Show form for quick contact search','2015-03-13 20:21:35'),(4730,'COMPANY_ADDON_PDF_ODT_PATH',2,'DOL_DATA_ROOT/doctemplates/thirdparties','chaine',0,NULL,'2015-03-13 20:21:35'),(4743,'MAIN_MODULE_CLICKTODIAL',2,'1',NULL,0,NULL,'2015-03-13 20:30:28'),(4744,'MAIN_MODULE_NOTIFICATION',2,'1',NULL,0,NULL,'2015-03-13 20:30:34'),(4745,'MAIN_MODULE_WEBSERVICES',2,'1',NULL,0,NULL,'2015-03-13 20:30:41'),(4746,'MAIN_MODULE_PROPALE',2,'1',NULL,0,NULL,'2015-03-13 20:32:38'),(4747,'PROPALE_ADDON_PDF',2,'azur','chaine',0,'Nom du gestionnaire de generation des propales en PDF','2015-03-13 20:32:38'),(4748,'PROPALE_ADDON',2,'mod_propale_marbre','chaine',0,'Nom du gestionnaire de numerotation des propales','2015-03-13 20:32:38'),(4749,'PROPALE_VALIDITY_DURATION',2,'15','chaine',0,'Duration of validity of business proposals','2015-03-13 20:32:38'),(4750,'PROPALE_ADDON_PDF_ODT_PATH',2,'DOL_DATA_ROOT/doctemplates/proposals','chaine',0,NULL,'2015-03-13 20:32:38'),(4752,'MAIN_MODULE_TAX',2,'1',NULL,0,NULL,'2015-03-13 20:32:47'),(4753,'MAIN_MODULE_DON',2,'1',NULL,0,NULL,'2015-03-13 20:32:54'),(4754,'DON_ADDON_MODEL',2,'html_cerfafr','chaine',0,'Nom du gestionnaire de generation de recu de dons','2015-03-13 20:32:54'),(4755,'POS_USE_TICKETS',2,'1','chaine',0,'','2015-03-13 20:33:09'),(4756,'POS_MAX_TTC',2,'100','chaine',0,'','2015-03-13 20:33:09'),(4757,'MAIN_MODULE_POS',2,'1',NULL,0,NULL,'2015-03-13 20:33:09'),(4758,'TICKET_ADDON',2,'mod_ticket_avenc','chaine',0,'Nom du gestionnaire de numerotation des tickets','2015-03-13 20:33:09'),(4759,'MAIN_MODULE_BANQUE',2,'1',NULL,0,NULL,'2015-03-13 20:33:09'),(4760,'MAIN_MODULE_FACTURE',2,'1',NULL,0,NULL,'2015-03-13 20:33:09'),(4761,'FACTURE_ADDON_PDF',2,'crabe','chaine',0,'Name of PDF model of invoice','2015-03-13 20:33:09'),(4762,'FACTURE_ADDON',2,'mod_facture_terre','chaine',0,'Name of numbering numerotation rules of invoice','2015-03-13 20:33:09'),(4763,'FACTURE_ADDON_PDF_ODT_PATH',2,'DOL_DATA_ROOT/doctemplates/invoices','chaine',0,NULL,'2015-03-13 20:33:09'),(4764,'MAIN_MODULE_SOCIETE',2,'1',NULL,0,NULL,'2015-03-13 20:33:09'),(4765,'MAIN_MODULE_PRODUCT',2,'1',NULL,0,NULL,'2015-03-13 20:33:09'),(4766,'PRODUCT_CODEPRODUCT_ADDON',2,'mod_codeproduct_leopard','chaine',0,'Module to control product codes','2015-03-13 20:33:09'),(4767,'MAIN_SEARCHFORM_PRODUITSERVICE',2,'1','yesno',0,'Show form for quick product search','2015-03-13 20:33:09'),(4772,'FACSIM_ADDON',2,'mod_facsim_alcoy','chaine',0,'','2015-03-13 20:33:32'),(4773,'MAIN_MODULE_MAILING',2,'1',NULL,0,NULL,'2015-03-13 20:33:37'),(4774,'MAIN_MODULE_OPENSURVEY',2,'1',NULL,0,NULL,'2015-03-13 20:33:42'),(4782,'AGENDA_USE_EVENT_TYPE',2,'1','chaine',0,'','2015-03-13 20:53:36'),(4884,'AGENDA_DISABLE_EXT',2,'1','chaine',0,'','2015-03-13 22:03:40'),(4928,'COMMANDE_SUPPLIER_ADDON_NUMBER',1,'mod_commande_fournisseur_muguet','chaine',0,'Nom du gestionnaire de numerotation des commandes fournisseur','2015-03-22 09:24:29'),(4929,'INVOICE_SUPPLIER_ADDON_NUMBER',1,'mod_facture_fournisseur_cactus','chaine',0,'Nom du gestionnaire de numerotation des factures fournisseur','2015-03-22 09:24:29'),(5001,'MAIN_CRON_KEY',0,'bc54582fe30d5d4a830c6f582ec28810','chaine',0,'','2015-03-23 17:54:53'),(5009,'CRON_KEY',0,'2c2e755c20be2014098f629865598006','chaine',0,'','2015-03-23 18:06:24'),(5139,'SOCIETE_ADD_REF_IN_LIST',1,'','yesno',0,'Display customer ref into select list','2015-09-08 23:06:08'),(5150,'PROJECT_TASK_ADDON_PDF',1,'','chaine',0,'Name of PDF/ODT tasks manager class','2015-09-08 23:06:14'),(5151,'PROJECT_TASK_ADDON',1,'mod_task_simple','chaine',0,'Name of Numbering Rule task manager class','2015-09-08 23:06:14'),(5152,'PROJECT_TASK_ADDON_PDF_ODT_PATH',1,'DOL_DATA_ROOT/doctemplates/tasks','chaine',0,'','2015-09-08 23:06:14'),(5239,'BOOKMARKS_SHOW_IN_MENU',1,'10','chaine',0,'','2016-03-02 15:42:26'),(5271,'DONATION_ART200',1,'','yesno',0,'Option Française - Eligibilité Art200 du CGI','2016-12-21 12:51:28'),(5272,'DONATION_ART238',1,'','yesno',0,'Option Française - Eligibilité Art238 bis du CGI','2016-12-21 12:51:28'),(5273,'DONATION_ART885',1,'','yesno',0,'Option Française - Eligibilité Art885-0 V bis du CGI','2016-12-21 12:51:28'),(5274,'DONATION_MESSAGE',1,'Thank you','chaine',0,'Message affiché sur le récépissé de versements ou dons','2016-12-21 12:51:28'),(5288,'DONATION_ACCOUNTINGACCOUNT',1,'7581','chaine',0,'Compte comptable de remise des versements ou dons','2017-07-19 13:41:21'),(5349,'MAIN_SEARCHFORM_CONTACT',1,'1','chaine',0,'','2017-10-03 10:11:33'),(5351,'MAIN_SEARCHFORM_PRODUITSERVICE',1,'1','chaine',0,'','2017-10-03 10:11:33'),(5352,'MAIN_SEARCHFORM_PRODUITSERVICE_SUPPLIER',1,'0','chaine',0,'','2017-10-03 10:11:33'),(5353,'MAIN_SEARCHFORM_ADHERENT',1,'1','chaine',0,'','2017-10-03 10:11:33'),(5354,'MAIN_SEARCHFORM_PROJECT',1,'0','chaine',0,'','2017-10-03 10:11:33'),(5394,'FCKEDITOR_ENABLE_DETAILS',1,'1','yesno',0,'WYSIWIG for products details lines for all entities','2017-11-04 15:27:44'),(5395,'FCKEDITOR_ENABLE_USERSIGN',1,'1','yesno',0,'WYSIWIG for user signature','2017-11-04 15:27:44'),(5396,'FCKEDITOR_ENABLE_MAIL',1,'1','yesno',0,'WYSIWIG for products details lines for all entities','2017-11-04 15:27:44'),(5398,'CATEGORIE_RECURSIV_ADD',1,'','yesno',0,'Affect parent categories','2017-11-04 15:27:46'),(5403,'MAIN_MODULE_FCKEDITOR',1,'1',NULL,0,NULL,'2017-11-04 15:41:40'),(5404,'MAIN_MODULE_CATEGORIE',1,'1',NULL,0,NULL,'2017-11-04 15:41:43'),(5415,'EXPEDITION_ADDON_PDF_ODT_PATH',1,'DOL_DATA_ROOT/doctemplates/shipment','chaine',0,NULL,'2017-11-15 22:38:28'),(5416,'LIVRAISON_ADDON_PDF_ODT_PATH',1,'DOL_DATA_ROOT/doctemplates/delivery','chaine',0,NULL,'2017-11-15 22:38:28'),(5426,'MAIN_MODULE_PROJET',1,'1',NULL,0,NULL,'2017-11-15 22:38:44'),(5427,'PROJECT_ADDON_PDF_ODT_PATH',1,'DOL_DATA_ROOT/doctemplates/projects','chaine',0,NULL,'2017-11-15 22:38:44'),(5428,'PROJECT_USE_OPPORTUNIES',1,'1','chaine',0,NULL,'2017-11-15 22:38:44'),(5430,'MAIN_MODULE_EXPORT',1,'1',NULL,0,NULL,'2017-11-15 22:38:56'),(5431,'MAIN_MODULE_IMPORT',1,'1',NULL,0,NULL,'2017-11-15 22:38:58'),(5432,'MAIN_MODULE_MAILING',1,'1',NULL,0,NULL,'2017-11-15 22:39:00'),(5434,'EXPENSEREPORT_ADDON_PDF',1,'standard','chaine',0,'Name of manager to build PDF expense reports documents','2017-11-15 22:39:05'),(5436,'SALARIES_ACCOUNTING_ACCOUNT_PAYMENT',1,'421','chaine',0,NULL,'2017-11-15 22:39:08'),(5437,'SALARIES_ACCOUNTING_ACCOUNT_CHARGE',1,'641','chaine',0,NULL,'2017-11-15 22:39:08'),(5441,'ADHERENT_ETIQUETTE_TEXT',1,'%FULLNAME%\n%ADDRESS%\n%ZIP% %TOWN%\n%COUNTRY%','text',0,'Text to print on member address sheets','2018-11-23 11:56:07'),(5443,'MAIN_MODULE_PRELEVEMENT',1,'1',NULL,0,NULL,'2017-11-15 22:39:33'),(5453,'MAIN_MODULE_CONTRAT',1,'1',NULL,0,NULL,'2017-11-15 22:39:52'),(5455,'MAIN_MODULE_FICHEINTER',1,'1',NULL,0,NULL,'2017-11-15 22:39:56'),(5459,'MAIN_MODULE_PAYPAL',1,'1',NULL,0,NULL,'2017-11-15 22:41:02'),(5460,'MAIN_MODULE_MARGIN',1,'1',NULL,0,NULL,'2017-11-15 22:41:47'),(5461,'MAIN_MODULE_MARGIN_TABS_0',1,'product:+margin:Margins:margins:$user->rights->margins->liretous:/margin/tabs/productMargins.php?id=__ID__','chaine',0,NULL,'2017-11-15 22:41:47'),(5462,'MAIN_MODULE_MARGIN_TABS_1',1,'thirdparty:+margin:Margins:margins:empty($user->societe_id) && $user->rights->margins->liretous && ($object->client > 0):/margin/tabs/thirdpartyMargins.php?socid=__ID__','chaine',0,NULL,'2017-11-15 22:41:47'),(5463,'MAIN_MODULE_PROPALE',1,'1',NULL,0,NULL,'2017-11-15 22:41:47'),(5483,'GENBARCODE_BARCODETYPE_THIRDPARTY',1,'6','chaine',0,'','2018-01-16 15:49:43'),(5484,'PRODUIT_DEFAULT_BARCODE_TYPE',1,'2','chaine',0,'','2018-01-16 15:49:46'),(5541,'MODULE_GOOGLE_DEBUG',1,'0','chaine',1,'','2018-01-22 13:34:57'),(5586,'MAIN_DELAY_EXPENSEREPORTS_TO_PAY',1,'31','chaine',0,'Tolérance de retard avant alerte (en jours) sur les notes de frais impayées','2018-01-22 17:28:18'),(5587,'MAIN_FIX_FOR_BUGGED_MTA',1,'1','chaine',1,'Set constant to fix email ending from PHP with some linux ike system','2018-01-22 17:28:18'),(5590,'MAIN_VERSION_LAST_INSTALL',0,'3.8.3','chaine',0,'Dolibarr version when install','2018-01-22 17:28:42'),(5604,'MAIN_INFO_SOCIETE_LOGO',1,'mybigcompany.png','chaine',0,'','2018-01-22 17:33:49'),(5605,'MAIN_INFO_SOCIETE_LOGO_SMALL',1,'mybigcompany_small.png','chaine',0,'','2018-01-22 17:33:49'),(5606,'MAIN_INFO_SOCIETE_LOGO_MINI',1,'mybigcompany_mini.png','chaine',0,'','2018-01-22 17:33:49'),(5612,'MAIN_ENABLE_LOG_TO_HTML',0,'0','chaine',1,'If this option is set to 1, it is possible to see log output at end of HTML sources by adding paramater logtohtml=1 on URL','2018-03-13 10:54:45'),(5614,'MAIN_SIZE_SHORTLISTE_LIMIT',1,'4','chaine',0,'Longueur maximum des listes courtes (fiche client)','2018-03-13 10:54:46'),(5626,'MAIN_MODULE_SUPPLIERPROPOSAL',1,'1',NULL,0,NULL,'2018-07-30 11:13:20'),(5627,'SUPPLIER_PROPOSAL_ADDON_PDF',1,'aurore','chaine',0,'Name of submodule to generate PDF for supplier quotation request','2018-07-30 11:13:20'),(5628,'SUPPLIER_PROPOSAL_ADDON',1,'mod_supplier_proposal_marbre','chaine',0,'Name of submodule to number supplier quotation request','2018-07-30 11:13:20'),(5629,'SUPPLIER_PROPOSAL_ADDON_PDF_ODT_PATH',1,'DOL_DATA_ROOT/doctemplates/supplier_proposal','chaine',0,NULL,'2018-07-30 11:13:20'),(5632,'MAIN_MODULE_RESOURCE',1,'1',NULL,0,NULL,'2018-07-30 11:13:32'),(5633,'MAIN_MODULE_API',1,'1',NULL,0,NULL,'2018-07-30 11:13:54'),(5634,'MAIN_MODULE_WEBSERVICES',1,'1',NULL,0,NULL,'2018-07-30 11:13:56'),(5635,'WEBSERVICES_KEY',1,'dolibarrkey','chaine',0,'','2018-07-30 11:14:04'),(5638,'MAIN_MODULE_EXTERNALRSS',1,'1',NULL,0,NULL,'2018-07-30 11:15:04'),(5639,'EXTERNAL_RSS_TITLE_1',1,'Dolibarr.org News','chaine',0,'','2018-07-30 11:15:25'),(5640,'EXTERNAL_RSS_URLRSS_1',1,'https://www.dolibarr.org/rss','chaine',0,'','2018-07-30 11:15:25'),(5642,'SOCIETE_CODECOMPTA_ADDON',1,'mod_codecompta_aquarium','chaine',0,'','2018-07-30 11:16:42'),(5707,'CASHDESK_NO_DECREASE_STOCK',1,'1','chaine',0,'','2018-07-30 13:38:11'),(5708,'MAIN_MODULE_PRODUCTBATCH',1,'1',NULL,0,NULL,'2018-07-30 13:38:11'),(5710,'MAIN_MODULE_STOCK',1,'1',NULL,0,NULL,'2018-07-30 13:38:11'),(5711,'MAIN_MODULE_PRODUCT',1,'1',NULL,0,NULL,'2018-07-30 13:38:11'),(5712,'MAIN_MODULE_EXPEDITION',1,'1',NULL,0,NULL,'2018-07-30 13:38:11'),(5808,'MARGIN_TYPE',1,'costprice','chaine',0,'','2018-07-30 16:32:18'),(5809,'DISPLAY_MARGIN_RATES',1,'1','chaine',0,'','2018-07-30 16:32:20'),(5810,'MAIN_FEATURES_LEVEL',0,'0','chaine',1,'Level of features to show (0=stable only, 1=stable+experimental, 2=stable+experimental+development','2018-07-30 18:36:15'),(5813,'USER_PASSWORD_PATTERN',1,'8;1;1;1;3;1','chaine',0,'','2018-07-31 16:04:58'),(5814,'MAIN_MODULE_EXPENSEREPORT',1,'1',NULL,0,NULL,'2018-07-31 21:14:32'),(5830,'LOAN_ACCOUNTING_ACCOUNT_CAPITAL',1,'164','chaine',0,NULL,'2017-01-29 15:11:51'),(5831,'LOAN_ACCOUNTING_ACCOUNT_INSURANCE',1,'6162','chaine',0,NULL,'2017-01-29 15:11:51'),(5833,'ACCOUNTING_EXPORT_SEPARATORCSV',1,',','string',0,NULL,'2017-01-29 15:11:56'),(5834,'ACCOUNTING_ACCOUNT_SUSPENSE',1,'471','chaine',0,NULL,'2017-01-29 15:11:56'),(5839,'ACCOUNTING_ACCOUNT_TRANSFER_CASH',1,'58','chaine',0,NULL,'2017-01-29 15:11:56'),(5840,'CHARTOFACCOUNTS',1,'2','chaine',0,NULL,'2017-01-29 15:11:56'),(5841,'ACCOUNTING_EXPORT_MODELCSV',1,'1','chaine',0,NULL,'2017-01-29 15:11:56'),(5842,'ACCOUNTING_LENGTH_GACCOUNT',1,'','chaine',0,NULL,'2017-01-29 15:11:56'),(5843,'ACCOUNTING_LENGTH_AACCOUNT',1,'','chaine',0,NULL,'2017-01-29 15:11:56'),(5844,'ACCOUNTING_LIST_SORT_VENTILATION_TODO',1,'1','yesno',0,NULL,'2017-01-29 15:11:56'),(5845,'ACCOUNTING_LIST_SORT_VENTILATION_DONE',1,'1','yesno',0,NULL,'2017-01-29 15:11:56'),(5846,'ACCOUNTING_EXPORT_DATE',1,'%d%m%Y','chaine',0,NULL,'2017-01-29 15:11:56'),(5848,'ACCOUNTING_EXPORT_FORMAT',1,'csv','chaine',0,NULL,'2017-01-29 15:11:56'),(5853,'MAIN_MODULE_WORKFLOW',1,'1',NULL,0,NULL,'2017-01-29 15:12:12'),(5854,'MAIN_MODULE_NOTIFICATION',1,'1',NULL,0,NULL,'2017-01-29 15:12:35'),(5855,'MAIN_MODULE_OAUTH',1,'1',NULL,0,NULL,'2017-01-29 15:12:41'),(5883,'MAILING_LIMIT_SENDBYWEB',0,'15','chaine',1,'Number of targets to defined packet size when sending mass email','2017-01-29 17:36:33'),(5884,'MAIN_MAIL_DEBUG',1,'0','chaine',1,'','2017-01-29 18:53:02'),(5885,'MAIN_SOAP_DEBUG',1,'0','chaine',1,'','2017-01-29 18:53:02'),(5887,'PROJECT_USE_OPPORTUNITIES',1,'1','chaine',0,'','2017-02-01 12:23:56'),(5888,'PROJECT_HIDE_TASKS',1,'1','chaine',0,'','2017-02-01 12:23:56'),(5889,'MAIN_AGENDA_ACTIONAUTO_COMPANY_SENTBYMAIL',1,'1','chaine',0,'','2017-02-01 14:48:55'),(5890,'MAIN_AGENDA_ACTIONAUTO_COMPANY_CREATE',1,'1','chaine',0,'','2017-02-01 14:48:55'),(5891,'MAIN_AGENDA_ACTIONAUTO_PROPAL_CLOSE_REFUSED',1,'1','chaine',0,'','2017-02-01 14:48:55'),(5892,'MAIN_AGENDA_ACTIONAUTO_PROPAL_CLOSE_SIGNED',1,'1','chaine',0,'','2017-02-01 14:48:55'),(5893,'MAIN_AGENDA_ACTIONAUTO_PROPAL_CLASSIFY_BILLED',1,'1','chaine',0,'','2017-02-01 14:48:55'),(5894,'MAIN_AGENDA_ACTIONAUTO_PROPAL_VALIDATE',1,'1','chaine',0,'','2017-02-01 14:48:55'),(5895,'MAIN_AGENDA_ACTIONAUTO_PROPAL_SENTBYMAIL',1,'1','chaine',0,'','2017-02-01 14:48:55'),(5896,'MAIN_AGENDA_ACTIONAUTO_ORDER_VALIDATE',1,'1','chaine',0,'','2017-02-01 14:48:55'),(5897,'MAIN_AGENDA_ACTIONAUTO_ORDER_CLOSE',1,'1','chaine',0,'','2017-02-01 14:48:55'),(5898,'MAIN_AGENDA_ACTIONAUTO_ORDER_CANCEL',1,'1','chaine',0,'','2017-02-01 14:48:55'),(5899,'MAIN_AGENDA_ACTIONAUTO_ORDER_SENTBYMAIL',1,'1','chaine',0,'','2017-02-01 14:48:55'),(5900,'MAIN_AGENDA_ACTIONAUTO_ORDER_CLASSIFY_BILLED',1,'1','chaine',0,'','2017-02-01 14:48:55'),(5901,'MAIN_AGENDA_ACTIONAUTO_BILL_VALIDATE',1,'1','chaine',0,'','2017-02-01 14:48:55'),(5902,'MAIN_AGENDA_ACTIONAUTO_BILL_PAYED',1,'1','chaine',0,'','2017-02-01 14:48:55'),(5903,'MAIN_AGENDA_ACTIONAUTO_BILL_CANCEL',1,'1','chaine',0,'','2017-02-01 14:48:55'),(5904,'MAIN_AGENDA_ACTIONAUTO_BILL_SENTBYMAIL',1,'1','chaine',0,'','2017-02-01 14:48:55'),(5905,'MAIN_AGENDA_ACTIONAUTO_BILL_UNVALIDATE',1,'1','chaine',0,'','2017-02-01 14:48:55'),(5906,'MAIN_AGENDA_ACTIONAUTO_ORDER_SUPPLIER_VALIDATE',1,'1','chaine',0,'','2017-02-01 14:48:55'),(5907,'MAIN_AGENDA_ACTIONAUTO_ORDER_SUPPLIER_APPROVE',1,'1','chaine',0,'','2017-02-01 14:48:55'),(5908,'MAIN_AGENDA_ACTIONAUTO_ORDER_SUPPLIER_RECEIVE',1,'1','chaine',0,'','2017-02-01 14:48:55'),(5909,'MAIN_AGENDA_ACTIONAUTO_ORDER_SUPPLIER_SUBMIT',1,'1','chaine',0,'','2017-02-01 14:48:55'),(5910,'MAIN_AGENDA_ACTIONAUTO_ORDER_SUPPLIER_REFUSE',1,'1','chaine',0,'','2017-02-01 14:48:55'),(5911,'MAIN_AGENDA_ACTIONAUTO_ORDER_SUPPLIER_CLASSIFY_BILLED',1,'1','chaine',0,'','2017-02-01 14:48:55'),(5912,'MAIN_AGENDA_ACTIONAUTO_ORDER_SUPPLIER_SENTBYMAIL',1,'1','chaine',0,'','2017-02-01 14:48:55'),(5913,'MAIN_AGENDA_ACTIONAUTO_BILL_SUPPLIER_UNVALIDATE',1,'1','chaine',0,'','2017-02-01 14:48:55'),(5914,'MAIN_AGENDA_ACTIONAUTO_BILL_SUPPLIER_VALIDATE',1,'1','chaine',0,'','2017-02-01 14:48:55'),(5915,'MAIN_AGENDA_ACTIONAUTO_BILL_SUPPLIER_PAYED',1,'1','chaine',0,'','2017-02-01 14:48:55'),(5916,'MAIN_AGENDA_ACTIONAUTO_BILL_SUPPLIER_SENTBYMAIL',1,'1','chaine',0,'','2017-02-01 14:48:55'),(5917,'MAIN_AGENDA_ACTIONAUTO_BILL_SUPPLIER_CANCELED',1,'1','chaine',0,'','2017-02-01 14:48:55'),(5918,'MAIN_AGENDA_ACTIONAUTO_CONTRACT_VALIDATE',1,'1','chaine',0,'','2017-02-01 14:48:55'),(5919,'MAIN_AGENDA_ACTIONAUTO_FICHINTER_REOPEN',1,'1','chaine',0,'','2017-02-01 14:48:55'),(5920,'MAIN_AGENDA_ACTIONAUTO_FICHINTER_SENTBYMAIL',1,'1','chaine',0,'','2017-02-01 14:48:55'),(5921,'MAIN_AGENDA_ACTIONAUTO_FICHINTER_VALIDATE',1,'1','chaine',0,'','2017-02-01 14:48:55'),(5922,'MAIN_AGENDA_ACTIONAUTO_SHIPPING_VALIDATE',1,'1','chaine',0,'','2017-02-01 14:48:55'),(5923,'MAIN_AGENDA_ACTIONAUTO_SHIPPING_SENTBYMAIL',1,'1','chaine',0,'','2017-02-01 14:48:55'),(5924,'MAIN_AGENDA_ACTIONAUTO_MEMBER_VALIDATE',1,'1','chaine',0,'','2017-02-01 14:48:55'),(5925,'MAIN_AGENDA_ACTIONAUTO_MEMBER_SUBSCRIPTION',1,'1','chaine',0,'','2017-02-01 14:48:55'),(5926,'MAIN_AGENDA_ACTIONAUTO_MEMBER_MODIFY',1,'1','chaine',0,'','2017-02-01 14:48:55'),(5927,'MAIN_AGENDA_ACTIONAUTO_MEMBER_RESILIATE',1,'1','chaine',0,'','2017-02-01 14:48:55'),(5928,'MAIN_AGENDA_ACTIONAUTO_MEMBER_DELETE',1,'1','chaine',0,'','2017-02-01 14:48:55'),(5929,'MAIN_AGENDA_ACTIONAUTO_PROJECT_CREATE',1,'1','chaine',0,'','2017-02-01 14:48:55'),(5930,'MAIN_AGENDA_ACTIONAUTO_PROJECT_DELETE',1,'1','chaine',0,'','2017-02-01 14:48:55'),(5931,'DATABASE_PWD_ENCRYPTED',1,'1','chaine',0,'','2017-02-01 15:06:04'),(5932,'MAIN_DISABLE_ALL_MAILS',1,'0','chaine',0,'','2017-02-01 15:09:09'),(5933,'MAIN_MAIL_SENDMODE',1,'mail','chaine',0,'','2017-02-01 15:09:09'),(5934,'MAIN_MAIL_SMTP_PORT',1,'465','chaine',0,'','2017-02-01 15:09:09'),(5935,'MAIN_MAIL_SMTP_SERVER',1,'smtp.mail.com','chaine',0,'','2017-02-01 15:09:09'),(5936,'MAIN_MAIL_SMTPS_ID',1,'eldy10@mail.com','chaine',0,'','2017-02-01 15:09:09'),(5937,'MAIN_MAIL_SMTPS_PW',1,'bidonge','chaine',0,'','2017-02-01 15:09:09'),(5938,'MAIN_MAIL_EMAIL_FROM',1,'robot@example.com','chaine',0,'','2017-02-01 15:09:09'),(5939,'MAIN_MAIL_DEFAULT_FROMTYPE',1,'user','chaine',0,'','2017-02-01 15:09:09'),(5940,'PRELEVEMENT_ID_BANKACCOUNT',1,'1','chaine',0,'','2017-02-06 04:04:47'),(5941,'PRELEVEMENT_ICS',1,'ICS123456','chaine',0,'','2017-02-06 04:04:47'),(5942,'PRELEVEMENT_USER',1,'1','chaine',0,'','2017-02-06 04:04:47'),(5943,'BANKADDON_PDF',1,'sepamandate','chaine',0,'','2017-02-06 04:13:52'),(5947,'CHEQUERECEIPTS_THYME_MASK',1,'CHK{yy}{mm}-{0000@1}','chaine',0,'','2017-02-06 04:16:27'),(5948,'MAIN_MODULE_LOAN',1,'1',NULL,0,NULL,'2017-02-06 19:19:05'),(5954,'MAIN_SUBMODULE_EXPEDITION',1,'1','chaine',0,'','2017-02-06 23:57:37'),(5963,'MAIN_MODULE_BANQUE',1,'1',NULL,0,NULL,'2017-02-07 18:56:12'),(5964,'MAIN_MODULE_TAX',1,'1',NULL,0,NULL,'2017-02-07 18:56:12'),(5996,'CABINETMED_RHEUMATOLOGY_ON',1,'0','text',0,'','2018-11-23 11:56:07'),(5999,'MAIN_SEARCHFORM_SOCIETE',1,'1','text',0,'','2018-11-23 11:56:07'),(6000,'CABINETMED_BANK_PATIENT_REQUIRED',1,'0','text',0,'','2018-11-23 11:56:07'),(6019,'MAIN_INFO_SOCIETE_COUNTRY',2,'1:FR:France','chaine',0,'','2017-02-15 17:18:22'),(6020,'MAIN_INFO_SOCIETE_NOM',2,'MySecondCompany','chaine',0,'','2017-02-15 17:18:22'),(6021,'MAIN_INFO_SOCIETE_STATE',2,'0','chaine',0,'','2017-02-15 17:18:22'),(6022,'MAIN_MONNAIE',2,'EUR','chaine',0,'','2017-02-15 17:18:22'),(6023,'MAIN_LANG_DEFAULT',2,'auto','chaine',0,'','2017-02-15 17:18:22'),(6032,'MAIN_MODULE_MULTICURRENCY',1,'1',NULL,0,NULL,'2017-02-15 17:29:59'),(6048,'SYSLOG_FACILITY',0,'LOG_USER','chaine',0,'','2017-02-15 22:37:01'),(6049,'SYSLOG_FIREPHP_INCLUDEPATH',0,'/home/ldestailleur/git/dolibarr_5.0/htdocs/includes/firephp/firephp-core/lib/','chaine',0,'','2017-02-15 22:37:01'),(6050,'SYSLOG_FILE',0,'DOL_DATA_ROOT/dolibarr.log','chaine',0,'','2017-02-15 22:37:01'),(6051,'SYSLOG_CHROMEPHP_INCLUDEPATH',0,'/home/ldestailleur/git/dolibarr_5.0/htdocs/includes/ccampbell/chromephp/','chaine',0,'','2017-02-15 22:37:01'),(6052,'SYSLOG_HANDLERS',0,'[\"mod_syslog_file\"]','chaine',0,'','2017-02-15 22:37:01'),(6054,'SYSLOG_LEVEL',0,'7','chaine',0,'','2017-02-15 22:37:21'),(6074,'CABINETMED_DELAY_TO_LOCK_RECORD',1,'','chaine',1,'Number of days before locking edit of consultation','2017-02-21 00:04:15'),(6092,'MAIN_SIZE_SHORTLIST_LIMIT',0,'3','chaine',0,'Max length for small lists (tabs)','2017-05-12 09:02:38'),(6099,'MAIN_MODULE_SKYPE',1,'1',NULL,0,NULL,'2017-05-12 09:03:51'),(6100,'MAIN_MODULE_GRAVATAR',1,'1',NULL,0,NULL,'2017-05-12 09:03:54'),(6102,'PRODUCT_ADDON_PDF_ODT_PATH',1,'DOL_DATA_ROOT/doctemplates/products','chaine',0,'','2017-08-27 13:29:07'),(6103,'CONTRACT_ADDON_PDF_ODT_PATH',1,'DOL_DATA_ROOT/doctemplates/contracts','chaine',0,'','2017-08-27 13:29:07'),(6104,'USERGROUP_ADDON_PDF_ODT_PATH',1,'DOL_DATA_ROOT/doctemplates/usergroups','chaine',0,'','2017-08-27 13:29:07'),(6105,'USER_ADDON_PDF_ODT_PATH',1,'DOL_DATA_ROOT/doctemplates/users','chaine',0,'','2017-08-27 13:29:07'),(6106,'MAIN_ENABLE_OVERWRITE_TRANSLATION',1,'1','chaine',0,'Enable overwrote of translation','2017-08-27 13:29:07'),(6108,'MAIN_AGENDA_ACTIONAUTO_ORDER_SUPPLIER_CREATE',1,'1','chaine',0,NULL,'2017-08-27 13:29:14'),(6109,'MAIN_AGENDA_ACTIONAUTO_FICHINTER_CLASSIFY_BILLED',1,'1','chaine',0,NULL,'2017-08-27 13:29:14'),(6110,'MAIN_AGENDA_ACTIONAUTO_FICHINTER_CLASSIFY_UNBILLED',1,'1','chaine',0,NULL,'2017-08-27 13:29:14'),(6111,'MAIN_AGENDA_ACTIONAUTO_PRODUCT_CREATE',1,'1','chaine',0,NULL,'2017-08-27 13:29:14'),(6112,'MAIN_AGENDA_ACTIONAUTO_PRODUCT_MODIFY',1,'1','chaine',0,NULL,'2017-08-27 13:29:14'),(6113,'MAIN_AGENDA_ACTIONAUTO_PRODUCT_DELETE',1,'1','chaine',0,NULL,'2017-08-27 13:29:14'),(6114,'MAIN_AGENDA_ACTIONAUTO_PROJECT_MODIFY',1,'1','chaine',0,NULL,'2017-08-27 13:29:14'),(6115,'MAIN_AGENDA_ACTIONAUTO_EXPENSE_REPORT_CREATE',1,'1','chaine',0,NULL,'2017-08-27 13:29:14'),(6116,'MAIN_AGENDA_ACTIONAUTO_EXPENSE_REPORT_VALIDATE',1,'1','chaine',0,NULL,'2017-08-27 13:29:14'),(6117,'MAIN_AGENDA_ACTIONAUTO_EXPENSE_REPORT_APPROVE',1,'1','chaine',0,NULL,'2017-08-27 13:29:14'),(6118,'MAIN_AGENDA_ACTIONAUTO_EXPENSE_REPORT_PAYED',1,'1','chaine',0,NULL,'2017-08-27 13:29:14'),(6119,'MAIN_AGENDA_ACTIONAUTO_HOLIDAY_CREATE',1,'1','chaine',0,NULL,'2017-08-27 13:29:14'),(6120,'MAIN_AGENDA_ACTIONAUTO_HOLIDAY_VALIDATE',1,'1','chaine',0,NULL,'2017-08-27 13:29:14'),(6121,'MAIN_AGENDA_ACTIONAUTO_HOLIDAY_APPROVE',1,'1','chaine',0,NULL,'2017-08-27 13:29:14'),(6137,'MAIN_LANG_DEFAULT',1,'auto','chaine',0,'','2017-08-28 10:19:58'),(6138,'MAIN_MULTILANGS',1,'1','chaine',0,'','2017-08-28 10:19:58'),(6139,'MAIN_THEME',1,'eldy','chaine',0,'','2017-08-28 10:19:58'),(6140,'THEME_ELDY_USE_HOVER',1,'edf4fb','chaine',0,'','2017-08-28 10:19:58'),(6141,'MAIN_SIZE_LISTE_LIMIT',1,'25','chaine',0,'','2017-08-28 10:19:59'),(6142,'MAIN_SIZE_SHORTLIST_LIMIT',1,'3','chaine',0,'','2017-08-28 10:19:59'),(6143,'MAIN_DISABLE_JAVASCRIPT',1,'0','chaine',0,'','2017-08-28 10:19:59'),(6144,'MAIN_BUTTON_HIDE_UNAUTHORIZED',1,'0','chaine',0,'','2017-08-28 10:19:59'),(6145,'MAIN_START_WEEK',1,'1','chaine',0,'','2017-08-28 10:19:59'),(6146,'MAIN_DEFAULT_WORKING_DAYS',1,'1-5','chaine',0,'','2017-08-28 10:19:59'),(6147,'MAIN_DEFAULT_WORKING_HOURS',1,'9-18','chaine',0,'','2017-08-28 10:19:59'),(6148,'MAIN_SHOW_LOGO',1,'1','chaine',0,'','2017-08-28 10:19:59'),(6149,'MAIN_FIRSTNAME_NAME_POSITION',1,'0','chaine',0,'','2017-08-28 10:19:59'),(6150,'MAIN_HELPCENTER_DISABLELINK',0,'1','chaine',0,'','2017-08-28 10:19:59'),(6151,'MAIN_HOME',1,'<span style=\"font-size:11px\">__(NoteSomeFeaturesAreDisabled)__<br />\r\n<br />\r\n__(SomeTranslationAreUncomplete)__</span>','chaine',0,'','2017-08-28 10:19:59'),(6152,'MAIN_HELP_DISABLELINK',0,'0','chaine',0,'','2017-08-28 10:19:59'),(6153,'MAIN_BUGTRACK_ENABLELINK',1,'0','chaine',0,'','2017-08-28 10:19:59'),(6353,'MAIN_MENU_STANDARD',1,'eldy_menu.php','chaine',0,'','2017-08-30 15:14:44'),(6354,'MAIN_MENU_SMARTPHONE',1,'eldy_menu.php','chaine',0,'','2017-08-30 15:14:44'),(6355,'MAIN_MENUFRONT_STANDARD',1,'eldy_menu.php','chaine',0,'','2017-08-30 15:14:44'),(6356,'MAIN_MENUFRONT_SMARTPHONE',1,'eldy_menu.php','chaine',0,'','2017-08-30 15:14:44'),(6377,'COMMANDE_SAPHIR_MASK',1,'{yy}{mm}{000}{ttt}','chaine',0,'','2017-09-06 07:56:25'),(6461,'MAIN_INFO_SOCIETE_COUNTRY',1,'117:IN:India','chaine',0,'','2017-09-06 08:51:11'),(6462,'MAIN_INFO_SOCIETE_NOM',1,'MyBigCompany','chaine',0,'','2017-09-06 08:51:11'),(6463,'MAIN_INFO_SOCIETE_ADDRESS',1,'21 Jump street..ll..ee \"','chaine',0,'','2017-09-06 08:51:11'),(6464,'MAIN_INFO_SOCIETE_TOWN',1,'MyTown','chaine',0,'','2017-09-06 08:51:12'),(6465,'MAIN_INFO_SOCIETE_ZIP',1,'75500','chaine',0,'','2017-09-06 08:51:12'),(6466,'MAIN_INFO_SOCIETE_STATE',1,'290','chaine',0,'','2017-09-06 08:51:12'),(6467,'MAIN_MONNAIE',1,'EUR','chaine',0,'','2017-09-06 08:51:12'),(6468,'MAIN_INFO_SOCIETE_TEL',1,'09123123','chaine',0,'','2017-09-06 08:51:12'),(6469,'MAIN_INFO_SOCIETE_FAX',1,'09123124','chaine',0,'','2017-09-06 08:51:12'),(6470,'MAIN_INFO_SOCIETE_MAIL',1,'myemail@mybigcompany.com','chaine',0,'','2017-09-06 08:51:12'),(6471,'MAIN_INFO_SOCIETE_WEB',1,'https://www.dolibarr.org','chaine',0,'','2017-09-06 08:51:12'),(6472,'MAIN_INFO_SOCIETE_NOTE',1,'This is note about my company\r\n\"ee\"','chaine',0,'','2017-09-06 08:51:12'),(6473,'MAIN_INFO_SOCIETE_GENCOD',1,'1234567890','chaine',0,'','2017-09-06 08:51:12'),(6474,'MAIN_INFO_SOCIETE_MANAGERS',1,'Zack Zeceo','chaine',0,'','2017-09-06 08:51:12'),(6475,'MAIN_INFO_CAPITAL',1,'10000','chaine',0,'','2017-09-06 08:51:12'),(6476,'MAIN_INFO_SOCIETE_FORME_JURIDIQUE',1,'0','chaine',0,'','2017-09-06 08:51:12'),(6477,'MAIN_INFO_SIREN',1,'123456','chaine',0,'','2017-09-06 08:51:12'),(6478,'MAIN_INFO_SIRET',1,'1','chaine',0,'','2017-09-06 08:51:12'),(6479,'MAIN_INFO_APE',1,'1','chaine',0,'','2017-09-06 08:51:12'),(6480,'MAIN_INFO_RCS',1,'1','chaine',0,'','2017-09-06 08:51:12'),(6481,'MAIN_INFO_PROFID5',1,'1','chaine',0,'','2017-09-06 08:51:12'),(6482,'MAIN_INFO_TVAINTRA',1,'FR1234567','chaine',0,'','2017-09-06 08:51:12'),(6483,'MAIN_INFO_SOCIETE_OBJECT',1,'A company demo to show how Dolibarr ERP CRM is wonderfull','chaine',0,'','2017-09-06 08:51:12'),(6484,'SOCIETE_FISCAL_MONTH_START',1,'4','chaine',0,'','2017-09-06 08:51:12'),(6485,'FACTURE_TVAOPTION',1,'1','chaine',0,'','2017-09-06 08:51:12'),(6486,'FACTURE_LOCAL_TAX1_OPTION',1,'localtax1on','chaine',0,'','2017-09-06 08:51:12'),(6487,'FACTURE_LOCAL_TAX2_OPTION',1,'localtax2on','chaine',0,'','2017-09-06 08:51:12'),(6488,'MAIN_INFO_VALUE_LOCALTAX1',1,'0','chaine',0,'','2017-09-06 08:51:12'),(6489,'MAIN_INFO_LOCALTAX_CALC1',1,'0','chaine',0,'','2017-09-06 08:51:12'),(6490,'MAIN_INFO_VALUE_LOCALTAX2',1,'0','chaine',0,'','2017-09-06 08:51:12'),(6491,'MAIN_INFO_LOCALTAX_CALC2',1,'0','chaine',0,'','2017-09-06 08:51:12'),(6518,'GOOGLE_DUPLICATE_INTO_THIRDPARTIES',1,'1','chaine',0,'','2017-09-06 19:43:57'),(6519,'GOOGLE_DUPLICATE_INTO_CONTACTS',1,'0','chaine',0,'','2017-09-06 19:43:57'),(6520,'GOOGLE_TAG_PREFIX',1,'Dolibarr (Thirdparties)','chaine',0,'','2017-09-06 19:43:57'),(6521,'GOOGLE_TAG_PREFIX_CONTACTS',1,'Dolibarr (Contacts/Addresses)','chaine',0,'','2017-09-06 19:43:57'),(6522,'GOOGLE_ENABLE_AGENDA',1,'1','chaine',0,'','2017-09-06 19:44:12'),(6523,'GOOGLE_AGENDA_COLOR1',1,'1B887A','chaine',0,'','2017-09-06 19:44:12'),(6524,'GOOGLE_AGENDA_COLOR2',1,'7A367A','chaine',0,'','2017-09-06 19:44:12'),(6525,'GOOGLE_AGENDA_COLOR3',1,'7A367A','chaine',0,'','2017-09-06 19:44:12'),(6526,'GOOGLE_AGENDA_COLOR4',1,'7A367A','chaine',0,'','2017-09-06 19:44:12'),(6527,'GOOGLE_AGENDA_COLOR5',1,'7A367A','chaine',0,'','2017-09-06 19:44:12'),(6528,'GOOGLE_AGENDA_TIMEZONE',1,'Europe/Paris','chaine',0,'','2017-09-06 19:44:12'),(6529,'GOOGLE_AGENDA_NB',1,'5','chaine',0,'','2017-09-06 19:44:12'),(6543,'MAIN_SMS_DEBUG',0,'1','chaine',1,'This is to enable OVH SMS debug','2017-09-06 19:44:34'),(6562,'BLOCKEDLOG_ENTITY_FINGERPRINT',1,'b63e359ffca54d5c2bab869916eaf23d4a736703028ccbf77ce1167c5f830e7b','chaine',0,'Numeric Unique Fingerprint','2018-01-19 11:27:15'),(6564,'BLOCKEDLOG_DISABLE_NOT_ALLOWED_FOR_COUNTRY',1,'FR','chaine',0,'This is list of country code where the module may be mandatory','2018-01-19 11:27:15'),(6565,'MAIN_MODULE_BOOKMARK',1,'1',NULL,0,'{\"authorid\":\"12\",\"ip\":\"82.240.38.230\"}','2018-01-19 11:27:34'),(6566,'MAIN_MODULE_ADHERENT',1,'1',NULL,0,'{\"authorid\":\"12\",\"ip\":\"82.240.38.230\"}','2018-01-19 11:27:56'),(6567,'ADHERENT_ADDON_PDF',1,'standard','chaine',0,'Name of PDF model of member','2018-01-19 11:27:56'),(6569,'MAIN_MODULE_STRIPE',1,'1',NULL,0,'{\"authorid\":\"12\",\"ip\":\"82.240.38.230\"}','2018-01-19 11:28:17'),(6587,'MAIN_MODULE_BLOCKEDLOG',1,'1',NULL,0,'{\"authorid\":\"12\",\"ip\":\"127.0.0.1\"}','2018-03-16 09:57:24'),(6612,'MAIN_MODULE_ACCOUNTING',1,'1','string',0,'{\"authorid\":0,\"ip\":\"127.0.0.1\"}','2019-06-05 08:45:38'),(6613,'MAIN_MODULE_AGENDA',1,'1','string',0,'{\"authorid\":0,\"ip\":\"127.0.0.1\"}','2019-06-05 08:45:38'),(6614,'MAIN_MODULE_BARCODE',1,'1','string',0,'{\"authorid\":0,\"ip\":\"127.0.0.1\"}','2019-06-05 08:45:38'),(6615,'MAIN_MODULE_CRON',1,'1','string',0,'{\"authorid\":0,\"ip\":\"127.0.0.1\"}','2019-06-05 08:45:38'),(6616,'MAIN_MODULE_COMMANDE',1,'1','string',0,'{\"authorid\":0,\"ip\":\"127.0.0.1\"}','2019-06-05 08:45:38'),(6617,'MAIN_MODULE_DON',1,'1','string',0,'{\"authorid\":0,\"ip\":\"127.0.0.1\"}','2019-06-05 08:45:38'),(6618,'MAIN_MODULE_ECM',1,'1','string',0,'{\"authorid\":0,\"ip\":\"127.0.0.1\"}','2019-06-05 08:45:38'),(6619,'MAIN_MODULE_FACTURE',1,'1','string',0,'{\"authorid\":0,\"ip\":\"127.0.0.1\"}','2019-06-05 08:45:39'),(6620,'MAIN_MODULE_FOURNISSEUR',1,'1','string',0,'{\"authorid\":0,\"ip\":\"127.0.0.1\"}','2019-06-05 08:45:39'),(6621,'MAIN_MODULE_HOLIDAY',1,'1','string',0,'{\"authorid\":0,\"ip\":\"127.0.0.1\"}','2019-06-05 08:45:39'),(6622,'MAIN_MODULE_OPENSURVEY',1,'1','string',0,'{\"authorid\":0,\"ip\":\"127.0.0.1\"}','2019-06-05 08:45:39'),(6623,'MAIN_MODULE_PRINTING',1,'1','string',0,'{\"authorid\":0,\"ip\":\"127.0.0.1\"}','2019-06-05 08:45:39'),(6624,'MAIN_MODULE_SALARIES',1,'1','string',0,'{\"authorid\":0,\"ip\":\"127.0.0.1\"}','2019-06-05 08:45:39'),(6625,'MAIN_MODULE_SYSLOG',0,'1','string',0,'{\"authorid\":0,\"ip\":\"127.0.0.1\"}','2019-06-05 08:45:39'),(6626,'MAIN_MODULE_SOCIETE',1,'1','string',0,'{\"authorid\":0,\"ip\":\"127.0.0.1\"}','2019-06-05 08:45:39'),(6627,'MAIN_MODULE_SERVICE',1,'1','string',0,'{\"authorid\":0,\"ip\":\"127.0.0.1\"}','2019-06-05 08:45:40'),(6628,'MAIN_MODULE_USER',0,'1','string',0,'{\"authorid\":0,\"ip\":\"127.0.0.1\"}','2019-06-05 08:45:40'),(6629,'MAIN_MODULE_VARIANTS',1,'1','string',0,'{\"authorid\":0,\"ip\":\"127.0.0.1\"}','2019-06-05 08:45:40'),(6630,'MAIN_VERSION_LAST_UPGRADE',0,'10.0.0','chaine',0,'Dolibarr version for last upgrade','2019-06-05 08:45:42'),(6632,'MAIN_MODULE_TICKET',1,'1','string',0,'{\"authorid\":\"12\",\"ip\":\"127.0.0.1\"}','2019-06-05 09:15:29'),(6633,'MAIN_MODULE_TICKET_TABS_0',1,'thirdparty:+ticket:Tickets:@ticket:$user->rights->ticket->read:/ticket/list.php?socid=__ID__','chaine',0,NULL,'2019-06-05 09:15:29'),(6634,'MAIN_MODULE_TICKET_TABS_1',1,'project:+ticket:Tickets:@ticket:$user->rights->ticket->read:/ticket/list.php?projectid=__ID__','chaine',0,NULL,'2019-06-05 09:15:29'),(6635,'MAIN_MODULE_TICKET_TRIGGERS',1,'1','chaine',0,NULL,'2019-06-05 09:15:29'),(6636,'MAIN_MODULE_TICKET_MODELS',1,'1','chaine',0,NULL,'2019-06-05 09:15:29'),(6637,'TICKET_ENABLE_PUBLIC_INTERFACE',1,'0','chaine',0,'Enable ticket public interface','2019-06-05 09:15:29'),(6638,'MAIN_MODULE_TAKEPOS',1,'1','string',0,'{\"authorid\":\"12\",\"ip\":\"127.0.0.1\"}','2019-06-05 09:15:58'),(6639,'MAIN_MODULE_TAKEPOS_TRIGGERS',1,'0','chaine',0,NULL,'2019-06-05 09:15:58'),(6640,'MAIN_MODULE_TAKEPOS_LOGIN',1,'0','chaine',0,NULL,'2019-06-05 09:15:58'),(6641,'MAIN_MODULE_TAKEPOS_SUBSTITUTIONS',1,'1','chaine',0,NULL,'2019-06-05 09:15:58'),(6642,'MAIN_MODULE_TAKEPOS_MENUS',1,'0','chaine',0,NULL,'2019-06-05 09:15:58'),(6643,'MAIN_MODULE_TAKEPOS_THEME',1,'0','chaine',0,NULL,'2019-06-05 09:15:58'),(6644,'MAIN_MODULE_TAKEPOS_TPL',1,'0','chaine',0,NULL,'2019-06-05 09:15:58'),(6645,'MAIN_MODULE_TAKEPOS_BARCODE',1,'0','chaine',0,NULL,'2019-06-05 09:15:58'),(6646,'MAIN_MODULE_TAKEPOS_MODELS',1,'0','chaine',0,NULL,'2019-06-05 09:15:58'),(6647,'MAIN_MODULE_SOCIALNETWORKS',1,'1','string',0,'{\"authorid\":\"12\",\"ip\":\"127.0.0.1\"}','2019-06-05 09:16:49'),(6648,'MAIN_MODULE_CASHDESK',1,'1','string',0,'{\"authorid\":\"12\",\"ip\":\"127.0.0.1\"}','2019-06-05 09:17:21');

--
-- Table structure for table `llx_contrat`
--

CREATE TABLE `llx_contrat` (
  `rowid` int(11) NOT NULL AUTO_INCREMENT,
  `ref` varchar(50) COLLATE utf8_unicode_ci DEFAULT NULL,
  `ref_ext` varchar(255) COLLATE utf8_unicode_ci DEFAULT NULL,
  `ref_supplier` varchar(50) COLLATE utf8_unicode_ci DEFAULT NULL,
  `entity` int(11) NOT NULL DEFAULT '1',
  `tms` timestamp NOT NULL DEFAULT CURRENT_TIMESTAMP ON UPDATE CURRENT_TIMESTAMP,
  `datec` datetime DEFAULT NULL,
  `date_contrat` datetime DEFAULT NULL,
  `statut` smallint(6) DEFAULT '0',
  `mise_en_service` datetime DEFAULT NULL,
  `fin_validite` datetime DEFAULT NULL,
  `date_cloture` datetime DEFAULT NULL,
  `fk_soc` int(11) NOT NULL,
  `fk_projet` int(11) DEFAULT NULL,
  `fk_commercial_signature` int(11) DEFAULT NULL,
  `fk_commercial_suivi` int(11) DEFAULT NULL,
  `fk_user_author` int(11) NOT NULL DEFAULT '0',
  `fk_user_mise_en_service` int(11) DEFAULT NULL,
  `fk_user_cloture` int(11) DEFAULT NULL,
  `note_private` text COLLATE utf8_unicode_ci,
  `note_public` text COLLATE utf8_unicode_ci,
  `model_pdf` varchar(255) COLLATE utf8_unicode_ci DEFAULT NULL,
  `import_key` varchar(14) COLLATE utf8_unicode_ci DEFAULT NULL,
  `extraparams` varchar(255) COLLATE utf8_unicode_ci DEFAULT NULL,
  `ref_customer` varchar(50) COLLATE utf8_unicode_ci DEFAULT NULL,
  `fk_user_modif` int(11) DEFAULT NULL,
  `last_main_doc` varchar(255) COLLATE utf8_unicode_ci DEFAULT NULL,
  PRIMARY KEY (`rowid`),
  UNIQUE KEY `uk_contrat_ref` (`ref`,`entity`),
  KEY `idx_contrat_fk_soc` (`fk_soc`),
  KEY `idx_contrat_fk_user_author` (`fk_user_author`),
  CONSTRAINT `fk_contrat_fk_soc` FOREIGN KEY (`fk_soc`) REFERENCES `llx_societe` (`rowid`),
  CONSTRAINT `fk_contrat_user_author` FOREIGN KEY (`fk_user_author`) REFERENCES `llx_user` (`rowid`)
) ENGINE=InnoDB AUTO_INCREMENT=4 DEFAULT CHARSET=utf8 COLLATE=utf8_unicode_ci;

--
-- Dumping data for table `llx_contrat`
--

INSERT INTO `llx_contrat` VALUES (1,'CONTRACT1',NULL,NULL,1,'2012-07-08 23:53:55','2012-07-09 01:53:25','2012-07-09 00:00:00',1,NULL,NULL,NULL,3,NULL,2,2,1,NULL,NULL,NULL,NULL,NULL,NULL,NULL,NULL,NULL,NULL),(2,'CONTRAT1',NULL,NULL,1,'2012-07-10 16:18:16','2012-07-10 18:13:37','2012-07-10 00:00:00',1,NULL,NULL,NULL,2,NULL,2,2,1,NULL,NULL,NULL,NULL,NULL,NULL,NULL,NULL,NULL,NULL),(3,'CT1303-0001',NULL,NULL,1,'2015-03-06 09:05:07','2015-03-06 10:04:57','2015-03-06 00:00:00',1,NULL,NULL,NULL,19,NULL,1,1,1,NULL,NULL,NULL,NULL,NULL,NULL,NULL,NULL,NULL,NULL);

--
-- Table structure for table `llx_contrat_extrafields`
--

CREATE TABLE `llx_contrat_extrafields` (
  `rowid` int(11) NOT NULL AUTO_INCREMENT,
  `tms` timestamp NOT NULL DEFAULT CURRENT_TIMESTAMP ON UPDATE CURRENT_TIMESTAMP,
  `fk_object` int(11) NOT NULL,
  `import_key` varchar(14) COLLATE utf8_unicode_ci DEFAULT NULL,
  PRIMARY KEY (`rowid`),
  KEY `idx_contrat_extrafields` (`fk_object`)
) ENGINE=InnoDB DEFAULT CHARSET=utf8 COLLATE=utf8_unicode_ci;

--
-- Dumping data for table `llx_contrat_extrafields`
--


--
-- Table structure for table `llx_contratdet`
--

CREATE TABLE `llx_contratdet` (
  `rowid` int(11) NOT NULL AUTO_INCREMENT,
  `tms` timestamp NOT NULL DEFAULT CURRENT_TIMESTAMP ON UPDATE CURRENT_TIMESTAMP,
  `fk_contrat` int(11) NOT NULL,
  `fk_product` int(11) DEFAULT NULL,
  `statut` smallint(6) DEFAULT '0',
  `label` text COLLATE utf8_unicode_ci,
  `description` text COLLATE utf8_unicode_ci,
  `fk_remise_except` int(11) DEFAULT NULL,
  `date_commande` datetime DEFAULT NULL,
  `date_ouverture_prevue` datetime DEFAULT NULL,
  `date_ouverture` datetime DEFAULT NULL,
  `date_fin_validite` datetime DEFAULT NULL,
  `date_cloture` datetime DEFAULT NULL,
  `tva_tx` double(6,3) DEFAULT '0.000',
  `vat_src_code` varchar(10) COLLATE utf8_unicode_ci DEFAULT '',
  `localtax1_tx` double(6,3) DEFAULT '0.000',
  `localtax1_type` varchar(10) COLLATE utf8_unicode_ci NOT NULL DEFAULT '0',
  `localtax2_tx` double(6,3) DEFAULT '0.000',
  `localtax2_type` varchar(10) COLLATE utf8_unicode_ci NOT NULL DEFAULT '0',
  `qty` double NOT NULL,
  `remise_percent` double DEFAULT '0',
  `subprice` double(24,8) DEFAULT '0.00000000',
  `price_ht` double DEFAULT NULL,
  `remise` double DEFAULT '0',
  `total_ht` double(24,8) DEFAULT '0.00000000',
  `total_tva` double(24,8) DEFAULT '0.00000000',
  `total_localtax1` double(24,8) DEFAULT '0.00000000',
  `total_localtax2` double(24,8) DEFAULT '0.00000000',
  `total_ttc` double(24,8) DEFAULT '0.00000000',
  `product_type` int(11) DEFAULT '1',
  `info_bits` int(11) DEFAULT '0',
  `fk_product_fournisseur_price` int(11) DEFAULT NULL,
  `buy_price_ht` double(24,8) DEFAULT '0.00000000',
  `fk_user_author` int(11) NOT NULL DEFAULT '0',
  `fk_user_ouverture` int(11) DEFAULT NULL,
  `fk_user_cloture` int(11) DEFAULT NULL,
  `commentaire` text COLLATE utf8_unicode_ci,
  `fk_unit` int(11) DEFAULT NULL,
  `fk_multicurrency` int(11) DEFAULT NULL,
  `multicurrency_code` varchar(255) COLLATE utf8_unicode_ci DEFAULT NULL,
  `multicurrency_subprice` double(24,8) DEFAULT '0.00000000',
  `multicurrency_total_ht` double(24,8) DEFAULT '0.00000000',
  `multicurrency_total_tva` double(24,8) DEFAULT '0.00000000',
  `multicurrency_total_ttc` double(24,8) DEFAULT '0.00000000',
  PRIMARY KEY (`rowid`),
  KEY `idx_contratdet_fk_contrat` (`fk_contrat`),
  KEY `idx_contratdet_fk_product` (`fk_product`),
  KEY `idx_contratdet_date_ouverture_prevue` (`date_ouverture_prevue`),
  KEY `idx_contratdet_date_ouverture` (`date_ouverture`),
  KEY `idx_contratdet_date_fin_validite` (`date_fin_validite`),
  KEY `fk_contratdet_fk_unit` (`fk_unit`),
  CONSTRAINT `fk_contratdet_fk_contrat` FOREIGN KEY (`fk_contrat`) REFERENCES `llx_contrat` (`rowid`),
  CONSTRAINT `fk_contratdet_fk_product` FOREIGN KEY (`fk_product`) REFERENCES `llx_product` (`rowid`),
  CONSTRAINT `fk_contratdet_fk_unit` FOREIGN KEY (`fk_unit`) REFERENCES `llx_c_units` (`rowid`)
) ENGINE=InnoDB AUTO_INCREMENT=6 DEFAULT CHARSET=utf8 COLLATE=utf8_unicode_ci;

--
-- Dumping data for table `llx_contratdet`
--

INSERT INTO `llx_contratdet` VALUES (1,'2015-03-06 09:00:00',1,3,4,'','',NULL,NULL,'2012-07-09 00:00:00','2012-07-09 12:00:00','2015-03-15 00:00:00',NULL,0.000,'',0.000,'',0.000,'',1,0,0.00000000,0,NULL,0.00000000,0.00000000,0.00000000,0.00000000,0.00000000,1,0,0,0.00000000,0,1,1,'',NULL,NULL,NULL,0.00000000,0.00000000,0.00000000,0.00000000),(2,'2012-07-10 16:14:14',2,NULL,0,'','Abonnement annuel assurance',NULL,NULL,'2012-07-10 00:00:00',NULL,'2013-07-10 00:00:00',NULL,1.000,'',0.000,'',0.000,'',1,0,10.00000000,10,0,10.00000000,0.10000000,0.00000000,0.00000000,10.10000000,1,0,NULL,0.00000000,0,NULL,NULL,NULL,NULL,NULL,NULL,0.00000000,0.00000000,0.00000000,0.00000000),(3,'2015-03-05 10:20:58',2,3,5,'','gdfg',NULL,NULL,'2012-07-10 00:00:00','2012-07-10 12:00:00','2013-07-09 00:00:00','2015-03-06 12:00:00',4.000,'',0.000,'',0.000,'',1,0,0.00000000,0,NULL,0.00000000,0.00000000,0.00000000,0.00000000,0.00000000,1,0,0,0.00000000,0,1,1,'',NULL,NULL,NULL,0.00000000,0.00000000,0.00000000,0.00000000),(4,'2014-12-08 13:11:17',2,3,0,'','',NULL,NULL,'2012-07-10 00:00:00',NULL,NULL,NULL,0.000,'',0.000,'',0.000,'',1,10,40.00000000,40,NULL,36.00000000,0.00000000,0.00000000,0.00000000,36.00000000,1,0,NULL,0.00000000,0,NULL,1,'',NULL,NULL,NULL,0.00000000,0.00000000,0.00000000,0.00000000),(5,'2015-03-06 09:05:40',3,NULL,4,'','gfdg',NULL,NULL,NULL,'2015-03-06 12:00:00','2015-03-07 12:00:00',NULL,0.000,'',0.000,'',0.000,'',1,0,10.00000000,10,NULL,10.00000000,0.00000000,0.00000000,0.00000000,10.00000000,1,0,0,0.00000000,0,1,1,'',NULL,NULL,NULL,0.00000000,0.00000000,0.00000000,0.00000000);

--
-- Table structure for table `llx_contratdet_extrafields`
--

CREATE TABLE `llx_contratdet_extrafields` (
  `rowid` int(11) NOT NULL AUTO_INCREMENT,
  `tms` timestamp NOT NULL DEFAULT CURRENT_TIMESTAMP ON UPDATE CURRENT_TIMESTAMP,
  `fk_object` int(11) NOT NULL,
  `import_key` varchar(14) COLLATE utf8_unicode_ci DEFAULT NULL,
  PRIMARY KEY (`rowid`),
  KEY `idx_contratdet_extrafields` (`fk_object`)
) ENGINE=InnoDB DEFAULT CHARSET=utf8 COLLATE=utf8_unicode_ci;

--
-- Dumping data for table `llx_contratdet_extrafields`
--


--
-- Table structure for table `llx_contratdet_log`
--

CREATE TABLE `llx_contratdet_log` (
  `rowid` int(11) NOT NULL AUTO_INCREMENT,
  `tms` timestamp NOT NULL DEFAULT CURRENT_TIMESTAMP ON UPDATE CURRENT_TIMESTAMP,
  `fk_contratdet` int(11) NOT NULL,
  `date` datetime NOT NULL,
  `statut` smallint(6) NOT NULL,
  `fk_user_author` int(11) NOT NULL,
  `commentaire` text COLLATE utf8_unicode_ci,
  PRIMARY KEY (`rowid`),
  KEY `idx_contratdet_log_fk_contratdet` (`fk_contratdet`),
  KEY `idx_contratdet_log_date` (`date`),
  CONSTRAINT `fk_contratdet_log_fk_contratdet` FOREIGN KEY (`fk_contratdet`) REFERENCES `llx_contratdet` (`rowid`)
) ENGINE=InnoDB DEFAULT CHARSET=utf8 COLLATE=utf8_unicode_ci;

--
-- Dumping data for table `llx_contratdet_log`
--


--
-- Table structure for table `llx_cronjob`
--

CREATE TABLE `llx_cronjob` (
  `rowid` int(11) NOT NULL AUTO_INCREMENT,
  `tms` timestamp NOT NULL DEFAULT CURRENT_TIMESTAMP ON UPDATE CURRENT_TIMESTAMP,
  `datec` datetime DEFAULT NULL,
  `jobtype` varchar(10) COLLATE utf8_unicode_ci NOT NULL,
  `label` text COLLATE utf8_unicode_ci NOT NULL,
  `command` varchar(255) COLLATE utf8_unicode_ci DEFAULT NULL,
  `classesname` varchar(255) COLLATE utf8_unicode_ci DEFAULT NULL,
  `objectname` varchar(255) COLLATE utf8_unicode_ci DEFAULT NULL,
  `methodename` varchar(255) COLLATE utf8_unicode_ci DEFAULT NULL,
  `params` text COLLATE utf8_unicode_ci,
  `md5params` varchar(32) COLLATE utf8_unicode_ci DEFAULT NULL,
  `module_name` varchar(255) COLLATE utf8_unicode_ci DEFAULT NULL,
  `priority` int(11) DEFAULT '0',
  `datelastrun` datetime DEFAULT NULL,
  `datenextrun` datetime DEFAULT NULL,
  `datestart` datetime DEFAULT NULL,
  `dateend` datetime DEFAULT NULL,
  `datelastresult` datetime DEFAULT NULL,
  `lastresult` text COLLATE utf8_unicode_ci,
  `lastoutput` text COLLATE utf8_unicode_ci,
  `unitfrequency` varchar(255) COLLATE utf8_unicode_ci NOT NULL DEFAULT '3600',
  `frequency` int(11) NOT NULL DEFAULT '0',
  `nbrun` int(11) DEFAULT NULL,
  `status` int(11) NOT NULL DEFAULT '1',
  `fk_user_author` int(11) DEFAULT NULL,
  `fk_user_mod` int(11) DEFAULT NULL,
  `note` text COLLATE utf8_unicode_ci,
  `libname` varchar(255) COLLATE utf8_unicode_ci DEFAULT NULL,
  `entity` int(11) DEFAULT '0',
  `maxrun` int(11) NOT NULL DEFAULT '0',
  `autodelete` int(11) DEFAULT '0',
  `fk_mailing` int(11) DEFAULT NULL,
  `test` varchar(255) COLLATE utf8_unicode_ci DEFAULT '1',
  `processing` int(11) NOT NULL DEFAULT '0',
  PRIMARY KEY (`rowid`)
) ENGINE=InnoDB AUTO_INCREMENT=45 DEFAULT CHARSET=utf8 COLLATE=utf8_unicode_ci;

--
-- Dumping data for table `llx_cronjob`
--

INSERT INTO `llx_cronjob` VALUES (1,'2015-03-23 18:18:39','2015-03-23 19:18:39','command','aaa','aaaa','','','','','','',0,NULL,NULL,'2015-03-23 19:18:00',NULL,NULL,NULL,NULL,'3600',3600,0,0,1,1,'',NULL,0,0,0,NULL,'1',0),(40,'2018-11-23 11:58:15','2018-11-23 12:58:15','method','SendEmailsReminders',NULL,'comm/action/class/actioncomm.class.php','ActionComm','sendEmailsReminder',NULL,NULL,'agenda',10,NULL,NULL,'2018-11-23 12:58:15',NULL,NULL,NULL,NULL,'60',10,NULL,1,NULL,NULL,'SendEMailsReminder',NULL,1,0,0,NULL,'$conf->agenda->enabled',0),(41,'2018-11-23 11:58:16','2018-11-23 12:58:16','method','PurgeDeleteTemporaryFilesShort',NULL,'core/class/utils.class.php','Utils','purgeFiles',NULL,NULL,'cron',50,NULL,NULL,'2018-11-23 12:58:16',NULL,NULL,NULL,NULL,'604800',2,NULL,1,NULL,NULL,'PurgeDeleteTemporaryFiles',NULL,0,0,0,NULL,'1',0),(42,'2018-11-23 11:58:16','2018-11-23 12:58:16','method','MakeLocalDatabaseDumpShort',NULL,'core/class/utils.class.php','Utils','dumpDatabase','none,auto,1,auto,10',NULL,'cron',90,NULL,NULL,'2018-11-23 12:58:16',NULL,NULL,NULL,NULL,'604800',1,NULL,0,NULL,NULL,'MakeLocalDatabaseDump',NULL,0,0,0,NULL,'1',0),(43,'2018-11-23 11:58:17','2018-11-23 12:58:17','method','RecurringInvoices',NULL,'compta/facture/class/facture-rec.class.php','FactureRec','createRecurringInvoices',NULL,NULL,'facture',50,NULL,NULL,'2018-11-23 23:00:00',NULL,NULL,NULL,NULL,'86400',1,NULL,1,NULL,NULL,'Generate recurring invoices',NULL,1,0,0,NULL,'$conf->facture->enabled',0),(44,'2018-11-23 11:58:19','2018-11-23 12:58:19','method','CompressSyslogs',NULL,'core/class/utils.class.php','Utils','compressSyslogs',NULL,NULL,'syslog',50,NULL,NULL,'2018-11-23 12:58:19',NULL,NULL,NULL,NULL,'86400',1,NULL,0,NULL,NULL,'Compress and archive log files. Warning: batch must be run with same account than your web server to avoid to get log files with different owner than required by web server. Another solution is to set web server Operating System group as the group of directory documents and set GROUP permission \"rws\" on this directory so log files will always have the group and permissions of the web server Operating System group',NULL,1,0,0,NULL,'1',0);

--
-- Table structure for table `llx_default_values`
--

CREATE TABLE `llx_default_values` (
  `rowid` int(11) NOT NULL AUTO_INCREMENT,
  `entity` int(11) NOT NULL DEFAULT '1',
  `type` varchar(10) COLLATE utf8_unicode_ci DEFAULT NULL,
  `user_id` int(11) NOT NULL DEFAULT '0',
  `page` varchar(255) COLLATE utf8_unicode_ci DEFAULT NULL,
  `param` varchar(255) COLLATE utf8_unicode_ci DEFAULT NULL,
  `value` varchar(128) COLLATE utf8_unicode_ci DEFAULT NULL,
  PRIMARY KEY (`rowid`),
  UNIQUE KEY `uk_default_values` (`type`,`entity`,`user_id`,`page`,`param`)
) ENGINE=InnoDB DEFAULT CHARSET=utf8 COLLATE=utf8_unicode_ci;

--
-- Dumping data for table `llx_default_values`
--


--
-- Table structure for table `llx_deplacement`
--

CREATE TABLE `llx_deplacement` (
  `rowid` int(11) NOT NULL AUTO_INCREMENT,
  `ref` varchar(30) COLLATE utf8_unicode_ci DEFAULT NULL,
  `entity` int(11) NOT NULL DEFAULT '1',
  `datec` datetime NOT NULL,
  `tms` timestamp NOT NULL DEFAULT CURRENT_TIMESTAMP ON UPDATE CURRENT_TIMESTAMP,
  `dated` datetime DEFAULT NULL,
  `fk_user` int(11) NOT NULL,
  `fk_user_author` int(11) DEFAULT NULL,
  `fk_user_modif` int(11) DEFAULT NULL,
  `type` varchar(12) COLLATE utf8_unicode_ci NOT NULL,
  `fk_statut` int(11) NOT NULL DEFAULT '1',
  `km` double DEFAULT NULL,
  `fk_soc` int(11) DEFAULT NULL,
  `fk_projet` int(11) DEFAULT '0',
  `note_private` text COLLATE utf8_unicode_ci,
  `note_public` text COLLATE utf8_unicode_ci,
  `extraparams` varchar(255) COLLATE utf8_unicode_ci DEFAULT NULL,
  PRIMARY KEY (`rowid`)
) ENGINE=InnoDB AUTO_INCREMENT=2 DEFAULT CHARSET=utf8 COLLATE=utf8_unicode_ci;

--
-- Dumping data for table `llx_deplacement`
--

INSERT INTO `llx_deplacement` VALUES (1,NULL,1,'2012-07-09 01:58:04','2012-07-08 23:58:18','2012-07-09 12:00:00',2,1,NULL,'TF_LUNCH',1,10,2,1,NULL,NULL,NULL);

--
-- Table structure for table `llx_document_model`
--

CREATE TABLE `llx_document_model` (
  `rowid` int(11) NOT NULL AUTO_INCREMENT,
  `nom` varchar(50) COLLATE utf8_unicode_ci DEFAULT NULL,
  `entity` int(11) NOT NULL DEFAULT '1',
  `type` varchar(20) COLLATE utf8_unicode_ci NOT NULL,
  `libelle` varchar(255) COLLATE utf8_unicode_ci DEFAULT NULL,
  `description` text COLLATE utf8_unicode_ci,
  PRIMARY KEY (`rowid`),
  UNIQUE KEY `uk_document_model` (`nom`,`type`,`entity`)
) ENGINE=InnoDB AUTO_INCREMENT=309 DEFAULT CHARSET=utf8 COLLATE=utf8_unicode_ci;

--
-- Dumping data for table `llx_document_model`
--

INSERT INTO `llx_document_model` VALUES (9,'merou',1,'shipping',NULL,NULL),(181,'generic_invoice_odt',1,'invoice','ODT templates','FACTURE_ADDON_PDF_ODT_PATH'),(193,'canelle2',1,'invoice_supplier','canelle2',NULL),(195,'canelle',1,'invoice_supplier','canelle',NULL),(198,'azur',2,'propal',NULL,NULL),(199,'html_cerfafr',2,'donation',NULL,NULL),(200,'crabe',2,'invoice',NULL,NULL),(201,'generic_odt',1,'company','ODT templates','COMPANY_ADDON_PDF_ODT_PATH'),(250,'baleine',1,'project',NULL,NULL),(255,'soleil',1,'ficheinter',NULL,NULL),(256,'azur',1,'propal',NULL,NULL),(270,'aurore',1,'supplier_proposal',NULL,NULL),(273,'beluga',1,'project','beluga',NULL),(274,'rouget',1,'shipping',NULL,NULL),(275,'typhon',1,'delivery',NULL,NULL),(278,'standard',1,'expensereport',NULL,NULL),(281,'sepamandate',1,'bankaccount','sepamandate',NULL),(299,'standard',1,'member',NULL,NULL),(305,'einstein',1,'order',NULL,NULL),(306,'html_cerfafr',1,'donation',NULL,NULL),(307,'crabe',1,'invoice',NULL,NULL),(308,'muscadet',1,'order_supplier',NULL,NULL);

--
-- Table structure for table `llx_don`
--

CREATE TABLE `llx_don` (
  `rowid` int(11) NOT NULL AUTO_INCREMENT,
  `ref` varchar(30) COLLATE utf8_unicode_ci DEFAULT NULL,
  `entity` int(11) NOT NULL DEFAULT '1',
  `tms` timestamp NOT NULL DEFAULT CURRENT_TIMESTAMP ON UPDATE CURRENT_TIMESTAMP,
  `fk_statut` smallint(6) NOT NULL DEFAULT '0',
  `datec` datetime DEFAULT NULL,
  `datedon` datetime DEFAULT NULL,
  `amount` double(24,8) DEFAULT NULL,
  `fk_payment` int(11) DEFAULT NULL,
  `paid` smallint(6) NOT NULL DEFAULT '0',
  `firstname` varchar(50) COLLATE utf8_unicode_ci DEFAULT NULL,
  `lastname` varchar(50) COLLATE utf8_unicode_ci DEFAULT NULL,
  `societe` varchar(50) COLLATE utf8_unicode_ci DEFAULT NULL,
  `address` text COLLATE utf8_unicode_ci,
  `zip` varchar(10) COLLATE utf8_unicode_ci DEFAULT NULL,
  `town` varchar(50) COLLATE utf8_unicode_ci DEFAULT NULL,
  `country` varchar(50) COLLATE utf8_unicode_ci DEFAULT NULL,
  `fk_country` int(11) NOT NULL,
  `email` varchar(255) COLLATE utf8_unicode_ci DEFAULT NULL,
  `phone` varchar(24) COLLATE utf8_unicode_ci DEFAULT NULL,
  `phone_mobile` varchar(24) COLLATE utf8_unicode_ci DEFAULT NULL,
  `public` smallint(6) NOT NULL DEFAULT '1',
  `fk_projet` int(11) DEFAULT NULL,
  `fk_user_author` int(11) NOT NULL,
  `fk_user_valid` int(11) DEFAULT NULL,
  `note_private` text COLLATE utf8_unicode_ci,
  `note_public` text COLLATE utf8_unicode_ci,
  `model_pdf` varchar(255) COLLATE utf8_unicode_ci DEFAULT NULL,
  `import_key` varchar(14) COLLATE utf8_unicode_ci DEFAULT NULL,
  `date_valid` datetime DEFAULT NULL,
  `extraparams` varchar(255) COLLATE utf8_unicode_ci DEFAULT NULL,
  `fk_soc` int(11) DEFAULT NULL,
  PRIMARY KEY (`rowid`)
) ENGINE=InnoDB AUTO_INCREMENT=5 DEFAULT CHARSET=utf8 COLLATE=utf8_unicode_ci;

--
-- Dumping data for table `llx_don`
--

INSERT INTO `llx_don` VALUES (1,NULL,1,'2012-07-08 23:57:17',1,'2012-07-09 01:55:33','2012-07-09 12:00:00',10.00000000,1,0,'Donator','','Guest company','','','','France',0,'',NULL,NULL,1,1,1,1,'',NULL,'html_cerfafr',NULL,NULL,NULL,NULL),(2,NULL,1,'2017-02-06 04:05:29',0,'2017-02-06 08:05:29','2017-02-06 12:00:00',100.00000000,NULL,0,'','','','','','',NULL,0,'','','',1,NULL,12,NULL,NULL,NULL,NULL,NULL,NULL,NULL,NULL),(3,NULL,1,'2017-09-06 16:18:19',2,'2017-09-06 20:05:17','2017-09-06 12:00:00',10.00000000,NULL,0,'','','','','','',NULL,0,'','','',1,NULL,12,12,NULL,NULL,'html_cerfafr',NULL,NULL,NULL,NULL),(4,NULL,1,'2017-09-06 16:07:07',1,'2017-09-06 20:06:59','2017-09-06 12:00:00',10.00000000,NULL,0,'','','','','','',NULL,117,'','','',1,NULL,12,12,NULL,NULL,NULL,NULL,NULL,NULL,NULL);

--
-- Table structure for table `llx_don_extrafields`
--

CREATE TABLE `llx_don_extrafields` (
  `rowid` int(11) NOT NULL AUTO_INCREMENT,
  `tms` timestamp NOT NULL DEFAULT CURRENT_TIMESTAMP ON UPDATE CURRENT_TIMESTAMP,
  `fk_object` int(11) NOT NULL,
  `import_key` varchar(14) COLLATE utf8_unicode_ci DEFAULT NULL,
  PRIMARY KEY (`rowid`),
  KEY `idx_don_extrafields` (`fk_object`)
) ENGINE=InnoDB DEFAULT CHARSET=utf8 COLLATE=utf8_unicode_ci;

--
-- Dumping data for table `llx_don_extrafields`
--


--
-- Table structure for table `llx_ecm_directories`
--

CREATE TABLE `llx_ecm_directories` (
  `rowid` int(11) NOT NULL AUTO_INCREMENT,
  `label` varchar(64) COLLATE utf8_unicode_ci NOT NULL,
  `entity` int(11) NOT NULL DEFAULT '1',
  `fk_parent` int(11) DEFAULT NULL,
  `description` varchar(255) COLLATE utf8_unicode_ci NOT NULL,
  `cachenbofdoc` int(11) NOT NULL DEFAULT '0',
  `fullpath` varchar(750) COLLATE utf8_unicode_ci DEFAULT NULL,
  `extraparams` varchar(255) COLLATE utf8_unicode_ci DEFAULT NULL,
  `date_c` datetime DEFAULT NULL,
  `date_m` timestamp NOT NULL DEFAULT CURRENT_TIMESTAMP ON UPDATE CURRENT_TIMESTAMP,
  `fk_user_c` int(11) DEFAULT NULL,
  `fk_user_m` int(11) DEFAULT NULL,
  `acl` text COLLATE utf8_unicode_ci,
  PRIMARY KEY (`rowid`),
  UNIQUE KEY `uk_ecm_directories` (`label`,`fk_parent`,`entity`),
  KEY `idx_ecm_directories_fk_user_c` (`fk_user_c`),
  KEY `idx_ecm_directories_fk_user_m` (`fk_user_m`),
  CONSTRAINT `fk_ecm_directories_fk_user_c` FOREIGN KEY (`fk_user_c`) REFERENCES `llx_user` (`rowid`),
  CONSTRAINT `fk_ecm_directories_fk_user_m` FOREIGN KEY (`fk_user_m`) REFERENCES `llx_user` (`rowid`)
) ENGINE=InnoDB AUTO_INCREMENT=10 DEFAULT CHARSET=utf8 COLLATE=utf8_unicode_ci;

--
-- Dumping data for table `llx_ecm_directories`
--

INSERT INTO `llx_ecm_directories` VALUES (8,'Administrative documents',1,0,'Directory to store administrative contacts',0,NULL,NULL,'2018-07-30 16:54:41','2018-07-30 12:54:41',12,NULL,NULL),(9,'Images',1,0,'',34,NULL,NULL,'2018-07-30 16:55:33','2018-07-30 13:24:41',12,NULL,NULL);

--
-- Table structure for table `llx_ecm_files`
--

CREATE TABLE `llx_ecm_files` (
  `rowid` int(11) NOT NULL AUTO_INCREMENT,
  `ref` varchar(128) COLLATE utf8_unicode_ci DEFAULT NULL,
  `label` varchar(128) COLLATE utf8_unicode_ci NOT NULL,
  `share` varchar(128) COLLATE utf8_unicode_ci DEFAULT NULL,
  `entity` int(11) NOT NULL DEFAULT '1',
  `filename` varchar(255) COLLATE utf8_unicode_ci NOT NULL,
  `filepath` varchar(255) COLLATE utf8_unicode_ci DEFAULT NULL,
  `fullpath_orig` varchar(750) COLLATE utf8_unicode_ci DEFAULT NULL,
  `description` text COLLATE utf8_unicode_ci,
  `keywords` text COLLATE utf8_unicode_ci,
  `cover` text COLLATE utf8_unicode_ci,
  `gen_or_uploaded` varchar(12) COLLATE utf8_unicode_ci DEFAULT NULL,
  `extraparams` varchar(255) COLLATE utf8_unicode_ci DEFAULT NULL,
  `date_c` datetime DEFAULT NULL,
  `date_m` timestamp NOT NULL DEFAULT CURRENT_TIMESTAMP ON UPDATE CURRENT_TIMESTAMP,
  `fk_user_c` int(11) DEFAULT NULL,
  `fk_user_m` int(11) DEFAULT NULL,
  `acl` text COLLATE utf8_unicode_ci,
  `position` int(11) DEFAULT NULL,
  `keyword` varchar(750) COLLATE utf8_unicode_ci DEFAULT NULL,
  `src_object_type` varchar(32) COLLATE utf8_unicode_ci DEFAULT NULL,
  `src_object_id` int(11) DEFAULT NULL,
  PRIMARY KEY (`rowid`),
  UNIQUE KEY `uk_ecm_files` (`filepath`,`filename`,`entity`),
  KEY `idx_ecm_files_label` (`label`)
) ENGINE=InnoDB AUTO_INCREMENT=19 DEFAULT CHARSET=utf8 COLLATE=utf8_unicode_ci;

--
-- Dumping data for table `llx_ecm_files`
--

INSERT INTO `llx_ecm_files` VALUES (1,NULL,'6ff09d1c53ef83fe622b02a320bcfa52',NULL,1,'FA1107-0019.pdf','facture/FA1107-0019','/home/ldestailleur/git/dolibarr_6.0/documents/facture/FA1107-0019/FA1107-0019.pdf','',NULL,NULL,'unknown',NULL,'2017-08-30 15:53:34','2017-08-30 11:53:34',18,NULL,NULL,1,NULL,NULL,NULL),(2,NULL,'a6c8a0f04af73e4dfc059006d7a5f55a',NULL,1,'FA1107-0019_invoice.odt','facture/FA1107-0019','/home/ldestailleur/git/dolibarr_6.0/documents/facture/FA1107-0019/FA1107-0019_invoice.odt','',NULL,NULL,'unknown',NULL,'2017-08-30 15:53:34','2017-08-30 11:53:34',18,NULL,NULL,2,NULL,NULL,NULL),(3,NULL,'24e96a4a0da25d1ac5049ea46d031d3a',NULL,1,'FA1107-0019-depotFacture-1418-INH-N000289-20170720.pdf','facture/FA1107-0019','depotFacture-1418-INH-N000289-20170720.pdf','',NULL,NULL,'uploaded',NULL,'2017-08-30 15:54:45','2017-08-30 11:54:45',18,NULL,NULL,3,NULL,NULL,NULL),(4,NULL,'91a42a4e2c77e826562c83fa84f6fccd',NULL,1,'CO7001-0027-acces-coopinfo.txt','commande/CO7001-0027','acces-coopinfo.txt','',NULL,NULL,'uploaded',NULL,'2017-08-30 16:02:33','2017-08-30 12:02:33',18,NULL,NULL,1,NULL,NULL,NULL),(5,'5fe17a68b2f6a73e6326f77fa7b6586c','a60cad66c6da948eb08d5b939f3516ff',NULL,1,'FA1601-0024.pdf','facture/FA1601-0024','','',NULL,NULL,'generated',NULL,'2017-08-30 16:23:01','2018-03-16 09:59:31',12,12,NULL,1,NULL,NULL,NULL),(6,NULL,'24e96a4a0da25d1ac5049ea46d031d3a',NULL,1,'FA1601-0024-depotFacture-1418-INH-N000289-20170720.pdf','facture/FA1601-0024','depotFacture-1418-INH-N000289-20170720.pdf','',NULL,NULL,'uploaded',NULL,'2017-08-30 16:23:14','2017-08-30 12:23:14',12,NULL,NULL,2,NULL,NULL,NULL),(7,NULL,'d41d8cd98f00b204e9800998ecf8427e',NULL,1,'Exxxqqqw','produit/COMP-XP4523','/home/ldestailleur/git/dolibarr_6.0/documents/produit/COMP-XP4523/Exxxqqqw','',NULL,NULL,'unknown',NULL,'2017-08-30 19:03:15','2017-08-30 15:04:02',12,NULL,NULL,2,NULL,NULL,NULL),(8,NULL,'8245ba8e8e345655f06cd904d7d54f73',NULL,1,'compxp4523product.jpg','produit/COMP-XP4523','/home/ldestailleur/git/dolibarr_6.0/documents/produit/COMP-XP4523/compxp4523product.jpg','',NULL,NULL,'unknown',NULL,'2017-08-30 19:03:15','2017-08-30 15:04:02',12,NULL,NULL,1,NULL,NULL,NULL),(9,NULL,'d32552ee874c82b9f0ccab4f309b4b61',NULL,1,'dolihelp.ico','produit/COMP-XP4523','/home/ldestailleur/git/dolibarr_6.0/documents/produit/COMP-XP4523/dolihelp.ico','',NULL,NULL,'unknown',NULL,'2017-08-30 19:03:15','2017-08-30 15:03:15',12,NULL,NULL,3,NULL,NULL,NULL),(10,'afef987559622d6334fdc4a9a134c435','ccd46bbf3ab6c78588a0ba775106258f',NULL,1,'rolluproduct.jpg','produit/ROLLUPABC','/home/dolibarr/demo.dolibarr.org/dolibarr_documents/produit/ROLLUPABC/rolluproduct.jpg','',NULL,NULL,'unknown',NULL,'2018-01-19 11:23:16','2018-01-19 11:23:16',12,NULL,NULL,1,NULL,NULL,NULL),(11,'a8bbc6c6daea9a4dd58d6fb37a77a030','2f1f2ea4b1b4eb9f25ba440c7870ffcd',NULL,1,'dolicloud_logo.png','produit/DOLICLOUD','/home/dolibarr/demo.dolibarr.org/dolibarr_documents/produit/DOLICLOUD/dolicloud_logo.png','',NULL,NULL,'unknown',NULL,'2018-01-19 11:23:16','2018-01-19 11:23:16',12,NULL,NULL,1,NULL,NULL,NULL),(12,'bd0951e23023b22ad1cd21fe33ee46bf','03f0be1249e56fd0b3dd02d5545e3675',NULL,1,'applepieproduct.jpg','produit/CAKECONTRIB','/home/dolibarr/demo.dolibarr.org/dolibarr_documents/produit/CAKECONTRIB/applepieproduct.jpg','',NULL,NULL,'unknown',NULL,'2018-01-19 11:23:16','2018-01-19 11:23:16',12,NULL,NULL,1,NULL,NULL,NULL),(13,'e9e029e2d2bbd014162c0b385ab8739a','b7446fb7b54a3085ff7167e2c5b370fd',NULL,1,'pearpieproduct.jpg','produit/PEARPIE','/home/dolibarr/demo.dolibarr.org/dolibarr_documents/produit/PEARPIE/pearpieproduct.jpg','',NULL,NULL,'unknown',NULL,'2018-01-19 11:23:16','2018-01-19 11:23:16',12,NULL,NULL,1,NULL,NULL,NULL),(14,'14eea962fb99dc6dd8ca4474c519f837','973b1603b5eb01aac97eb2d911f4c341',NULL,1,'pinkdressproduct.jpg','produit/PINKDRESS','/home/dolibarr/demo.dolibarr.org/dolibarr_documents/produit/PINKDRESS/pinkdressproduct.jpg','',NULL,NULL,'unknown',NULL,'2018-01-19 11:23:16','2018-01-19 11:23:16',12,NULL,NULL,1,NULL,NULL,NULL),(15,'83616b4ec45e835526144ce114979f49','2adadd910fe97a07bd5be0f1f27f2d28',NULL,1,'dolidroid_114x114.png','produit/DOLIDROID','/home/dolibarr/demo.dolibarr.org/dolibarr_documents/produit/DOLIDROID/dolidroid_114x114.png','',NULL,NULL,'unknown',NULL,'2018-01-19 11:23:16','2018-01-19 11:23:16',12,NULL,NULL,1,NULL,NULL,NULL),(16,'6b11123918f12440cac5fa3c3190d2d6','8a0bc12d0e579a5a56e299a1a128ba80',NULL,1,'dolidroid_512x512_en.png','produit/DOLIDROID','/home/dolibarr/demo.dolibarr.org/dolibarr_documents/produit/DOLIDROID/dolidroid_512x512_en.png','',NULL,NULL,'unknown',NULL,'2018-01-19 11:23:16','2018-01-19 11:23:16',12,NULL,NULL,2,NULL,NULL,NULL),(17,'5c0ceed2d113af84868710c940e1a921','246708ef260d601dcfa367a6b3258ecf',NULL,1,'dolidroid_screenshot_home_720x1280.png','produit/DOLIDROID','/home/dolibarr/demo.dolibarr.org/dolibarr_documents/produit/DOLIDROID/dolidroid_screenshot_home_720x1280.png','',NULL,NULL,'unknown',NULL,'2018-01-19 11:23:16','2018-01-19 11:23:16',12,NULL,NULL,3,NULL,NULL,NULL),(18,'1972b3da7908b3e08247e6e23bb7bdc3','03f0be1249e56fd0b3dd02d5545e3675',NULL,1,'applepieproduct.jpg','produit/APPLEPIE','/home/dolibarr/demo.dolibarr.org/dolibarr_documents/produit/APPLEPIE/applepieproduct.jpg','',NULL,NULL,'unknown',NULL,'2018-01-19 11:23:16','2018-01-19 11:23:16',12,NULL,NULL,1,NULL,NULL,NULL);

--
