-- Table structure for table `llx_contrat`
--

CREATE TABLE `llx_contrat` (
  `rowid` int(11) NOT NULL AUTO_INCREMENT,
  `ref` varchar(30) DEFAULT NULL,
  `ref_ext` varchar(30) DEFAULT NULL,
  `ref_supplier` varchar(30) DEFAULT NULL,
  `entity` int(11) NOT NULL DEFAULT '1',
  `tms` timestamp NOT NULL DEFAULT CURRENT_TIMESTAMP ON UPDATE CURRENT_TIMESTAMP,
  `datec` datetime DEFAULT NULL,
  `date_contrat` datetime DEFAULT NULL,
  `statut` smallint(6) DEFAULT '0',
  `mise_en_service` datetime DEFAULT NULL,
  `fin_validite` datetime DEFAULT NULL,
  `date_cloture` datetime DEFAULT NULL,
  `fk_soc` int(11) NOT NULL,
  `fk_projet` int(11) DEFAULT NULL,
  `fk_commercial_signature` int(11) DEFAULT NULL,
  `fk_commercial_suivi` int(11) DEFAULT NULL,
  `fk_user_author` int(11) NOT NULL DEFAULT '0',
  `fk_user_mise_en_service` int(11) DEFAULT NULL,
  `fk_user_cloture` int(11) DEFAULT NULL,
  `note_private` text,
  `note_public` text,
  `model_pdf` varchar(255) DEFAULT NULL,
  `import_key` varchar(14) DEFAULT NULL,
  `extraparams` varchar(255) DEFAULT NULL,
  PRIMARY KEY (`rowid`),
  UNIQUE KEY `uk_contrat_ref` (`ref`,`entity`),
  KEY `idx_contrat_fk_soc` (`fk_soc`),
  KEY `idx_contrat_fk_user_author` (`fk_user_author`),
  CONSTRAINT `fk_contrat_fk_soc` FOREIGN KEY (`fk_soc`) REFERENCES `llx_societe` (`rowid`),
  CONSTRAINT `fk_contrat_user_author` FOREIGN KEY (`fk_user_author`) REFERENCES `llx_user` (`rowid`)
) ENGINE=InnoDB AUTO_INCREMENT=4 DEFAULT CHARSET=utf8;

--
-- Dumping data for table `llx_contrat`
--

INSERT INTO `llx_contrat` VALUES (1,'CONTRACT1',NULL,NULL,1,'2010-07-08 23:53:55','2010-07-09 01:53:25','2010-07-09 00:00:00',1,NULL,NULL,NULL,3,NULL,2,2,1,NULL,NULL,NULL,NULL,NULL,NULL,NULL),(2,'CONTRAT1',NULL,NULL,1,'2010-07-10 16:18:16','2010-07-10 18:13:37','2010-07-10 00:00:00',1,NULL,NULL,NULL,2,NULL,2,2,1,NULL,NULL,NULL,NULL,NULL,NULL,NULL),(3,'CT1303-0001',NULL,NULL,1,'2013-03-06 09:05:07','2013-03-06 10:04:57','2013-03-06 00:00:00',1,NULL,NULL,NULL,19,NULL,1,1,1,NULL,NULL,NULL,NULL,NULL,NULL,NULL);

--
-- Table structure for table `llx_contrat_extrafields`
--

CREATE TABLE `llx_contrat_extrafields` (
  `rowid` int(11) NOT NULL AUTO_INCREMENT,
  `tms` timestamp NOT NULL DEFAULT CURRENT_TIMESTAMP ON UPDATE CURRENT_TIMESTAMP,
  `fk_object` int(11) NOT NULL,
  `import_key` varchar(14) DEFAULT NULL,
  PRIMARY KEY (`rowid`)
) ENGINE=InnoDB DEFAULT CHARSET=utf8;

--
-- Dumping data for table `llx_contrat_extrafields`
--


--
-- Table structure for table `llx_contratdet`
--

CREATE TABLE `llx_contratdet` (
  `rowid` int(11) NOT NULL AUTO_INCREMENT,
  `tms` timestamp NOT NULL DEFAULT CURRENT_TIMESTAMP ON UPDATE CURRENT_TIMESTAMP,
  `fk_contrat` int(11) NOT NULL,
  `fk_product` int(11) DEFAULT NULL,
  `statut` smallint(6) DEFAULT '0',
  `label` text,
  `description` text,
  `fk_remise_except` int(11) DEFAULT NULL,
  `date_commande` datetime DEFAULT NULL,
  `date_ouverture_prevue` datetime DEFAULT NULL,
  `date_ouverture` datetime DEFAULT NULL,
  `date_fin_validite` datetime DEFAULT NULL,
  `date_cloture` datetime DEFAULT NULL,
  `tva_tx` double(6,3) DEFAULT '0.000',
  `localtax1_tx` double(6,3) DEFAULT '0.000',
  `localtax1_type` varchar(10) NOT NULL DEFAULT '0',
  `localtax2_tx` double(6,3) DEFAULT '0.000',
  `localtax2_type` varchar(10) NOT NULL DEFAULT '0',
  `qty` double NOT NULL,
  `remise_percent` double DEFAULT '0',
  `subprice` double(24,8) DEFAULT '0.00000000',
  `price_ht` double DEFAULT NULL,
  `remise` double DEFAULT '0',
  `total_ht` double(24,8) DEFAULT '0.00000000',
  `total_tva` double(24,8) DEFAULT '0.00000000',
  `total_localtax1` double(24,8) DEFAULT '0.00000000',
  `total_localtax2` double(24,8) DEFAULT '0.00000000',
  `total_ttc` double(24,8) DEFAULT '0.00000000',
  `product_type` int(11) DEFAULT '1',
  `info_bits` int(11) DEFAULT '0',
  `fk_product_fournisseur_price` int(11) DEFAULT NULL,
  `buy_price_ht` double(24,8) DEFAULT '0.00000000',
  `fk_user_author` int(11) NOT NULL DEFAULT '0',
  `fk_user_ouverture` int(11) DEFAULT NULL,
  `fk_user_cloture` int(11) DEFAULT NULL,
  `commentaire` text,
  PRIMARY KEY (`rowid`),
  KEY `idx_contratdet_fk_contrat` (`fk_contrat`),
  KEY `idx_contratdet_fk_product` (`fk_product`),
  KEY `idx_contratdet_date_ouverture_prevue` (`date_ouverture_prevue`),
  KEY `idx_contratdet_date_ouverture` (`date_ouverture`),
  KEY `idx_contratdet_date_fin_validite` (`date_fin_validite`),
  CONSTRAINT `fk_contratdet_fk_contrat` FOREIGN KEY (`fk_contrat`) REFERENCES `llx_contrat` (`rowid`),
  CONSTRAINT `fk_contratdet_fk_product` FOREIGN KEY (`fk_product`) REFERENCES `llx_product` (`rowid`)
) ENGINE=InnoDB AUTO_INCREMENT=6 DEFAULT CHARSET=utf8;

--
-- Dumping data for table `llx_contratdet`
--

INSERT INTO `llx_contratdet` VALUES (1,'2013-03-06 09:00:00',1,3,4,'','',NULL,NULL,'2010-07-09 00:00:00','2010-07-09 12:00:00','2013-03-15 00:00:00',NULL,0.000,0.000,'',0.000,'',1,0,0.00000000,0,NULL,0.00000000,0.00000000,0.00000000,0.00000000,0.00000000,1,0,0,0.00000000,0,1,1,''),(2,'2010-07-10 16:14:14',2,NULL,0,'','Abonnement annuel assurance',NULL,NULL,'2010-07-10 00:00:00',NULL,'2011-07-10 00:00:00',NULL,1.000,0.000,'',0.000,'',1,0,10.00000000,10,0,10.00000000,0.10000000,0.00000000,0.00000000,10.10000000,1,0,NULL,0.00000000,0,NULL,NULL,NULL),(3,'2013-03-05 10:20:58',2,3,5,'','gdfg',NULL,NULL,'2010-07-10 00:00:00','2010-07-10 12:00:00','2011-07-09 00:00:00','2013-03-06 12:00:00',4.000,0.000,'',0.000,'',1,0,0.00000000,0,NULL,0.00000000,0.00000000,0.00000000,0.00000000,0.00000000,1,0,0,0.00000000,0,1,1,''),(4,'2012-12-08 13:11:17',2,3,0,'','',NULL,NULL,'2010-07-10 00:00:00',NULL,NULL,NULL,0.000,0.000,'',0.000,'',1,10,40.00000000,40,NULL,36.00000000,0.00000000,0.00000000,0.00000000,36.00000000,1,0,NULL,0.00000000,0,NULL,1,''),(5,'2013-03-06 09:05:40',3,NULL,4,'','gfdg',NULL,NULL,NULL,'2013-03-06 12:00:00','2013-03-07 12:00:00',NULL,0.000,0.000,'',0.000,'',1,0,10.00000000,10,NULL,10.00000000,0.00000000,0.00000000,0.00000000,10.00000000,1,0,0,0.00000000,0,1,1,'');

--
-- Table structure for table `llx_contratdet_log`
--

CREATE TABLE `llx_contratdet_log` (
  `rowid` int(11) NOT NULL AUTO_INCREMENT,
  `tms` timestamp NOT NULL DEFAULT CURRENT_TIMESTAMP ON UPDATE CURRENT_TIMESTAMP,
  `fk_contratdet` int(11) NOT NULL,
  `date` datetime NOT NULL,
  `statut` smallint(6) NOT NULL,
  `fk_user_author` int(11) NOT NULL,
  `commentaire` text,
  PRIMARY KEY (`rowid`),
  KEY `idx_contratdet_log_fk_contratdet` (`fk_contratdet`),
  KEY `idx_contratdet_log_date` (`date`),
  CONSTRAINT `fk_contratdet_log_fk_contratdet` FOREIGN KEY (`fk_contratdet`) REFERENCES `llx_contratdet` (`rowid`)
) ENGINE=InnoDB DEFAULT CHARSET=utf8;

--
-- Dumping data for table `llx_contratdet_log`
--


--
-- Table structure for table `llx_cotisation`
--

CREATE TABLE `llx_cotisation` (
  `rowid` int(11) NOT NULL AUTO_INCREMENT,
  `tms` timestamp NOT NULL DEFAULT CURRENT_TIMESTAMP ON UPDATE CURRENT_TIMESTAMP,
  `datec` datetime DEFAULT NULL,
  `fk_adherent` int(11) DEFAULT NULL,
  `dateadh` datetime DEFAULT NULL,
  `datef` date DEFAULT NULL,
  `cotisation` double DEFAULT NULL,
  `fk_bank` int(11) DEFAULT NULL,
  `note` text,
  PRIMARY KEY (`rowid`),
  UNIQUE KEY `uk_cotisation` (`fk_adherent`,`dateadh`)
) ENGINE=InnoDB AUTO_INCREMENT=11 DEFAULT CHARSET=utf8;

--
-- Dumping data for table `llx_cotisation`
--

INSERT INTO `llx_cotisation` VALUES (1,'2010-07-10 13:05:30','2010-07-10 15:05:30',2,'2010-07-10 00:00:00','2011-07-10',20,NULL,'Adhésion/cotisation 2010'),(2,'2010-07-11 14:20:00','2010-07-11 16:20:00',2,'2011-07-11 00:00:00','2012-07-10',10,NULL,'Adhésion/cotisation 2011'),(3,'2010-07-18 10:20:33','2010-07-18 12:20:33',2,'2012-07-11 00:00:00','2013-07-17',10,NULL,'Adhésion/cotisation 2012'),(4,'2013-03-06 15:43:37','2013-03-06 16:43:37',2,'2013-07-18 00:00:00','2014-07-17',10,NULL,'Adhésion/cotisation 2013'),(5,'2013-03-06 15:44:12','2013-03-06 16:44:12',2,'2014-07-18 00:00:00','2015-07-17',11,NULL,'Adhésion/cotisation 2014'),(6,'2013-03-06 15:47:48','2013-03-06 16:47:48',2,'2015-07-18 00:00:00','2016-07-17',10,NULL,'Adhésion/cotisation 2015'),(7,'2013-03-06 15:48:16','2013-03-06 16:48:16',2,'2016-07-18 00:00:00','2017-07-17',20,22,'Adhésion/cotisation 2016'),(8,'2013-03-20 13:17:57','2013-03-20 14:17:57',1,'2010-07-10 00:00:00','2011-07-09',10,NULL,'Adhésion/cotisation 2010'),(10,'2013-03-20 13:30:11','2013-03-20 14:30:11',1,'2011-07-10 00:00:00','2012-07-09',10,23,'Adhésion/cotisation 2011');

--
-- Table structure for table `llx_cronjob`
--

CREATE TABLE `llx_cronjob` (
  `rowid` int(11) NOT NULL AUTO_INCREMENT,
  `tms` timestamp NOT NULL DEFAULT CURRENT_TIMESTAMP ON UPDATE CURRENT_TIMESTAMP,
  `datec` datetime DEFAULT NULL,
  `jobtype` varchar(10) NOT NULL,
  `label` text NOT NULL,
  `command` varchar(255) DEFAULT NULL,
  `classesname` varchar(255) DEFAULT NULL,
  `objectname` varchar(255) DEFAULT NULL,
  `methodename` varchar(255) DEFAULT NULL,
  `params` text NOT NULL,
  `md5params` varchar(32) DEFAULT NULL,
  `module_name` varchar(255) DEFAULT NULL,
  `priority` int(11) DEFAULT '0',
  `datelastrun` datetime DEFAULT NULL,
  `datenextrun` datetime DEFAULT NULL,
  `datestart` datetime DEFAULT NULL,
  `dateend` datetime DEFAULT NULL,
  `datelastresult` datetime DEFAULT NULL,
  `lastresult` text,
  `lastoutput` text,
  `unitfrequency` int(11) NOT NULL DEFAULT '0',
  `frequency` int(11) NOT NULL DEFAULT '0',
  `nbrun` int(11) DEFAULT NULL,
  `status` int(11) NOT NULL DEFAULT '1',
  `fk_user_author` int(11) DEFAULT NULL,
  `fk_user_mod` int(11) DEFAULT NULL,
  `note` text,
  `libname` varchar(255) DEFAULT NULL,
  PRIMARY KEY (`rowid`)
) ENGINE=InnoDB AUTO_INCREMENT=2 DEFAULT CHARSET=utf8;

--
-- Dumping data for table `llx_cronjob`
--

INSERT INTO `llx_cronjob` VALUES (1,'2013-03-23 18:18:39','2013-03-23 19:18:39','command','aaa','aaaa','','','','','','',0,NULL,NULL,'2013-03-23 19:18:00',NULL,NULL,NULL,NULL,3600,3600,0,0,1,1,'',NULL);

--
-- Table structure for table `llx_deplacement`
--

CREATE TABLE `llx_deplacement` (
  `rowid` int(11) NOT NULL AUTO_INCREMENT,
  `ref` varchar(30) DEFAULT NULL,
  `entity` int(11) NOT NULL DEFAULT '1',
  `datec` datetime NOT NULL,
  `tms` timestamp NOT NULL DEFAULT CURRENT_TIMESTAMP ON UPDATE CURRENT_TIMESTAMP,
  `dated` datetime DEFAULT NULL,
  `fk_user` int(11) NOT NULL,
  `fk_user_author` int(11) DEFAULT NULL,
  `fk_user_modif` int(11) DEFAULT NULL,
  `type` varchar(12) NOT NULL,
  `fk_statut` int(11) NOT NULL DEFAULT '1',
  `km` double DEFAULT NULL,
  `fk_soc` int(11) DEFAULT NULL,
  `fk_projet` int(11) DEFAULT '0',
  `note_private` text,
  `note_public` text,
  `extraparams` varchar(255) DEFAULT NULL,
  PRIMARY KEY (`rowid`)
) ENGINE=InnoDB AUTO_INCREMENT=2 DEFAULT CHARSET=utf8;

--
-- Dumping data for table `llx_deplacement`
--

INSERT INTO `llx_deplacement` VALUES (1,NULL,1,'2010-07-09 01:58:04','2010-07-08 23:58:18','2010-07-09 12:00:00',2,1,NULL,'TF_LUNCH',1,10,2,1,NULL,NULL,NULL);

--
-- Table structure for table `llx_document_generator`
--

CREATE TABLE `llx_document_generator` (
  `rowid` int(10) unsigned NOT NULL,
  `name` varchar(255) NOT NULL,
  `classfile` varchar(255) NOT NULL,
  `class` varchar(255) NOT NULL,
  PRIMARY KEY (`rowid`)
) ENGINE=InnoDB DEFAULT CHARSET=utf8;

--
-- Dumping data for table `llx_document_generator`
--


--
-- Table structure for table `llx_document_model`
--

CREATE TABLE `llx_document_model` (
  `rowid` int(11) NOT NULL AUTO_INCREMENT,
  `nom` varchar(50) DEFAULT NULL,
  `entity` int(11) NOT NULL DEFAULT '1',
  `type` varchar(20) NOT NULL,
  `libelle` varchar(255) DEFAULT NULL,
  `description` text,
  PRIMARY KEY (`rowid`),
  UNIQUE KEY `uk_document_model` (`nom`,`type`,`entity`)
) ENGINE=InnoDB AUTO_INCREMENT=228 DEFAULT CHARSET=utf8;

--
-- Dumping data for table `llx_document_model`
--

INSERT INTO `llx_document_model` VALUES (9,'merou',1,'shipping',NULL,NULL),(15,'fsfe.fr.php',1,'donation',NULL,NULL),(21,'baleine',1,'project',NULL,NULL),(174,'azur',1,'propal',NULL,NULL),(175,'rouget',1,'shipping',NULL,NULL),(176,'typhon',1,'delivery',NULL,NULL),(178,'soleil',1,'ficheinter',NULL,NULL),(181,'generic_invoice_odt',1,'invoice','ODT templates','FACTURE_ADDON_PDF_ODT_PATH'),(193,'canelle2',1,'invoice_supplier','canelle2',NULL),(195,'canelle',1,'invoice_supplier','canelle',NULL),(198,'azur',2,'propal',NULL,NULL),(199,'html_cerfafr',2,'donation',NULL,NULL),(200,'crabe',2,'invoice',NULL,NULL),(201,'generic_odt',1,'company','ODT templates','COMPANY_ADDON_PDF_ODT_PATH'),(224,'einstein',1,'order',NULL,NULL),(225,'crabe',1,'invoice',NULL,NULL),(226,'muscadet',1,'order_supplier',NULL,NULL),(227,'html_cerfafr',1,'donation',NULL,NULL);

--
-- Table structure for table `llx_dolicloud_emailstemplates`
--

CREATE TABLE `llx_dolicloud_emailstemplates` (
  `rowid` int(11) NOT NULL AUTO_INCREMENT,
  `emailtype` varchar(128) NOT NULL,
  `lang` varchar(12) NOT NULL,
  `topic` varchar(256) NOT NULL,
  `content` text NOT NULL,
  PRIMARY KEY (`rowid`),
  UNIQUE KEY `uk_dolicloud_emailstemplates` (`emailtype`,`lang`)
) ENGINE=InnoDB AUTO_INCREMENT=11 DEFAULT CHARSET=utf8;

--
-- Dumping data for table `llx_dolicloud_emailstemplates`
--



--
-- Table structure for table `llx_domain`
--

CREATE TABLE `llx_domain` (
  `rowid` int(11) NOT NULL AUTO_INCREMENT,
  `datec` datetime DEFAULT NULL,
  `label` varchar(255) DEFAULT NULL,
  `note` text,
  PRIMARY KEY (`rowid`)
) ENGINE=InnoDB DEFAULT CHARSET=utf8;

--
-- Dumping data for table `llx_domain`
--


--
-- Table structure for table `llx_don`
--

CREATE TABLE `llx_don` (
  `rowid` int(11) NOT NULL AUTO_INCREMENT,
  `ref` varchar(30) DEFAULT NULL,
  `entity` int(11) NOT NULL DEFAULT '1',
  `tms` timestamp NOT NULL DEFAULT CURRENT_TIMESTAMP ON UPDATE CURRENT_TIMESTAMP,
  `fk_statut` smallint(6) NOT NULL DEFAULT '0',
  `datec` datetime DEFAULT NULL,
  `datedon` datetime DEFAULT NULL,
  `amount` double DEFAULT '0',
  `fk_paiement` int(11) DEFAULT NULL,
  `firstname` varchar(50) DEFAULT NULL,
  `lastname` varchar(50) DEFAULT NULL,
  `societe` varchar(50) DEFAULT NULL,
  `address` text,
  `zip` varchar(10) DEFAULT NULL,
  `town` varchar(50) DEFAULT NULL,
  `country` varchar(50) DEFAULT NULL,
  `email` varchar(255) DEFAULT NULL,
  `phone` varchar(24) DEFAULT NULL,
  `phone_mobile` varchar(24) DEFAULT NULL,
  `public` smallint(6) NOT NULL DEFAULT '1',
  `fk_don_projet` int(11) DEFAULT NULL,
  `fk_user_author` int(11) NOT NULL,
  `fk_user_valid` int(11) DEFAULT NULL,
  `note_private` text,
  `note_public` text,
  `model_pdf` varchar(255) DEFAULT NULL,
  `import_key` varchar(14) DEFAULT NULL,
  PRIMARY KEY (`rowid`)
) ENGINE=InnoDB AUTO_INCREMENT=2 DEFAULT CHARSET=utf8;

--
-- Dumping data for table `llx_don`
--

INSERT INTO `llx_don` VALUES (1,NULL,1,'2010-07-08 23:57:17',1,'2010-07-09 01:55:33','2010-07-09 12:00:00',10,1,'Donator','','Guest company','','','','France','',NULL,NULL,1,1,1,1,'',NULL,'html_cerfafr',NULL);

--
-- Table structure for table `llx_ecm_directories`
--

CREATE TABLE `llx_ecm_directories` (
  `rowid` int(11) NOT NULL AUTO_INCREMENT,
  `label` varchar(64) NOT NULL,
  `entity` int(11) NOT NULL DEFAULT '1',
  `fk_parent` int(11) DEFAULT NULL,
  `description` varchar(255) NOT NULL,
  `cachenbofdoc` int(11) NOT NULL DEFAULT '0',
  `fullpath` varchar(255) DEFAULT NULL,
  `extraparams` varchar(255) DEFAULT NULL,
  `date_c` datetime DEFAULT NULL,
  `date_m` timestamp NOT NULL DEFAULT CURRENT_TIMESTAMP ON UPDATE CURRENT_TIMESTAMP,
  `fk_user_c` int(11) DEFAULT NULL,
  `fk_user_m` int(11) DEFAULT NULL,
  `acl` text,
  PRIMARY KEY (`rowid`),
  UNIQUE KEY `idx_ecm_directories` (`label`,`fk_parent`,`entity`),
  KEY `idx_ecm_directories_fk_user_c` (`fk_user_c`),
  KEY `idx_ecm_directories_fk_user_m` (`fk_user_m`),
  CONSTRAINT `fk_ecm_directories_fk_user_c` FOREIGN KEY (`fk_user_c`) REFERENCES `llx_user` (`rowid`),
  CONSTRAINT `fk_ecm_directories_fk_user_m` FOREIGN KEY (`fk_user_m`) REFERENCES `llx_user` (`rowid`)
) ENGINE=InnoDB AUTO_INCREMENT=8 DEFAULT CHARSET=utf8;

--
-- Dumping data for table `llx_ecm_directories`
--

INSERT INTO `llx_ecm_directories` VALUES (1,'Répertoire_1',1,0,'',1,NULL,NULL,'2010-07-11 16:27:26','2010-07-11 14:27:44',1,NULL,NULL),(2,'dddd',1,0,'',3,NULL,NULL,'2013-02-20 19:11:05','2013-02-20 18:11:05',1,NULL,NULL),(3,'bbb',1,2,'',0,NULL,NULL,'2013-02-20 19:11:05','2013-02-20 18:11:06',1,NULL,NULL),(4,'aaa',1,2,'',1,NULL,NULL,'2013-02-20 19:11:05','2013-02-20 18:11:06',1,NULL,NULL),(5,'gggggg',1,0,'',2,NULL,NULL,'2013-02-20 19:11:05','2013-02-20 18:11:05',1,NULL,NULL),(6,'mmm',1,0,'',0,NULL,NULL,'2013-02-20 19:11:05','2013-02-20 18:11:05',1,NULL,NULL),(7,'aaa',1,0,'',1,NULL,NULL,'2013-02-20 19:11:05','2013-02-20 18:11:05',1,NULL,NULL);

--
-- Table structure for table `llx_ecm_documents`
--

CREATE TABLE `llx_ecm_documents` (
  `rowid` int(11) NOT NULL AUTO_INCREMENT,
  `ref` varchar(16) NOT NULL,
  `entity` int(11) NOT NULL DEFAULT '1',
  `filename` varchar(255) NOT NULL,
  `filesize` int(11) NOT NULL,
  `filemime` varchar(32) NOT NULL,
  `fullpath_dol` varchar(255) NOT NULL,
  `fullpath_orig` varchar(255) NOT NULL,
  `description` text,
  `manualkeyword` text,
  `fk_create` int(11) NOT NULL,
  `fk_update` int(11) DEFAULT NULL,
  `date_c` datetime NOT NULL,
  `date_u` timestamp NOT NULL DEFAULT CURRENT_TIMESTAMP ON UPDATE CURRENT_TIMESTAMP,
  `fk_directory` int(11) DEFAULT NULL,
  `fk_status` smallint(6) DEFAULT '0',
  `private` smallint(6) DEFAULT '0',
  `crc` varchar(32) NOT NULL DEFAULT '',
  `cryptkey` varchar(50) NOT NULL DEFAULT '',
  `cipher` varchar(50) NOT NULL DEFAULT 'twofish',
  PRIMARY KEY (`rowid`),
  UNIQUE KEY `idx_ecm_documents` (`fullpath_dol`)
) ENGINE=InnoDB DEFAULT CHARSET=utf8;

--
-- Dumping data for table `llx_ecm_documents`
--


--
-- Table structure for table `llx_element_contact`
--

CREATE TABLE `llx_element_contact` (
  `rowid` int(11) NOT NULL AUTO_INCREMENT,
  `datecreate` datetime DEFAULT NULL,
  `statut` smallint(6) DEFAULT '5',
  `element_id` int(11) NOT NULL,
  `fk_c_type_contact` int(11) NOT NULL,
  `fk_socpeople` int(11) NOT NULL,
  PRIMARY KEY (`rowid`),
  UNIQUE KEY `idx_element_contact_idx1` (`element_id`,`fk_c_type_contact`,`fk_socpeople`),
  KEY `fk_element_contact_fk_c_type_contact` (`fk_c_type_contact`),
  KEY `idx_element_contact_fk_socpeople` (`fk_socpeople`),
  CONSTRAINT `fk_element_contact_fk_c_type_contact` FOREIGN KEY (`fk_c_type_contact`) REFERENCES `llx_c_type_contact` (`rowid`)
) ENGINE=InnoDB AUTO_INCREMENT=21 DEFAULT CHARSET=utf8;

--
-- Dumping data for table `llx_element_contact`
--

INSERT INTO `llx_element_contact` VALUES (1,'2010-07-09 00:49:43',4,1,160,1),(2,'2010-07-09 00:49:56',4,2,160,1),(3,'2010-07-09 00:50:19',4,3,160,1),(4,'2010-07-09 00:50:42',4,4,160,1),(5,'2010-07-09 01:52:36',4,1,120,1),(6,'2010-07-09 01:53:25',4,1,10,2),(7,'2010-07-09 01:53:25',4,1,11,2),(8,'2010-07-10 18:13:37',4,2,10,2),(9,'2010-07-10 18:13:37',4,2,11,2),(10,'2010-07-11 15:15:55',4,1,180,1),(11,'2010-07-11 16:22:36',4,5,160,1),(12,'2010-07-11 16:23:53',4,2,180,1),(13,'2013-01-23 15:04:27',4,19,200,5),(14,'2013-01-23 16:06:37',4,19,210,2),(15,'2013-01-23 16:12:43',4,19,220,2),(16,'2013-03-06 10:04:57',4,3,10,1),(17,'2013-03-06 10:04:57',4,3,11,1),(18,'2014-12-21 13:52:41',4,3,180,1),(19,'2014-12-21 13:55:39',4,4,180,1),(20,'2014-12-21 14:16:58',4,5,180,1);

--
-- Table structure for table `llx_element_element`
--

CREATE TABLE `llx_element_element` (
  `rowid` int(11) NOT NULL AUTO_INCREMENT,
  `fk_source` int(11) NOT NULL,
  `sourcetype` varchar(32) NOT NULL,
  `fk_target` int(11) NOT NULL,
  `targettype` varchar(32) NOT NULL,
  PRIMARY KEY (`rowid`),
  UNIQUE KEY `idx_element_element_idx1` (`fk_source`,`sourcetype`,`fk_target`,`targettype`),
  KEY `idx_element_element_fk_target` (`fk_target`)
) ENGINE=InnoDB AUTO_INCREMENT=14 DEFAULT CHARSET=utf8;

--
-- Dumping data for table `llx_element_element`
--

INSERT INTO `llx_element_element` VALUES (7,1,'shipping',154,'facture'),(8,1,'shipping',155,'facture'),(9,1,'shipping',156,'facture'),(1,2,'contrat',2,'facture'),(2,2,'propal',1,'commande'),(11,2,'shipping',157,'facture'),(3,5,'commande',1,'shipping'),(6,5,'commande',153,'facture'),(10,7,'commande',2,'shipping'),(4,9,'propal',6,'commande'),(5,11,'propal',7,'commande'),(12,12,'propal',8,'commande'),(13,12,'propal',162,'facture');

--
-- Table structure for table `llx_element_lock`
--

CREATE TABLE `llx_element_lock` (
  `rowid` int(11) NOT NULL AUTO_INCREMENT,
  `fk_element` int(11) NOT NULL,
  `elementtype` varchar(32) NOT NULL,
  `datel` datetime DEFAULT NULL,
  `datem` datetime DEFAULT NULL,
  `sessionid` varchar(255) DEFAULT NULL,
  PRIMARY KEY (`rowid`)
) ENGINE=InnoDB DEFAULT CHARSET=utf8;

--
-- Dumping data for table `llx_element_lock`
--


--
-- Table structure for table `llx_element_rang`
--

CREATE TABLE `llx_element_rang` (
  `rowid` int(11) NOT NULL AUTO_INCREMENT,
  `fk_parent` int(11) NOT NULL,
  `parenttype` varchar(16) NOT NULL,
  `fk_child` int(11) NOT NULL,
  `childtype` varchar(16) NOT NULL,
  `rang` int(11) DEFAULT '0',
  PRIMARY KEY (`rowid`),
  UNIQUE KEY `idx_element_rang_idx1` (`fk_parent`,`parenttype`,`fk_child`,`childtype`),
  KEY `idx_element_rang_fk_parent` (`fk_parent`)
) ENGINE=InnoDB DEFAULT CHARSET=utf8;

--
-- Dumping data for table `llx_element_rang`
--


--
-- Table structure for table `llx_element_resources`
--

CREATE TABLE `llx_element_resources` (
  `rowid` int(11) NOT NULL AUTO_INCREMENT,
  `element_id` int(11) DEFAULT NULL,
  `element_type` varchar(64) DEFAULT NULL,
  `resource_id` int(11) DEFAULT NULL,
  `resource_type` varchar(64) DEFAULT NULL,
  `busy` int(11) DEFAULT NULL,
  `mandatory` int(11) DEFAULT NULL,
  `fk_user_create` int(11) DEFAULT NULL,
  `tms` timestamp NOT NULL DEFAULT CURRENT_TIMESTAMP ON UPDATE CURRENT_TIMESTAMP,
  PRIMARY KEY (`rowid`),
  UNIQUE KEY `idx_element_resources_idx1` (`resource_id`,`resource_type`,`element_id`,`element_type`),
  KEY `idx_element_element_element_id` (`element_id`)
) ENGINE=InnoDB DEFAULT CHARSET=utf8;

--
-- Dumping data for table `llx_element_resources`
--


--
-- Table structure for table `llx_element_tag`
--

CREATE TABLE `llx_element_tag` (
  `rowid` int(11) NOT NULL AUTO_INCREMENT,
  `entity` int(11) NOT NULL DEFAULT '1',
  `lang` varchar(5) NOT NULL,
  `tag` varchar(255) NOT NULL,
  `fk_element` int(11) NOT NULL,
  `element` varchar(64) NOT NULL,
  PRIMARY KEY (`rowid`),
  UNIQUE KEY `uk_element_tag` (`entity`,`lang`,`tag`,`fk_element`,`element`)
) ENGINE=InnoDB DEFAULT CHARSET=utf8;

--
-- Dumping data for table `llx_element_tag`
--


--
-- Table structure for table `llx_entity`
--

CREATE TABLE `llx_entity` (
  `rowid` int(11) NOT NULL AUTO_INCREMENT,
  `tms` timestamp NOT NULL DEFAULT CURRENT_TIMESTAMP ON UPDATE CURRENT_TIMESTAMP,
  `label` varchar(255) NOT NULL,
  `description` text,
  `datec` datetime DEFAULT NULL,
  `fk_user_creat` int(11) DEFAULT NULL,
  `options` text,
  `visible` tinyint(4) NOT NULL DEFAULT '1',
  `active` tinyint(4) NOT NULL DEFAULT '1',
  PRIMARY KEY (`rowid`),
  KEY `idx_entity_fk_user_creat` (`fk_user_creat`),
  CONSTRAINT `fk_entity_fk_user_creat` FOREIGN KEY (`fk_user_creat`) REFERENCES `llx_user` (`rowid`)
) ENGINE=InnoDB AUTO_INCREMENT=4 DEFAULT CHARSET=utf8;

--
-- Dumping data for table `llx_entity`
--

INSERT INTO `llx_entity` VALUES (1,'2012-12-08 14:07:29','Master entity','Master entity, can not be deleted','2012-12-08 15:07:29',1,NULL,1,1),(2,'2012-12-08 14:08:27','aaa','','2012-12-08 15:08:14',1,'{\"referent\":null,\"sharings\":{\"product\":null,\"societe\":null,\"category\":null}}',1,1),(3,'2012-12-08 14:08:26','bbb','','2012-12-08 15:08:20',1,'{\"referent\":null,\"sharings\":{\"product\":null,\"societe\":null,\"category\":null}}',1,1);

--
-- Table structure for table `llx_entrepot`
--

CREATE TABLE `llx_entrepot` (
  `rowid` int(11) NOT NULL AUTO_INCREMENT,
  `datec` datetime DEFAULT NULL,
  `tms` timestamp NOT NULL DEFAULT CURRENT_TIMESTAMP ON UPDATE CURRENT_TIMESTAMP,
  `label` varchar(255) NOT NULL,
  `entity` int(11) NOT NULL DEFAULT '1',
  `description` text,
  `lieu` varchar(64) DEFAULT NULL,
  `address` varchar(255) DEFAULT NULL,
  `zip` varchar(10) DEFAULT NULL,
  `town` varchar(50) DEFAULT NULL,
  `fk_departement` int(11) DEFAULT NULL,
  `fk_pays` int(11) DEFAULT '0',
  `statut` tinyint(4) DEFAULT '1',
  `valo_pmp` float(12,4) DEFAULT NULL,
  `fk_user_author` int(11) DEFAULT NULL,
  `import_key` varchar(14) DEFAULT NULL,
  PRIMARY KEY (`rowid`),
  UNIQUE KEY `uk_entrepot_label` (`label`,`entity`)
) ENGINE=InnoDB AUTO_INCREMENT=9 DEFAULT CHARSET=utf8;

--
-- Dumping data for table `llx_entrepot`
--

INSERT INTO `llx_entrepot` VALUES (1,'2010-07-09 00:31:22','2010-07-08 22:40:36','WAREHOUSEHOUSTON',1,'Warehouse located at Houston','Warehouse houston','','','Houston',NULL,11,1,NULL,1,NULL),(2,'2010-07-09 00:41:03','2010-07-08 22:41:03','WAREHOUSEPARIS',1,'<br />','Warehouse Paris','','75000','Paris',NULL,1,1,NULL,1,NULL),(3,'2010-07-11 16:18:59','2010-07-11 14:18:59','Stock personnel Dupont',1,'Cet entrep&ocirc;t repr&eacute;sente le stock personnel de Alain Dupont','','','','',NULL,0,1,NULL,1,NULL),(4,'2013-01-23 17:52:27','2013-01-23 16:52:27','Stock personnel aaa',1,'Cet entrep&ocirc;t repr&eacute;sente le stock personnel de aaa','','','','',NULL,81,1,NULL,1,NULL),(5,'2013-01-23 17:52:37','2013-01-23 16:52:37','Stock personnel bbb',1,'Cet entrep&ocirc;t repr&eacute;sente le stock personnel de bbb','','','','',NULL,81,1,NULL,1,NULL),(6,'2013-02-16 20:22:40','2013-02-16 19:22:40','Stock personnel aaab',1,'Cet entrep&ocirc;t repr&eacute;sente le stock personnel de aaab','','','','',NULL,1,1,NULL,1,NULL),(7,'2013-02-16 20:48:15','2013-02-16 19:48:15','Stock personnel zzz',1,'Cet entrep&ocirc;t repr&eacute;sente le stock personnel de zzz','','','','',NULL,1,1,NULL,1,NULL),(8,'2013-02-16 20:50:07','2013-02-16 19:50:07','Stock personnel zzzg',1,'Cet entrep&ocirc;t repr&eacute;sente le stock personnel de zzzg','','','','',NULL,1,1,NULL,1,NULL);

--
-- Table structure for table `llx_event_element`
--

CREATE TABLE `llx_event_element` (
  `rowid` int(11) NOT NULL AUTO_INCREMENT,
  `fk_source` int(11) NOT NULL,
  `fk_target` int(11) NOT NULL,
  `targettype` varchar(32) NOT NULL,
  PRIMARY KEY (`rowid`)
) ENGINE=InnoDB DEFAULT CHARSET=utf8;

--
-- Dumping data for table `llx_event_element`
--


--
-- Table structure for table `llx_events`
--

CREATE TABLE `llx_events` (
  `rowid` int(11) NOT NULL AUTO_INCREMENT,
  `tms` timestamp NOT NULL DEFAULT CURRENT_TIMESTAMP ON UPDATE CURRENT_TIMESTAMP,
  `type` varchar(32) NOT NULL,
  `entity` int(11) NOT NULL DEFAULT '1',
  `dateevent` datetime DEFAULT NULL,
  `fk_user` int(11) DEFAULT NULL,
  `description` varchar(250) NOT NULL,
  `ip` varchar(32) NOT NULL,
  `user_agent` varchar(255) DEFAULT NULL,
  `fk_object` int(11) DEFAULT NULL,
  PRIMARY KEY (`rowid`),
  KEY `idx_events_dateevent` (`dateevent`)
) ENGINE=InnoDB AUTO_INCREMENT=564 DEFAULT CHARSET=utf8;

--
-- Dumping data for table `llx_events`
--

INSERT INTO `llx_events` VALUES (30,'2011-07-18 18:23:06','USER_LOGOUT',1,'2011-07-18 20:23:06',1,'(UserLogoff,admin)','127.0.0.1','Mozilla/5.0 (X11; Linux i686; rv:5.0) Gecko/20100101 Firefox/5.0',NULL),(31,'2011-07-18 18:23:12','USER_LOGIN_FAILED',1,'2011-07-18 20:23:12',NULL,'Identifiants login ou mot de passe incorrects - login=admin','127.0.0.1','Mozilla/5.0 (X11; Linux i686; rv:5.0) Gecko/20100101 Firefox/5.0',NULL),(32,'2011-07-18 18:23:17','USER_LOGIN',1,'2011-07-18 20:23:17',1,'(UserLogged,admin)','127.0.0.1','Mozilla/5.0 (X11; Linux i686; rv:5.0) Gecko/20100101 Firefox/5.0',NULL),(33,'2011-07-18 20:10:51','USER_LOGIN_FAILED',1,'2011-07-18 22:10:51',NULL,'Identifiants login ou mot de passe incorrects - login=admin','127.0.0.1','Mozilla/5.0 (X11; Linux i686; rv:5.0) Gecko/20100101 Firefox/5.0',NULL),(34,'2011-07-18 20:10:55','USER_LOGIN',1,'2011-07-18 22:10:55',1,'(UserLogged,admin)','127.0.0.1','Mozilla/5.0 (X11; Linux i686; rv:5.0) Gecko/20100101 Firefox/5.0',NULL),(35,'2011-07-18 21:18:57','USER_LOGIN',1,'2011-07-18 23:18:57',1,'(UserLogged,admin)','127.0.0.1','Mozilla/5.0 (X11; Linux i686; rv:5.0) Gecko/20100101 Firefox/5.0',NULL),(36,'2011-07-20 10:34:10','USER_LOGIN',1,'2011-07-20 12:34:10',1,'(UserLogged,admin)','::1','Mozilla/5.0 (X11; Linux i686; rv:5.0) Gecko/20100101 Firefox/5.0',NULL),(37,'2011-07-20 12:36:44','USER_LOGIN',1,'2011-07-20 14:36:44',1,'(UserLogged,admin)','::1','Mozilla/5.0 (X11; Linux i686; rv:5.0) Gecko/20100101 Firefox/5.0',NULL),(38,'2011-07-20 13:20:51','USER_LOGIN_FAILED',1,'2011-07-20 15:20:51',NULL,'Identifiants login ou mot de passe incorrects - login=admin','127.0.0.1','Mozilla/5.0 (X11; Linux i686; rv:5.0) Gecko/20100101 Firefox/5.0',NULL),(39,'2011-07-20 13:20:54','USER_LOGIN',1,'2011-07-20 15:20:54',1,'(UserLogged,admin)','127.0.0.1','Mozilla/5.0 (X11; Linux i686; rv:5.0) Gecko/20100101 Firefox/5.0',NULL),(40,'2011-07-20 15:03:46','USER_LOGIN_FAILED',1,'2011-07-20 17:03:46',NULL,'Identifiants login ou mot de passe incorrects - login=admin','127.0.0.1','Mozilla/5.0 (X11; Linux i686; rv:5.0) Gecko/20100101 Firefox/5.0',NULL),(41,'2011-07-20 15:03:55','USER_LOGIN',1,'2011-07-20 17:03:55',1,'(UserLogged,admin)','127.0.0.1','Mozilla/5.0 (X11; Linux i686; rv:5.0) Gecko/20100101 Firefox/5.0',NULL),(42,'2011-07-20 18:05:05','USER_LOGIN_FAILED',1,'2011-07-20 20:05:05',NULL,'Identifiants login ou mot de passe incorrects - login=admin','127.0.0.1','Mozilla/5.0 (X11; Linux i686; rv:5.0) Gecko/20100101 Firefox/5.0',NULL),(43,'2011-07-20 18:05:08','USER_LOGIN',1,'2011-07-20 20:05:08',1,'(UserLogged,admin)','127.0.0.1','Mozilla/5.0 (X11; Linux i686; rv:5.0) Gecko/20100101 Firefox/5.0',NULL),(44,'2011-07-20 21:08:53','USER_LOGIN_FAILED',1,'2011-07-20 23:08:53',NULL,'Identifiants login ou mot de passe incorrects - login=admin','127.0.0.1','Mozilla/5.0 (X11; Linux i686; rv:5.0) Gecko/20100101 Firefox/5.0',NULL),(45,'2011-07-20 21:08:56','USER_LOGIN',1,'2011-07-20 23:08:56',1,'(UserLogged,admin)','127.0.0.1','Mozilla/5.0 (X11; Linux i686; rv:5.0) Gecko/20100101 Firefox/5.0',NULL),(46,'2011-07-21 01:26:12','USER_LOGIN',1,'2011-07-21 03:26:12',1,'(UserLogged,admin)','::1','Mozilla/5.0 (X11; Linux i686; rv:5.0) Gecko/20100101 Firefox/5.0',NULL),(47,'2011-07-21 22:35:45','USER_LOGIN_FAILED',1,'2011-07-22 00:35:45',NULL,'Identifiants login ou mot de passe incorrects - login=admin','127.0.0.1','Mozilla/5.0 (X11; Linux i686; rv:5.0) Gecko/20100101 Firefox/5.0',NULL),(48,'2011-07-21 22:35:49','USER_LOGIN',1,'2011-07-22 00:35:49',1,'(UserLogged,admin)','127.0.0.1','Mozilla/5.0 (X11; Linux i686; rv:5.0) Gecko/20100101 Firefox/5.0',NULL),(49,'2011-07-26 23:09:47','USER_LOGIN_FAILED',1,'2011-07-27 01:09:47',NULL,'Identifiants login ou mot de passe incorrects - login=admin','127.0.0.1','Mozilla/5.0 (X11; Linux i686; rv:5.0) Gecko/20100101 Firefox/5.0',NULL),(50,'2011-07-26 23:09:50','USER_LOGIN',1,'2011-07-27 01:09:50',1,'(UserLogged,admin)','127.0.0.1','Mozilla/5.0 (X11; Linux i686; rv:5.0) Gecko/20100101 Firefox/5.0',NULL),(51,'2011-07-27 17:02:27','USER_LOGIN_FAILED',1,'2011-07-27 19:02:27',NULL,'Identifiants login ou mot de passe incorrects - login=admin','127.0.0.1','Mozilla/5.0 (X11; Linux i686; rv:5.0) Gecko/20100101 Firefox/5.0',NULL),(52,'2011-07-27 17:02:32','USER_LOGIN',1,'2011-07-27 19:02:32',1,'(UserLogged,admin)','127.0.0.1','Mozilla/5.0 (X11; Linux i686; rv:5.0) Gecko/20100101 Firefox/5.0',NULL),(53,'2011-07-27 23:33:37','USER_LOGIN_FAILED',1,'2011-07-28 01:33:37',NULL,'Identifiants login ou mot de passe incorrects - login=admin','127.0.0.1','Mozilla/5.0 (X11; Linux i686; rv:5.0) Gecko/20100101 Firefox/5.0',NULL),(54,'2011-07-27 23:33:41','USER_LOGIN',1,'2011-07-28 01:33:41',1,'(UserLogged,admin)','127.0.0.1','Mozilla/5.0 (X11; Linux i686; rv:5.0) Gecko/20100101 Firefox/5.0',NULL),(55,'2011-07-28 18:20:36','USER_LOGIN_FAILED',1,'2011-07-28 20:20:36',NULL,'Identifiants login ou mot de passe incorrects - login=admin','127.0.0.1','Mozilla/5.0 (X11; Linux i686; rv:5.0) Gecko/20100101 Firefox/5.0',NULL),(56,'2011-07-28 18:20:38','USER_LOGIN',1,'2011-07-28 20:20:38',1,'(UserLogged,admin)','127.0.0.1','Mozilla/5.0 (X11; Linux i686; rv:5.0) Gecko/20100101 Firefox/5.0',NULL),(57,'2011-07-28 20:13:30','USER_LOGIN_FAILED',1,'2011-07-28 22:13:30',NULL,'Identifiants login ou mot de passe incorrects - login=admin','127.0.0.1','Mozilla/5.0 (X11; Linux i686; rv:5.0) Gecko/20100101 Firefox/5.0',NULL),(58,'2011-07-28 20:13:34','USER_LOGIN',1,'2011-07-28 22:13:34',1,'(UserLogged,admin)','127.0.0.1','Mozilla/5.0 (X11; Linux i686; rv:5.0) Gecko/20100101 Firefox/5.0',NULL),(59,'2011-07-28 20:22:51','USER_LOGIN',1,'2011-07-28 22:22:51',1,'(UserLogged,admin)','127.0.0.1','Mozilla/5.0 (X11; Linux i686; rv:5.0) Gecko/20100101 Firefox/5.0',NULL),(60,'2011-07-28 23:05:06','USER_LOGIN',1,'2011-07-29 01:05:06',1,'(UserLogged,admin)','::1','Mozilla/5.0 (X11; Linux i686; rv:5.0) Gecko/20100101 Firefox/5.0',NULL),(61,'2011-07-29 20:15:50','USER_LOGIN_FAILED',1,'2011-07-29 22:15:50',NULL,'Identifiants login ou mot de passe incorrects - login=admin','127.0.0.1','Mozilla/5.0 (X11; Linux i686; rv:5.0) Gecko/20100101 Firefox/5.0',NULL),(62,'2011-07-29 20:15:53','USER_LOGIN',1,'2011-07-29 22:15:53',1,'(UserLogged,admin)','127.0.0.1','Mozilla/5.0 (X11; Linux i686; rv:5.0) Gecko/20100101 Firefox/5.0',NULL),(68,'2011-07-29 20:51:01','USER_LOGOUT',1,'2011-07-29 22:51:01',1,'(UserLogoff,admin)','127.0.0.1','Mozilla/5.0 (X11; Linux i686; rv:5.0) Gecko/20100101 Firefox/5.0',NULL),(69,'2011-07-29 20:51:05','USER_LOGIN',1,'2011-07-29 22:51:05',1,'(UserLogged,admin)','127.0.0.1','Mozilla/5.0 (X11; Linux i686; rv:5.0) Gecko/20100101 Firefox/5.0',NULL),(70,'2011-07-30 08:46:20','USER_LOGIN_FAILED',1,'2011-07-30 10:46:20',NULL,'Identifiants login ou mot de passe incorrects - login=admin','127.0.0.1','Mozilla/5.0 (X11; Linux i686; rv:5.0) Gecko/20100101 Firefox/5.0',NULL),(71,'2011-07-30 08:46:38','USER_LOGIN_FAILED',1,'2011-07-30 10:46:38',NULL,'Identifiants login ou mot de passe incorrects - login=admin','127.0.0.1','Mozilla/5.0 (X11; Linux i686; rv:5.0) Gecko/20100101 Firefox/5.0',NULL),(72,'2011-07-30 08:46:42','USER_LOGIN',1,'2011-07-30 10:46:42',1,'(UserLogged,admin)','127.0.0.1','Mozilla/5.0 (X11; Linux i686; rv:5.0) Gecko/20100101 Firefox/5.0',NULL),(73,'2011-07-30 10:05:12','USER_LOGIN_FAILED',1,'2011-07-30 12:05:12',NULL,'Identifiants login ou mot de passe incorrects - login=admin','127.0.0.1','Mozilla/5.0 (X11; Linux i686; rv:5.0) Gecko/20100101 Firefox/5.0',NULL),(74,'2011-07-30 10:05:15','USER_LOGIN',1,'2011-07-30 12:05:15',1,'(UserLogged,admin)','127.0.0.1','Mozilla/5.0 (X11; Linux i686; rv:5.0) Gecko/20100101 Firefox/5.0',NULL),(75,'2011-07-30 12:15:46','USER_LOGIN',1,'2011-07-30 14:15:46',1,'(UserLogged,admin)','127.0.0.1','Mozilla/5.0 (X11; Linux i686; rv:5.0) Gecko/20100101 Firefox/5.0',NULL),(76,'2011-07-31 22:19:30','USER_LOGIN',1,'2011-08-01 00:19:30',1,'(UserLogged,admin)','::1','Mozilla/5.0 (X11; Linux i686; rv:5.0) Gecko/20100101 Firefox/5.0',NULL),(77,'2011-07-31 23:32:52','USER_LOGIN',1,'2011-08-01 01:32:52',1,'(UserLogged,admin)','::1','Mozilla/5.0 (X11; Linux i686; rv:5.0) Gecko/20100101 Firefox/5.0',NULL),(78,'2011-08-01 01:24:50','USER_LOGIN_FAILED',1,'2011-08-01 03:24:50',NULL,'Identifiants login ou mot de passe incorrects - login=admin','127.0.0.1','Mozilla/5.0 (X11; Linux i686; rv:5.0) Gecko/20100101 Firefox/5.0',NULL),(79,'2011-08-01 01:24:54','USER_LOGIN',1,'2011-08-01 03:24:54',1,'(UserLogged,admin)','127.0.0.1','Mozilla/5.0 (X11; Linux i686; rv:5.0) Gecko/20100101 Firefox/5.0',NULL),(80,'2011-08-01 19:31:36','USER_LOGIN_FAILED',1,'2011-08-01 21:31:35',NULL,'Identifiants login ou mot de passe incorrects - login=admin','127.0.0.1','Mozilla/5.0 (X11; Linux i686; rv:5.0) Gecko/20100101 Firefox/5.0',NULL),(81,'2011-08-01 19:31:39','USER_LOGIN',1,'2011-08-01 21:31:39',1,'(UserLogged,admin)','127.0.0.1','Mozilla/5.0 (X11; Linux i686; rv:5.0) Gecko/20100101 Firefox/5.0',NULL),(82,'2011-08-01 20:01:36','USER_LOGIN',1,'2011-08-01 22:01:36',1,'(UserLogged,admin)','127.0.0.1','Mozilla/5.0 (X11; Linux i686; rv:5.0) Gecko/20100101 Firefox/5.0',NULL),(83,'2011-08-01 20:52:54','USER_LOGIN_FAILED',1,'2011-08-01 22:52:54',NULL,'Identifiants login ou mot de passe incorrects - login=admin','127.0.0.1','Mozilla/5.0 (X11; Linux i686; rv:5.0) Gecko/20100101 Firefox/5.0',NULL),(84,'2011-08-01 20:52:58','USER_LOGIN',1,'2011-08-01 22:52:58',1,'(UserLogged,admin)','127.0.0.1','Mozilla/5.0 (X11; Linux i686; rv:5.0) Gecko/20100101 Firefox/5.0',NULL),(85,'2011-08-01 21:17:28','USER_LOGIN_FAILED',1,'2011-08-01 23:17:28',NULL,'Identifiants login ou mot de passe incorrects - login=admin','127.0.0.1','Mozilla/5.0 (X11; Linux i686; rv:5.0) Gecko/20100101 Firefox/5.0',NULL),(86,'2011-08-01 21:17:31','USER_LOGIN',1,'2011-08-01 23:17:31',1,'(UserLogged,admin)','127.0.0.1','Mozilla/5.0 (X11; Linux i686; rv:5.0) Gecko/20100101 Firefox/5.0',NULL),(87,'2011-08-04 11:55:17','USER_LOGIN',1,'2011-08-04 13:55:17',1,'(UserLogged,admin)','::1','Mozilla/5.0 (X11; Linux i686; rv:5.0) Gecko/20100101 Firefox/5.0',NULL),(88,'2011-08-04 20:19:03','USER_LOGIN_FAILED',1,'2011-08-04 22:19:03',NULL,'Identifiants login ou mot de passe incorrects - login=admin','127.0.0.1','Mozilla/5.0 (X11; Linux i686; rv:5.0) Gecko/20100101 Firefox/5.0',NULL),(89,'2011-08-04 20:19:07','USER_LOGIN',1,'2011-08-04 22:19:07',1,'(UserLogged,admin)','127.0.0.1','Mozilla/5.0 (X11; Linux i686; rv:5.0) Gecko/20100101 Firefox/5.0',NULL),(90,'2011-08-05 17:51:42','USER_LOGIN_FAILED',1,'2011-08-05 19:51:42',NULL,'Identifiants login ou mot de passe incorrects - login=admin','127.0.0.1','Mozilla/5.0 (X11; Linux i686; rv:5.0) Gecko/20100101 Firefox/5.0',NULL),(91,'2011-08-05 17:51:47','USER_LOGIN',1,'2011-08-05 19:51:47',1,'(UserLogged,admin)','127.0.0.1','Mozilla/5.0 (X11; Linux i686; rv:5.0) Gecko/20100101 Firefox/5.0',NULL),(92,'2011-08-05 17:56:03','USER_LOGIN',1,'2011-08-05 19:56:03',1,'(UserLogged,admin)','127.0.0.1','Mozilla/5.0 (X11; Linux i686; rv:5.0) Gecko/20100101 Firefox/5.0',NULL),(93,'2011-08-05 17:59:10','USER_LOGIN',1,'2011-08-05 19:59:10',1,'(UserLogged,admin)','127.0.0.1','Mozilla/5.0 (X11; Linux i686) AppleWebKit/534.30 (KHTML, like Gecko) Chrome/12.0.742.100 Safari/534.30',NULL),(94,'2011-08-05 18:01:58','USER_LOGIN',1,'2011-08-05 20:01:58',1,'(UserLogged,admin)','127.0.0.1','Mozilla/5.0 (X11; Linux i686) AppleWebKit/534.30 (KHTML, like Gecko) Chrome/12.0.742.100 Safari/534.30',NULL),(95,'2011-08-05 19:59:56','USER_LOGIN',1,'2011-08-05 21:59:56',1,'(UserLogged,admin)','127.0.0.1','Mozilla/5.0 (X11; Linux i686; rv:5.0) Gecko/20100101 Firefox/5.0',NULL),(96,'2011-08-06 18:33:22','USER_LOGIN',1,'2011-08-06 20:33:22',1,'(UserLogged,admin)','::1','Mozilla/5.0 (X11; Linux i686; rv:5.0) Gecko/20100101 Firefox/5.0',NULL),(97,'2011-08-07 00:56:59','USER_LOGIN',1,'2011-08-07 02:56:59',1,'(UserLogged,admin)','::1','Mozilla/5.0 (X11; Linux i686; rv:5.0) Gecko/20100101 Firefox/5.0',NULL),(98,'2011-08-07 22:49:14','USER_LOGIN',1,'2011-08-08 00:49:14',1,'(UserLogged,admin)','::1','Mozilla/5.0 (X11; Linux i686; rv:5.0) Gecko/20100101 Firefox/5.0',NULL),(99,'2011-08-07 23:05:18','USER_LOGOUT',1,'2011-08-08 01:05:18',1,'(UserLogoff,admin)','::1','Mozilla/5.0 (X11; Linux i686; rv:5.0) Gecko/20100101 Firefox/5.0',NULL),(105,'2011-08-08 00:41:09','USER_LOGIN',1,'2011-08-08 02:41:09',1,'(UserLogged,admin)','127.0.0.1','Mozilla/5.0 (X11; Linux i686; rv:5.0) Gecko/20100101 Firefox/5.0',NULL),(106,'2011-08-08 11:58:55','USER_LOGIN',1,'2011-08-08 13:58:55',1,'(UserLogged,admin)','::1','Mozilla/5.0 (X11; Linux i686; rv:5.0) Gecko/20100101 Firefox/5.0',NULL),(107,'2011-08-08 14:35:48','USER_LOGIN',1,'2011-08-08 16:35:48',1,'(UserLogged,admin)','::1','Mozilla/5.0 (X11; Linux i686; rv:5.0) Gecko/20100101 Firefox/5.0',NULL),(108,'2011-08-08 14:36:31','USER_LOGOUT',1,'2011-08-08 16:36:31',1,'(UserLogoff,admin)','::1','Mozilla/5.0 (X11; Linux i686; rv:5.0) Gecko/20100101 Firefox/5.0',NULL),(109,'2011-08-08 14:38:28','USER_LOGIN',1,'2011-08-08 16:38:28',1,'(UserLogged,admin)','::1','Mozilla/5.0 (X11; Linux i686; rv:5.0) Gecko/20100101 Firefox/5.0',NULL),(110,'2011-08-08 14:39:02','USER_LOGOUT',1,'2011-08-08 16:39:02',1,'(UserLogoff,admin)','::1','Mozilla/5.0 (X11; Linux i686; rv:5.0) Gecko/20100101 Firefox/5.0',NULL),(111,'2011-08-08 14:39:10','USER_LOGIN',1,'2011-08-08 16:39:10',1,'(UserLogged,admin)','::1','Mozilla/5.0 (X11; Linux i686; rv:5.0) Gecko/20100101 Firefox/5.0',NULL),(112,'2011-08-08 14:39:28','USER_LOGOUT',1,'2011-08-08 16:39:28',1,'(UserLogoff,admin)','::1','Mozilla/5.0 (X11; Linux i686; rv:5.0) Gecko/20100101 Firefox/5.0',NULL),(113,'2011-08-08 14:39:37','USER_LOGIN',1,'2011-08-08 16:39:37',1,'(UserLogged,admin)','::1','Mozilla/5.0 (X11; Linux i686; rv:5.0) Gecko/20100101 Firefox/5.0',NULL),(114,'2011-08-08 14:50:02','USER_LOGOUT',1,'2011-08-08 16:50:02',1,'(UserLogoff,admin)','::1','Mozilla/5.0 (X11; Linux i686; rv:5.0) Gecko/20100101 Firefox/5.0',NULL),(115,'2011-08-08 14:51:45','USER_LOGIN_FAILED',1,'2011-08-08 16:51:45',NULL,'Identifiants login ou mot de passe incorrects - login=','::1','Mozilla/5.0 (X11; Linux i686; rv:5.0) Gecko/20100101 Firefox/5.0',NULL),(116,'2011-08-08 14:51:52','USER_LOGIN',1,'2011-08-08 16:51:52',1,'(UserLogged,admin)','::1','Mozilla/5.0 (X11; Linux i686; rv:5.0) Gecko/20100101 Firefox/5.0',NULL),(117,'2011-08-08 15:09:54','USER_LOGOUT',1,'2011-08-08 17:09:54',1,'(UserLogoff,admin)','::1','Mozilla/5.0 (X11; Linux i686; rv:5.0) Gecko/20100101 Firefox/5.0',NULL),(118,'2011-08-08 15:10:19','USER_LOGIN_FAILED',1,'2011-08-08 17:10:19',NULL,'Identifiants login ou mot de passe incorrects - login=','::1','Mozilla/5.0 (X11; Linux i686; rv:5.0) Gecko/20100101 Firefox/5.0',NULL),(119,'2011-08-08 15:10:28','USER_LOGIN',1,'2011-08-08 17:10:28',1,'(UserLogged,admin)','::1','Mozilla/5.0 (X11; Linux i686; rv:5.0) Gecko/20100101 Firefox/5.0',NULL),(121,'2011-08-08 15:14:58','USER_LOGOUT',1,'2011-08-08 17:14:58',1,'(UserLogoff,admin)','::1','Mozilla/5.0 (X11; Linux i686; rv:5.0) Gecko/20100101 Firefox/5.0',NULL),(122,'2011-08-08 15:15:00','USER_LOGIN_FAILED',1,'2011-08-08 17:15:00',NULL,'Identifiants login ou mot de passe incorrects - login=','::1','Mozilla/5.0 (X11; Linux i686; rv:5.0) Gecko/20100101 Firefox/5.0',NULL),(123,'2011-08-08 15:17:57','USER_LOGIN',1,'2011-08-08 17:17:57',1,'(UserLogged,admin)','::1','Mozilla/5.0 (X11; Linux i686; rv:5.0) Gecko/20100101 Firefox/5.0',NULL),(124,'2011-08-08 15:35:56','USER_LOGOUT',1,'2011-08-08 17:35:56',1,'(UserLogoff,admin)','::1','Mozilla/5.0 (X11; Linux i686; rv:5.0) Gecko/20100101 Firefox/5.0',NULL),(125,'2011-08-08 15:36:05','USER_LOGIN',1,'2011-08-08 17:36:05',1,'(UserLogged,admin)','::1','Mozilla/5.0 (X11; Linux i686; rv:5.0) Gecko/20100101 Firefox/5.0',NULL),(126,'2011-08-08 17:32:42','USER_LOGIN',1,'2011-08-08 19:32:42',1,'(UserLogged,admin)','::1','Mozilla/5.0 (X11; Linux i686; rv:5.0) Gecko/20100101 Firefox/5.0',NULL),(127,'2012-12-08 13:49:37','USER_LOGOUT',1,'2012-12-08 14:49:37',1,'(UserLogoff,admin)','::1','Mozilla/5.0 (X11; Linux x86_64) AppleWebKit/537.11 (KHTML, like Gecko) Chrome/23.0.1271.95 Safari/537.11',NULL),(128,'2012-12-08 13:49:42','USER_LOGIN',1,'2012-12-08 14:49:42',1,'(UserLogged,admin)','::1','Mozilla/5.0 (X11; Linux x86_64) AppleWebKit/537.11 (KHTML, like Gecko) Chrome/23.0.1271.95 Safari/537.11',NULL),(129,'2012-12-08 13:50:12','USER_LOGOUT',1,'2012-12-08 14:50:12',1,'(UserLogoff,admin)','::1','Mozilla/5.0 (X11; Linux x86_64) AppleWebKit/537.11 (KHTML, like Gecko) Chrome/23.0.1271.95 Safari/537.11',NULL),(130,'2012-12-08 13:50:14','USER_LOGIN',1,'2012-12-08 14:50:14',1,'(UserLogged,admin)','::1','Mozilla/5.0 (X11; Linux x86_64) AppleWebKit/537.11 (KHTML, like Gecko) Chrome/23.0.1271.95 Safari/537.11',NULL),(131,'2012-12-08 13:50:17','USER_LOGOUT',1,'2012-12-08 14:50:17',1,'(UserLogoff,admin)','::1','Mozilla/5.0 (X11; Linux x86_64) AppleWebKit/537.11 (KHTML, like Gecko) Chrome/23.0.1271.95 Safari/537.11',NULL),(132,'2012-12-08 13:52:47','USER_LOGIN',1,'2012-12-08 14:52:47',1,'(UserLogged,admin)','::1','Mozilla/5.0 (X11; Linux x86_64) AppleWebKit/537.11 (KHTML, like Gecko) Chrome/23.0.1271.95 Safari/537.11',NULL),(133,'2012-12-08 13:53:08','USER_MODIFY',1,'2012-12-08 14:53:08',1,'User admin modified','::1','Mozilla/5.0 (X11; Linux x86_64) AppleWebKit/537.11 (KHTML, like Gecko) Chrome/23.0.1271.95 Safari/537.11',NULL),(134,'2012-12-08 14:08:45','USER_LOGOUT',1,'2012-12-08 15:08:45',1,'(UserLogoff,admin)','::1','Mozilla/5.0 (X11; Linux x86_64) AppleWebKit/537.11 (KHTML, like Gecko) Chrome/23.0.1271.95 Safari/537.11',NULL),(135,'2012-12-08 14:09:09','USER_LOGIN',1,'2012-12-08 15:09:09',1,'(UserLogged,admin)','::1','Mozilla/5.0 (X11; Linux x86_64) AppleWebKit/537.11 (KHTML, like Gecko) Chrome/23.0.1271.95 Safari/537.11',NULL),(136,'2012-12-08 14:11:43','USER_LOGOUT',1,'2012-12-08 15:11:43',1,'(UserLogoff,admin)','::1','Mozilla/5.0 (X11; Linux x86_64) AppleWebKit/537.11 (KHTML, like Gecko) Chrome/23.0.1271.95 Safari/537.11',NULL),(137,'2012-12-08 14:11:45','USER_LOGIN',1,'2012-12-08 15:11:45',1,'(UserLogged,admin)','::1','Mozilla/5.0 (X11; Linux x86_64) AppleWebKit/537.11 (KHTML, like Gecko) Chrome/23.0.1271.95 Safari/537.11',NULL),(138,'2012-12-08 14:22:53','USER_LOGOUT',1,'2012-12-08 15:22:53',1,'(UserLogoff,admin)','::1','Mozilla/5.0 (X11; Linux x86_64) AppleWebKit/537.11 (KHTML, like Gecko) Chrome/23.0.1271.95 Safari/537.11',NULL),(139,'2012-12-08 14:22:54','USER_LOGIN',1,'2012-12-08 15:22:54',1,'(UserLogged,admin)','::1','Mozilla/5.0 (X11; Linux x86_64) AppleWebKit/537.11 (KHTML, like Gecko) Chrome/23.0.1271.95 Safari/537.11',NULL),(140,'2012-12-08 14:23:10','USER_LOGOUT',1,'2012-12-08 15:23:10',1,'(UserLogoff,admin)','::1','Mozilla/5.0 (X11; Linux x86_64) AppleWebKit/537.11 (KHTML, like Gecko) Chrome/23.0.1271.95 Safari/537.11',NULL),(141,'2012-12-08 14:23:11','USER_LOGIN',1,'2012-12-08 15:23:11',1,'(UserLogged,admin)','::1','Mozilla/5.0 (X11; Linux x86_64) AppleWebKit/537.11 (KHTML, like Gecko) Chrome/23.0.1271.95 Safari/537.11',NULL),(142,'2012-12-08 14:23:49','USER_LOGOUT',1,'2012-12-08 15:23:49',1,'(UserLogoff,admin)','::1','Mozilla/5.0 (X11; Linux x86_64) AppleWebKit/537.11 (KHTML, like Gecko) Chrome/23.0.1271.95 Safari/537.11',NULL),(143,'2012-12-08 14:23:50','USER_LOGIN',1,'2012-12-08 15:23:50',1,'(UserLogged,admin)','::1','Mozilla/5.0 (X11; Linux x86_64) AppleWebKit/537.11 (KHTML, like Gecko) Chrome/23.0.1271.95 Safari/537.11',NULL),(144,'2012-12-08 14:28:08','USER_LOGOUT',1,'2012-12-08 15:28:08',1,'(UserLogoff,admin)','::1','Mozilla/5.0 (X11; Linux x86_64) AppleWebKit/537.11 (KHTML, like Gecko) Chrome/23.0.1271.95 Safari/537.11',NULL),(145,'2012-12-08 14:35:15','USER_LOGIN',1,'2012-12-08 15:35:15',1,'(UserLogged,admin)','::1','Mozilla/5.0 (X11; Linux x86_64) AppleWebKit/537.11 (KHTML, like Gecko) Chrome/23.0.1271.95 Safari/537.11',NULL),(146,'2012-12-08 14:35:18','USER_LOGOUT',1,'2012-12-08 15:35:18',1,'(UserLogoff,admin)','::1','Mozilla/5.0 (X11; Linux x86_64) AppleWebKit/537.11 (KHTML, like Gecko) Chrome/23.0.1271.95 Safari/537.11',NULL),(147,'2012-12-08 14:36:07','USER_LOGIN',1,'2012-12-08 15:36:07',1,'(UserLogged,admin)','::1','Mozilla/5.0 (X11; Linux x86_64) AppleWebKit/537.11 (KHTML, like Gecko) Chrome/23.0.1271.95 Safari/537.11',NULL),(148,'2012-12-08 14:36:09','USER_LOGOUT',1,'2012-12-08 15:36:09',1,'(UserLogoff,admin)','::1','Mozilla/5.0 (X11; Linux x86_64) AppleWebKit/537.11 (KHTML, like Gecko) Chrome/23.0.1271.95 Safari/537.11',NULL),(149,'2012-12-08 14:36:41','USER_LOGIN',1,'2012-12-08 15:36:41',1,'(UserLogged,admin)','::1','Mozilla/5.0 (X11; Linux x86_64) AppleWebKit/537.11 (KHTML, like Gecko) Chrome/23.0.1271.95 Safari/537.11',NULL),(150,'2012-12-08 15:59:13','USER_LOGIN',1,'2012-12-08 16:59:13',1,'(UserLogged,admin)','::1','Mozilla/5.0 (X11; Linux x86_64) AppleWebKit/537.11 (KHTML, like Gecko) Chrome/23.0.1271.95 Safari/537.11',NULL),(151,'2012-12-09 11:49:52','USER_LOGIN',1,'2012-12-09 12:49:52',1,'(UserLogged,admin)','::1','Mozilla/5.0 (X11; Linux x86_64) AppleWebKit/537.11 (KHTML, like Gecko) Chrome/23.0.1271.95 Safari/537.11',NULL),(152,'2012-12-09 13:46:31','USER_LOGIN',1,'2012-12-09 14:46:31',1,'(UserLogged,admin)','::1','Mozilla/5.0 (X11; Linux x86_64) AppleWebKit/537.11 (KHTML, like Gecko) Chrome/23.0.1271.95 Safari/537.11',NULL),(153,'2012-12-09 19:03:14','USER_LOGIN',1,'2012-12-09 20:03:14',1,'(UserLogged,admin)','::1','Mozilla/5.0 (X11; Linux x86_64) AppleWebKit/537.11 (KHTML, like Gecko) Chrome/23.0.1271.95 Safari/537.11',NULL),(154,'2012-12-10 00:16:31','USER_LOGIN',1,'2012-12-10 01:16:31',1,'(UserLogged,admin)','::1','Mozilla/5.0 (X11; Linux x86_64) AppleWebKit/537.11 (KHTML, like Gecko) Chrome/23.0.1271.95 Safari/537.11',NULL),(170,'2012-12-11 22:03:31','USER_LOGIN',1,'2012-12-11 23:03:31',1,'(UserLogged,admin)','::1','Mozilla/5.0 (X11; Linux x86_64) AppleWebKit/537.11 (KHTML, like Gecko) Chrome/23.0.1271.95 Safari/537.11',NULL),(171,'2012-12-12 00:32:39','USER_LOGIN',1,'2012-12-12 01:32:39',1,'(UserLogged,admin)','::1','Mozilla/5.0 (X11; Linux x86_64) AppleWebKit/537.11 (KHTML, like Gecko) Chrome/23.0.1271.95 Safari/537.11',NULL),(172,'2012-12-12 10:49:59','USER_LOGIN',1,'2012-12-12 11:49:59',1,'(UserLogged,admin)','::1','Mozilla/5.0 (X11; Linux x86_64) AppleWebKit/537.11 (KHTML, like Gecko) Chrome/23.0.1271.95 Safari/537.11',NULL),(175,'2012-12-12 10:57:40','USER_MODIFY',1,'2012-12-12 11:57:40',1,'Modification utilisateur admin','::1','Mozilla/5.0 (X11; Linux x86_64) AppleWebKit/537.11 (KHTML, like Gecko) Chrome/23.0.1271.95 Safari/537.11',NULL),(176,'2012-12-12 13:29:15','USER_LOGIN',1,'2012-12-12 14:29:15',1,'(UserLogged,admin)','::1','Mozilla/5.0 (X11; Linux x86_64) AppleWebKit/537.11 (KHTML, like Gecko) Chrome/23.0.1271.95 Safari/537.11',NULL),(177,'2012-12-12 13:30:15','USER_LOGIN',1,'2012-12-12 14:30:15',1,'(UserLogged,admin)','127.0.0.1','Mozilla/5.0 (X11; Linux x86_64) AppleWebKit/537.11 (KHTML, like Gecko) Chrome/23.0.1271.95 Safari/537.11',NULL),(178,'2012-12-12 13:40:08','USER_LOGOUT',1,'2012-12-12 14:40:08',1,'(UserLogoff,admin)','127.0.0.1','Mozilla/5.0 (X11; Linux x86_64) AppleWebKit/537.11 (KHTML, like Gecko) Chrome/23.0.1271.95 Safari/537.11',NULL),(179,'2012-12-12 13:40:10','USER_LOGIN',1,'2012-12-12 14:40:10',1,'(UserLogged,admin)','127.0.0.1','Mozilla/5.0 (X11; Linux x86_64) AppleWebKit/537.11 (KHTML, like Gecko) Chrome/23.0.1271.95 Safari/537.11',NULL),(180,'2012-12-12 13:40:26','USER_MODIFY',1,'2012-12-12 14:40:26',1,'Modification utilisateur admin','127.0.0.1','Mozilla/5.0 (X11; Linux x86_64) AppleWebKit/537.11 (KHTML, like Gecko) Chrome/23.0.1271.95 Safari/537.11',NULL),(181,'2012-12-12 13:40:34','USER_LOGOUT',1,'2012-12-12 14:40:34',1,'(UserLogoff,admin)','127.0.0.1','Mozilla/5.0 (X11; Linux x86_64) AppleWebKit/537.11 (KHTML, like Gecko) Chrome/23.0.1271.95 Safari/537.11',NULL),(182,'2012-12-12 13:42:23','USER_LOGIN',1,'2012-12-12 14:42:23',1,'(UserLogged,admin)','127.0.0.1','Mozilla/5.0 (X11; Linux x86_64) AppleWebKit/537.11 (KHTML, like Gecko) Chrome/23.0.1271.95 Safari/537.11',NULL),(183,'2012-12-12 13:43:02','USER_NEW_PASSWORD',1,'2012-12-12 14:43:02',NULL,'Changement mot de passe de admin','127.0.0.1','Mozilla/5.0 (X11; Linux x86_64) AppleWebKit/537.11 (KHTML, like Gecko) Chrome/23.0.1271.95 Safari/537.11',NULL),(184,'2012-12-12 13:43:25','USER_LOGOUT',1,'2012-12-12 14:43:25',1,'(UserLogoff,admin)','127.0.0.1','Mozilla/5.0 (X11; Linux x86_64) AppleWebKit/537.11 (KHTML, like Gecko) Chrome/23.0.1271.95 Safari/537.11',NULL),(185,'2012-12-12 13:43:27','USER_LOGIN_FAILED',1,'2012-12-12 14:43:27',NULL,'Identifiants login ou mot de passe incorrects - login=admin','127.0.0.1','Mozilla/5.0 (X11; Linux x86_64) AppleWebKit/537.11 (KHTML, like Gecko) Chrome/23.0.1271.95 Safari/537.11',NULL),(186,'2012-12-12 13:43:30','USER_LOGIN',1,'2012-12-12 14:43:30',1,'(UserLogged,admin)','127.0.0.1','Mozilla/5.0 (X11; Linux x86_64) AppleWebKit/537.11 (KHTML, like Gecko) Chrome/23.0.1271.95 Safari/537.11',NULL),(187,'2012-12-12 14:52:11','USER_LOGIN',1,'2012-12-12 15:52:11',1,'(UserLogged,admin)','127.0.0.1','Mozilla/5.0 (X11; Linux x86_64) AppleWebKit/537.11 (KHTML, like Gecko) Chrome/23.0.1271.95 Safari/537.11',NULL),(188,'2012-12-12 17:53:00','USER_LOGIN_FAILED',1,'2012-12-12 18:53:00',NULL,'Identifiants login ou mot de passe incorrects - login=admin','127.0.0.1','Mozilla/5.0 (X11; Linux x86_64) AppleWebKit/537.11 (KHTML, like Gecko) Chrome/23.0.1271.97 Safari/537.11',NULL),(189,'2012-12-12 17:53:07','USER_LOGIN_FAILED',1,'2012-12-12 18:53:07',NULL,'Identifiants login ou mot de passe incorrects - login=admin','127.0.0.1','Mozilla/5.0 (X11; Linux x86_64) AppleWebKit/537.11 (KHTML, like Gecko) Chrome/23.0.1271.97 Safari/537.11',NULL),(190,'2012-12-12 17:53:51','USER_NEW_PASSWORD',1,'2012-12-12 18:53:51',NULL,'Changement mot de passe de admin','127.0.0.1','Mozilla/5.0 (X11; Linux x86_64) AppleWebKit/537.11 (KHTML, like Gecko) Chrome/23.0.1271.97 Safari/537.11',NULL),(191,'2012-12-12 17:54:00','USER_LOGIN',1,'2012-12-12 18:54:00',1,'(UserLogged,admin)','127.0.0.1','Mozilla/5.0 (X11; Linux x86_64) AppleWebKit/537.11 (KHTML, like Gecko) Chrome/23.0.1271.97 Safari/537.11',NULL),(192,'2012-12-12 17:54:10','USER_NEW_PASSWORD',1,'2012-12-12 18:54:10',1,'Changement mot de passe de admin','127.0.0.1','Mozilla/5.0 (X11; Linux x86_64) AppleWebKit/537.11 (KHTML, like Gecko) Chrome/23.0.1271.97 Safari/537.11',NULL),(193,'2012-12-12 17:54:10','USER_MODIFY',1,'2012-12-12 18:54:10',1,'Modification utilisateur admin','127.0.0.1','Mozilla/5.0 (X11; Linux x86_64) AppleWebKit/537.11 (KHTML, like Gecko) Chrome/23.0.1271.97 Safari/537.11',NULL),(194,'2012-12-12 18:57:09','USER_LOGIN',1,'2012-12-12 19:57:09',1,'(UserLogged,admin)','127.0.0.1','Mozilla/5.0 (X11; Linux x86_64) AppleWebKit/537.11 (KHTML, like Gecko) Chrome/23.0.1271.97 Safari/537.11',NULL),(195,'2012-12-12 23:04:08','USER_LOGIN',1,'2012-12-13 00:04:08',1,'(UserLogged,admin)','127.0.0.1','Mozilla/5.0 (X11; Linux x86_64) AppleWebKit/537.11 (KHTML, like Gecko) Chrome/23.0.1271.97 Safari/537.11',NULL),(196,'2012-12-17 20:03:14','USER_LOGIN',1,'2012-12-17 21:03:14',1,'(UserLogged,admin)','::1','Mozilla/5.0 (X11; Linux x86_64) AppleWebKit/537.11 (KHTML, like Gecko) Chrome/23.0.1271.97 Safari/537.11',NULL),(197,'2012-12-17 21:18:45','USER_LOGIN',1,'2012-12-17 22:18:45',1,'(UserLogged,admin)','::1','Mozilla/5.0 (X11; Linux x86_64) AppleWebKit/537.11 (KHTML, like Gecko) Chrome/23.0.1271.97 Safari/537.11',NULL),(198,'2012-12-17 22:30:08','USER_LOGIN',1,'2012-12-17 23:30:08',1,'(UserLogged,admin)','::1','Mozilla/5.0 (X11; Linux x86_64) AppleWebKit/537.11 (KHTML, like Gecko) Chrome/23.0.1271.97 Safari/537.11',NULL),(199,'2012-12-18 23:32:03','USER_LOGIN',1,'2012-12-19 00:32:03',1,'(UserLogged,admin)','::1','Mozilla/5.0 (X11; Linux x86_64) AppleWebKit/537.11 (KHTML, like Gecko) Chrome/23.0.1271.97 Safari/537.11',NULL),(200,'2012-12-19 09:38:03','USER_LOGIN',1,'2012-12-19 10:38:03',1,'(UserLogged,admin)','::1','Mozilla/5.0 (X11; Linux x86_64) AppleWebKit/537.11 (KHTML, like Gecko) Chrome/23.0.1271.97 Safari/537.11',NULL),(201,'2012-12-19 11:23:35','USER_LOGIN',1,'2012-12-19 12:23:35',1,'(UserLogged,admin)','::1','Mozilla/5.0 (X11; Linux x86_64) AppleWebKit/537.11 (KHTML, like Gecko) Chrome/23.0.1271.97 Safari/537.11',NULL),(202,'2012-12-19 12:46:22','USER_LOGIN',1,'2012-12-19 13:46:22',1,'(UserLogged,admin)','::1','Mozilla/5.0 (X11; Linux x86_64) AppleWebKit/537.11 (KHTML, like Gecko) Chrome/23.0.1271.97 Safari/537.11',NULL),(214,'2012-12-19 19:11:31','USER_LOGIN',1,'2012-12-19 20:11:31',1,'(UserLogged,admin)','::1','Mozilla/5.0 (X11; Linux x86_64) AppleWebKit/537.11 (KHTML, like Gecko) Chrome/23.0.1271.97 Safari/537.11',NULL),(215,'2012-12-21 16:36:57','USER_LOGIN',1,'2012-12-21 17:36:57',1,'(UserLogged,admin)','::1','Mozilla/5.0 (X11; Linux x86_64) AppleWebKit/537.11 (KHTML, like Gecko) Chrome/23.0.1271.97 Safari/537.11',NULL),(216,'2012-12-21 16:38:43','USER_NEW_PASSWORD',1,'2012-12-21 17:38:43',1,'Changement mot de passe de adupont','::1','Mozilla/5.0 (X11; Linux x86_64) AppleWebKit/537.11 (KHTML, like Gecko) Chrome/23.0.1271.97 Safari/537.11',NULL),(217,'2012-12-21 16:38:43','USER_MODIFY',1,'2012-12-21 17:38:43',1,'Modification utilisateur adupont','::1','Mozilla/5.0 (X11; Linux x86_64) AppleWebKit/537.11 (KHTML, like Gecko) Chrome/23.0.1271.97 Safari/537.11',NULL),(218,'2012-12-21 16:38:51','USER_LOGOUT',1,'2012-12-21 17:38:51',1,'(UserLogoff,admin)','::1','Mozilla/5.0 (X11; Linux x86_64) AppleWebKit/537.11 (KHTML, like Gecko) Chrome/23.0.1271.97 Safari/537.11',NULL),(219,'2012-12-21 16:38:55','USER_LOGIN',1,'2012-12-21 17:38:55',3,'(UserLogged,adupont)','::1','Mozilla/5.0 (X11; Linux x86_64) AppleWebKit/537.11 (KHTML, like Gecko) Chrome/23.0.1271.97 Safari/537.11',NULL),(220,'2012-12-21 16:48:18','USER_LOGOUT',1,'2012-12-21 17:48:18',3,'(UserLogoff,adupont)','::1','Mozilla/5.0 (X11; Linux x86_64) AppleWebKit/537.11 (KHTML, like Gecko) Chrome/23.0.1271.97 Safari/537.11',NULL),(221,'2012-12-21 16:48:20','USER_LOGIN',1,'2012-12-21 17:48:20',1,'(UserLogged,admin)','::1','Mozilla/5.0 (X11; Linux x86_64) AppleWebKit/537.11 (KHTML, like Gecko) Chrome/23.0.1271.97 Safari/537.11',NULL),(222,'2012-12-26 18:28:18','USER_LOGIN',1,'2012-12-26 19:28:18',1,'(UserLogged,admin)','127.0.0.1','Mozilla/5.0 (X11; Linux x86_64) AppleWebKit/537.11 (KHTML, like Gecko) Chrome/23.0.1271.97 Safari/537.11',NULL),(223,'2012-12-26 20:00:24','USER_LOGIN',1,'2012-12-26 21:00:24',1,'(UserLogged,admin)','127.0.0.1','Mozilla/5.0 (X11; Linux x86_64) AppleWebKit/537.11 (KHTML, like Gecko) Chrome/23.0.1271.97 Safari/537.11',NULL),(224,'2012-12-27 01:10:27','USER_LOGIN',1,'2012-12-27 02:10:27',1,'(UserLogged,admin)','127.0.0.1','Mozilla/5.0 (X11; Linux x86_64) AppleWebKit/537.11 (KHTML, like Gecko) Chrome/23.0.1271.97 Safari/537.11',NULL),(225,'2012-12-28 19:12:08','USER_LOGIN',1,'2012-12-28 20:12:08',1,'(UserLogged,admin)','127.0.0.1','Mozilla/5.0 (X11; Linux x86_64) AppleWebKit/537.11 (KHTML, like Gecko) Chrome/23.0.1271.97 Safari/537.11',NULL),(226,'2012-12-28 20:16:58','USER_LOGIN',1,'2012-12-28 21:16:58',1,'(UserLogged,admin)','127.0.0.1','Mozilla/5.0 (X11; Linux x86_64) AppleWebKit/537.11 (KHTML, like Gecko) Chrome/23.0.1271.97 Safari/537.11',NULL),(227,'2012-12-29 14:35:46','USER_LOGIN',1,'2012-12-29 15:35:46',1,'(UserLogged,admin)','::1','Mozilla/5.0 (X11; Linux x86_64) AppleWebKit/537.11 (KHTML, like Gecko) Chrome/23.0.1271.97 Safari/537.11',NULL),(228,'2012-12-29 14:37:59','USER_LOGOUT',1,'2012-12-29 15:37:59',1,'(UserLogoff,admin)','::1','Mozilla/5.0 (X11; Linux x86_64) AppleWebKit/537.11 (KHTML, like Gecko) Chrome/23.0.1271.97 Safari/537.11',NULL),(229,'2012-12-29 14:38:00','USER_LOGIN',1,'2012-12-29 15:38:00',1,'(UserLogged,admin)','::1','Mozilla/5.0 (X11; Linux x86_64) AppleWebKit/537.11 (KHTML, like Gecko) Chrome/23.0.1271.97 Safari/537.11',NULL),(230,'2012-12-29 17:16:48','USER_LOGIN',1,'2012-12-29 18:16:48',1,'(UserLogged,admin)','127.0.0.1','Mozilla/5.0 (X11; Linux x86_64) AppleWebKit/537.11 (KHTML, like Gecko) Chrome/23.0.1271.97 Safari/537.11',NULL),(231,'2012-12-31 12:02:59','USER_LOGIN',1,'2012-12-31 13:02:59',1,'(UserLogged,admin)','::1','Mozilla/5.0 (X11; Linux x86_64) AppleWebKit/537.11 (KHTML, like Gecko) Chrome/23.0.1271.97 Safari/537.11',NULL),(232,'2013-01-02 20:32:51','USER_LOGIN',1,'2013-01-02 21:32:51',1,'(UserLogged,admin)','::1','Mozilla/5.0 (X11; Ubuntu; Linux x86_64; rv:17.0) Gecko/20100101 Firefox/17.0',NULL),(233,'2013-01-02 20:58:59','USER_LOGIN',1,'2013-01-02 21:58:59',1,'(UserLogged,admin)','::1','Mozilla/5.0 (X11; Linux x86_64) AppleWebKit/537.11 (KHTML, like Gecko) Chrome/23.0.1271.97 Safari/537.11',NULL),(234,'2013-01-03 09:25:07','USER_LOGIN',1,'2013-01-03 10:25:07',1,'(UserLogged,admin)','::1','Mozilla/5.0 (X11; Linux x86_64) AppleWebKit/537.11 (KHTML, like Gecko) Chrome/23.0.1271.97 Safari/537.11',NULL),(235,'2013-01-03 19:39:31','USER_LOGIN',1,'2013-01-03 20:39:31',1,'(UserLogged,admin)','::1','Mozilla/5.0 (X11; Linux x86_64) AppleWebKit/537.11 (KHTML, like Gecko) Chrome/23.0.1271.97 Safari/537.11',NULL),(236,'2013-01-04 22:40:19','USER_LOGIN',1,'2013-01-04 23:40:19',1,'(UserLogged,admin)','::1','Mozilla/5.0 (X11; Linux x86_64) AppleWebKit/537.11 (KHTML, like Gecko) Chrome/23.0.1271.97 Safari/537.11',NULL),(237,'2013-01-05 12:59:59','USER_LOGIN',1,'2013-01-05 13:59:59',1,'(UserLogged,admin)','::1','Mozilla/5.0 (X11; Linux x86_64) AppleWebKit/537.11 (KHTML, like Gecko) Chrome/23.0.1271.97 Safari/537.11',NULL),(238,'2013-01-05 15:28:52','USER_LOGIN',1,'2013-01-05 16:28:52',1,'(UserLogged,admin)','::1','Mozilla/5.0 (X11; Linux x86_64) AppleWebKit/537.11 (KHTML, like Gecko) Chrome/23.0.1271.97 Safari/537.11',NULL),(239,'2013-01-05 17:02:08','USER_LOGIN',1,'2013-01-05 18:02:08',1,'(UserLogged,admin)','::1','Mozilla/5.0 (X11; Linux x86_64) AppleWebKit/537.11 (KHTML, like Gecko) Chrome/23.0.1271.97 Safari/537.11',NULL),(240,'2013-01-06 12:13:33','USER_LOGIN',1,'2013-01-06 13:13:33',1,'(UserLogged,admin)','::1','Mozilla/5.0 (X11; Linux x86_64) AppleWebKit/537.11 (KHTML, like Gecko) Chrome/23.0.1271.97 Safari/537.11',NULL),(241,'2013-01-07 01:21:15','USER_LOGIN',1,'2013-01-07 02:21:15',1,'(UserLogged,admin)','::1','Mozilla/5.0 (X11; Linux x86_64) AppleWebKit/537.11 (KHTML, like Gecko) Chrome/23.0.1271.97 Safari/537.11',NULL),(242,'2013-01-07 01:46:31','USER_LOGOUT',1,'2013-01-07 02:46:31',1,'(UserLogoff,admin)','::1','Mozilla/5.0 (X11; Linux x86_64) AppleWebKit/537.11 (KHTML, like Gecko) Chrome/23.0.1271.97 Safari/537.11',NULL),(243,'2013-01-07 19:54:50','USER_LOGIN',1,'2013-01-07 20:54:50',1,'(UserLogged,admin)','::1','Mozilla/5.0 (X11; Linux x86_64) AppleWebKit/537.11 (KHTML, like Gecko) Chrome/23.0.1271.97 Safari/537.11',NULL),(244,'2013-01-08 21:55:01','USER_LOGIN',1,'2013-01-08 22:55:01',1,'(UserLogged,admin)','::1','Mozilla/5.0 (X11; Linux x86_64) AppleWebKit/537.11 (KHTML, like Gecko) Chrome/23.0.1271.97 Safari/537.11',NULL),(245,'2013-01-09 11:13:28','USER_LOGIN',1,'2013-01-09 12:13:28',1,'(UserLogged,admin)','::1','Mozilla/5.0 (X11; Linux x86_64) AppleWebKit/537.11 (KHTML, like Gecko) Chrome/23.0.1271.97 Safari/537.11',NULL),(246,'2013-01-10 18:30:46','USER_LOGIN',1,'2013-01-10 19:30:46',1,'(UserLogged,admin)','::1','Mozilla/5.0 (X11; Linux x86_64) AppleWebKit/537.11 (KHTML, like Gecko) Chrome/23.0.1271.97 Safari/537.11',NULL),(247,'2013-01-11 18:03:26','USER_LOGIN',1,'2013-01-11 19:03:26',1,'(UserLogged,admin)','::1','Mozilla/5.0 (X11; Linux x86_64) AppleWebKit/537.11 (KHTML, like Gecko) Chrome/23.0.1271.97 Safari/537.11',NULL),(248,'2013-01-12 11:15:04','USER_LOGIN',1,'2013-01-12 12:15:04',1,'(UserLogged,admin)','::1','Mozilla/5.0 (X11; Linux x86_64) AppleWebKit/537.11 (KHTML, like Gecko) Chrome/23.0.1271.97 Safari/537.11',NULL),(249,'2013-01-12 14:42:44','USER_LOGIN',1,'2013-01-12 15:42:44',1,'(UserLogged,admin)','::1','Mozilla/5.0 (X11; Linux x86_64) AppleWebKit/537.11 (KHTML, like Gecko) Chrome/23.0.1271.97 Safari/537.11',NULL),(250,'2013-01-13 12:07:17','USER_LOGIN',1,'2013-01-13 13:07:17',1,'(UserLogged,admin)','::1','Mozilla/5.0 (X11; Linux x86_64) AppleWebKit/537.11 (KHTML, like Gecko) Chrome/23.0.1271.97 Safari/537.11',NULL),(251,'2013-01-13 17:37:58','USER_LOGIN',1,'2013-01-13 18:37:58',1,'(UserLogged,admin)','::1','Mozilla/5.0 (X11; Linux x86_64) AppleWebKit/537.11 (KHTML, like Gecko) Chrome/23.0.1271.97 Safari/537.11',NULL),(252,'2013-01-13 19:24:21','USER_LOGIN',1,'2013-01-13 20:24:21',1,'(UserLogged,admin)','::1','Mozilla/5.0 (X11; Linux x86_64) AppleWebKit/537.11 (KHTML, like Gecko) Chrome/23.0.1271.97 Safari/537.11',NULL),(253,'2013-01-13 19:29:19','USER_LOGOUT',1,'2013-01-13 20:29:19',1,'(UserLogoff,admin)','::1','Mozilla/5.0 (X11; Linux x86_64) AppleWebKit/537.11 (KHTML, like Gecko) Chrome/23.0.1271.97 Safari/537.11',NULL),(254,'2013-01-13 21:39:39','USER_LOGIN',1,'2013-01-13 22:39:39',1,'(UserLogged,admin)','::1','Mozilla/5.0 (X11; Linux x86_64) AppleWebKit/537.11 (KHTML, like Gecko) Chrome/23.0.1271.97 Safari/537.11',NULL),(255,'2013-01-14 00:52:21','USER_LOGIN',1,'2013-01-14 01:52:21',1,'(UserLogged,admin)','::1','Mozilla/5.0 (X11; Linux x86_64) AppleWebKit/537.11 (KHTML, like Gecko) Chrome/23.0.1271.97 Safari/537.11',NULL),(256,'2013-01-16 11:34:31','USER_LOGIN',1,'2013-01-16 12:34:31',1,'(UserLogged,admin)','::1','Mozilla/5.0 (X11; Linux x86_64) AppleWebKit/537.17 (KHTML, like Gecko) Chrome/24.0.1312.52 Safari/537.17',NULL),(257,'2013-01-16 15:36:21','USER_LOGIN',1,'2013-01-16 16:36:21',1,'(UserLogged,admin)','::1','Mozilla/5.0 (X11; Linux x86_64) AppleWebKit/537.17 (KHTML, like Gecko) Chrome/24.0.1312.52 Safari/537.17',NULL),(258,'2013-01-16 19:17:36','USER_LOGIN',1,'2013-01-16 20:17:36',1,'(UserLogged,admin)','::1','Mozilla/5.0 (X11; Linux x86_64) AppleWebKit/537.17 (KHTML, like Gecko) Chrome/24.0.1312.52 Safari/537.17',NULL),(259,'2013-01-16 19:48:08','GROUP_CREATE',1,'2013-01-16 20:48:08',1,'Création groupe ggg','::1','Mozilla/5.0 (X11; Linux x86_64) AppleWebKit/537.17 (KHTML, like Gecko) Chrome/24.0.1312.52 Safari/537.17',NULL),(260,'2013-01-16 21:48:53','USER_LOGIN',1,'2013-01-16 22:48:53',1,'(UserLogged,admin)','::1','Mozilla/5.0 (X11; Linux x86_64) AppleWebKit/537.17 (KHTML, like Gecko) Chrome/24.0.1312.52 Safari/537.17',NULL),(261,'2013-01-17 19:55:53','USER_LOGIN',1,'2013-01-17 20:55:53',1,'(UserLogged,admin)','::1','Mozilla/5.0 (X11; Linux x86_64) AppleWebKit/537.17 (KHTML, like Gecko) Chrome/24.0.1312.52 Safari/537.17',NULL),(262,'2013-01-18 09:48:01','USER_LOGIN',1,'2013-01-18 10:48:01',1,'(UserLogged,admin)','::1','Mozilla/5.0 (X11; Linux x86_64) AppleWebKit/537.17 (KHTML, like Gecko) Chrome/24.0.1312.52 Safari/537.17',NULL),(263,'2013-01-18 13:22:36','USER_LOGIN',1,'2013-01-18 14:22:36',1,'(UserLogged,admin)','::1','Mozilla/5.0 (X11; Linux x86_64) AppleWebKit/537.17 (KHTML, like Gecko) Chrome/24.0.1312.52 Safari/537.17',NULL),(264,'2013-01-18 16:10:23','USER_LOGIN',1,'2013-01-18 17:10:22',1,'(UserLogged,admin)','::1','Mozilla/5.0 (X11; Linux x86_64) AppleWebKit/537.17 (KHTML, like Gecko) Chrome/24.0.1312.52 Safari/537.17',NULL),(265,'2013-01-18 17:41:40','USER_LOGIN',1,'2013-01-18 18:41:40',1,'(UserLogged,admin)','::1','Mozilla/5.0 (X11; Linux x86_64) AppleWebKit/537.17 (KHTML, like Gecko) Chrome/24.0.1312.52 Safari/537.17',NULL),(266,'2013-01-19 14:33:48','USER_LOGIN',1,'2013-01-19 15:33:48',1,'(UserLogged,admin)','::1','Mozilla/5.0 (X11; Linux x86_64) AppleWebKit/537.17 (KHTML, like Gecko) Chrome/24.0.1312.52 Safari/537.17',NULL),(267,'2013-01-19 16:47:43','USER_LOGIN',1,'2013-01-19 17:47:43',1,'(UserLogged,admin)','::1','Mozilla/5.0 (X11; Linux x86_64) AppleWebKit/537.17 (KHTML, like Gecko) Chrome/24.0.1312.52 Safari/537.17',NULL),(268,'2013-01-19 16:59:43','USER_LOGIN',1,'2013-01-19 17:59:43',1,'(UserLogged,admin)','::1','Mozilla/5.0 (X11; Linux x86_64) AppleWebKit/537.17 (KHTML, like Gecko) Chrome/24.0.1312.52 Safari/537.17',NULL),(269,'2013-01-19 17:00:22','USER_LOGIN',1,'2013-01-19 18:00:22',1,'(UserLogged,admin)','::1','Mozilla/5.0 (X11; Linux x86_64) AppleWebKit/537.17 (KHTML, like Gecko) Chrome/24.0.1312.52 Safari/537.17',NULL),(270,'2013-01-19 17:04:16','USER_LOGOUT',1,'2013-01-19 18:04:16',1,'(UserLogoff,admin)','::1','Mozilla/5.0 (X11; Linux x86_64) AppleWebKit/537.17 (KHTML, like Gecko) Chrome/24.0.1312.52 Safari/537.17',NULL),(271,'2013-01-19 17:04:18','USER_LOGIN',1,'2013-01-19 18:04:18',1,'(UserLogged,admin)','::1','Mozilla/5.0 (X11; Linux x86_64) AppleWebKit/537.17 (KHTML, like Gecko) Chrome/24.0.1312.52 Safari/537.17',NULL),(272,'2013-01-20 00:34:19','USER_LOGIN',1,'2013-01-20 01:34:19',1,'(UserLogged,admin)','::1','Mozilla/5.0 (X11; Linux x86_64) AppleWebKit/537.17 (KHTML, like Gecko) Chrome/24.0.1312.52 Safari/537.17',NULL),(273,'2013-01-21 11:54:17','USER_LOGIN',1,'2013-01-21 12:54:17',1,'(UserLogged,admin)','::1','Mozilla/5.0 (X11; Linux x86_64) AppleWebKit/537.17 (KHTML, like Gecko) Chrome/24.0.1312.52 Safari/537.17',NULL),(274,'2013-01-21 13:48:15','USER_LOGIN',1,'2013-01-21 14:48:15',1,'(UserLogged,admin)','::1','Mozilla/5.0 (X11; Linux x86_64) AppleWebKit/537.17 (KHTML, like Gecko) Chrome/24.0.1312.52 Safari/537.17',NULL),(275,'2013-01-21 14:30:22','USER_LOGIN',1,'2013-01-21 15:30:22',1,'(UserLogged,admin)','127.0.0.1','Mozilla/5.0 (X11; Linux x86_64) AppleWebKit/537.17 (KHTML, like Gecko) Chrome/24.0.1312.52 Safari/537.17',NULL),(276,'2013-01-21 15:10:46','USER_LOGIN',1,'2013-01-21 16:10:46',1,'(UserLogged,admin)','::1','Mozilla/5.0 (X11; Linux x86_64) AppleWebKit/537.17 (KHTML, like Gecko) Chrome/24.0.1312.52 Safari/537.17',NULL),(277,'2013-01-21 17:27:43','USER_LOGIN',1,'2013-01-21 18:27:43',1,'(UserLogged,admin)','127.0.0.1','Mozilla/5.0 (X11; Linux x86_64) AppleWebKit/537.17 (KHTML, like Gecko) Chrome/24.0.1312.52 Safari/537.17',NULL),(278,'2013-01-21 21:48:15','USER_LOGIN',1,'2013-01-21 22:48:15',1,'(UserLogged,admin)','::1','Mozilla/5.0 (X11; Linux x86_64) AppleWebKit/537.17 (KHTML, like Gecko) Chrome/24.0.1312.52 Safari/537.17',NULL),(279,'2013-01-21 21:50:42','USER_LOGIN',1,'2013-01-21 22:50:42',1,'(UserLogged,admin)','127.0.0.1','Mozilla/5.0 (X11; Linux x86_64) AppleWebKit/537.17 (KHTML, like Gecko) Chrome/24.0.1312.52 Safari/537.17',NULL),(280,'2013-01-23 09:28:26','USER_LOGIN',1,'2013-01-23 10:28:26',1,'(UserLogged,admin)','::1','Mozilla/5.0 (X11; Linux x86_64) AppleWebKit/537.17 (KHTML, like Gecko) Chrome/24.0.1312.56 Safari/537.17',NULL),(281,'2013-01-23 13:21:57','USER_LOGIN',1,'2013-01-23 14:21:57',1,'(UserLogged,admin)','::1','Mozilla/5.0 (X11; Linux x86_64) AppleWebKit/537.17 (KHTML, like Gecko) Chrome/24.0.1312.56 Safari/537.17',NULL),(282,'2013-01-23 16:52:00','USER_LOGOUT',1,'2013-01-23 17:52:00',1,'(UserLogoff,admin)','::1','Mozilla/5.0 (X11; Linux x86_64) AppleWebKit/537.17 (KHTML, like Gecko) Chrome/24.0.1312.56 Safari/537.17',NULL),(283,'2013-01-23 16:52:05','USER_LOGIN_FAILED',1,'2013-01-23 17:52:05',NULL,'Bad value for login or password - login=bbb','::1','Mozilla/5.0 (X11; Linux x86_64) AppleWebKit/537.17 (KHTML, like Gecko) Chrome/24.0.1312.56 Safari/537.17',NULL),(284,'2013-01-23 16:52:09','USER_LOGIN',1,'2013-01-23 17:52:09',1,'(UserLogged,admin)','::1','Mozilla/5.0 (X11; Linux x86_64) AppleWebKit/537.17 (KHTML, like Gecko) Chrome/24.0.1312.56 Safari/537.17',NULL),(285,'2013-01-23 16:52:27','USER_CREATE',1,'2013-01-23 17:52:27',1,'Création utilisateur aaa','::1','Mozilla/5.0 (X11; Linux x86_64) AppleWebKit/537.17 (KHTML, like Gecko) Chrome/24.0.1312.56 Safari/537.17',NULL),(286,'2013-01-23 16:52:27','USER_NEW_PASSWORD',1,'2013-01-23 17:52:27',1,'Changement mot de passe de aaa','::1','Mozilla/5.0 (X11; Linux x86_64) AppleWebKit/537.17 (KHTML, like Gecko) Chrome/24.0.1312.56 Safari/537.17',NULL),(287,'2013-01-23 16:52:37','USER_CREATE',1,'2013-01-23 17:52:37',1,'Création utilisateur bbb','::1','Mozilla/5.0 (X11; Linux x86_64) AppleWebKit/537.17 (KHTML, like Gecko) Chrome/24.0.1312.56 Safari/537.17',NULL),(288,'2013-01-23 16:52:37','USER_NEW_PASSWORD',1,'2013-01-23 17:52:37',1,'Changement mot de passe de bbb','::1','Mozilla/5.0 (X11; Linux x86_64) AppleWebKit/537.17 (KHTML, like Gecko) Chrome/24.0.1312.56 Safari/537.17',NULL),(289,'2013-01-23 16:53:15','USER_LOGOUT',1,'2013-01-23 17:53:15',1,'(UserLogoff,admin)','::1','Mozilla/5.0 (X11; Linux x86_64) AppleWebKit/537.17 (KHTML, like Gecko) Chrome/24.0.1312.56 Safari/537.17',NULL),(290,'2013-01-23 16:53:20','USER_LOGIN',1,'2013-01-23 17:53:20',4,'(UserLogged,aaa)','::1','Mozilla/5.0 (X11; Linux x86_64) AppleWebKit/537.17 (KHTML, like Gecko) Chrome/24.0.1312.56 Safari/537.17',NULL),(291,'2013-01-23 19:16:58','USER_LOGIN',1,'2013-01-23 20:16:58',1,'(UserLogged,admin)','::1','Mozilla/5.0 (X11; Linux x86_64) AppleWebKit/537.17 (KHTML, like Gecko) Chrome/24.0.1312.56 Safari/537.17',NULL),(292,'2013-01-26 10:54:07','USER_LOGIN',1,'2013-01-26 11:54:07',1,'(UserLogged,admin)','::1','Mozilla/5.0 (X11; Linux x86_64) AppleWebKit/537.17 (KHTML, like Gecko) Chrome/24.0.1312.56 Safari/537.17',NULL),(293,'2013-01-29 10:15:36','USER_LOGIN',1,'2013-01-29 11:15:36',1,'(UserLogged,admin)','::1','Mozilla/5.0 (X11; Linux x86_64) AppleWebKit/537.17 (KHTML, like Gecko) Chrome/24.0.1312.56 Safari/537.17',NULL),(294,'2013-01-30 17:42:50','USER_LOGIN',1,'2013-01-30 18:42:50',1,'(UserLogged,admin)','::1','Mozilla/5.0 (X11; Linux x86_64) AppleWebKit/537.17 (KHTML, like Gecko) Chrome/24.0.1312.56 Safari/537.17',NULL),(295,'2013-02-01 08:49:55','USER_LOGIN',1,'2013-02-01 09:49:55',1,'(UserLogged,admin)','::1','Mozilla/5.0 (X11; Linux x86_64) AppleWebKit/537.17 (KHTML, like Gecko) Chrome/24.0.1312.57 Safari/537.17',NULL),(296,'2013-02-01 08:51:57','USER_LOGOUT',1,'2013-02-01 09:51:57',1,'(UserLogoff,admin)','::1','Mozilla/5.0 (X11; Linux x86_64) AppleWebKit/537.17 (KHTML, like Gecko) Chrome/24.0.1312.57 Safari/537.17',NULL),(297,'2013-02-01 08:52:39','USER_LOGIN',1,'2013-02-01 09:52:39',1,'(UserLogged,admin)','::1','Mozilla/5.0 (X11; Linux x86_64) AppleWebKit/537.17 (KHTML, like Gecko) Chrome/24.0.1312.57 Safari/537.17',NULL),(298,'2013-02-01 21:03:01','USER_LOGIN',1,'2013-02-01 22:03:01',1,'(UserLogged,admin)','::1','Mozilla/5.0 (X11; Linux x86_64) AppleWebKit/537.17 (KHTML, like Gecko) Chrome/24.0.1312.57 Safari/537.17',NULL),(299,'2013-02-10 19:48:39','USER_LOGIN',1,'2013-02-10 20:48:39',1,'(UserLogged,admin)','::1','Mozilla/5.0 (X11; Linux x86_64) AppleWebKit/537.17 (KHTML, like Gecko) Chrome/24.0.1312.57 Safari/537.17',NULL),(300,'2013-02-10 20:46:48','USER_LOGIN',1,'2013-02-10 21:46:48',1,'(UserLogged,admin)','::1','Mozilla/5.0 (X11; Linux x86_64) AppleWebKit/537.17 (KHTML, like Gecko) Chrome/24.0.1312.57 Safari/537.17',NULL),(301,'2013-02-10 21:39:23','USER_LOGIN',1,'2013-02-10 22:39:23',1,'(UserLogged,admin)','::1','Mozilla/5.0 (X11; Linux x86_64) AppleWebKit/537.17 (KHTML, like Gecko) Chrome/24.0.1312.57 Safari/537.17',NULL),(302,'2013-02-11 19:00:13','USER_LOGIN',1,'2013-02-11 20:00:13',1,'(UserLogged,admin)','::1','Mozilla/5.0 (X11; Linux x86_64) AppleWebKit/537.17 (KHTML, like Gecko) Chrome/24.0.1312.57 Safari/537.17',NULL),(303,'2013-02-11 19:43:44','USER_LOGIN_FAILED',1,'2013-02-11 20:43:44',NULL,'Unknown column \'u.fk_user\' in \'field list\'','::1','Mozilla/5.0 (X11; Linux x86_64) AppleWebKit/537.17 (KHTML, like Gecko) Chrome/24.0.1312.57 Safari/537.17',NULL),(304,'2013-02-11 19:44:01','USER_LOGIN',1,'2013-02-11 20:44:01',1,'(UserLogged,admin)','::1','Mozilla/5.0 (X11; Linux x86_64) AppleWebKit/537.17 (KHTML, like Gecko) Chrome/24.0.1312.57 Safari/537.17',NULL),(305,'2013-02-12 00:27:35','USER_LOGIN',1,'2013-02-12 01:27:35',1,'(UserLogged,admin)','::1','Mozilla/5.0 (X11; Linux x86_64) AppleWebKit/537.17 (KHTML, like Gecko) Chrome/24.0.1312.57 Safari/537.17',NULL),(306,'2013-02-12 00:27:38','USER_LOGOUT',1,'2013-02-12 01:27:38',1,'(UserLogoff,admin)','::1','Mozilla/5.0 (X11; Linux x86_64) AppleWebKit/537.17 (KHTML, like Gecko) Chrome/24.0.1312.57 Safari/537.17',NULL),(307,'2013-02-12 00:28:07','USER_LOGIN',1,'2013-02-12 01:28:07',1,'(UserLogged,admin)','::1','Mozilla/5.0 (X11; Linux x86_64) AppleWebKit/537.17 (KHTML, like Gecko) Chrome/24.0.1312.57 Safari/537.17',NULL),(308,'2013-02-12 00:28:09','USER_LOGOUT',1,'2013-02-12 01:28:09',1,'(UserLogoff,admin)','::1','Mozilla/5.0 (X11; Linux x86_64) AppleWebKit/537.17 (KHTML, like Gecko) Chrome/24.0.1312.57 Safari/537.17',NULL),(309,'2013-02-12 00:28:26','USER_LOGIN',1,'2013-02-12 01:28:26',1,'(UserLogged,admin)','::1','Mozilla/5.0 (X11; Linux x86_64) AppleWebKit/537.17 (KHTML, like Gecko) Chrome/24.0.1312.57 Safari/537.17',NULL),(310,'2013-02-12 00:28:30','USER_LOGOUT',1,'2013-02-12 01:28:30',1,'(UserLogoff,admin)','::1','Mozilla/5.0 (X11; Linux x86_64) AppleWebKit/537.17 (KHTML, like Gecko) Chrome/24.0.1312.57 Safari/537.17',NULL),(311,'2013-02-12 12:42:15','USER_LOGIN',1,'2013-02-12 13:42:15',1,'(UserLogged,admin)','::1','Mozilla/5.0 (X11; Linux x86_64) AppleWebKit/537.17 (KHTML, like Gecko) Chrome/24.0.1312.57 Safari/537.17',NULL),(312,'2013-02-12 13:46:16','USER_LOGIN',1,'2013-02-12 14:46:16',1,'(UserLogged,admin)','::1','Mozilla/5.0 (X11; Linux x86_64) AppleWebKit/537.17 (KHTML, like Gecko) Chrome/24.0.1312.69 Safari/537.17',NULL),(313,'2013-02-12 14:54:28','USER_LOGIN',1,'2013-02-12 15:54:28',1,'(UserLogged,admin)','::1','Mozilla/5.0 (X11; Linux x86_64) AppleWebKit/537.17 (KHTML, like Gecko) Chrome/24.0.1312.69 Safari/537.17',NULL),(314,'2013-02-12 16:04:46','USER_LOGIN',1,'2013-02-12 17:04:46',1,'(UserLogged,admin)','::1','Mozilla/5.0 (X11; Linux x86_64) AppleWebKit/537.17 (KHTML, like Gecko) Chrome/24.0.1312.69 Safari/537.17',NULL),(315,'2013-02-13 14:02:43','USER_LOGIN',1,'2013-02-13 15:02:43',1,'(UserLogged,admin)','::1','Mozilla/5.0 (X11; Linux x86_64) AppleWebKit/537.17 (KHTML, like Gecko) Chrome/24.0.1312.69 Safari/537.17',NULL),(316,'2013-02-13 14:48:30','USER_LOGIN',1,'2013-02-13 15:48:30',1,'(UserLogged,admin)','::1','Mozilla/5.0 (X11; Linux x86_64) AppleWebKit/537.17 (KHTML, like Gecko) Chrome/24.0.1312.69 Safari/537.17',NULL),(317,'2013-02-13 17:44:53','USER_LOGIN',1,'2013-02-13 18:44:53',1,'(UserLogged,admin)','::1','Mozilla/5.0 (X11; Linux x86_64) AppleWebKit/537.17 (KHTML, like Gecko) Chrome/24.0.1312.69 Safari/537.17',NULL),(318,'2013-02-15 08:44:36','USER_LOGIN',1,'2013-02-15 09:44:36',1,'(UserLogged,admin)','::1','Mozilla/5.0 (X11; Linux x86_64) AppleWebKit/537.17 (KHTML, like Gecko) Chrome/24.0.1312.69 Safari/537.17',NULL),(319,'2013-02-15 08:53:20','USER_LOGIN',1,'2013-02-15 09:53:20',1,'(UserLogged,admin)','127.0.0.1','Mozilla/5.0 (X11; Linux x86_64) AppleWebKit/537.17 (KHTML, like Gecko) Chrome/24.0.1312.69 Safari/537.17',NULL),(320,'2013-02-16 19:10:28','USER_LOGIN',1,'2013-02-16 20:10:28',1,'(UserLogged,admin)','127.0.0.1','Mozilla/5.0 (X11; Linux x86_64) AppleWebKit/537.17 (KHTML, like Gecko) Chrome/24.0.1312.69 Safari/537.17',NULL),(321,'2013-02-16 19:22:40','USER_CREATE',1,'2013-02-16 20:22:40',1,'Création utilisateur aaab','127.0.0.1','Mozilla/5.0 (X11; Linux x86_64) AppleWebKit/537.17 (KHTML, like Gecko) Chrome/24.0.1312.69 Safari/537.17',NULL),(322,'2013-02-16 19:22:40','USER_NEW_PASSWORD',1,'2013-02-16 20:22:40',1,'Changement mot de passe de aaab','127.0.0.1','Mozilla/5.0 (X11; Linux x86_64) AppleWebKit/537.17 (KHTML, like Gecko) Chrome/24.0.1312.69 Safari/537.17',NULL),(323,'2013-02-16 19:48:15','USER_CREATE',1,'2013-02-16 20:48:15',1,'Création utilisateur zzz','127.0.0.1','Mozilla/5.0 (X11; Linux x86_64) AppleWebKit/537.17 (KHTML, like Gecko) Chrome/24.0.1312.69 Safari/537.17',NULL),(324,'2013-02-16 19:48:15','USER_NEW_PASSWORD',1,'2013-02-16 20:48:15',1,'Changement mot de passe de zzz','127.0.0.1','Mozilla/5.0 (X11; Linux x86_64) AppleWebKit/537.17 (KHTML, like Gecko) Chrome/24.0.1312.69 Safari/537.17',NULL),(325,'2013-02-16 19:50:08','USER_CREATE',1,'2013-02-16 20:50:08',1,'Création utilisateur zzzg','127.0.0.1','Mozilla/5.0 (X11; Linux x86_64) AppleWebKit/537.17 (KHTML, like Gecko) Chrome/24.0.1312.69 Safari/537.17',NULL),(326,'2013-02-16 19:50:08','USER_NEW_PASSWORD',1,'2013-02-16 20:50:08',1,'Changement mot de passe de zzzg','127.0.0.1','Mozilla/5.0 (X11; Linux x86_64) AppleWebKit/537.17 (KHTML, like Gecko) Chrome/24.0.1312.69 Safari/537.17',NULL),(327,'2013-02-16 21:20:03','USER_LOGIN',1,'2013-02-16 22:20:03',1,'(UserLogged,admin)','127.0.0.1','Mozilla/5.0 (X11; Linux x86_64) AppleWebKit/537.17 (KHTML, like Gecko) Chrome/24.0.1312.69 Safari/537.17',NULL),(328,'2013-02-17 14:30:51','USER_LOGIN',1,'2013-02-17 15:30:51',1,'(UserLogged,admin)','127.0.0.1','Mozilla/5.0 (X11; Linux x86_64) AppleWebKit/537.17 (KHTML, like Gecko) Chrome/24.0.1312.69 Safari/537.17',NULL),(329,'2013-02-17 17:21:22','USER_LOGIN',1,'2013-02-17 18:21:22',1,'(UserLogged,admin)','127.0.0.1','Mozilla/5.0 (X11; Linux x86_64) AppleWebKit/537.17 (KHTML, like Gecko) Chrome/24.0.1312.69 Safari/537.17',NULL),(330,'2013-02-17 17:48:43','USER_MODIFY',1,'2013-02-17 18:48:43',1,'Modification utilisateur aaa','127.0.0.1','Mozilla/5.0 (X11; Linux x86_64) AppleWebKit/537.17 (KHTML, like Gecko) Chrome/24.0.1312.69 Safari/537.17',NULL),(331,'2013-02-17 17:48:47','USER_MODIFY',1,'2013-02-17 18:48:47',1,'Modification utilisateur aaa','127.0.0.1','Mozilla/5.0 (X11; Linux x86_64) AppleWebKit/537.17 (KHTML, like Gecko) Chrome/24.0.1312.69 Safari/537.17',NULL),(332,'2013-02-17 17:48:51','USER_MODIFY',1,'2013-02-17 18:48:51',1,'Modification utilisateur aaa','127.0.0.1','Mozilla/5.0 (X11; Linux x86_64) AppleWebKit/537.17 (KHTML, like Gecko) Chrome/24.0.1312.69 Safari/537.17',NULL),(333,'2013-02-17 17:48:56','USER_MODIFY',1,'2013-02-17 18:48:56',1,'Modification utilisateur aaa','127.0.0.1','Mozilla/5.0 (X11; Linux x86_64) AppleWebKit/537.17 (KHTML, like Gecko) Chrome/24.0.1312.69 Safari/537.17',NULL),(334,'2013-02-18 22:00:01','USER_LOGIN',1,'2013-02-18 23:00:01',1,'(UserLogged,admin)','127.0.0.1','Mozilla/5.0 (X11; Linux x86_64) AppleWebKit/537.17 (KHTML, like Gecko) Chrome/24.0.1312.69 Safari/537.17',NULL),(335,'2013-02-19 08:19:52','USER_LOGIN',1,'2013-02-19 09:19:52',1,'(UserLogged,admin)','127.0.0.1','Mozilla/5.0 (X11; Linux x86_64) AppleWebKit/537.17 (KHTML, like Gecko) Chrome/24.0.1312.69 Safari/537.17',NULL),(336,'2013-02-19 22:00:52','USER_LOGIN',1,'2013-02-19 23:00:52',1,'(UserLogged,admin)','127.0.0.1','Mozilla/5.0 (X11; Linux x86_64) AppleWebKit/537.17 (KHTML, like Gecko) Chrome/24.0.1312.69 Safari/537.17',NULL),(337,'2013-02-20 09:34:52','USER_LOGIN',1,'2013-02-20 10:34:52',1,'(UserLogged,admin)','127.0.0.1','Mozilla/5.0 (X11; Linux x86_64) AppleWebKit/537.17 (KHTML, like Gecko) Chrome/24.0.1312.69 Safari/537.17',NULL),(338,'2013-02-20 13:12:28','USER_LOGIN',1,'2013-02-20 14:12:28',1,'(UserLogged,admin)','127.0.0.1','Mozilla/5.0 (X11; Linux x86_64) AppleWebKit/537.17 (KHTML, like Gecko) Chrome/24.0.1312.69 Safari/537.17',NULL),(339,'2013-02-20 17:19:44','USER_LOGIN',1,'2013-02-20 18:19:44',1,'(UserLogged,admin)','127.0.0.1','Mozilla/5.0 (X11; Linux x86_64) AppleWebKit/537.17 (KHTML, like Gecko) Chrome/24.0.1312.69 Safari/537.17',NULL),(340,'2013-02-20 19:07:21','USER_MODIFY',1,'2013-02-20 20:07:21',1,'Modification utilisateur adupont','127.0.0.1','Mozilla/5.0 (X11; Linux x86_64) AppleWebKit/537.17 (KHTML, like Gecko) Chrome/24.0.1312.69 Safari/537.17',NULL),(341,'2013-02-20 19:47:17','USER_LOGIN',1,'2013-02-20 20:47:17',1,'(UserLogged,admin)','127.0.0.1','Mozilla/5.0 (X11; Linux x86_64) AppleWebKit/537.17 (KHTML, like Gecko) Chrome/24.0.1312.69 Safari/537.17',NULL),(342,'2013-02-20 19:48:01','USER_MODIFY',1,'2013-02-20 20:48:01',1,'Modification utilisateur aaa','127.0.0.1','Mozilla/5.0 (X11; Linux x86_64) AppleWebKit/537.17 (KHTML, like Gecko) Chrome/24.0.1312.69 Safari/537.17',NULL),(343,'2013-02-21 08:27:07','USER_LOGIN',1,'2013-02-21 09:27:07',1,'(UserLogged,admin)','127.0.0.1','Mozilla/5.0 (X11; Linux x86_64) AppleWebKit/537.17 (KHTML, like Gecko) Chrome/24.0.1312.69 Safari/537.17',NULL),(344,'2013-02-23 13:34:13','USER_LOGIN',1,'2013-02-23 14:34:13',1,'(UserLogged,admin)','127.0.0.1','Mozilla/5.0 (X11; Linux x86_64) AppleWebKit/537.17 (KHTML, like Gecko) Chrome/24.0.1312.69 Safari/537.17',NULL),(345,'2013-02-24 01:06:41','USER_LOGIN_FAILED',1,'2013-02-24 02:06:41',NULL,'Bad value for login or password - login=admin','127.0.0.1','Mozilla/5.0 (X11; Linux x86_64) AppleWebKit/537.22 (KHTML, like Gecko) Chrome/25.0.1364.97 Safari/537.22',NULL),(346,'2013-02-24 01:06:45','USER_LOGIN_FAILED',1,'2013-02-24 02:06:45',NULL,'Bad value for login or password - login=admin','127.0.0.1','Mozilla/5.0 (X11; Linux x86_64) AppleWebKit/537.22 (KHTML, like Gecko) Chrome/25.0.1364.97 Safari/537.22',NULL),(347,'2013-02-24 01:06:55','USER_LOGIN_FAILED',1,'2013-02-24 02:06:55',NULL,'Bad value for login or password - login=admin','127.0.0.1','Mozilla/5.0 (X11; Linux x86_64) AppleWebKit/537.22 (KHTML, like Gecko) Chrome/25.0.1364.97 Safari/537.22',NULL),(348,'2013-02-24 01:07:03','USER_LOGIN_FAILED',1,'2013-02-24 02:07:03',NULL,'Bad value for login or password - login=admin','127.0.0.1','Mozilla/5.0 (X11; Linux x86_64) AppleWebKit/537.22 (KHTML, like Gecko) Chrome/25.0.1364.97 Safari/537.22',NULL),(349,'2013-02-24 01:07:21','USER_LOGIN_FAILED',1,'2013-02-24 02:07:21',NULL,'Bad value for login or password - login=admin','127.0.0.1','Mozilla/5.0 (X11; Linux x86_64) AppleWebKit/537.22 (KHTML, like Gecko) Chrome/25.0.1364.97 Safari/537.22',NULL),(350,'2013-02-24 01:08:12','USER_LOGIN_FAILED',1,'2013-02-24 02:08:12',NULL,'Bad value for login or password - login=admin','127.0.0.1','Mozilla/5.0 (X11; Linux x86_64) AppleWebKit/537.22 (KHTML, like Gecko) Chrome/25.0.1364.97 Safari/537.22',NULL),(351,'2013-02-24 01:08:42','USER_LOGIN_FAILED',1,'2013-02-24 02:08:42',NULL,'Bad value for login or password - login=admin','127.0.0.1','Mozilla/5.0 (X11; Linux x86_64) AppleWebKit/537.22 (KHTML, like Gecko) Chrome/25.0.1364.97 Safari/537.22',NULL),(352,'2013-02-24 01:08:50','USER_LOGIN_FAILED',1,'2013-02-24 02:08:50',NULL,'Bad value for login or password - login=admin','127.0.0.1','Mozilla/5.0 (X11; Linux x86_64) AppleWebKit/537.22 (KHTML, like Gecko) Chrome/25.0.1364.97 Safari/537.22',NULL),(353,'2013-02-24 01:09:08','USER_LOGIN_FAILED',1,'2013-02-24 02:09:08',NULL,'Bad value for login or password - login=admin','127.0.0.1','Mozilla/5.0 (X11; Linux x86_64) AppleWebKit/537.22 (KHTML, like Gecko) Chrome/25.0.1364.97 Safari/537.22',NULL),(354,'2013-02-24 01:09:42','USER_LOGIN_FAILED',1,'2013-02-24 02:09:42',NULL,'Bad value for login or password - login=admin','127.0.0.1','Mozilla/5.0 (X11; Linux x86_64) AppleWebKit/537.22 (KHTML, like Gecko) Chrome/25.0.1364.97 Safari/537.22',NULL),(355,'2013-02-24 01:09:50','USER_LOGIN_FAILED',1,'2013-02-24 02:09:50',NULL,'Bad value for login or password - login=admin','127.0.0.1','Mozilla/5.0 (X11; Linux x86_64) AppleWebKit/537.22 (KHTML, like Gecko) Chrome/25.0.1364.97 Safari/537.22',NULL),(356,'2013-02-24 01:10:05','USER_LOGIN_FAILED',1,'2013-02-24 02:10:05',NULL,'Bad value for login or password - login=admin','127.0.0.1','Mozilla/5.0 (X11; Linux x86_64) AppleWebKit/537.22 (KHTML, like Gecko) Chrome/25.0.1364.97 Safari/537.22',NULL),(357,'2013-02-24 01:10:22','USER_LOGIN_FAILED',1,'2013-02-24 02:10:22',NULL,'Bad value for login or password - login=admin','127.0.0.1','Mozilla/5.0 (X11; Linux x86_64) AppleWebKit/537.22 (KHTML, like Gecko) Chrome/25.0.1364.97 Safari/537.22',NULL),(358,'2013-02-24 01:10:30','USER_LOGIN_FAILED',1,'2013-02-24 02:10:30',NULL,'Bad value for login or password - login=admin','127.0.0.1','Mozilla/5.0 (X11; Linux x86_64) AppleWebKit/537.22 (KHTML, like Gecko) Chrome/25.0.1364.97 Safari/537.22',NULL),(359,'2013-02-24 01:10:56','USER_LOGIN_FAILED',1,'2013-02-24 02:10:56',NULL,'Bad value for login or password - login=admin','127.0.0.1','Mozilla/5.0 (X11; Linux x86_64) AppleWebKit/537.22 (KHTML, like Gecko) Chrome/25.0.1364.97 Safari/537.22',NULL),(360,'2013-02-24 01:11:26','USER_LOGIN_FAILED',1,'2013-02-24 02:11:26',NULL,'Bad value for login or password - login=admin','127.0.0.1','Mozilla/5.0 (X11; Linux x86_64) AppleWebKit/537.22 (KHTML, like Gecko) Chrome/25.0.1364.97 Safari/537.22',NULL),(361,'2013-02-24 01:12:06','USER_LOGIN_FAILED',1,'2013-02-24 02:12:06',NULL,'Bad value for login or password - login=admin','127.0.0.1','Mozilla/5.0 (X11; Linux x86_64) AppleWebKit/537.22 (KHTML, like Gecko) Chrome/25.0.1364.97 Safari/537.22',NULL),(362,'2013-02-24 01:21:14','USER_LOGIN_FAILED',1,'2013-02-24 02:21:14',NULL,'Bad value for login or password - login=admin','127.0.0.1','Mozilla/5.0 (X11; Linux x86_64) AppleWebKit/537.22 (KHTML, like Gecko) Chrome/25.0.1364.97 Safari/537.22',NULL),(363,'2013-02-24 01:21:25','USER_LOGIN_FAILED',1,'2013-02-24 02:21:25',NULL,'Bad value for login or password - login=admin','127.0.0.1','Mozilla/5.0 (X11; Linux x86_64) AppleWebKit/537.22 (KHTML, like Gecko) Chrome/25.0.1364.97 Safari/537.22',NULL),(364,'2013-02-24 01:21:54','USER_LOGIN_FAILED',1,'2013-02-24 02:21:54',NULL,'Bad value for login or password - login=admin','127.0.0.1','Mozilla/5.0 (X11; Linux x86_64) AppleWebKit/537.22 (KHTML, like Gecko) Chrome/25.0.1364.97 Safari/537.22',NULL),(365,'2013-02-24 01:22:14','USER_LOGIN_FAILED',1,'2013-02-24 02:22:14',NULL,'Bad value for login or password - login=admin','127.0.0.1','Mozilla/5.0 (X11; Linux x86_64) AppleWebKit/537.22 (KHTML, like Gecko) Chrome/25.0.1364.97 Safari/537.22',NULL),(366,'2013-02-24 01:22:37','USER_LOGIN_FAILED',1,'2013-02-24 02:22:37',NULL,'Bad value for login or password - login=admin','127.0.0.1','Mozilla/5.0 (X11; Linux x86_64) AppleWebKit/537.22 (KHTML, like Gecko) Chrome/25.0.1364.97 Safari/537.22',NULL),(367,'2013-02-24 01:23:01','USER_LOGIN_FAILED',1,'2013-02-24 02:23:01',NULL,'Bad value for login or password - login=admin','127.0.0.1','Mozilla/5.0 (X11; Linux x86_64) AppleWebKit/537.22 (KHTML, like Gecko) Chrome/25.0.1364.97 Safari/537.22',NULL),(368,'2013-02-24 01:23:39','USER_LOGIN_FAILED',1,'2013-02-24 02:23:39',NULL,'Bad value for login or password - login=admin','127.0.0.1','Mozilla/5.0 (X11; Linux x86_64) AppleWebKit/537.22 (KHTML, like Gecko) Chrome/25.0.1364.97 Safari/537.22',NULL),(369,'2013-02-24 01:24:04','USER_LOGIN_FAILED',1,'2013-02-24 02:24:04',NULL,'Bad value for login or password - login=admin','127.0.0.1','Mozilla/5.0 (X11; Linux x86_64) AppleWebKit/537.22 (KHTML, like Gecko) Chrome/25.0.1364.97 Safari/537.22',NULL),(370,'2013-02-24 01:24:39','USER_LOGIN_FAILED',1,'2013-02-24 02:24:39',NULL,'Bad value for login or password - login=aa','127.0.0.1','Mozilla/5.0 (X11; Linux x86_64) AppleWebKit/537.22 (KHTML, like Gecko) Chrome/25.0.1364.97 Safari/537.22',NULL),(371,'2013-02-24 01:25:01','USER_LOGIN_FAILED',1,'2013-02-24 02:25:01',NULL,'Bad value for login or password - login=aa','127.0.0.1','Mozilla/5.0 (X11; Linux x86_64) AppleWebKit/537.22 (KHTML, like Gecko) Chrome/25.0.1364.97 Safari/537.22',NULL),(372,'2013-02-24 01:25:12','USER_LOGIN_FAILED',1,'2013-02-24 02:25:12',NULL,'Bad value for login or password - login=aa','127.0.0.1','Mozilla/5.0 (X11; Linux x86_64) AppleWebKit/537.22 (KHTML, like Gecko) Chrome/25.0.1364.97 Safari/537.22',NULL),(373,'2013-02-24 01:27:30','USER_LOGIN_FAILED',1,'2013-02-24 02:27:30',NULL,'Bad value for login or password - login=aa','127.0.0.1','Mozilla/5.0 (X11; Linux x86_64) AppleWebKit/537.22 (KHTML, like Gecko) Chrome/25.0.1364.97 Safari/537.22',NULL),(374,'2013-02-24 01:28:00','USER_LOGIN_FAILED',1,'2013-02-24 02:28:00',NULL,'Bad value for login or password - login=aa','127.0.0.1','Mozilla/5.0 (X11; Linux x86_64) AppleWebKit/537.22 (KHTML, like Gecko) Chrome/25.0.1364.97 Safari/537.22',NULL),(375,'2013-02-24 01:28:35','USER_LOGIN_FAILED',1,'2013-02-24 02:28:35',NULL,'Bad value for login or password - login=aa','127.0.0.1','Mozilla/5.0 (X11; Linux x86_64) AppleWebKit/537.22 (KHTML, like Gecko) Chrome/25.0.1364.97 Safari/537.22',NULL),(376,'2013-02-24 01:29:03','USER_LOGIN_FAILED',1,'2013-02-24 02:29:03',NULL,'Bad value for login or password - login=aa','127.0.0.1','Mozilla/5.0 (X11; Linux x86_64) AppleWebKit/537.22 (KHTML, like Gecko) Chrome/25.0.1364.97 Safari/537.22',NULL),(377,'2013-02-24 01:29:55','USER_LOGIN_FAILED',1,'2013-02-24 02:29:55',NULL,'Bad value for login or password - login=aa','127.0.0.1','Mozilla/5.0 (X11; Linux x86_64) AppleWebKit/537.22 (KHTML, like Gecko) Chrome/25.0.1364.97 Safari/537.22',NULL),(378,'2013-02-24 01:32:40','USER_LOGIN_FAILED',1,'2013-02-24 02:32:40',NULL,'Bad value for login or password - login=aa','127.0.0.1','Mozilla/5.0 (X11; Linux x86_64) AppleWebKit/537.22 (KHTML, like Gecko) Chrome/25.0.1364.97 Safari/537.22',NULL),(379,'2013-02-24 01:39:33','USER_LOGIN_FAILED',1,'2013-02-24 02:39:33',NULL,'Identifiants login ou mot de passe incorrects - login=aa','127.0.0.1','Mozilla/5.0 (X11; Linux x86_64) AppleWebKit/537.22 (KHTML, like Gecko) Chrome/25.0.1364.97 Safari/537.22',NULL),(380,'2013-02-24 01:39:38','USER_LOGIN_FAILED',1,'2013-02-24 02:39:38',NULL,'Identifiants login ou mot de passe incorrects - login=aa','127.0.0.1','Mozilla/5.0 (X11; Linux x86_64) AppleWebKit/537.22 (KHTML, like Gecko) Chrome/25.0.1364.97 Safari/537.22',NULL),(381,'2013-02-24 01:39:47','USER_LOGIN_FAILED',1,'2013-02-24 02:39:47',NULL,'Identifiants login ou mot de passe incorrects - login=lmkm','127.0.0.1','Mozilla/5.0 (X11; Linux x86_64) AppleWebKit/537.22 (KHTML, like Gecko) Chrome/25.0.1364.97 Safari/537.22',NULL),(382,'2013-02-24 01:40:54','USER_LOGIN_FAILED',1,'2013-02-24 02:40:54',NULL,'Identifiants login ou mot de passe incorrects - login=lmkm','127.0.0.1','Mozilla/5.0 (X11; Linux x86_64) AppleWebKit/537.22 (KHTML, like Gecko) Chrome/25.0.1364.97 Safari/537.22',NULL),(383,'2013-02-24 01:47:57','USER_LOGIN_FAILED',1,'2013-02-24 02:47:57',NULL,'Identifiants login ou mot de passe incorrects - login=lmkm','127.0.0.1','Mozilla/5.0 (X11; Linux x86_64) AppleWebKit/537.22 (KHTML, like Gecko) Chrome/25.0.1364.97 Safari/537.22',NULL),(384,'2013-02-24 01:48:05','USER_LOGIN_FAILED',1,'2013-02-24 02:48:05',NULL,'Identifiants login ou mot de passe incorrects - login=admin','127.0.0.1','Mozilla/5.0 (X11; Linux x86_64) AppleWebKit/537.22 (KHTML, like Gecko) Chrome/25.0.1364.97 Safari/537.22',NULL),(385,'2013-02-24 01:48:07','USER_LOGIN_FAILED',1,'2013-02-24 02:48:07',NULL,'Unknown column \'u.lastname\' in \'field list\'','127.0.0.1','Mozilla/5.0 (X11; Linux x86_64) AppleWebKit/537.22 (KHTML, like Gecko) Chrome/25.0.1364.97 Safari/537.22',NULL),(386,'2013-02-24 01:48:35','USER_LOGIN',1,'2013-02-24 02:48:35',1,'(UserLogged,admin)','127.0.0.1','Mozilla/5.0 (X11; Linux x86_64) AppleWebKit/537.22 (KHTML, like Gecko) Chrome/25.0.1364.97 Safari/537.22',NULL),(387,'2013-02-24 01:56:32','USER_LOGIN',1,'2013-02-24 02:56:32',1,'(UserLogged,admin)','192.168.0.254','Mozilla/5.0 (Linux; U; Android 2.2; en-us; sdk Build/FRF91) AppleWebKit/533.1 (KHTML, like Gecko) Version/4.0 Mobile Safari/533.1',NULL),(388,'2013-02-24 02:05:55','USER_LOGOUT',1,'2013-02-24 03:05:55',1,'(UserLogoff,admin)','127.0.0.1','Mozilla/5.0 (X11; Linux x86_64) AppleWebKit/537.22 (KHTML, like Gecko) Chrome/25.0.1364.97 Safari/537.22',NULL),(389,'2013-02-24 02:39:52','USER_LOGIN',1,'2013-02-24 03:39:52',1,'(UserLogged,admin)','127.0.0.1','Mozilla/5.0 (X11; Linux x86_64) AppleWebKit/537.22 (KHTML, like Gecko) Chrome/25.0.1364.97 Safari/537.22',NULL),(390,'2013-02-24 02:51:10','USER_LOGOUT',1,'2013-02-24 03:51:10',1,'(UserLogoff,admin)','127.0.0.1','Mozilla/5.0 (X11; Linux x86_64) AppleWebKit/537.22 (KHTML, like Gecko) Chrome/25.0.1364.97 Safari/537.22',NULL),(391,'2013-02-24 12:46:41','USER_LOGIN',1,'2013-02-24 13:46:41',1,'(UserLogged,admin)','127.0.0.1','Mozilla/5.0 (X11; Linux x86_64) AppleWebKit/537.22 (KHTML, like Gecko) Chrome/25.0.1364.97 Safari/537.22',NULL),(392,'2013-02-24 12:46:52','USER_LOGOUT',1,'2013-02-24 13:46:52',1,'(UserLogoff,admin)','127.0.0.1','Mozilla/5.0 (X11; Linux x86_64) AppleWebKit/537.22 (KHTML, like Gecko) Chrome/25.0.1364.97 Safari/537.22',NULL),(393,'2013-02-24 12:46:56','USER_LOGIN',1,'2013-02-24 13:46:56',1,'(UserLogged,admin)','127.0.0.1','Mozilla/5.0 (X11; Linux x86_64) AppleWebKit/537.22 (KHTML, like Gecko) Chrome/25.0.1364.97 Safari/537.22',NULL),(394,'2013-02-24 12:47:56','USER_LOGOUT',1,'2013-02-24 13:47:56',1,'(UserLogoff,admin)','127.0.0.1','Mozilla/5.0 (X11; Linux x86_64) AppleWebKit/537.22 (KHTML, like Gecko) Chrome/25.0.1364.97 Safari/537.22',NULL),(395,'2013-02-24 12:48:00','USER_LOGIN',1,'2013-02-24 13:48:00',1,'(UserLogged,admin)','127.0.0.1','Mozilla/5.0 (X11; Linux x86_64) AppleWebKit/537.22 (KHTML, like Gecko) Chrome/25.0.1364.97 Safari/537.22',NULL),(396,'2013-02-24 12:48:11','USER_LOGOUT',1,'2013-02-24 13:48:11',1,'(UserLogoff,admin)','127.0.0.1','Mozilla/5.0 (X11; Linux x86_64) AppleWebKit/537.22 (KHTML, like Gecko) Chrome/25.0.1364.97 Safari/537.22',NULL),(397,'2013-02-24 12:48:32','USER_LOGIN',1,'2013-02-24 13:48:32',1,'(UserLogged,admin)','127.0.0.1','Mozilla/5.0 (X11; Linux x86_64) AppleWebKit/537.22 (KHTML, like Gecko) Chrome/25.0.1364.97 Safari/537.22',NULL),(398,'2013-02-24 12:52:22','USER_LOGOUT',1,'2013-02-24 13:52:22',1,'(UserLogoff,admin)','127.0.0.1','Mozilla/5.0 (X11; Linux x86_64) AppleWebKit/537.22 (KHTML, like Gecko) Chrome/25.0.1364.97 Safari/537.22',NULL),(399,'2013-02-24 12:52:27','USER_LOGIN',1,'2013-02-24 13:52:27',1,'(UserLogged,admin)','127.0.0.1','Mozilla/5.0 (X11; Linux x86_64) AppleWebKit/537.22 (KHTML, like Gecko) Chrome/25.0.1364.97 Safari/537.22',NULL),(400,'2013-02-24 12:52:54','USER_LOGOUT',1,'2013-02-24 13:52:54',1,'(UserLogoff,admin)','127.0.0.1','Mozilla/5.0 (X11; Linux x86_64) AppleWebKit/537.22 (KHTML, like Gecko) Chrome/25.0.1364.97 Safari/537.22',NULL),(401,'2013-02-24 12:52:59','USER_LOGIN',1,'2013-02-24 13:52:59',1,'(UserLogged,admin)','127.0.0.1','Mozilla/5.0 (X11; Linux x86_64) AppleWebKit/537.22 (KHTML, like Gecko) Chrome/25.0.1364.97 Safari/537.22',NULL),(402,'2013-02-24 12:55:39','USER_LOGOUT',1,'2013-02-24 13:55:39',1,'(UserLogoff,admin)','127.0.0.1','Mozilla/5.0 (X11; Linux x86_64) AppleWebKit/537.22 (KHTML, like Gecko) Chrome/25.0.1364.97 Safari/537.22',NULL),(403,'2013-02-24 12:55:59','USER_LOGIN',1,'2013-02-24 13:55:59',1,'(UserLogged,admin)','127.0.0.1','Mozilla/5.0 (X11; Linux x86_64) AppleWebKit/537.22 (KHTML, like Gecko) Chrome/25.0.1364.97 Safari/537.22',NULL),(404,'2013-02-24 12:56:07','USER_LOGOUT',1,'2013-02-24 13:56:07',1,'(UserLogoff,admin)','127.0.0.1','Mozilla/5.0 (X11; Linux x86_64) AppleWebKit/537.22 (KHTML, like Gecko) Chrome/25.0.1364.97 Safari/537.22',NULL),(405,'2013-02-24 12:56:23','USER_LOGIN',1,'2013-02-24 13:56:23',1,'(UserLogged,admin)','127.0.0.1','Mozilla/5.0 (X11; Linux x86_64) AppleWebKit/537.22 (KHTML, like Gecko) Chrome/25.0.1364.97 Safari/537.22',NULL),(406,'2013-02-24 12:56:46','USER_LOGOUT',1,'2013-02-24 13:56:46',1,'(UserLogoff,admin)','127.0.0.1','Mozilla/5.0 (X11; Linux x86_64) AppleWebKit/537.22 (KHTML, like Gecko) Chrome/25.0.1364.97 Safari/537.22',NULL),(407,'2013-02-24 12:58:30','USER_LOGIN',1,'2013-02-24 13:58:30',1,'(UserLogged,admin)','127.0.0.1','Mozilla/5.0 (X11; Linux x86_64) AppleWebKit/537.22 (KHTML, like Gecko) Chrome/25.0.1364.97 Safari/537.22',NULL),(408,'2013-02-24 12:58:33','USER_LOGOUT',1,'2013-02-24 13:58:33',1,'(UserLogoff,admin)','127.0.0.1','Mozilla/5.0 (X11; Linux x86_64) AppleWebKit/537.22 (KHTML, like Gecko) Chrome/25.0.1364.97 Safari/537.22',NULL),(409,'2013-02-24 12:58:51','USER_LOGIN',1,'2013-02-24 13:58:51',1,'(UserLogged,admin)','127.0.0.1','Mozilla/5.0 (X11; Linux x86_64) AppleWebKit/537.22 (KHTML, like Gecko) Chrome/25.0.1364.97 Safari/537.22',NULL),(410,'2013-02-24 12:58:58','USER_LOGOUT',1,'2013-02-24 13:58:58',1,'(UserLogoff,admin)','127.0.0.1','Mozilla/5.0 (X11; Linux x86_64) AppleWebKit/537.22 (KHTML, like Gecko) Chrome/25.0.1364.97 Safari/537.22',NULL),(411,'2013-02-24 13:18:53','USER_LOGIN',1,'2013-02-24 14:18:53',1,'(UserLogged,admin)','127.0.0.1','Mozilla/5.0 (X11; Linux x86_64) AppleWebKit/537.22 (KHTML, like Gecko) Chrome/25.0.1364.97 Safari/537.22',NULL),(412,'2013-02-24 13:19:52','USER_LOGOUT',1,'2013-02-24 14:19:52',1,'(UserLogoff,admin)','127.0.0.1','Mozilla/5.0 (X11; Linux x86_64) AppleWebKit/537.22 (KHTML, like Gecko) Chrome/25.0.1364.97 Safari/537.22',NULL),(413,'2013-02-24 15:39:31','USER_LOGIN_FAILED',1,'2013-02-24 16:39:31',NULL,'ErrorBadValueForCode - login=admin','127.0.0.1',NULL,NULL),(414,'2013-02-24 15:42:07','USER_LOGIN',1,'2013-02-24 16:42:07',1,'(UserLogged,admin)','127.0.0.1',NULL,NULL),(415,'2013-02-24 15:42:52','USER_LOGOUT',1,'2013-02-24 16:42:52',1,'(UserLogoff,admin)','127.0.0.1','Mozilla/5.0 (iPhone; U; CPU iPhone OS 4_0 like Mac OS X; en-us) AppleWebKit/532.9 (KHTML, like Gecko) Version/4.0.5 Mobile/8A293 Safari/6531.22.7',NULL),(416,'2013-02-24 16:04:21','USER_LOGIN',1,'2013-02-24 17:04:21',1,'(UserLogged,admin)','192.168.0.254','Mozilla/5.0 (Linux; U; Android 2.2; en-us; sdk Build/FRF91) AppleWebKit/533.1 (KHTML, like Gecko) Version/4.0 Mobile Safari/533.1',NULL),(417,'2013-02-24 16:11:28','USER_LOGIN_FAILED',1,'2013-02-24 17:11:28',NULL,'ErrorBadValueForCode - login=admin','127.0.0.1','Mozilla/5.0 (iPhone; U; CPU iPhone OS 4_0 like Mac OS X; en-us) AppleWebKit/532.9 (KHTML, like Gecko) Version/4.0.5 Mobile/8A293 Safari/6531.22.7',NULL),(418,'2013-02-24 16:11:37','USER_LOGIN',1,'2013-02-24 17:11:37',1,'(UserLogged,admin)','127.0.0.1','Mozilla/5.0 (iPhone; U; CPU iPhone OS 4_0 like Mac OS X; en-us) AppleWebKit/532.9 (KHTML, like Gecko) Version/4.0.5 Mobile/8A293 Safari/6531.22.7',NULL),(419,'2013-02-24 16:36:52','USER_LOGOUT',1,'2013-02-24 17:36:52',1,'(UserLogoff,admin)','192.168.0.254','Mozilla/5.0 (Linux; U; Android 2.2; en-us; sdk Build/FRF91) AppleWebKit/533.1 (KHTML, like Gecko) Version/4.0 Mobile Safari/533.1',NULL),(420,'2013-02-24 16:40:37','USER_LOGIN',1,'2013-02-24 17:40:37',1,'(UserLogged,admin)','127.0.0.1','Mozilla/5.0 (X11; Linux x86_64) AppleWebKit/537.22 (KHTML, like Gecko) Chrome/25.0.1364.97 Safari/537.22',NULL),(421,'2013-02-24 16:57:16','USER_LOGIN',1,'2013-02-24 17:57:16',1,'(UserLogged,admin)','192.168.0.254','Mozilla/5.0 (Linux; U; Android 2.2; en-us; sdk Build/FRF91) AppleWebKit/533.1 (KHTML, like Gecko) Version/4.0 Mobile Safari/533.1 - 2131034114',NULL),(422,'2013-02-24 17:01:30','USER_LOGOUT',1,'2013-02-24 18:01:30',1,'(UserLogoff,admin)','192.168.0.254','Mozilla/5.0 (Linux; U; Android 2.2; en-us; sdk Build/FRF91) AppleWebKit/533.1 (KHTML, like Gecko) Version/4.0 Mobile Safari/533.1 - 2131034114',NULL),(423,'2013-02-24 17:02:33','USER_LOGIN',1,'2013-02-24 18:02:33',1,'(UserLogged,admin)','127.0.0.1','Mozilla/5.0 (X11; Linux x86_64) AppleWebKit/537.22 (KHTML, like Gecko) Chrome/25.0.1364.97 Safari/537.22',NULL),(424,'2013-02-24 17:14:22','USER_LOGOUT',1,'2013-02-24 18:14:22',1,'(UserLogoff,admin)','127.0.0.1','Mozilla/5.0 (X11; Linux x86_64) AppleWebKit/537.22 (KHTML, like Gecko) Chrome/25.0.1364.97 Safari/537.22',NULL),(425,'2013-02-24 17:15:07','USER_LOGIN_FAILED',1,'2013-02-24 18:15:07',NULL,'Identifiants login ou mot de passe incorrects - login=admin','127.0.0.1','Mozilla/5.0 (X11; Linux x86_64) AppleWebKit/537.22 (KHTML, like Gecko) Chrome/25.0.1364.97 Safari/537.22',NULL),(426,'2013-02-24 17:15:20','USER_LOGIN',1,'2013-02-24 18:15:20',1,'(UserLogged,admin)','127.0.0.1','Mozilla/5.0 (X11; Linux x86_64) AppleWebKit/537.22 (KHTML, like Gecko) Chrome/25.0.1364.97 Safari/537.22',NULL),(427,'2013-02-24 17:20:14','USER_LOGIN',1,'2013-02-24 18:20:14',1,'(UserLogged,admin)','127.0.0.1','Mozilla/5.0 (X11; Linux x86_64) AppleWebKit/537.22 (KHTML, like Gecko) Chrome/25.0.1364.97 Safari/537.22',NULL),(428,'2013-02-24 17:20:51','USER_LOGIN',1,'2013-02-24 18:20:51',1,'(UserLogged,admin)','127.0.0.1','Mozilla/5.0 (X11; Linux x86_64) AppleWebKit/537.22 (KHTML, like Gecko) Chrome/25.0.1364.97 Safari/537.22',NULL),(429,'2013-02-24 17:20:54','USER_LOGOUT',1,'2013-02-24 18:20:54',1,'(UserLogoff,admin)','127.0.0.1','Mozilla/5.0 (X11; Linux x86_64) AppleWebKit/537.22 (KHTML, like Gecko) Chrome/25.0.1364.97 Safari/537.22',NULL),(430,'2013-02-24 17:21:19','USER_LOGIN',1,'2013-02-24 18:21:19',1,'(UserLogged,admin)','127.0.0.1','Mozilla/5.0 (X11; Linux x86_64) AppleWebKit/537.22 (KHTML, like Gecko) Chrome/25.0.1364.97 Safari/537.22',NULL),(431,'2013-02-24 17:32:35','USER_LOGIN',1,'2013-02-24 18:32:35',1,'(UserLogged,admin)','192.168.0.254','Mozilla/5.0 (Linux; U; Android 2.2; en-us; sdk Build/FRF91) AppleWebKit/533.1 (KHTML, like Gecko) Version/4.0 Mobile Safari/533.1 - 2131034114',NULL),(432,'2013-02-24 18:28:48','USER_LOGIN',1,'2013-02-24 19:28:48',1,'(UserLogged,admin)','127.0.0.1','Mozilla/5.0 (X11; Linux x86_64) AppleWebKit/537.22 (KHTML, like Gecko) Chrome/25.0.1364.97 Safari/537.22',NULL),(433,'2013-02-24 18:29:27','USER_LOGOUT',1,'2013-02-24 19:29:27',1,'(UserLogoff,admin)','127.0.0.1','Mozilla/5.0 (iPhone; U; CPU iPhone OS 4_0 like Mac OS X; en-us) AppleWebKit/532.9 (KHTML, like Gecko) Version/4.0.5 Mobile/8A293 Safari/6531.22.7',NULL),(434,'2013-02-24 18:29:32','USER_LOGIN',1,'2013-02-24 19:29:32',1,'(UserLogged,admin)','127.0.0.1','Mozilla/5.0 (iPhone; U; CPU iPhone OS 4_0 like Mac OS X; en-us) AppleWebKit/532.9 (KHTML, like Gecko) Version/4.0.5 Mobile/8A293 Safari/6531.22.7',NULL),(435,'2013-02-24 20:13:13','USER_LOGOUT',1,'2013-02-24 21:13:13',1,'(UserLogoff,admin)','127.0.0.1','Mozilla/5.0 (X11; Linux x86_64) AppleWebKit/537.22 (KHTML, like Gecko) Chrome/25.0.1364.97 Safari/537.22',NULL),(436,'2013-02-24 20:13:17','USER_LOGIN',1,'2013-02-24 21:13:17',1,'(UserLogged,admin)','127.0.0.1','Mozilla/5.0 (X11; Linux x86_64) AppleWebKit/537.22 (KHTML, like Gecko) Chrome/25.0.1364.97 Safari/537.22',NULL),(437,'2013-02-25 08:57:16','USER_LOGIN',1,'2013-02-25 09:57:16',1,'(UserLogged,admin)','127.0.0.1','Mozilla/5.0 (X11; Linux x86_64) AppleWebKit/537.22 (KHTML, like Gecko) Chrome/25.0.1364.97 Safari/537.22',NULL),(438,'2013-02-25 08:57:59','USER_LOGOUT',1,'2013-02-25 09:57:59',1,'(UserLogoff,admin)','127.0.0.1','Mozilla/5.0 (X11; Linux x86_64) AppleWebKit/537.22 (KHTML, like Gecko) Chrome/25.0.1364.97 Safari/537.22',NULL),(439,'2013-02-25 09:15:02','USER_LOGIN',1,'2013-02-25 10:15:02',1,'(UserLogged,admin)','127.0.0.1','Mozilla/5.0 (X11; Linux x86_64) AppleWebKit/537.22 (KHTML, like Gecko) Chrome/25.0.1364.97 Safari/537.22',NULL),(440,'2013-02-25 09:15:50','USER_LOGOUT',1,'2013-02-25 10:15:50',1,'(UserLogoff,admin)','127.0.0.1','Mozilla/5.0 (X11; Linux x86_64) AppleWebKit/537.22 (KHTML, like Gecko) Chrome/25.0.1364.97 Safari/537.22',NULL),(441,'2013-02-25 09:15:57','USER_LOGIN',1,'2013-02-25 10:15:57',1,'(UserLogged,admin)','127.0.0.1','Mozilla/5.0 (X11; Linux x86_64) AppleWebKit/537.22 (KHTML, like Gecko) Chrome/25.0.1364.97 Safari/537.22',NULL),(442,'2013-02-25 09:16:12','USER_LOGOUT',1,'2013-02-25 10:16:12',1,'(UserLogoff,admin)','127.0.0.1','Mozilla/5.0 (X11; Linux x86_64) AppleWebKit/537.22 (KHTML, like Gecko) Chrome/25.0.1364.97 Safari/537.22',NULL),(443,'2013-02-25 09:16:19','USER_LOGIN',1,'2013-02-25 10:16:19',1,'(UserLogged,admin)','127.0.0.1','Mozilla/5.0 (X11; Linux x86_64) AppleWebKit/537.22 (KHTML, like Gecko) Chrome/25.0.1364.97 Safari/537.22',NULL),(444,'2013-02-25 09:16:25','USER_LOGOUT',1,'2013-02-25 10:16:25',1,'(UserLogoff,admin)','127.0.0.1','Mozilla/5.0 (X11; Linux x86_64) AppleWebKit/537.22 (KHTML, like Gecko) Chrome/25.0.1364.97 Safari/537.22',NULL),(445,'2013-02-25 09:16:39','USER_LOGIN_FAILED',1,'2013-02-25 10:16:39',NULL,'Bad value for login or password - login=admin','127.0.0.1','Mozilla/5.0 (X11; Linux x86_64) AppleWebKit/537.22 (KHTML, like Gecko) Chrome/25.0.1364.97 Safari/537.22',NULL),(446,'2013-02-25 09:16:42','USER_LOGIN_FAILED',1,'2013-02-25 10:16:42',NULL,'Bad value for login or password - login=admin','127.0.0.1','Mozilla/5.0 (X11; Linux x86_64) AppleWebKit/537.22 (KHTML, like Gecko) Chrome/25.0.1364.97 Safari/537.22',NULL),(447,'2013-02-25 09:16:54','USER_LOGIN_FAILED',1,'2013-02-25 10:16:54',NULL,'Identificadors d&#039;usuari o contrasenya incorrectes - login=gfdg','127.0.0.1','Mozilla/5.0 (X11; Linux x86_64) AppleWebKit/537.22 (KHTML, like Gecko) Chrome/25.0.1364.97 Safari/537.22',NULL),(448,'2013-02-25 09:17:53','USER_LOGIN',1,'2013-02-25 10:17:53',1,'(UserLogged,admin)','127.0.0.1','Mozilla/5.0 (X11; Linux x86_64) AppleWebKit/537.22 (KHTML, like Gecko) Chrome/25.0.1364.97 Safari/537.22',NULL),(449,'2013-02-25 09:18:37','USER_LOGOUT',1,'2013-02-25 10:18:37',1,'(UserLogoff,admin)','127.0.0.1','Mozilla/5.0 (X11; Linux x86_64) AppleWebKit/537.22 (KHTML, like Gecko) Chrome/25.0.1364.97 Safari/537.22',NULL),(450,'2013-02-25 09:18:41','USER_LOGIN',1,'2013-02-25 10:18:41',4,'(UserLogged,aaa)','127.0.0.1','Mozilla/5.0 (X11; Linux x86_64) AppleWebKit/537.22 (KHTML, like Gecko) Chrome/25.0.1364.97 Safari/537.22',NULL),(451,'2013-02-25 09:18:47','USER_LOGOUT',1,'2013-02-25 10:18:47',4,'(UserLogoff,aaa)','127.0.0.1','Mozilla/5.0 (X11; Linux x86_64) AppleWebKit/537.22 (KHTML, like Gecko) Chrome/25.0.1364.97 Safari/537.22',NULL),(452,'2013-02-25 10:05:34','USER_LOGIN',1,'2013-02-25 11:05:34',1,'(UserLogged,admin)','127.0.0.1','Mozilla/5.0 (X11; Linux x86_64) AppleWebKit/537.22 (KHTML, like Gecko) Chrome/25.0.1364.97 Safari/537.22',NULL),(453,'2013-02-26 21:51:40','USER_LOGIN',1,'2013-02-26 22:51:40',1,'(UserLogged,admin)','127.0.0.1','Mozilla/5.0 (X11; Linux x86_64) AppleWebKit/537.22 (KHTML, like Gecko) Chrome/25.0.1364.97 Safari/537.22',NULL),(454,'2013-02-26 23:30:06','USER_LOGIN',1,'2013-02-27 00:30:06',1,'(UserLogged,admin)','127.0.0.1','Mozilla/5.0 (X11; Linux x86_64) AppleWebKit/537.22 (KHTML, like Gecko) Chrome/25.0.1364.97 Safari/537.22',NULL),(455,'2013-02-27 14:13:11','USER_LOGIN',1,'2013-02-27 15:13:11',1,'(UserLogged,admin)','127.0.0.1','Mozilla/5.0 (X11; Linux x86_64) AppleWebKit/537.22 (KHTML, like Gecko) Chrome/25.0.1364.97 Safari/537.22',NULL),(456,'2013-02-27 18:12:06','USER_LOGIN_FAILED',1,'2013-02-27 19:12:06',NULL,'Identifiants login ou mot de passe incorrects - login=admin','127.0.0.1','Mozilla/5.0 (X11; Linux x86_64) AppleWebKit/537.22 (KHTML, like Gecko) Chrome/25.0.1364.97 Safari/537.22',NULL),(457,'2013-02-27 18:12:10','USER_LOGIN',1,'2013-02-27 19:12:10',1,'(UserLogged,admin)','127.0.0.1','Mozilla/5.0 (X11; Linux x86_64) AppleWebKit/537.22 (KHTML, like Gecko) Chrome/25.0.1364.97 Safari/537.22',NULL),(458,'2013-02-27 20:20:08','USER_LOGIN',1,'2013-02-27 21:20:08',1,'(UserLogged,admin)','127.0.0.1','Mozilla/5.0 (X11; Linux x86_64) AppleWebKit/537.22 (KHTML, like Gecko) Chrome/25.0.1364.97 Safari/537.22',NULL),(459,'2013-03-01 22:12:03','USER_LOGIN',1,'2013-03-01 23:12:03',1,'(UserLogged,admin)','127.0.0.1','Mozilla/5.0 (X11; Linux x86_64) AppleWebKit/537.22 (KHTML, like Gecko) Chrome/25.0.1364.97 Safari/537.22',NULL),(460,'2013-03-02 11:45:50','USER_LOGIN',1,'2013-03-02 12:45:50',1,'(UserLogged,admin)','127.0.0.1','Mozilla/5.0 (X11; Linux x86_64) AppleWebKit/537.22 (KHTML, like Gecko) Chrome/25.0.1364.97 Safari/537.22',NULL),(461,'2013-03-02 15:53:51','USER_LOGIN_FAILED',1,'2013-03-02 16:53:51',NULL,'Identifiants login ou mot de passe incorrects - login=admin','127.0.0.1','Mozilla/5.0 (X11; Linux x86_64) AppleWebKit/537.22 (KHTML, like Gecko) Chrome/25.0.1364.97 Safari/537.22',NULL),(462,'2013-03-02 15:53:53','USER_LOGIN',1,'2013-03-02 16:53:53',1,'(UserLogged,admin)','127.0.0.1','Mozilla/5.0 (X11; Linux x86_64) AppleWebKit/537.22 (KHTML, like Gecko) Chrome/25.0.1364.97 Safari/537.22',NULL),(463,'2013-03-02 18:32:32','USER_LOGIN',1,'2013-03-02 19:32:32',1,'(UserLogged,admin)','127.0.0.1','Mozilla/5.0 (X11; Linux x86_64) AppleWebKit/537.22 (KHTML, like Gecko) Chrome/25.0.1364.97 Safari/537.22',NULL),(464,'2013-03-02 22:59:36','USER_LOGIN',1,'2013-03-02 23:59:36',1,'(UserLogged,admin)','127.0.0.1','Mozilla/5.0 (X11; Linux x86_64) AppleWebKit/537.22 (KHTML, like Gecko) Chrome/25.0.1364.97 Safari/537.22',NULL),(465,'2013-03-03 16:26:26','USER_LOGIN',1,'2013-03-03 17:26:26',1,'(UserLogged,admin)','127.0.0.1','Mozilla/5.0 (X11; Linux x86_64) AppleWebKit/537.22 (KHTML, like Gecko) Chrome/25.0.1364.97 Safari/537.22',NULL),(466,'2013-03-03 22:50:27','USER_LOGIN',1,'2013-03-03 23:50:27',1,'(UserLogged,admin)','127.0.0.1','Mozilla/5.0 (X11; Linux x86_64) AppleWebKit/537.22 (KHTML, like Gecko) Chrome/25.0.1364.97 Safari/537.22',NULL),(467,'2013-03-04 08:29:27','USER_LOGIN',1,'2013-03-04 09:29:27',1,'(UserLogged,admin)','127.0.0.1','Mozilla/5.0 (X11; Linux x86_64) AppleWebKit/537.22 (KHTML, like Gecko) Chrome/25.0.1364.97 Safari/537.22',NULL),(468,'2013-03-04 18:27:28','USER_LOGIN',1,'2013-03-04 19:27:28',1,'(UserLogged,admin)','192.168.0.254','Mozilla/5.0 (compatible; MSIE 9.0; Windows NT 6.1; WOW64; Trident/5.0; NP06)',NULL),(469,'2013-03-04 19:27:23','USER_LOGIN',1,'2013-03-04 20:27:23',1,'(UserLogged,admin)','192.168.0.254','Mozilla/4.0 (compatible; MSIE 6.0; Windows NT 5.1; SV1)',NULL),(470,'2013-03-04 19:35:14','USER_LOGIN',1,'2013-03-04 20:35:14',1,'(UserLogged,admin)','127.0.0.1','Mozilla/5.0 (X11; Linux x86_64) AppleWebKit/537.22 (KHTML, like Gecko) Chrome/25.0.1364.97 Safari/537.22',NULL),(471,'2013-03-04 19:55:49','USER_LOGIN',1,'2013-03-04 20:55:49',1,'(UserLogged,admin)','192.168.0.254','Mozilla/4.0 (compatible; MSIE 8.0; Windows NT 5.1; Trident/4.0)',NULL),(472,'2013-03-04 21:16:13','USER_LOGIN',1,'2013-03-04 22:16:13',1,'(UserLogged,admin)','127.0.0.1','Mozilla/5.0 (X11; Linux x86_64) AppleWebKit/537.22 (KHTML, like Gecko) Chrome/25.0.1364.97 Safari/537.22',NULL),(473,'2013-03-05 10:17:30','USER_LOGIN',1,'2013-03-05 11:17:30',1,'(UserLogged,admin)','127.0.0.1','Mozilla/5.0 (X11; Linux x86_64) AppleWebKit/537.22 (KHTML, like Gecko) Chrome/25.0.1364.97 Safari/537.22',NULL),(474,'2013-03-05 11:02:43','USER_LOGIN',1,'2013-03-05 12:02:43',1,'(UserLogged,admin)','127.0.0.1','Mozilla/5.0 (X11; Linux x86_64) AppleWebKit/537.22 (KHTML, like Gecko) Chrome/25.0.1364.97 Safari/537.22',NULL),(475,'2013-03-05 23:14:39','USER_LOGIN',1,'2013-03-06 00:14:39',1,'(UserLogged,admin)','127.0.0.1','Mozilla/5.0 (X11; Linux x86_64) AppleWebKit/537.22 (KHTML, like Gecko) Chrome/25.0.1364.97 Safari/537.22',NULL),(476,'2013-03-06 08:58:57','USER_LOGIN',1,'2013-03-06 09:58:57',1,'(UserLogged,admin)','127.0.0.1','Mozilla/5.0 (X11; Linux x86_64) AppleWebKit/537.22 (KHTML, like Gecko) Chrome/25.0.1364.97 Safari/537.22',NULL),(477,'2013-03-06 14:29:40','USER_LOGIN',1,'2013-03-06 15:29:40',1,'(UserLogged,admin)','127.0.0.1','Mozilla/5.0 (X11; Linux x86_64) AppleWebKit/537.22 (KHTML, like Gecko) Chrome/25.0.1364.97 Safari/537.22',NULL),(478,'2013-03-06 21:53:02','USER_LOGIN',1,'2013-03-06 22:53:02',1,'(UserLogged,admin)','127.0.0.1','Mozilla/5.0 (X11; Linux x86_64) AppleWebKit/537.22 (KHTML, like Gecko) Chrome/25.0.1364.97 Safari/537.22',NULL),(479,'2013-03-07 21:14:39','USER_LOGIN',1,'2013-03-07 22:14:39',1,'(UserLogged,admin)','127.0.0.1','Mozilla/5.0 (X11; Linux x86_64) AppleWebKit/537.22 (KHTML, like Gecko) Chrome/25.0.1364.97 Safari/537.22',NULL),(480,'2013-03-08 00:06:05','USER_LOGIN',1,'2013-03-08 01:06:05',1,'(UserLogged,admin)','127.0.0.1','Mozilla/5.0 (X11; Linux x86_64) AppleWebKit/537.22 (KHTML, like Gecko) Chrome/25.0.1364.97 Safari/537.22',NULL),(481,'2013-03-08 01:38:13','USER_LOGIN',1,'2013-03-08 02:38:13',1,'(UserLogged,admin)','127.0.0.1','Mozilla/5.0 (X11; Linux x86_64) AppleWebKit/537.22 (KHTML, like Gecko) Chrome/25.0.1364.97 Safari/537.22',NULL),(482,'2013-03-08 08:59:50','USER_LOGIN',1,'2013-03-08 09:59:50',1,'(UserLogged,admin)','127.0.0.1','Mozilla/5.0 (X11; Linux x86_64) AppleWebKit/537.22 (KHTML, like Gecko) Chrome/25.0.1364.97 Safari/537.22',NULL),(483,'2013-03-09 12:08:51','USER_LOGIN',1,'2013-03-09 13:08:51',1,'(UserLogged,admin)','::1','Mozilla/5.0 (X11; Linux x86_64) AppleWebKit/537.22 (KHTML, like Gecko) Chrome/25.0.1364.97 Safari/537.22',NULL),(484,'2013-03-09 15:19:53','USER_LOGIN',1,'2013-03-09 16:19:53',1,'(UserLogged,admin)','::1','Mozilla/5.0 (X11; Linux x86_64) AppleWebKit/537.22 (KHTML, like Gecko) Chrome/25.0.1364.97 Safari/537.22',NULL),(495,'2013-03-09 18:06:21','USER_LOGIN',1,'2013-03-09 19:06:21',1,'(UserLogged,admin)','::1','Mozilla/5.0 (X11; Linux x86_64) AppleWebKit/537.22 (KHTML, like Gecko) Chrome/25.0.1364.97 Safari/537.22',NULL),(496,'2013-03-09 20:01:24','USER_LOGIN',1,'2013-03-09 21:01:24',1,'(UserLogged,admin)','::1','Mozilla/5.0 (X11; Linux x86_64) AppleWebKit/537.22 (KHTML, like Gecko) Chrome/25.0.1364.97 Safari/537.22',NULL),(497,'2013-03-09 23:36:45','USER_LOGIN',1,'2013-03-10 00:36:45',1,'(UserLogged,admin)','::1','Mozilla/5.0 (X11; Linux x86_64) AppleWebKit/537.22 (KHTML, like Gecko) Chrome/25.0.1364.97 Safari/537.22',NULL),(498,'2013-03-10 14:37:13','USER_LOGIN',1,'2013-03-10 15:37:13',1,'(UserLogged,admin)','127.0.0.1','Mozilla/5.0 (X11; Linux x86_64) AppleWebKit/537.22 (KHTML, like Gecko) Chrome/25.0.1364.97 Safari/537.22',NULL),(499,'2013-03-10 17:54:12','USER_LOGIN',1,'2013-03-10 18:54:12',1,'(UserLogged,admin)','127.0.0.1','Mozilla/5.0 (X11; Linux x86_64) AppleWebKit/537.22 (KHTML, like Gecko) Chrome/25.0.1364.97 Safari/537.22',NULL),(500,'2013-03-11 08:57:09','USER_LOGIN',1,'2013-03-11 09:57:09',1,'(UserLogged,admin)','127.0.0.1','Mozilla/5.0 (X11; Linux x86_64) AppleWebKit/537.22 (KHTML, like Gecko) Chrome/25.0.1364.97 Safari/537.22',NULL),(501,'2013-03-11 22:05:13','USER_LOGIN',1,'2013-03-11 23:05:13',1,'(UserLogged,admin)','127.0.0.1','Mozilla/5.0 (X11; Linux x86_64) AppleWebKit/537.22 (KHTML, like Gecko) Chrome/25.0.1364.97 Safari/537.22',NULL),(502,'2013-03-12 08:34:27','USER_LOGIN',1,'2013-03-12 09:34:27',1,'(UserLogged,admin)','127.0.0.1','Mozilla/5.0 (X11; Linux x86_64) AppleWebKit/537.22 (KHTML, like Gecko) Chrome/25.0.1364.97 Safari/537.22',NULL),(503,'2013-03-13 09:11:02','USER_LOGIN',1,'2013-03-13 10:11:02',1,'(UserLogged,admin)','127.0.0.1','Mozilla/5.0 (X11; Linux x86_64) AppleWebKit/537.22 (KHTML, like Gecko) Chrome/25.0.1364.97 Safari/537.22',NULL),(504,'2013-03-13 10:02:11','USER_LOGIN',1,'2013-03-13 11:02:11',1,'(UserLogged,admin)','127.0.0.1','Mozilla/5.0 (X11; Linux x86_64) AppleWebKit/537.22 (KHTML, like Gecko) Chrome/25.0.1364.97 Safari/537.22',NULL),(505,'2013-03-13 13:20:58','USER_LOGIN',1,'2013-03-13 14:20:58',1,'(UserLogged,admin)','127.0.0.1','Mozilla/5.0 (X11; Linux x86_64) AppleWebKit/537.22 (KHTML, like Gecko) Chrome/25.0.1364.97 Safari/537.22',NULL),(506,'2013-03-13 16:19:28','USER_LOGIN',1,'2013-03-13 17:19:28',1,'(UserLogged,admin)','127.0.0.1','Mozilla/5.0 (X11; Linux x86_64) AppleWebKit/537.22 (KHTML, like Gecko) Chrome/25.0.1364.97 Safari/537.22',NULL),(507,'2013-03-13 18:34:30','USER_LOGIN',1,'2013-03-13 19:34:30',1,'(UserLogged,admin)','127.0.0.1','Mozilla/5.0 (X11; Linux x86_64) AppleWebKit/537.22 (KHTML, like Gecko) Chrome/25.0.1364.97 Safari/537.22',NULL),(508,'2013-03-14 08:25:02','USER_LOGIN',1,'2013-03-14 09:25:02',1,'(UserLogged,admin)','127.0.0.1','Mozilla/5.0 (X11; Linux x86_64) AppleWebKit/537.22 (KHTML, like Gecko) Chrome/25.0.1364.97 Safari/537.22',NULL),(509,'2013-03-14 19:15:22','USER_LOGIN',1,'2013-03-14 20:15:22',1,'(UserLogged,admin)','127.0.0.1','Mozilla/5.0 (X11; Linux x86_64) AppleWebKit/537.22 (KHTML, like Gecko) Chrome/25.0.1364.97 Safari/537.22',NULL),(510,'2013-03-14 21:58:53','USER_LOGIN',1,'2013-03-14 22:58:53',1,'(UserLogged,admin)','127.0.0.1','Mozilla/5.0 (X11; Linux x86_64) AppleWebKit/537.22 (KHTML, like Gecko) Chrome/25.0.1364.97 Safari/537.22',NULL),(511,'2013-03-14 21:58:59','USER_LOGOUT',1,'2013-03-14 22:58:59',1,'(UserLogoff,admin)','127.0.0.1','Mozilla/5.0 (X11; Linux x86_64) AppleWebKit/537.22 (KHTML, like Gecko) Chrome/25.0.1364.97 Safari/537.22',NULL),(512,'2013-03-14 21:59:07','USER_LOGIN',1,'2013-03-14 22:59:07',1,'(UserLogged,admin)','127.0.0.1','Mozilla/5.0 (X11; Linux x86_64) AppleWebKit/537.22 (KHTML, like Gecko) Chrome/25.0.1364.97 Safari/537.22',NULL),(513,'2013-03-14 22:58:22','USER_LOGOUT',1,'2013-03-14 23:58:22',1,'(UserLogoff,admin)','127.0.0.1','Mozilla/5.0 (X11; Linux x86_64) AppleWebKit/537.22 (KHTML, like Gecko) Chrome/25.0.1364.97 Safari/537.22',NULL),(514,'2013-03-14 23:00:25','USER_LOGIN',1,'2013-03-15 00:00:25',1,'(UserLogged,admin)','127.0.0.1','Mozilla/5.0 (X11; Linux x86_64) AppleWebKit/537.22 (KHTML, like Gecko) Chrome/25.0.1364.97 Safari/537.22',NULL),(515,'2013-03-16 12:14:28','USER_LOGIN',1,'2013-03-16 13:14:28',1,'(UserLogged,admin)','127.0.0.1','Mozilla/5.0 (X11; Linux x86_64) AppleWebKit/537.22 (KHTML, like Gecko) Chrome/25.0.1364.97 Safari/537.22',NULL),(516,'2013-03-16 16:09:01','USER_LOGIN',1,'2013-03-16 17:09:01',1,'(UserLogged,admin)','127.0.0.1','Mozilla/5.0 (X11; Linux x86_64) AppleWebKit/537.22 (KHTML, like Gecko) Chrome/25.0.1364.97 Safari/537.22',NULL),(517,'2013-03-16 16:57:11','USER_LOGIN',1,'2013-03-16 17:57:11',1,'(UserLogged,admin)','127.0.0.1','Mozilla/5.0 (X11; Linux x86_64) AppleWebKit/537.22 (KHTML, like Gecko) Chrome/25.0.1364.97 Safari/537.22',NULL),(518,'2013-03-16 19:31:31','USER_LOGIN',1,'2013-03-16 20:31:31',1,'(UserLogged,admin)','::1','Mozilla/5.0 (X11; Linux x86_64) AppleWebKit/537.22 (KHTML, like Gecko) Chrome/25.0.1364.97 Safari/537.22',NULL),(519,'2013-03-17 17:44:39','USER_LOGIN',1,'2013-03-17 18:44:39',1,'(UserLogged,admin)','::1','Mozilla/5.0 (X11; Linux x86_64) AppleWebKit/537.22 (KHTML, like Gecko) Chrome/25.0.1364.172 Safari/537.22',NULL),(520,'2013-03-17 20:40:57','USER_LOGIN',1,'2013-03-17 21:40:57',1,'(UserLogged,admin)','::1','Mozilla/5.0 (X11; Linux x86_64) AppleWebKit/537.22 (KHTML, like Gecko) Chrome/25.0.1364.172 Safari/537.22',NULL),(521,'2013-03-17 23:14:05','USER_LOGIN',1,'2013-03-18 00:14:05',1,'(UserLogged,admin)','::1','Mozilla/5.0 (X11; Linux x86_64) AppleWebKit/537.22 (KHTML, like Gecko) Chrome/25.0.1364.172 Safari/537.22',NULL),(522,'2013-03-17 23:28:47','USER_LOGOUT',1,'2013-03-18 00:28:47',1,'(UserLogoff,admin)','::1','Mozilla/5.0 (X11; Linux x86_64) AppleWebKit/537.22 (KHTML, like Gecko) Chrome/25.0.1364.172 Safari/537.22',NULL),(523,'2013-03-17 23:28:54','USER_LOGIN',1,'2013-03-18 00:28:54',1,'(UserLogged,admin)','::1','Mozilla/5.0 (X11; Linux x86_64) AppleWebKit/537.22 (KHTML, like Gecko) Chrome/25.0.1364.172 Safari/537.22',NULL),(524,'2013-03-18 17:37:30','USER_LOGIN',1,'2013-03-18 18:37:30',1,'(UserLogged,admin)','::1','Mozilla/5.0 (X11; Linux x86_64) AppleWebKit/537.22 (KHTML, like Gecko) Chrome/25.0.1364.172 Safari/537.22',NULL),(525,'2013-03-18 18:11:37','USER_LOGIN',1,'2013-03-18 19:11:37',1,'(UserLogged,admin)','::1','Mozilla/5.0 (X11; Linux x86_64) AppleWebKit/537.22 (KHTML, like Gecko) Chrome/25.0.1364.172 Safari/537.22',NULL),(526,'2013-03-19 08:35:08','USER_LOGIN',1,'2013-03-19 09:35:08',1,'(UserLogged,admin)','::1','Mozilla/5.0 (X11; Linux x86_64) AppleWebKit/537.22 (KHTML, like Gecko) Chrome/25.0.1364.172 Safari/537.22',NULL),(527,'2013-03-19 09:20:23','USER_LOGIN',1,'2013-03-19 10:20:23',1,'(UserLogged,admin)','::1','Mozilla/5.0 (X11; Linux x86_64) AppleWebKit/537.22 (KHTML, like Gecko) Chrome/25.0.1364.172 Safari/537.22',NULL),(528,'2013-03-20 13:17:13','USER_LOGIN',1,'2013-03-20 14:17:13',1,'(UserLogged,admin)','::1','Mozilla/5.0 (X11; Linux x86_64) AppleWebKit/537.22 (KHTML, like Gecko) Chrome/25.0.1364.172 Safari/537.22',NULL),(529,'2013-03-20 14:44:31','USER_LOGIN',1,'2013-03-20 15:44:31',1,'(UserLogged,admin)','::1','Mozilla/5.0 (X11; Linux x86_64) AppleWebKit/537.22 (KHTML, like Gecko) Chrome/25.0.1364.172 Safari/537.22',NULL),(530,'2013-03-20 18:24:25','USER_LOGIN',1,'2013-03-20 19:24:25',1,'(UserLogged,admin)','::1','Mozilla/5.0 (X11; Linux x86_64) AppleWebKit/537.22 (KHTML, like Gecko) Chrome/25.0.1364.172 Safari/537.22',NULL),(531,'2013-03-20 19:15:54','USER_LOGIN',1,'2013-03-20 20:15:54',1,'(UserLogged,admin)','::1','Mozilla/5.0 (X11; Linux x86_64) AppleWebKit/537.22 (KHTML, like Gecko) Chrome/25.0.1364.172 Safari/537.22',NULL),(532,'2013-03-21 18:40:47','USER_LOGIN',1,'2013-03-21 19:40:47',1,'(UserLogged,admin)','::1','Mozilla/5.0 (X11; Linux x86_64) AppleWebKit/537.22 (KHTML, like Gecko) Chrome/25.0.1364.172 Safari/537.22',NULL),(533,'2013-03-21 21:42:24','USER_LOGIN',1,'2013-03-21 22:42:24',1,'(UserLogged,admin)','::1','Mozilla/5.0 (X11; Linux x86_64) AppleWebKit/537.22 (KHTML, like Gecko) Chrome/25.0.1364.172 Safari/537.22',NULL),(534,'2013-03-22 08:39:23','USER_LOGIN',1,'2013-03-22 09:39:23',1,'(UserLogged,admin)','::1','Mozilla/5.0 (X11; Linux x86_64) AppleWebKit/537.22 (KHTML, like Gecko) Chrome/25.0.1364.172 Safari/537.22',NULL),(535,'2013-03-23 13:04:55','USER_LOGIN',1,'2013-03-23 14:04:55',1,'(UserLogged,admin)','::1','Mozilla/5.0 (X11; Linux x86_64) AppleWebKit/537.22 (KHTML, like Gecko) Chrome/25.0.1364.172 Safari/537.22',NULL),(536,'2013-03-23 15:47:43','USER_LOGIN',1,'2013-03-23 16:47:43',1,'(UserLogged,admin)','::1','Mozilla/5.0 (X11; Linux x86_64) AppleWebKit/537.22 (KHTML, like Gecko) Chrome/25.0.1364.172 Safari/537.22',NULL),(537,'2013-03-23 22:56:36','USER_LOGIN',1,'2013-03-23 23:56:36',1,'(UserLogged,admin)','::1','Mozilla/5.0 (X11; Linux x86_64) AppleWebKit/537.22 (KHTML, like Gecko) Chrome/25.0.1364.172 Safari/537.22',NULL),(538,'2013-03-24 01:22:32','USER_LOGIN',1,'2013-03-24 02:22:32',1,'(UserLogged,admin)','::1','Mozilla/5.0 (X11; Linux x86_64) AppleWebKit/537.22 (KHTML, like Gecko) Chrome/25.0.1364.172 Safari/537.22',NULL),(539,'2013-03-24 14:40:42','USER_LOGIN',1,'2013-03-24 15:40:42',1,'(UserLogged,admin)','::1','Mozilla/5.0 (X11; Linux x86_64) AppleWebKit/537.22 (KHTML, like Gecko) Chrome/25.0.1364.172 Safari/537.22',NULL),(540,'2013-03-24 15:30:26','USER_LOGOUT',1,'2013-03-24 16:30:26',1,'(UserLogoff,admin)','::1','Mozilla/5.0 (X11; Linux x86_64) AppleWebKit/537.22 (KHTML, like Gecko) Chrome/25.0.1364.172 Safari/537.22',NULL),(541,'2013-03-24 15:30:29','USER_LOGIN',1,'2013-03-24 16:30:29',2,'(UserLogged,demo)','::1','Mozilla/5.0 (X11; Linux x86_64) AppleWebKit/537.22 (KHTML, like Gecko) Chrome/25.0.1364.172 Safari/537.22',NULL),(542,'2013-03-24 15:49:40','USER_LOGOUT',1,'2013-03-24 16:49:40',2,'(UserLogoff,demo)','::1','Mozilla/5.0 (X11; Linux x86_64) AppleWebKit/537.22 (KHTML, like Gecko) Chrome/25.0.1364.172 Safari/537.22',NULL),(543,'2013-03-24 15:49:48','USER_LOGIN',1,'2013-03-24 16:49:48',1,'(UserLogged,admin)','::1','Mozilla/5.0 (X11; Linux x86_64) AppleWebKit/537.22 (KHTML, like Gecko) Chrome/25.0.1364.172 Safari/537.22',NULL),(544,'2013-03-24 15:52:35','USER_MODIFY',1,'2013-03-24 16:52:35',1,'Modification utilisateur zzzg','::1','Mozilla/5.0 (X11; Linux x86_64) AppleWebKit/537.22 (KHTML, like Gecko) Chrome/25.0.1364.172 Safari/537.22',NULL),(545,'2013-03-24 15:52:52','USER_MODIFY',1,'2013-03-24 16:52:52',1,'Modification utilisateur zzzg','::1','Mozilla/5.0 (X11; Linux x86_64) AppleWebKit/537.22 (KHTML, like Gecko) Chrome/25.0.1364.172 Safari/537.22',NULL),(546,'2013-03-24 15:53:09','USER_MODIFY',1,'2013-03-24 16:53:09',1,'Modification utilisateur zzzg','::1','Mozilla/5.0 (X11; Linux x86_64) AppleWebKit/537.22 (KHTML, like Gecko) Chrome/25.0.1364.172 Safari/537.22',NULL),(547,'2013-03-24 15:53:23','USER_MODIFY',1,'2013-03-24 16:53:23',1,'Modification utilisateur zzzg','::1','Mozilla/5.0 (X11; Linux x86_64) AppleWebKit/537.22 (KHTML, like Gecko) Chrome/25.0.1364.172 Safari/537.22',NULL),(548,'2013-03-24 16:00:04','USER_MODIFY',1,'2013-03-24 17:00:04',1,'Modification utilisateur zzzg','::1','Mozilla/5.0 (X11; Linux x86_64) AppleWebKit/537.22 (KHTML, like Gecko) Chrome/25.0.1364.172 Safari/537.22',NULL),(549,'2013-03-24 16:01:50','USER_MODIFY',1,'2013-03-24 17:01:50',1,'Modification utilisateur zzzg','::1','Mozilla/5.0 (X11; Linux x86_64) AppleWebKit/537.22 (KHTML, like Gecko) Chrome/25.0.1364.172 Safari/537.22',NULL),(550,'2013-03-24 16:10:14','USER_MODIFY',1,'2013-03-24 17:10:14',1,'Modification utilisateur zzzg','::1','Mozilla/5.0 (X11; Linux x86_64) AppleWebKit/537.22 (KHTML, like Gecko) Chrome/25.0.1364.172 Safari/537.22',NULL),(551,'2013-03-24 16:55:13','USER_LOGIN',1,'2013-03-24 17:55:13',1,'(UserLogged,admin)','::1','Mozilla/5.0 (X11; Linux x86_64) AppleWebKit/537.22 (KHTML, like Gecko) Chrome/25.0.1364.172 Safari/537.22',NULL),(552,'2013-03-24 17:44:29','USER_LOGIN',1,'2013-03-24 18:44:29',1,'(UserLogged,admin)','::1','Mozilla/5.0 (X11; Linux x86_64) AppleWebKit/537.22 (KHTML, like Gecko) Chrome/25.0.1364.172 Safari/537.22',NULL),(553,'2013-09-08 23:06:26','USER_LOGIN',1,'2013-09-09 01:06:26',1,'(UserLogged,admin)','127.0.0.1','Mozilla/5.0 (X11; Linux x86_64) AppleWebKit/537.36 (KHTML, like Gecko) Chrome/29.0.1547.57 Safari/537.36',NULL),(554,'2013-10-21 22:32:28','USER_LOGIN',1,'2013-10-22 00:32:28',1,'(UserLogged,admin)','127.0.0.1','Mozilla/5.0 (X11; Linux x86_64) AppleWebKit/537.36 (KHTML, like Gecko) Chrome/30.0.1599.66 Safari/537.36',NULL),(555,'2013-10-21 22:32:48','USER_LOGIN',1,'2013-10-22 00:32:48',1,'(UserLogged,admin)','127.0.0.1','Mozilla/5.0 (X11; Linux x86_64) AppleWebKit/537.36 (KHTML, like Gecko) Chrome/30.0.1599.66 Safari/537.36',NULL),(556,'2013-11-07 00:01:51','USER_LOGIN',1,'2013-11-07 01:01:51',1,'(UserLogged,admin)','127.0.0.1','Mozilla/5.0 (X11; Linux x86_64) AppleWebKit/537.36 (KHTML, like Gecko) Chrome/30.0.1599.114 Safari/537.36',NULL),(557,'2014-03-02 15:21:07','USER_LOGIN',1,'2014-03-02 16:21:07',1,'(UserLogged,admin)','127.0.0.1','Mozilla/5.0 (X11; Linux x86_64) AppleWebKit/537.36 (KHTML, like Gecko) Chrome/33.0.1750.117 Safari/537.36',NULL),(558,'2014-03-02 15:36:53','USER_LOGIN',1,'2014-03-02 16:36:53',1,'(UserLogged,admin)','127.0.0.1','Mozilla/5.0 (X11; Linux x86_64) AppleWebKit/537.36 (KHTML, like Gecko) Chrome/33.0.1750.117 Safari/537.36',NULL),(559,'2014-03-02 18:54:23','USER_LOGIN',1,'2014-03-02 19:54:23',1,'(UserLogged,admin)','127.0.0.1','Mozilla/5.0 (X11; Linux x86_64) AppleWebKit/537.36 (KHTML, like Gecko) Chrome/33.0.1750.117 Safari/537.36',NULL),(560,'2014-03-02 19:11:17','USER_LOGIN',1,'2014-03-02 20:11:17',1,'(UserLogged,admin)','127.0.0.1','Mozilla/5.0 (X11; Linux x86_64) AppleWebKit/537.36 (KHTML, like Gecko) Chrome/33.0.1750.117 Safari/537.36',NULL),(561,'2014-03-03 18:19:24','USER_LOGIN',1,'2014-03-03 19:19:24',1,'(UserLogged,admin)','127.0.0.1','Mozilla/5.0 (X11; Linux x86_64) AppleWebKit/537.36 (KHTML, like Gecko) Chrome/33.0.1750.117 Safari/537.36',NULL),(562,'2014-12-21 12:51:38','USER_LOGIN',1,'2014-12-21 13:51:38',1,'(UserLogged,admin) - TZ=1;TZString=CET;Screen=1920x969','127.0.0.1','Mozilla/5.0 (X11; Linux x86_64) AppleWebKit/537.36 (KHTML, like Gecko) Chrome/38.0.2125.111 Safari/537.36',NULL),(563,'2014-12-21 19:52:09','USER_LOGIN',1,'2014-12-21 20:52:09',1,'(UserLogged,admin) - TZ=1;TZString=CET;Screen=1920x969','127.0.0.1','Mozilla/5.0 (X11; Linux x86_64) AppleWebKit/537.36 (KHTML, like Gecko) Chrome/38.0.2125.111 Safari/537.36',NULL);

--
-- Table structure for table `llx_expedition`
--

CREATE TABLE `llx_expedition` (
  `rowid` int(11) NOT NULL AUTO_INCREMENT,
  `tms` timestamp NOT NULL DEFAULT CURRENT_TIMESTAMP ON UPDATE CURRENT_TIMESTAMP,
  `ref` varchar(30) NOT NULL,
  `entity` int(11) NOT NULL DEFAULT '1',
  `ref_customer` varchar(30) DEFAULT NULL,
  `fk_soc` int(11) NOT NULL,
  `ref_ext` varchar(30) DEFAULT NULL,
  `ref_int` varchar(30) DEFAULT NULL,
  `date_creation` datetime DEFAULT NULL,
  `fk_user_author` int(11) DEFAULT NULL,
  `date_valid` datetime DEFAULT NULL,
  `fk_user_valid` int(11) DEFAULT NULL,
  `date_expedition` datetime DEFAULT NULL,
  `date_delivery` datetime DEFAULT NULL,
  `fk_address` int(11) DEFAULT NULL,
  `fk_shipping_method` int(11) DEFAULT NULL,
  `tracking_number` varchar(50) DEFAULT NULL,
  `fk_statut` smallint(6) DEFAULT '0',
  `height` float DEFAULT NULL,
  `height_unit` int(11) DEFAULT NULL,
  `width` float DEFAULT NULL,
  `size_units` int(11) DEFAULT NULL,
  `size` float DEFAULT NULL,
  `weight_units` int(11) DEFAULT NULL,
  `weight` float DEFAULT NULL,
  `note_private` text,
  `note_public` text,
  `model_pdf` varchar(255) DEFAULT NULL,
  PRIMARY KEY (`rowid`),
  UNIQUE KEY `idx_expedition_uk_ref` (`ref`,`entity`),
  KEY `idx_expedition_fk_soc` (`fk_soc`),
  KEY `idx_expedition_fk_user_author` (`fk_user_author`),
  KEY `idx_expedition_fk_user_valid` (`fk_user_valid`),
  KEY `idx_expedition_fk_shipping_method` (`fk_shipping_method`),
  CONSTRAINT `fk_expedition_fk_shipping_method` FOREIGN KEY (`fk_shipping_method`) REFERENCES `llx_c_shipment_mode` (`rowid`),
  CONSTRAINT `fk_expedition_fk_soc` FOREIGN KEY (`fk_soc`) REFERENCES `llx_societe` (`rowid`),
  CONSTRAINT `fk_expedition_fk_user_author` FOREIGN KEY (`fk_user_author`) REFERENCES `llx_user` (`rowid`),
  CONSTRAINT `fk_expedition_fk_user_valid` FOREIGN KEY (`fk_user_valid`) REFERENCES `llx_user` (`rowid`)
) ENGINE=InnoDB AUTO_INCREMENT=3 DEFAULT CHARSET=utf8;

--
-- Dumping data for table `llx_expedition`
--

INSERT INTO `llx_expedition` VALUES (1,'2013-02-17 17:22:51','SH1302-0001',1,NULL,1,NULL,NULL,'2011-08-08 03:05:34',1,'2013-02-17 18:22:51',1,NULL,'2011-08-09 00:00:00',NULL,NULL,'',1,NULL,NULL,NULL,0,NULL,0,NULL,NULL,NULL,NULL),(2,'2013-02-17 17:38:47','SH1302-0002',1,'gfdf',18,NULL,NULL,'2013-02-17 18:38:37',1,'2013-02-17 18:38:47',1,NULL,NULL,NULL,NULL,'',1,NULL,NULL,NULL,0,NULL,0,NULL,NULL,NULL,NULL);

--
-- Table structure for table `llx_expedition_methode`
--

CREATE TABLE `llx_expedition_methode` (
  `rowid` int(11) NOT NULL,
  `tms` timestamp NOT NULL DEFAULT CURRENT_TIMESTAMP ON UPDATE CURRENT_TIMESTAMP,
  `code` varchar(30) NOT NULL,
  `libelle` varchar(50) NOT NULL,
  `description` text,
  `active` tinyint(4) DEFAULT '0',
  PRIMARY KEY (`rowid`)
) ENGINE=InnoDB DEFAULT CHARSET=utf8;

--
-- Dumping data for table `llx_expedition_methode`
--

INSERT INTO `llx_expedition_methode` VALUES (1,'2010-07-08 11:18:00','CATCH','Catch','Catch by client',1),(2,'2010-07-08 11:18:00','TRANS','Transporter','Generic transporter',1),(3,'2010-07-08 11:18:01','COLSUI','Colissimo Suivi','Colissimo Suivi',0);

--
-- Table structure for table `llx_expeditiondet`
--

CREATE TABLE `llx_expeditiondet` (
  `rowid` int(11) NOT NULL AUTO_INCREMENT,
  `fk_expedition` int(11) NOT NULL,
  `fk_origin_line` int(11) DEFAULT NULL,
  `fk_entrepot` int(11) DEFAULT NULL,
  `qty` double DEFAULT NULL,
  `rang` int(11) DEFAULT '0',
  PRIMARY KEY (`rowid`),
  KEY `idx_expeditiondet_fk_expedition` (`fk_expedition`),
  CONSTRAINT `fk_expeditiondet_fk_expedition` FOREIGN KEY (`fk_expedition`) REFERENCES `llx_expedition` (`rowid`)
) ENGINE=InnoDB AUTO_INCREMENT=5 DEFAULT CHARSET=utf8;

--
-- Dumping data for table `llx_expeditiondet`
--

INSERT INTO `llx_expeditiondet` VALUES (1,1,10,3,1,0),(2,2,13,NULL,1,0),(3,2,16,NULL,1,0),(4,2,17,NULL,1,0);

--
-- Table structure for table `llx_expeditiondet_batch`
--

CREATE TABLE `llx_expeditiondet_batch` (
  `rowid` int(11) NOT NULL AUTO_INCREMENT,
  `fk_expeditiondet` int(11) NOT NULL,
  `eatby` date DEFAULT NULL,
  `sellby` date DEFAULT NULL,
  `batch` varchar(30) DEFAULT NULL,
  `qty` double NOT NULL DEFAULT '0',
  `fk_origin_stock` int(11) NOT NULL,
  PRIMARY KEY (`rowid`),
  KEY `idx_fk_expeditiondet` (`fk_expeditiondet`),
  CONSTRAINT `fk_expeditiondet_batch_fk_expeditiondet` FOREIGN KEY (`fk_expeditiondet`) REFERENCES `llx_expeditiondet` (`rowid`)
) ENGINE=InnoDB DEFAULT CHARSET=utf8;

--
-- Dumping data for table `llx_expeditiondet_batch`
--


--
-- Table structure for table `llx_export_compta`
--

CREATE TABLE `llx_export_compta` (
  `rowid` int(11) NOT NULL AUTO_INCREMENT,
  `ref` varchar(12) NOT NULL,
  `date_export` datetime NOT NULL,
  `fk_user` int(11) NOT NULL,
  `note` text,
  PRIMARY KEY (`rowid`)
) ENGINE=InnoDB DEFAULT CHARSET=utf8;

--
-- Dumping data for table `llx_export_compta`
--


--
-- Table structure for table `llx_export_model`
--

CREATE TABLE `llx_export_model` (
  `rowid` int(11) NOT NULL AUTO_INCREMENT,
  `fk_user` int(11) NOT NULL DEFAULT '0',
  `label` varchar(50) NOT NULL,
  `type` varchar(20) NOT NULL,
  `field` text NOT NULL,
  `filter` text,
  PRIMARY KEY (`rowid`),
  UNIQUE KEY `uk_export_model` (`label`,`type`)
) ENGINE=InnoDB DEFAULT CHARSET=utf8;

--
-- Dumping data for table `llx_export_model`
--


--
-- Table structure for table `llx_extrafields`
--

CREATE TABLE `llx_extrafields` (
  `rowid` int(11) NOT NULL AUTO_INCREMENT,
  `elementtype` varchar(64) NOT NULL DEFAULT 'member',
  `name` varchar(64) NOT NULL,
  `entity` int(11) NOT NULL DEFAULT '1',
  `tms` timestamp NOT NULL DEFAULT CURRENT_TIMESTAMP ON UPDATE CURRENT_TIMESTAMP,
  `label` varchar(255) NOT NULL,
  `type` varchar(8) DEFAULT NULL,
  `size` varchar(8) DEFAULT NULL,
  `pos` int(11) DEFAULT '0',
  `alwayseditable` int(11) DEFAULT '0',
  `param` text,
  `fieldunique` int(11) DEFAULT '0',
  `fieldrequired` int(11) DEFAULT '0',
  PRIMARY KEY (`rowid`),
  UNIQUE KEY `uk_extrafields_name` (`name`,`entity`,`elementtype`)
) ENGINE=InnoDB AUTO_INCREMENT=23 DEFAULT CHARSET=utf8;

--
-- Dumping data for table `llx_extrafields`
--

INSERT INTO `llx_extrafields` VALUES (2,'adherent','zzz',1,'2013-09-08 23:04:20','zzz','varchar','255',0,0,NULL,0,0),(22,'societe','jjjj',1,'2013-09-08 23:04:20','jjj','varchar','255',0,0,NULL,0,0);

--
-- Table structure for table `llx_facture`
--

CREATE TABLE `llx_facture` (
  `rowid` int(11) NOT NULL AUTO_INCREMENT,
  `facnumber` varchar(30) NOT NULL,
  `entity` int(11) NOT NULL DEFAULT '1',
  `ref_ext` varchar(255) DEFAULT NULL,
  `ref_int` varchar(255) DEFAULT NULL,
  `type` smallint(6) NOT NULL DEFAULT '0',
  `ref_client` varchar(255) DEFAULT NULL,
  `increment` varchar(10) DEFAULT NULL,
  `fk_soc` int(11) NOT NULL,
  `datec` datetime DEFAULT NULL,
  `datef` date DEFAULT NULL,
  `date_valid` date DEFAULT NULL,
  `tms` timestamp NOT NULL DEFAULT CURRENT_TIMESTAMP ON UPDATE CURRENT_TIMESTAMP,
  `paye` smallint(6) NOT NULL DEFAULT '0',
  `amount` double(24,8) NOT NULL DEFAULT '0.00000000',
  `remise_percent` double DEFAULT '0',
  `remise_absolue` double DEFAULT '0',
  `remise` double DEFAULT '0',
  `close_code` varchar(16) DEFAULT NULL,
  `close_note` varchar(128) DEFAULT NULL,
  `tva` double(24,8) DEFAULT '0.00000000',
  `localtax1` double(24,8) DEFAULT '0.00000000',
  `localtax2` double(24,8) DEFAULT '0.00000000',
  `revenuestamp` double(24,8) DEFAULT '0.00000000',
  `total` double(24,8) DEFAULT '0.00000000',
  `total_ttc` double(24,8) DEFAULT '0.00000000',
  `fk_statut` smallint(6) NOT NULL DEFAULT '0',
  `fk_user_author` int(11) DEFAULT NULL,
  `fk_user_modif` int(11) DEFAULT NULL,
  `fk_user_valid` int(11) DEFAULT NULL,
  `fk_facture_source` int(11) DEFAULT NULL,
  `fk_projet` int(11) DEFAULT NULL,
  `fk_account` int(11) DEFAULT NULL,
  `fk_currency` varchar(3) DEFAULT NULL,
  `fk_cond_reglement` int(11) NOT NULL DEFAULT '1',
  `fk_mode_reglement` int(11) DEFAULT NULL,
  `date_lim_reglement` date DEFAULT NULL,
  `note_private` text,
  `note_public` text,
  `model_pdf` varchar(255) DEFAULT NULL,
  `import_key` varchar(14) DEFAULT NULL,
  `extraparams` varchar(255) DEFAULT NULL,
  PRIMARY KEY (`rowid`),
  UNIQUE KEY `idx_facture_uk_facnumber` (`facnumber`,`entity`),
  KEY `idx_facture_fk_soc` (`fk_soc`),
  KEY `idx_facture_fk_user_author` (`fk_user_author`),
  KEY `idx_facture_fk_user_valid` (`fk_user_valid`),
  KEY `idx_facture_fk_facture_source` (`fk_facture_source`),
  KEY `idx_facture_fk_projet` (`fk_projet`),
  KEY `idx_facture_fk_account` (`fk_account`),
  KEY `idx_facture_fk_currency` (`fk_currency`),
  CONSTRAINT `fk_facture_fk_facture_source` FOREIGN KEY (`fk_facture_source`) REFERENCES `llx_facture` (`rowid`),
  CONSTRAINT `fk_facture_fk_projet` FOREIGN KEY (`fk_projet`) REFERENCES `llx_projet` (`rowid`),
  CONSTRAINT `fk_facture_fk_soc` FOREIGN KEY (`fk_soc`) REFERENCES `llx_societe` (`rowid`),
  CONSTRAINT `fk_facture_fk_user_author` FOREIGN KEY (`fk_user_author`) REFERENCES `llx_user` (`rowid`),
  CONSTRAINT `fk_facture_fk_user_valid` FOREIGN KEY (`fk_user_valid`) REFERENCES `llx_user` (`rowid`)
) ENGINE=InnoDB AUTO_INCREMENT=214 DEFAULT CHARSET=utf8;

--
-- Dumping data for table `llx_facture`
--

INSERT INTO `llx_facture` VALUES (1,'FA1007-0001',1,NULL,NULL,0,NULL,NULL,9,'2010-07-10 14:55:26','2010-07-10',NULL,'2011-07-20 11:18:39',0,0.00000000,NULL,NULL,0,NULL,NULL,0.00000000,0.00000000,0.00000000,0.00000000,0.02000000,0.02000000,1,1,NULL,1,NULL,1,NULL,NULL,1,0,'2010-07-10',NULL,NULL,'crabe',NULL,NULL),(2,'FA1007-0002',1,NULL,NULL,0,NULL,NULL,2,'2010-07-10 18:20:13','2010-07-10',NULL,'2011-08-08 00:54:05',1,10.00000000,NULL,NULL,0,NULL,NULL,0.10000000,0.00000000,0.00000000,0.00000000,46.00000000,46.10000000,2,1,NULL,1,NULL,NULL,NULL,NULL,1,0,'2010-07-10',NULL,NULL,'crabe',NULL,NULL),(3,'FA1107-0006',1,NULL,NULL,0,NULL,NULL,10,'2011-07-18 20:33:35','2011-07-18',NULL,'2012-12-08 16:39:01',1,0.00000000,NULL,NULL,0,NULL,NULL,0.00000000,0.00000000,0.00000000,0.00000000,15.00000000,15.00000000,2,1,NULL,1,NULL,1,NULL,NULL,1,0,'2011-07-18',NULL,NULL,'crabe',NULL,NULL),(5,'FA1108-0003',1,NULL,NULL,0,NULL,NULL,7,'2011-08-01 03:34:11','2011-08-01',NULL,'2011-08-01 01:34:11',1,0.00000000,NULL,NULL,0,NULL,NULL,0.63000000,0.00000000,0.00000000,0.00000000,5.00000000,5.63000000,2,1,NULL,1,NULL,NULL,NULL,NULL,0,6,'2011-08-01',NULL,NULL,'',NULL,NULL),(6,'FA1108-0004',1,NULL,NULL,0,NULL,NULL,7,'2011-08-06 20:33:53','2011-08-06',NULL,'2011-08-06 18:35:13',1,0.00000000,NULL,NULL,0,NULL,NULL,0.98000000,0.00000000,0.00000000,0.00000000,5.00000000,5.98000000,2,1,NULL,1,NULL,NULL,NULL,NULL,0,4,'2011-08-06','Cash\nReceived : 6 EUR\nRendu : 0.02 EUR\n\n--------------------------------------',NULL,'crabe',NULL,NULL),(8,'FA1108-0005',1,NULL,NULL,3,NULL,NULL,2,'2011-08-08 02:41:44','2011-08-08',NULL,'2011-08-08 00:53:40',1,0.00000000,NULL,NULL,0,NULL,NULL,0.00000000,0.00000000,0.00000000,0.00000000,10.00000000,10.00000000,2,1,NULL,1,NULL,NULL,NULL,NULL,1,0,'2011-08-08',NULL,NULL,'crabe',NULL,NULL),(9,'FA1108-0007',1,NULL,NULL,3,NULL,NULL,10,'2011-08-08 02:55:14','2011-08-08',NULL,'2011-08-08 00:55:26',0,0.00000000,NULL,NULL,0,NULL,NULL,1.96000000,0.00000000,0.00000000,0.00000000,10.00000000,11.96000000,1,1,NULL,1,NULL,NULL,NULL,NULL,1,0,'2011-08-08',NULL,NULL,'crabe',NULL,NULL),(10,'AV1212-0001',1,NULL,NULL,2,NULL,NULL,10,'2012-12-08 17:45:20','2012-12-08','2012-12-08','2012-12-08 16:57:11',0,0.00000000,NULL,NULL,0,NULL,NULL,-0.63000000,0.00000000,0.00000000,0.00000000,-11.00000000,-11.63000000,1,1,NULL,1,3,NULL,NULL,NULL,0,0,'2012-12-08',NULL,NULL,'crabe',NULL,NULL),(11,'FA1212-0008',1,NULL,NULL,0,NULL,NULL,10,'2012-12-08 17:58:13','2012-12-08','2012-12-08','2012-12-08 16:58:27',0,0.00000000,NULL,NULL,0,NULL,NULL,0.63000000,0.00000000,0.00000000,0.00000000,5.00000000,5.63000000,1,1,NULL,1,NULL,NULL,NULL,NULL,1,0,'2012-12-08',NULL,NULL,'crabe',NULL,NULL),(12,'AV1212-0002',1,NULL,NULL,2,NULL,NULL,10,'2012-12-08 18:20:14','2012-12-08','2012-12-08','2012-12-09 17:35:07',1,0.00000000,NULL,NULL,0,NULL,NULL,0.00000000,0.00000000,0.00000000,0.00000000,-5.00000000,-5.00000000,2,1,NULL,1,3,NULL,NULL,NULL,0,0,'2012-12-08',NULL,NULL,'crabe',NULL,NULL),(13,'FA1212-0011',1,NULL,NULL,0,NULL,NULL,7,'2012-12-09 20:04:19','2012-12-09','2013-02-12','2013-02-12 14:54:37',0,0.00000000,NULL,NULL,0,NULL,NULL,2.74000000,0.00000000,0.00000000,0.00000000,14.00000000,16.74000000,1,1,NULL,1,NULL,NULL,NULL,NULL,1,0,'2012-12-09',NULL,NULL,'crabe',NULL,NULL),(32,'FA1212-0021',1,NULL,NULL,0,NULL,NULL,1,'2012-12-11 09:34:23','2012-12-11','2013-03-24','2013-03-24 14:54:00',0,0.00000000,NULL,NULL,0,NULL,NULL,90.00000000,0.00000000,0.00000000,0.60000000,520.00000000,610.60000000,1,1,NULL,1,NULL,NULL,NULL,NULL,1,0,'2012-12-11','This is a comment (private)','This is a comment (public)','crabe',NULL,NULL),(33,'FA1212-0023',1,NULL,NULL,0,NULL,NULL,1,'2012-12-11 09:34:23','2012-12-11','2014-03-03','2014-03-03 18:20:25',0,0.00000000,NULL,NULL,0,'abandon',NULL,0.24000000,0.00000000,0.00000000,0.00000000,2.48000000,2.72000000,3,1,NULL,1,NULL,NULL,NULL,NULL,1,0,'2012-12-11','This is a comment (private)','This is a comment (public)','',NULL,NULL),(55,'FA1212-0009',1,NULL,NULL,0,NULL,NULL,1,'2012-12-11 09:35:51','2012-12-11','2012-12-12','2012-12-12 17:54:19',0,0.00000000,NULL,NULL,0,NULL,NULL,0.24000000,0.00000000,0.00000000,0.00000000,2.48000000,2.72000000,1,1,NULL,1,NULL,NULL,NULL,NULL,1,0,'2012-12-11','This is a comment (private)','This is a comment (public)','',NULL,NULL),(56,'(PROV56)',1,NULL,NULL,0,NULL,NULL,1,'2012-12-11 09:35:52','2012-12-11',NULL,'2012-12-11 08:35:52',0,0.00000000,NULL,NULL,0,NULL,NULL,0.24000000,0.00000000,0.00000000,0.00000000,2.48000000,2.72000000,0,1,NULL,NULL,NULL,NULL,NULL,NULL,1,0,'2012-12-11','This is a comment (private)','This is a comment (public)','',NULL,NULL),(78,'(PROV78)',1,NULL,NULL,0,NULL,NULL,1,'2012-12-11 09:36:41','2012-12-11',NULL,'2012-12-11 08:36:41',0,0.00000000,NULL,NULL,0,NULL,NULL,0.24000000,0.00000000,0.00000000,0.00000000,2.48000000,2.72000000,0,1,NULL,NULL,NULL,NULL,NULL,NULL,1,0,'2012-12-11','This is a comment (private)','This is a comment (public)','',NULL,NULL),(79,'(PROV79)',1,NULL,NULL,0,NULL,NULL,1,'2012-12-11 09:36:41','2012-12-11',NULL,'2012-12-19 16:56:16',0,0.00000000,NULL,NULL,0,NULL,NULL,7.60000000,0.66000000,-3.00000000,0.00000000,50.00000000,55.26000000,0,1,NULL,NULL,NULL,NULL,NULL,NULL,1,0,'2012-12-11','This is a comment (private)','This is a comment (public)','',NULL,NULL),(121,'(PROV121)',1,NULL,NULL,0,NULL,NULL,1,'2012-12-19 18:39:38','2012-12-19',NULL,'2012-12-19 17:39:38',0,0.00000000,NULL,NULL,0,NULL,NULL,0.24000000,0.00000000,0.00000000,0.00000000,2.48000000,2.72000000,0,1,NULL,NULL,NULL,NULL,NULL,NULL,1,0,'2012-12-19','This is a comment (private)','This is a comment (public)','',NULL,NULL),(122,'(PROV122)',1,NULL,NULL,0,NULL,NULL,1,'2012-12-19 18:39:38','2012-12-19',NULL,'2012-12-19 17:39:38',0,0.00000000,NULL,NULL,0,NULL,NULL,0.24000000,0.00000000,0.00000000,0.00000000,2.48000000,2.72000000,0,1,NULL,NULL,NULL,NULL,NULL,NULL,1,0,'2012-12-19','This is a comment (private)','This is a comment (public)','',NULL,NULL),(146,'(PROV146)',1,NULL,NULL,0,NULL,NULL,1,'2012-12-19 18:48:41','2012-12-19',NULL,'2013-01-18 14:51:01',0,0.00000000,NULL,NULL,0,NULL,NULL,0.24000000,0.00000000,0.00000000,0.00000000,2.48000000,2.72000000,0,1,NULL,NULL,NULL,NULL,NULL,NULL,1,0,'2012-12-19','This is a comment (private)','This is a comment (public)','crabe',NULL,NULL),(147,'(PROV147)',1,NULL,NULL,0,NULL,NULL,1,'2012-12-19 18:48:42','2012-12-19',NULL,'2012-12-19 17:48:42',0,0.00000000,NULL,NULL,0,NULL,NULL,0.24000000,0.00000000,0.00000000,0.00000000,2.48000000,2.72000000,0,1,NULL,NULL,NULL,NULL,NULL,NULL,1,0,'2012-12-19','This is a comment (private)','This is a comment (public)','',NULL,NULL),(148,'FS1301-0001',1,NULL,NULL,0,NULL,NULL,1,'2013-01-19 18:22:48','2013-01-19','2013-01-19','2013-01-19 17:22:48',0,0.00000000,NULL,NULL,0,NULL,NULL,0.63000000,0.00000000,0.00000000,0.00000000,5.00000000,5.63000000,1,1,NULL,1,NULL,NULL,NULL,NULL,0,1,'2013-01-19',NULL,NULL,'',NULL,NULL),(149,'(PROV149)',1,NULL,NULL,0,NULL,NULL,1,'2013-01-19 18:30:05','2013-01-19',NULL,'2013-02-13 14:02:53',0,0.00000000,NULL,NULL,0,NULL,NULL,1.96000000,0.00000000,0.00000000,0.00000000,10.00000000,11.96000000,0,1,NULL,NULL,NULL,NULL,NULL,NULL,0,0,'2013-01-19',NULL,NULL,'crabe',NULL,NULL),(150,'FA6801-0010',1,NULL,NULL,0,NULL,NULL,1,'2013-01-19 18:31:10','2013-01-19','2013-01-19','2013-01-19 17:31:10',1,0.00000000,NULL,NULL,0,NULL,NULL,0.00000000,0.00000000,0.00000000,0.00000000,0.00000000,0.00000000,2,1,NULL,1,NULL,NULL,NULL,NULL,0,1,'2013-01-19',NULL,NULL,'',NULL,NULL),(151,'FS1301-0002',1,NULL,NULL,0,NULL,NULL,1,'2013-01-19 18:31:58','2013-01-19','2013-01-19','2013-01-19 17:31:58',1,0.00000000,NULL,NULL,0,NULL,NULL,0.00000000,0.00000000,0.00000000,0.00000000,0.00000000,0.00000000,2,1,NULL,1,NULL,NULL,NULL,NULL,0,1,'2013-01-19',NULL,NULL,'',NULL,NULL),(152,'FA1302-0012',1,NULL,NULL,0,NULL,NULL,18,'2013-02-17 16:26:53','2013-02-17','2013-02-17','2013-02-17 15:27:00',0,0.00000000,NULL,NULL,0,NULL,NULL,1.96000000,0.00000000,0.00000000,0.00000000,10.00000000,11.96000000,1,1,NULL,1,NULL,NULL,NULL,NULL,1,0,'2013-02-17',NULL,NULL,'crabe',NULL,NULL),(153,'(PROV153)',1,NULL,NULL,0,NULL,NULL,1,'2013-02-17 18:22:24','2013-02-17',NULL,'2013-02-17 17:22:24',0,0.00000000,NULL,NULL,0,NULL,NULL,0.00000000,0.00000000,0.00000000,0.00000000,10.00000000,10.00000000,0,1,NULL,NULL,NULL,NULL,NULL,NULL,1,0,'2013-02-17',NULL,NULL,'crabe',NULL,NULL),(154,'(PROV154)',1,NULL,NULL,0,NULL,NULL,1,'2013-02-17 18:24:21','2013-02-17',NULL,'2013-02-17 17:24:21',0,0.00000000,NULL,NULL,0,NULL,NULL,0.00000000,0.00000000,0.00000000,0.00000000,10.00000000,10.00000000,0,1,NULL,NULL,NULL,NULL,NULL,NULL,1,0,'2013-02-17',NULL,NULL,'crabe',NULL,NULL),(155,'(PROV155)',1,NULL,NULL,0,NULL,NULL,1,'2013-02-17 18:30:30','2013-02-17',NULL,'2013-02-17 17:30:30',0,0.00000000,NULL,NULL,0,NULL,NULL,0.00000000,0.00000000,0.00000000,0.00000000,10.00000000,10.00000000,0,1,NULL,NULL,NULL,NULL,NULL,NULL,1,0,'2013-02-17',NULL,NULL,'crabe',NULL,NULL),(156,'(PROV156)',1,NULL,NULL,0,NULL,NULL,1,'2013-02-17 18:37:01','2013-02-17',NULL,'2013-02-17 17:37:01',0,0.00000000,NULL,NULL,0,NULL,NULL,0.00000000,0.00000000,0.00000000,0.00000000,10.00000000,10.00000000,0,1,NULL,NULL,NULL,NULL,NULL,NULL,1,0,'2013-02-17',NULL,NULL,'crabe',NULL,NULL),(157,'FA1302-0022',1,NULL,NULL,0,NULL,NULL,18,'2013-02-17 18:39:23','2013-02-17','2014-03-02','2014-03-02 16:24:04',0,0.00000000,NULL,NULL,0,NULL,NULL,3.22000000,0.00000000,0.00000000,0.00000000,20.00000000,23.22000000,1,1,NULL,1,NULL,NULL,NULL,NULL,1,0,'2013-02-17',NULL,NULL,'crabe',NULL,NULL),(158,'FA1307-0013',1,NULL,NULL,0,NULL,NULL,12,'2013-03-06 16:43:37','2013-07-18','2013-03-23','2013-03-23 17:23:03',0,0.00000000,NULL,NULL,0,NULL,NULL,0.00000000,0.00000000,0.00000000,0.00000000,10.00000000,10.00000000,1,1,NULL,1,NULL,NULL,NULL,NULL,1,0,'2013-07-18',NULL,NULL,'crabe',NULL,NULL),(159,'FA1407-0014',1,NULL,NULL,0,NULL,NULL,12,'2013-03-06 16:44:12','2014-07-18','2013-03-06','2013-03-06 15:44:12',0,0.00000000,NULL,NULL,0,NULL,NULL,0.00000000,0.00000000,0.00000000,0.00000000,11.00000000,11.00000000,1,1,NULL,1,NULL,NULL,NULL,NULL,1,0,'2014-07-18',NULL,NULL,'',NULL,NULL),(160,'FA1507-0015',1,NULL,NULL,0,NULL,NULL,12,'2013-03-06 16:47:48','2015-07-18','2013-03-06','2013-03-06 15:47:48',0,0.00000000,NULL,NULL,0,NULL,NULL,1.11000000,0.00000000,0.00000000,0.00000000,8.89000000,10.00000000,1,1,NULL,1,NULL,NULL,NULL,NULL,1,0,'2015-07-18',NULL,NULL,'',NULL,NULL),(161,'FA1607-0016',1,NULL,NULL,0,NULL,NULL,12,'2013-03-06 16:48:16','2016-07-18','2013-03-06','2013-03-06 15:48:16',0,0.00000000,NULL,NULL,0,NULL,NULL,2.22000000,0.00000000,0.00000000,0.00000000,17.78000000,20.00000000,1,1,NULL,1,NULL,NULL,NULL,NULL,1,0,'2016-07-18',NULL,NULL,'',NULL,NULL),(162,'(PROV162)',1,NULL,NULL,0,'fdfs',NULL,23,'2013-03-08 10:02:54','2013-03-08',NULL,'2013-03-08 09:02:54',0,0.00000000,NULL,NULL,0,NULL,NULL,0.00000000,0.00000000,0.00000000,0.00000000,5.00000000,5.00000000,0,1,NULL,NULL,NULL,NULL,NULL,NULL,1,0,'2013-03-08',NULL,NULL,'crabe',NULL,NULL),(184,'(PROV184)',1,NULL,NULL,0,NULL,NULL,1,'2013-03-09 18:19:36','2013-03-09',NULL,'2013-03-09 17:19:36',0,0.00000000,NULL,NULL,0,NULL,NULL,0.24000000,0.00000000,0.00000000,0.00000000,2.48000000,2.72000000,0,1,NULL,NULL,NULL,NULL,NULL,NULL,1,0,'2013-03-09','This is a comment (private)','This is a comment (public)','',NULL,NULL),(185,'(PROV185)',1,NULL,NULL,0,NULL,NULL,1,'2013-03-09 18:19:36','2013-03-09',NULL,'2013-03-09 17:19:36',0,0.00000000,NULL,NULL,0,NULL,NULL,0.24000000,0.00000000,0.00000000,0.00000000,2.48000000,2.72000000,0,1,NULL,NULL,NULL,NULL,NULL,NULL,1,0,'2013-03-09','This is a comment (private)','This is a comment (public)','',NULL,NULL),(186,'(PROV186)',1,NULL,NULL,0,NULL,NULL,1,'2013-03-09 18:26:56','2013-03-09',NULL,'2013-03-09 17:26:56',0,0.00000000,NULL,NULL,0,NULL,NULL,0.24000000,0.00000000,0.00000000,0.00000000,2.48000000,2.72000000,0,1,NULL,NULL,NULL,NULL,NULL,NULL,1,0,'2013-03-09','This is a comment (private)','This is a comment (public)','',NULL,NULL),(187,'(PROV187)',1,NULL,NULL,0,NULL,NULL,1,'2013-03-09 18:26:56','2013-03-09',NULL,'2013-03-09 17:26:56',0,0.00000000,NULL,NULL,0,NULL,NULL,0.24000000,0.00000000,0.00000000,0.00000000,2.48000000,2.72000000,0,1,NULL,NULL,NULL,NULL,NULL,NULL,1,0,'2013-03-09','This is a comment (private)','This is a comment (public)','',NULL,NULL),(206,'(PROV206)',1,NULL,NULL,0,NULL,NULL,1,'2013-03-09 18:34:05','2013-03-09',NULL,'2013-03-09 17:34:05',0,0.00000000,NULL,NULL,0,NULL,NULL,0.24000000,0.00000000,0.00000000,0.00000000,2.48000000,2.72000000,0,1,NULL,NULL,NULL,NULL,NULL,NULL,1,0,'2013-03-09','This is a comment (private)','This is a comment (public)','',NULL,NULL),(207,'(PROV207)',1,NULL,NULL,0,NULL,NULL,1,'2013-03-09 18:34:05','2013-03-09',NULL,'2013-03-10 14:45:36',0,0.00000000,NULL,NULL,0,NULL,NULL,0.24000000,0.00000000,0.00000000,0.00000000,2.48000000,2.72000000,0,1,NULL,NULL,NULL,NULL,NULL,NULL,1,0,'2013-03-09','This is a comment (private)','This is a comment (public)','generic_invoice_odt:/var/www/dolibarrnew/documents/doctemplates/invoices/template_invoice.odt',NULL,NULL),(208,'FA1303-0017',1,NULL,NULL,0,NULL,NULL,26,'2013-03-10 15:58:11','2013-03-10','2013-03-10','2013-03-10 14:58:34',0,0.00000000,NULL,NULL,0,NULL,NULL,1.25000000,0.00000000,0.00000000,0.00000000,10.00000000,11.25000000,1,1,NULL,1,NULL,NULL,NULL,NULL,1,0,'2013-03-10',NULL,NULL,'generic_invoice_odt:/var/www/dolibarrnew/documents/doctemplates/invoices/template_invoice.odt',NULL,NULL),(209,'FA1303-0018',1,NULL,NULL,0,NULL,NULL,19,'2013-03-19 09:37:51','2013-03-19','2013-03-19','2013-03-19 08:38:10',0,0.00000000,NULL,NULL,0,NULL,NULL,-1.25000000,0.00000000,0.00000000,0.00000000,10.00000000,8.75000000,1,1,NULL,1,NULL,NULL,NULL,NULL,1,0,'2013-03-19',NULL,NULL,'crabe',NULL,NULL),(210,'FA1107-0019',1,NULL,NULL,0,NULL,NULL,10,'2013-03-20 14:30:11','2011-07-10','2013-03-20','2013-03-20 13:30:11',0,0.00000000,NULL,NULL,0,NULL,NULL,0.00000000,0.00000000,0.00000000,0.00000000,10.00000000,10.00000000,1,1,NULL,1,NULL,NULL,NULL,NULL,1,0,'2011-07-10',NULL,NULL,'',NULL,NULL),(211,'FA1303-0020',1,NULL,NULL,0,NULL,NULL,19,'2013-03-22 09:40:10','2013-03-22','2014-03-02','2014-03-02 19:13:39',0,0.00000000,NULL,NULL,0,NULL,NULL,17.64000000,0.00000000,0.00000000,0.40000000,340.00000000,358.04000000,1,1,NULL,1,NULL,NULL,NULL,NULL,1,0,'2013-03-22',NULL,NULL,'crabe',NULL,NULL),(213,'AV1303-0003',1,NULL,NULL,2,NULL,NULL,1,'2014-03-03 19:22:03','2013-03-03','2014-03-03','2014-03-03 18:22:16',0,0.00000000,NULL,NULL,0,NULL,NULL,0.00000000,0.00000000,0.00000000,0.00000000,-1000.00000000,-1000.00000000,1,1,NULL,1,32,NULL,NULL,NULL,0,0,'2013-03-03',NULL,NULL,'crabe',NULL,NULL);

--
-- Table structure for table `llx_facture_extrafields`
--

CREATE TABLE `llx_facture_extrafields` (
  `rowid` int(11) NOT NULL AUTO_INCREMENT,
  `tms` timestamp NOT NULL DEFAULT CURRENT_TIMESTAMP ON UPDATE CURRENT_TIMESTAMP,
  `fk_object` int(11) NOT NULL,
  `import_key` varchar(14) DEFAULT NULL,
  PRIMARY KEY (`rowid`),
  KEY `idx_facture_extrafields` (`fk_object`)
) ENGINE=InnoDB DEFAULT CHARSET=utf8;

--
-- Dumping data for table `llx_facture_extrafields`
--


--
-- Table structure for table `llx_facture_fourn`
--

CREATE TABLE `llx_facture_fourn` (
  `rowid` int(11) NOT NULL AUTO_INCREMENT,
  `ref` varchar(255) DEFAULT NULL,
  `ref_supplier` varchar(255) DEFAULT NULL,
  `entity` int(11) NOT NULL DEFAULT '1',
  `ref_ext` varchar(255) DEFAULT NULL,
  `type` smallint(6) NOT NULL DEFAULT '0',
  `fk_soc` int(11) NOT NULL,
  `datec` datetime DEFAULT NULL,
  `datef` date DEFAULT NULL,
  `tms` timestamp NOT NULL DEFAULT CURRENT_TIMESTAMP ON UPDATE CURRENT_TIMESTAMP,
  `libelle` varchar(255) DEFAULT NULL,
  `paye` smallint(6) NOT NULL DEFAULT '0',
  `amount` double(24,8) NOT NULL DEFAULT '0.00000000',
  `remise` double(24,8) DEFAULT '0.00000000',
  `close_code` varchar(16) DEFAULT NULL,
  `close_note` varchar(128) DEFAULT NULL,
  `tva` double(24,8) DEFAULT '0.00000000',
  `localtax1` double(24,8) DEFAULT '0.00000000',
  `localtax2` double(24,8) DEFAULT '0.00000000',
  `total` double(24,8) DEFAULT '0.00000000',
  `total_ht` double(24,8) DEFAULT '0.00000000',
  `total_tva` double(24,8) DEFAULT '0.00000000',
  `total_ttc` double(24,8) DEFAULT '0.00000000',
  `fk_statut` smallint(6) NOT NULL DEFAULT '0',
  `fk_user_author` int(11) DEFAULT NULL,
  `fk_user_modif` int(11) DEFAULT NULL,
  `fk_user_valid` int(11) DEFAULT NULL,
  `fk_facture_source` int(11) DEFAULT NULL,
  `fk_projet` int(11) DEFAULT NULL,
  `fk_account` int(11) DEFAULT NULL,
  `fk_cond_reglement` int(11) DEFAULT NULL,
  `fk_mode_reglement` int(11) DEFAULT NULL,
  `date_lim_reglement` date DEFAULT NULL,
  `note_private` text,
  `note_public` text,
  `model_pdf` varchar(255) DEFAULT NULL,
  `import_key` varchar(14) DEFAULT NULL,
  `extraparams` varchar(255) DEFAULT NULL,
  PRIMARY KEY (`rowid`),
  UNIQUE KEY `uk_facture_fourn_ref_supplier` (`ref_supplier`,`fk_soc`,`entity`),
  UNIQUE KEY `uk_facture_fourn_ref` (`ref`,`entity`),
  KEY `idx_facture_fourn_date_lim_reglement` (`date_lim_reglement`),
  KEY `idx_facture_fourn_fk_soc` (`fk_soc`),
  KEY `idx_facture_fourn_fk_user_author` (`fk_user_author`),
  KEY `idx_facture_fourn_fk_user_valid` (`fk_user_valid`),
  KEY `idx_facture_fourn_fk_projet` (`fk_projet`),
  CONSTRAINT `fk_facture_fourn_fk_projet` FOREIGN KEY (`fk_projet`) REFERENCES `llx_projet` (`rowid`),
  CONSTRAINT `fk_facture_fourn_fk_soc` FOREIGN KEY (`fk_soc`) REFERENCES `llx_societe` (`rowid`),
  CONSTRAINT `fk_facture_fourn_fk_user_author` FOREIGN KEY (`fk_user_author`) REFERENCES `llx_user` (`rowid`),
  CONSTRAINT `fk_facture_fourn_fk_user_valid` FOREIGN KEY (`fk_user_valid`) REFERENCES `llx_user` (`rowid`)
) ENGINE=InnoDB AUTO_INCREMENT=20 DEFAULT CHARSET=utf8;

--
-- Dumping data for table `llx_facture_fourn`
--

INSERT INTO `llx_facture_fourn` VALUES (1,NULL,'aaa',1,NULL,0,17,'2011-08-04 22:21:18','2011-08-04','2012-12-09 19:03:52','',0,0.00000000,0.00000000,NULL,NULL,0.00000000,0.00000000,0.00000000,0.00000000,16.00000000,3.14000000,19.14000000,0,1,NULL,NULL,NULL,NULL,NULL,1,NULL,NULL,'','',NULL,NULL,NULL),(16,NULL,'FR70813',1,NULL,0,1,'2012-12-19 15:24:11','2003-04-11','2013-02-10 20:55:42','OVH FR70813',0,0.00000000,0.00000000,NULL,NULL,0.00000000,0.00000000,0.00000000,0.00000000,829.00000000,162.48000000,991.48000000,1,1,NULL,1,NULL,NULL,NULL,1,NULL,'2003-04-11','','',NULL,NULL,NULL),(17,NULL,'FR81385',1,NULL,0,1,'2013-02-13 17:19:35','2003-06-04','2013-02-13 16:19:35','OVH FR81385',0,0.00000000,0.00000000,NULL,NULL,0.00000000,0.00000000,0.00000000,0.00000000,26.00000000,5.10000000,31.10000000,0,1,NULL,NULL,NULL,NULL,NULL,1,NULL,'2003-06-04','','',NULL,NULL,NULL),(18,NULL,'FR81385',1,NULL,0,2,'2013-02-13 17:20:25','2003-06-04','2013-02-13 16:20:25','OVH FR81385',0,0.00000000,0.00000000,NULL,NULL,0.00000000,0.00000000,0.00000000,0.00000000,26.00000000,5.10000000,31.10000000,0,1,NULL,NULL,NULL,NULL,NULL,1,NULL,'2003-06-04','','',NULL,NULL,NULL),(19,NULL,'FR813852',1,NULL,0,2,'2013-03-16 17:59:02','2013-03-16','2013-03-16 16:59:11','OVH FR81385',0,0.00000000,0.00000000,NULL,NULL,0.00000000,0.00000000,0.00000000,0.00000000,26.00000000,5.10000000,31.10000000,0,1,NULL,NULL,NULL,NULL,NULL,1,NULL,NULL,'','',NULL,NULL,NULL);

--
-- Table structure for table `llx_facture_fourn_det`
--

CREATE TABLE `llx_facture_fourn_det` (
  `rowid` int(11) NOT NULL AUTO_INCREMENT,
  `fk_facture_fourn` int(11) NOT NULL,
  `fk_product` int(11) DEFAULT NULL,
  `ref` varchar(50) DEFAULT NULL,
  `label` varchar(255) DEFAULT NULL,
  `description` text,
  `pu_ht` double(24,8) DEFAULT NULL,
  `pu_ttc` double(24,8) DEFAULT NULL,
  `qty` double DEFAULT NULL,
  `remise_percent` double DEFAULT '0',
  `tva_tx` double(6,3) DEFAULT NULL,
  `localtax1_tx` double(6,3) DEFAULT '0.000',
  `localtax1_type` varchar(10) NOT NULL DEFAULT '0',
  `localtax2_tx` double(6,3) DEFAULT '0.000',
  `localtax2_type` varchar(10) NOT NULL DEFAULT '0',
  `total_ht` double(24,8) DEFAULT NULL,
  `tva` double(24,8) DEFAULT NULL,
  `total_localtax1` double(24,8) DEFAULT '0.00000000',
  `total_localtax2` double(24,8) DEFAULT '0.00000000',
  `total_ttc` double(24,8) DEFAULT NULL,
  `product_type` int(11) DEFAULT '0',
  `date_start` datetime DEFAULT NULL,
  `date_end` datetime DEFAULT NULL,
  `info_bits` int(11) NOT NULL DEFAULT '0',
  `import_key` varchar(14) DEFAULT NULL,
  `fk_code_ventilation` int(11) NOT NULL DEFAULT '0',
  PRIMARY KEY (`rowid`),
  KEY `idx_facture_fourn_det_fk_facture` (`fk_facture_fourn`),
  CONSTRAINT `fk_facture_fourn_det_fk_facture` FOREIGN KEY (`fk_facture_fourn`) REFERENCES `llx_facture_fourn` (`rowid`)
) ENGINE=InnoDB AUTO_INCREMENT=53 DEFAULT CHARSET=utf8;

--
-- Dumping data for table `llx_facture_fourn_det`
--

INSERT INTO `llx_facture_fourn_det` VALUES (1,1,NULL,NULL,NULL,'aaa',10.00000000,11.96000000,1.6,0,19.600,0.000,'',0.000,'',16.00000000,3.14000000,0.00000000,0.00000000,19.14000000,0,NULL,NULL,0,NULL,0),(44,16,NULL,NULL,NULL,'<strong>ref :sd.loc.sp.512.6</strong><br>6 mois - Location de SuperPlan avec la connexion 512kbs<br>Du 11/04/2003 &agrave; 11/10/2003',414.00000000,495.14400000,1,0,19.600,0.000,'',0.000,'',414.00000000,81.14000000,0.00000000,0.00000000,495.14000000,0,NULL,NULL,0,NULL,0),(45,16,NULL,NULL,NULL,'<strong>ref :sd.loc.sp.512.6</strong><br>6 mois - Location de SuperPlan avec la connexion 512kbs<br>Du 11/10/2003 &agrave; 11/04/2004',414.00000000,495.14400000,1,0,19.600,0.000,'',0.000,'',414.00000000,81.14000000,0.00000000,0.00000000,495.14000000,0,NULL,NULL,0,NULL,0),(46,16,NULL,NULL,NULL,'<strong>ref :sd.installation.annuel</strong><br>Frais de mise en service d\'un serveur dédié pour un paiement annuel<br>',1.00000000,1.19600000,1,0,19.600,0.000,'',0.000,'',1.00000000,0.20000000,0.00000000,0.00000000,1.20000000,0,NULL,NULL,0,NULL,0),(47,17,NULL,NULL,NULL,'<strong>ref :bk.full250.creation</strong><br>Création du compte backup ftp 250Mo.<br>',1.00000000,1.19600000,1,0,19.600,0.000,'',0.000,'',1.00000000,0.20000000,0.00000000,0.00000000,1.20000000,0,NULL,NULL,0,NULL,0),(48,17,NULL,NULL,NULL,'<strong>ref :bk.full250.12</strong><br>Redevance pour un backup de 250Mo sur 12 mois<br>',25.00000000,29.90000000,1,0,19.600,0.000,'',0.000,'',25.00000000,4.90000000,0.00000000,0.00000000,29.90000000,0,NULL,NULL,0,NULL,0),(49,18,NULL,NULL,NULL,'<strong>ref :bk.full250.creation</strong><br>Création du compte backup ftp 250Mo.<br>',1.00000000,1.19600000,1,0,19.600,0.000,'',0.000,'',1.00000000,0.20000000,0.00000000,0.00000000,1.20000000,0,NULL,NULL,0,NULL,0),(50,18,NULL,NULL,NULL,'<strong>ref :bk.full250.12</strong><br>Redevance pour un backup de 250Mo sur 12 mois<br>',25.00000000,29.90000000,1,0,19.600,0.000,'',0.000,'',25.00000000,4.90000000,0.00000000,0.00000000,29.90000000,0,NULL,NULL,0,NULL,0),(51,19,NULL,NULL,NULL,'<strong>ref :bk.full250.creation</strong><br>Création du compte backup ftp 250Mo.<br>',1.00000000,1.19600000,1,0,19.600,0.000,'0',0.000,'0',1.00000000,0.20000000,0.00000000,0.00000000,1.20000000,0,NULL,NULL,0,NULL,0),(52,19,NULL,NULL,NULL,'<strong>ref :bk.full250.12</strong><br>Redevance pour un backup de 250Mo sur 12 mois<br>',25.00000000,29.90000000,1,0,19.600,0.000,'0',0.000,'0',25.00000000,4.90000000,0.00000000,0.00000000,29.90000000,0,NULL,NULL,0,NULL,0);

--
-- Table structure for table `llx_facture_fourn_extrafields`
--

CREATE TABLE `llx_facture_fourn_extrafields` (
  `rowid` int(11) NOT NULL AUTO_INCREMENT,
  `tms` timestamp NOT NULL DEFAULT CURRENT_TIMESTAMP ON UPDATE CURRENT_TIMESTAMP,
  `fk_object` int(11) NOT NULL,
  `import_key` varchar(14) DEFAULT NULL,
  PRIMARY KEY (`rowid`),
  KEY `idx_facture_fourn_extrafields` (`fk_object`)
) ENGINE=InnoDB DEFAULT CHARSET=latin1;

--
-- Dumping data for table `llx_facture_fourn_extrafields`
--


--
-- Table structure for table `llx_facture_rec`
--

CREATE TABLE `llx_facture_rec` (
  `rowid` int(11) NOT NULL AUTO_INCREMENT,
  `titre` varchar(50) NOT NULL,
  `entity` int(11) NOT NULL DEFAULT '1',
  `fk_soc` int(11) NOT NULL,
  `datec` datetime DEFAULT NULL,
  `amount` double(24,8) NOT NULL DEFAULT '0.00000000',
  `remise` double DEFAULT '0',
  `remise_percent` double DEFAULT '0',
  `remise_absolue` double DEFAULT '0',
  `tva` double(24,8) DEFAULT '0.00000000',
  `localtax1` double(24,8) DEFAULT '0.00000000',
  `localtax2` double(24,8) DEFAULT '0.00000000',
  `total` double(24,8) DEFAULT '0.00000000',
  `total_ttc` double(24,8) DEFAULT '0.00000000',
  `fk_user_author` int(11) DEFAULT NULL,
  `fk_projet` int(11) DEFAULT NULL,
  `fk_cond_reglement` int(11) DEFAULT '0',
  `fk_mode_reglement` int(11) DEFAULT '0',
  `date_lim_reglement` date DEFAULT NULL,
  `note_private` text,
  `note_public` text,
  `last_gen` varchar(7) DEFAULT NULL,
  `unit_frequency` varchar(2) DEFAULT 'd',
  `date_when` datetime DEFAULT NULL,
  `date_last_gen` datetime DEFAULT NULL,
  `nb_gen_done` int(11) DEFAULT NULL,
  `nb_gen_max` int(11) DEFAULT NULL,
  `frequency` int(11) DEFAULT NULL,
  `usenewprice` int(11) DEFAULT '0',
  `revenuestamp` double(24,8) DEFAULT '0.00000000',
  PRIMARY KEY (`rowid`),
  UNIQUE KEY `idx_facture_rec_uk_titre` (`titre`,`entity`),
  KEY `idx_facture_rec_fk_soc` (`fk_soc`),
  KEY `idx_facture_rec_fk_user_author` (`fk_user_author`),
  KEY `idx_facture_rec_fk_projet` (`fk_projet`),
  CONSTRAINT `fk_facture_rec_fk_projet` FOREIGN KEY (`fk_projet`) REFERENCES `llx_projet` (`rowid`),
  CONSTRAINT `fk_facture_rec_fk_soc` FOREIGN KEY (`fk_soc`) REFERENCES `llx_societe` (`rowid`),
  CONSTRAINT `fk_facture_rec_fk_user_author` FOREIGN KEY (`fk_user_author`) REFERENCES `llx_user` (`rowid`)
) ENGINE=InnoDB DEFAULT CHARSET=utf8;

--
-- Dumping data for table `llx_facture_rec`
--


--
-- Table structure for table `llx_facturedet`
--

CREATE TABLE `llx_facturedet` (
  `rowid` int(11) NOT NULL AUTO_INCREMENT,
  `fk_facture` int(11) NOT NULL,
  `fk_parent_line` int(11) DEFAULT NULL,
  `fk_product` int(11) DEFAULT NULL,
  `label` varchar(255) DEFAULT NULL,
  `description` text,
  `tva_tx` double(6,3) DEFAULT NULL,
  `localtax1_tx` double(6,3) DEFAULT '0.000',
  `localtax1_type` varchar(10) NOT NULL DEFAULT '0',
  `localtax2_tx` double(6,3) DEFAULT '0.000',
  `localtax2_type` varchar(10) NOT NULL DEFAULT '0',
  `qty` double DEFAULT NULL,
  `remise_percent` double DEFAULT '0',
  `remise` double DEFAULT '0',
  `fk_remise_except` int(11) DEFAULT NULL,
  `subprice` double(24,8) DEFAULT NULL,
  `price` double(24,8) DEFAULT NULL,
  `total_ht` double(24,8) DEFAULT NULL,
  `total_tva` double(24,8) DEFAULT NULL,
  `total_localtax1` double(24,8) DEFAULT '0.00000000',
  `total_localtax2` double(24,8) DEFAULT '0.00000000',
  `total_ttc` double(24,8) DEFAULT NULL,
  `product_type` int(11) DEFAULT '0',
  `date_start` datetime DEFAULT NULL,
  `date_end` datetime DEFAULT NULL,
  `info_bits` int(11) DEFAULT '0',
  `fk_product_fournisseur_price` int(11) DEFAULT NULL,
  `buy_price_ht` double(24,8) DEFAULT '0.00000000',
  `fk_code_ventilation` int(11) NOT NULL DEFAULT '0',
  `special_code` int(10) unsigned DEFAULT '0',
  `rang` int(11) DEFAULT '0',
  `import_key` varchar(14) DEFAULT NULL,
  PRIMARY KEY (`rowid`),
  UNIQUE KEY `uk_fk_remise_except` (`fk_remise_except`,`fk_facture`),
  KEY `idx_facturedet_fk_facture` (`fk_facture`),
  KEY `idx_facturedet_fk_product` (`fk_product`),
  CONSTRAINT `fk_facturedet_fk_facture` FOREIGN KEY (`fk_facture`) REFERENCES `llx_facture` (`rowid`)
) ENGINE=InnoDB AUTO_INCREMENT=1027 DEFAULT CHARSET=utf8;

--
-- Dumping data for table `llx_facturedet`
--

INSERT INTO `llx_facturedet` VALUES (1,1,NULL,4,NULL,'',0.000,0.000,'',0.000,'',2,0,0,NULL,0.01000000,0.01000000,0.02000000,0.00000000,0.00000000,0.00000000,0.02000000,0,NULL,NULL,0,NULL,0.00000000,0,0,1,NULL),(3,2,NULL,3,NULL,'Service S1',0.000,0.000,'',0.000,'',1,10,4,NULL,40.00000000,36.00000000,36.00000000,0.00000000,0.00000000,0.00000000,36.00000000,1,'2010-07-10 00:00:00',NULL,0,NULL,0.00000000,0,0,2,NULL),(4,2,NULL,NULL,NULL,'Abonnement annuel assurance',1.000,0.000,'',0.000,'',1,0,0,NULL,10.00000000,10.00000000,10.00000000,0.10000000,0.00000000,0.00000000,10.10000000,0,'2010-07-10 00:00:00','2011-07-10 00:00:00',0,NULL,0.00000000,0,0,3,NULL),(11,3,NULL,4,NULL,'afsdfsdfsdfsdf',0.000,0.000,'',0.000,'',1,0,0,NULL,5.00000000,5.00000000,5.00000000,0.00000000,0.00000000,0.00000000,5.00000000,0,NULL,NULL,0,NULL,0.00000000,0,0,0,NULL),(12,3,NULL,NULL,NULL,'dfdfd',0.000,0.000,'',0.000,'',1,0,0,NULL,10.00000000,10.00000000,10.00000000,0.00000000,0.00000000,0.00000000,10.00000000,0,NULL,NULL,0,NULL,0.00000000,0,0,2,NULL),(13,5,NULL,4,NULL,'Decapsuleur',12.500,0.000,'',0.000,'',1,0,0,NULL,5.00000000,5.00000000,5.00000000,0.63000000,0.00000000,0.00000000,5.63000000,0,NULL,NULL,0,NULL,0.00000000,0,0,0,NULL),(14,6,NULL,4,NULL,'Decapsuleur',19.600,0.000,'',0.000,'',1,0,0,NULL,5.00000000,5.00000000,5.00000000,0.98000000,0.00000000,0.00000000,5.98000000,0,NULL,NULL,0,NULL,0.00000000,0,0,0,NULL),(21,8,NULL,NULL,NULL,'dddd',0.000,0.000,'',0.000,'',1,0,0,NULL,10.00000000,10.00000000,10.00000000,0.00000000,0.00000000,0.00000000,10.00000000,0,NULL,NULL,0,NULL,0.00000000,0,0,1,NULL),(22,9,NULL,NULL,NULL,'ggg',19.600,0.000,'',0.000,'',1,0,0,NULL,10.00000000,10.00000000,10.00000000,1.96000000,0.00000000,0.00000000,11.96000000,0,NULL,NULL,0,NULL,0.00000000,0,0,1,NULL),(23,10,NULL,4,NULL,'',12.500,0.000,'',0.000,'',1,0,0,NULL,-5.00000000,NULL,-5.00000000,-0.63000000,0.00000000,0.00000000,-5.63000000,0,NULL,NULL,0,NULL,12.00000000,0,0,1,NULL),(24,10,NULL,1,NULL,'A beatifull pink dress\r\nlkm',0.000,0.000,'',0.000,'',1,0,0,NULL,-6.00000000,NULL,-6.00000000,0.00000000,0.00000000,0.00000000,-6.00000000,0,NULL,NULL,0,0,0.00000000,0,0,2,NULL),(25,11,NULL,4,NULL,'jljk',12.500,0.000,'',0.000,'',1,0,0,NULL,5.00000000,NULL,5.00000000,0.63000000,0.00000000,0.00000000,5.63000000,0,NULL,NULL,0,NULL,0.00000000,0,0,1,NULL),(26,12,NULL,1,NULL,'A beatifull pink dress\r\nhfghf',0.000,0.000,'',0.000,'',1,0,0,NULL,-5.00000000,NULL,-5.00000000,0.00000000,0.00000000,0.00000000,-5.00000000,0,NULL,NULL,0,0,0.00000000,0,0,1,NULL),(27,13,NULL,NULL,NULL,'gdfgdf',19.600,0.000,'',0.000,'',1.4,0,0,NULL,10.00000000,NULL,14.00000000,2.74000000,0.00000000,0.00000000,16.74000000,0,NULL,NULL,0,NULL,0.00000000,0,0,1,NULL),(137,33,NULL,NULL,NULL,'Desc',10.000,0.000,'',0.000,'',1,0,0,NULL,1.24000000,NULL,1.24000000,0.12000000,0.00000000,0.00000000,1.36000000,0,NULL,NULL,0,NULL,0.00000000,0,0,1,NULL),(138,33,NULL,NULL,NULL,'Desc',10.000,0.000,'',0.000,'',1,0,0,NULL,1.24000000,NULL,1.24000000,0.12000000,0.00000000,0.00000000,1.36000000,0,NULL,NULL,0,NULL,0.00000000,0,0,2,NULL),(256,55,NULL,NULL,NULL,'Desc',10.000,0.000,'',0.000,'',1,0,0,NULL,1.24000000,NULL,1.24000000,0.12000000,0.00000000,0.00000000,1.36000000,0,NULL,NULL,0,NULL,0.00000000,0,0,1,NULL),(257,55,NULL,NULL,NULL,'Desc',10.000,0.000,'',0.000,'',1,0,0,NULL,1.24000000,NULL,1.24000000,0.12000000,0.00000000,0.00000000,1.36000000,0,NULL,NULL,0,NULL,0.00000000,0,0,2,NULL),(258,56,NULL,NULL,NULL,'Desc',10.000,0.000,'',0.000,'',1,0,0,NULL,1.24000000,NULL,1.24000000,0.12000000,0.00000000,0.00000000,1.36000000,0,NULL,NULL,0,NULL,0.00000000,0,0,1,NULL),(259,56,NULL,NULL,NULL,'Desc',10.000,0.000,'',0.000,'',1,0,0,NULL,1.24000000,NULL,1.24000000,0.12000000,0.00000000,0.00000000,1.36000000,0,NULL,NULL,0,NULL,0.00000000,0,0,2,NULL),(377,78,NULL,NULL,NULL,'Desc',10.000,0.000,'',0.000,'',1,0,0,NULL,1.24000000,NULL,1.24000000,0.12000000,0.00000000,0.00000000,1.36000000,0,NULL,NULL,0,NULL,0.00000000,0,0,1,NULL),(378,78,NULL,NULL,NULL,'Desc',10.000,0.000,'',0.000,'',1,0,0,NULL,1.24000000,NULL,1.24000000,0.12000000,0.00000000,0.00000000,1.36000000,0,NULL,NULL,0,NULL,0.00000000,0,0,2,NULL),(385,79,NULL,NULL,NULL,'hfghfg',10.000,1.400,'',-15.000,'',1,0,0,NULL,10.00000000,NULL,10.00000000,1.00000000,0.14000000,-1.50000000,9.64000000,0,NULL,NULL,0,NULL,0.00000000,0,0,1,NULL),(386,79,NULL,NULL,NULL,'gdfg',15.000,0.000,'',0.000,'',1,0,0,NULL,10.00000000,NULL,10.00000000,1.50000000,0.00000000,0.00000000,11.50000000,0,NULL,NULL,0,NULL,0.00000000,0,0,2,NULL),(387,79,NULL,NULL,NULL,'fdsf',21.000,5.200,'',-15.000,'',1,0,0,NULL,10.00000000,NULL,10.00000000,2.10000000,0.52000000,-1.50000000,11.12000000,0,NULL,NULL,0,NULL,0.00000000,0,0,3,NULL),(388,79,NULL,NULL,NULL,'ghfgh',15.000,0.000,'',0.000,'',1,0,0,NULL,10.00000000,NULL,10.00000000,1.50000000,0.00000000,0.00000000,11.50000000,0,NULL,NULL,0,NULL,0.00000000,0,0,4,NULL),(389,79,NULL,NULL,NULL,'ghfgh',15.000,0.000,'',0.000,'',1,0,0,NULL,10.00000000,NULL,10.00000000,1.50000000,0.00000000,0.00000000,11.50000000,0,NULL,NULL,0,NULL,0.00000000,0,0,5,NULL),(618,121,NULL,NULL,NULL,'Desc',10.000,0.000,'',0.000,'',1,0,0,NULL,1.24000000,NULL,1.24000000,0.12000000,0.00000000,0.00000000,1.36000000,0,NULL,NULL,0,NULL,0.00000000,0,0,1,NULL),(619,121,NULL,NULL,NULL,'Desc',10.000,0.000,'',0.000,'',1,0,0,NULL,1.24000000,NULL,1.24000000,0.12000000,0.00000000,0.00000000,1.36000000,0,NULL,NULL,0,NULL,0.00000000,0,0,2,NULL),(620,122,NULL,NULL,NULL,'Desc',10.000,0.000,'',0.000,'',1,0,0,NULL,1.24000000,NULL,1.24000000,0.12000000,0.00000000,0.00000000,1.36000000,0,NULL,NULL,0,NULL,0.00000000,0,0,1,NULL),(621,122,NULL,NULL,NULL,'Desc',10.000,0.000,'',0.000,'',1,0,0,NULL,1.24000000,NULL,1.24000000,0.12000000,0.00000000,0.00000000,1.36000000,0,NULL,NULL,0,NULL,0.00000000,0,0,2,NULL),(749,146,NULL,NULL,NULL,'Desc',10.000,0.000,'',0.000,'',1,0,0,NULL,1.24000000,NULL,1.24000000,0.12000000,0.00000000,0.00000000,1.36000000,0,NULL,NULL,0,NULL,0.00000000,0,0,1,NULL),(750,146,NULL,NULL,NULL,'Desc',10.000,0.000,'',0.000,'',1,0,0,NULL,1.24000000,NULL,1.24000000,0.12000000,0.00000000,0.00000000,1.36000000,0,NULL,NULL,0,NULL,0.00000000,0,0,2,NULL),(751,147,NULL,NULL,NULL,'Desc',10.000,0.000,'',0.000,'',1,0,0,NULL,1.24000000,NULL,1.24000000,0.12000000,0.00000000,0.00000000,1.36000000,0,NULL,NULL,0,NULL,0.00000000,0,0,1,NULL),(752,147,NULL,NULL,NULL,'Desc',10.000,0.000,'',0.000,'',1,0,0,NULL,1.24000000,NULL,1.24000000,0.12000000,0.00000000,0.00000000,1.36000000,0,NULL,NULL,0,NULL,0.00000000,0,0,2,NULL),(753,13,NULL,2,NULL,'(Pays d\'origine: Albanie)',0.000,0.000,'',0.000,'',1,0,0,NULL,0.00000000,NULL,0.00000000,0.00000000,0.00000000,0.00000000,0.00000000,0,NULL,NULL,0,0,0.00000000,0,0,2,NULL),(754,148,NULL,11,NULL,'hfghf',0.000,0.000,'',0.000,'',1,0,0,NULL,0.00000000,NULL,0.00000000,0.00000000,0.00000000,0.00000000,0.00000000,0,NULL,NULL,0,NULL,0.00000000,0,0,1,NULL),(755,148,NULL,4,NULL,'Decapsuleur',12.500,0.000,'',0.000,'',1,0,0,NULL,5.00000000,NULL,5.00000000,0.63000000,0.00000000,0.00000000,5.63000000,0,NULL,NULL,0,NULL,0.00000000,0,0,2,NULL),(756,149,NULL,5,NULL,'aaaa',19.600,0.000,'',0.000,'',1,0,0,NULL,10.00000000,NULL,10.00000000,1.96000000,0.00000000,0.00000000,11.96000000,0,NULL,NULL,0,NULL,0.00000000,0,0,1,NULL),(757,150,NULL,2,NULL,'Product P1',12.500,0.000,'',0.000,'',1,0,0,NULL,0.00000000,NULL,0.00000000,0.00000000,0.00000000,0.00000000,0.00000000,0,NULL,NULL,0,NULL,0.00000000,0,0,1,NULL),(758,151,NULL,2,NULL,'Product P1',12.500,0.000,'',0.000,'',1,0,0,NULL,0.00000000,NULL,0.00000000,0.00000000,0.00000000,0.00000000,0.00000000,0,NULL,NULL,0,NULL,0.00000000,0,0,1,NULL),(759,152,NULL,NULL,NULL,'gdfgfd',19.600,0.000,'',0.000,'',1,0,0,NULL,10.00000000,NULL,10.00000000,1.96000000,0.00000000,0.00000000,11.96000000,0,NULL,NULL,0,NULL,0.00000000,0,0,1,NULL),(760,153,NULL,NULL,NULL,'gfdgdf',0.000,0.000,'',0.000,'',1,0,0,NULL,10.00000000,NULL,10.00000000,0.00000000,0.00000000,0.00000000,10.00000000,0,NULL,NULL,0,NULL,0.00000000,0,0,1,NULL),(761,154,NULL,NULL,NULL,'',0.000,0.000,'',0.000,'',1,0,0,NULL,10.00000000,NULL,10.00000000,0.00000000,0.00000000,0.00000000,10.00000000,0,NULL,NULL,0,NULL,0.00000000,0,0,0,NULL),(762,155,NULL,NULL,NULL,'',0.000,0.000,'',0.000,'',1,0,0,NULL,10.00000000,NULL,10.00000000,0.00000000,0.00000000,0.00000000,10.00000000,0,NULL,NULL,0,NULL,0.00000000,0,0,0,NULL),(763,156,NULL,NULL,NULL,'gfdgdf',0.000,0.000,'',0.000,'',1,0,0,NULL,10.00000000,NULL,10.00000000,0.00000000,0.00000000,0.00000000,10.00000000,0,NULL,NULL,0,NULL,0.00000000,0,0,0,NULL),(764,157,NULL,NULL,NULL,'gfdg',19.600,0.000,'',0.000,'',1,0,0,NULL,10.00000000,NULL,10.00000000,1.96000000,0.00000000,0.00000000,11.96000000,0,NULL,NULL,0,NULL,0.00000000,0,0,0,NULL),(765,157,NULL,4,NULL,'Decapsuleur',12.500,0.000,'',0.000,'',1,0,0,NULL,5.00000000,NULL,5.00000000,0.63000000,0.00000000,0.00000000,5.63000000,0,NULL,NULL,0,NULL,0.00000000,0,0,0,NULL),(766,157,NULL,4,NULL,'eeee',12.500,0.000,'',0.000,'',1,0,0,NULL,5.00000000,NULL,5.00000000,0.63000000,0.00000000,0.00000000,5.63000000,0,NULL,NULL,0,NULL,0.00000000,0,0,0,NULL),(768,32,NULL,NULL,NULL,'mlml',18.000,0.000,'',0.000,'',1,0,0,NULL,100.00000000,NULL,100.00000000,18.00000000,0.00000000,0.00000000,118.00000000,0,NULL,NULL,0,NULL,0.00000000,0,0,3,NULL),(769,32,NULL,NULL,NULL,'mlkml',18.000,0.000,'',0.000,'',1,0,0,NULL,400.00000000,NULL,400.00000000,72.00000000,0.00000000,0.00000000,472.00000000,0,NULL,NULL,0,NULL,0.00000000,0,0,4,NULL),(770,158,NULL,NULL,NULL,'Adhésion/cotisation 2013',0.000,0.000,'',0.000,'',1,0,0,NULL,10.00000000,NULL,10.00000000,0.00000000,0.00000000,0.00000000,10.00000000,1,'2013-07-18 00:00:00','2014-07-17 00:00:00',0,NULL,0.00000000,0,0,1,NULL),(771,159,NULL,NULL,NULL,'Adhésion/cotisation 2014',0.000,0.000,'',0.000,'',1,0,0,NULL,11.00000000,NULL,11.00000000,0.00000000,0.00000000,0.00000000,11.00000000,1,'2014-07-18 00:00:00','2015-07-17 00:00:00',0,NULL,0.00000000,0,0,1,NULL),(772,160,NULL,NULL,NULL,'Adhésion/cotisation 2015',12.500,0.000,'',0.000,'',1,0,0,NULL,8.88889000,NULL,8.89000000,1.11000000,0.00000000,0.00000000,10.00000000,1,'2015-07-18 00:00:00','2016-07-17 00:00:00',0,NULL,0.00000000,0,0,1,NULL),(773,161,NULL,NULL,NULL,'Adhésion/cotisation 2016',12.500,0.000,'',0.000,'',1,0,0,NULL,17.77778000,NULL,17.78000000,2.22000000,0.00000000,0.00000000,20.00000000,1,'2016-07-18 00:00:00','2017-07-17 00:00:00',0,NULL,0.00000000,0,0,1,NULL),(774,162,NULL,NULL,NULL,'fdsfs',0.000,0.000,'',0.000,'',1,0,0,NULL,10.00000000,NULL,10.00000000,0.00000000,0.00000000,0.00000000,10.00000000,0,NULL,NULL,0,NULL,0.00000000,0,0,3,NULL),(775,162,NULL,NULL,NULL,'fsdfsf',0.000,0.000,'',0.000,'',1,0,0,1,-5.00000000,NULL,-5.00000000,0.00000000,0.00000000,0.00000000,-5.00000000,0,NULL,NULL,2,NULL,0.00000000,0,0,1,NULL),(776,32,NULL,NULL,NULL,'fsdfsdfds',0.000,0.000,'0',0.000,'0',1,0,0,NULL,10.00000000,NULL,10.00000000,0.00000000,0.00000000,0.00000000,10.00000000,0,NULL,NULL,0,NULL,0.00000000,0,0,5,NULL),(777,32,NULL,NULL,NULL,'fsdfsdfds',0.000,0.000,'0',0.000,'0',1,0,0,NULL,10.00000000,NULL,10.00000000,0.00000000,0.00000000,0.00000000,10.00000000,0,NULL,NULL,0,NULL,0.00000000,0,0,6,NULL),(779,32,NULL,NULL,NULL,'fsdfds',0.000,0.000,'0',0.000,'0',0,0,0,NULL,0.00000000,NULL,0.00000000,0.00000000,0.00000000,0.00000000,0.00000000,9,NULL,NULL,0,0,0.00000000,0,0,2,NULL),(780,32,NULL,NULL,NULL,'ffsdf',0.000,0.000,'0',0.000,'0',0,0,0,NULL,0.00000000,NULL,0.00000000,0.00000000,0.00000000,0.00000000,0.00000000,9,NULL,NULL,0,NULL,0.00000000,0,1790,1,NULL),(781,162,NULL,NULL,NULL,'hh',0.000,0.000,'0',0.000,'0',0,0,0,NULL,0.00000000,NULL,0.00000000,0.00000000,0.00000000,0.00000000,0.00000000,9,NULL,NULL,0,NULL,0.00000000,0,1790,2,NULL),(899,184,NULL,NULL,NULL,'Desc',10.000,0.000,'0',0.000,'0',1,0,0,NULL,1.24000000,NULL,1.24000000,0.12000000,0.00000000,0.00000000,1.36000000,0,NULL,NULL,0,NULL,0.00000000,0,0,1,NULL),(900,184,NULL,NULL,NULL,'Desc',10.000,0.000,'0',0.000,'0',1,0,0,NULL,1.24000000,NULL,1.24000000,0.12000000,0.00000000,0.00000000,1.36000000,0,NULL,NULL,0,NULL,0.00000000,0,0,2,NULL),(901,185,NULL,NULL,NULL,'Desc',10.000,0.000,'0',0.000,'0',1,0,0,NULL,1.24000000,NULL,1.24000000,0.12000000,0.00000000,0.00000000,1.36000000,0,NULL,NULL,0,NULL,0.00000000,0,0,1,NULL),(902,185,NULL,NULL,NULL,'Desc',10.000,0.000,'0',0.000,'0',1,0,0,NULL,1.24000000,NULL,1.24000000,0.12000000,0.00000000,0.00000000,1.36000000,0,NULL,NULL,0,NULL,0.00000000,0,0,2,NULL),(903,186,NULL,NULL,NULL,'Desc',10.000,0.000,'0',0.000,'0',1,0,0,NULL,1.24000000,NULL,1.24000000,0.12000000,0.00000000,0.00000000,1.36000000,0,NULL,NULL,0,NULL,0.00000000,0,0,1,NULL),(904,186,NULL,NULL,NULL,'Desc',10.000,0.000,'0',0.000,'0',1,0,0,NULL,1.24000000,NULL,1.24000000,0.12000000,0.00000000,0.00000000,1.36000000,0,NULL,NULL,0,NULL,0.00000000,0,0,2,NULL),(905,187,NULL,NULL,NULL,'Desc',10.000,0.000,'0',0.000,'0',1,0,0,NULL,1.24000000,NULL,1.24000000,0.12000000,0.00000000,0.00000000,1.36000000,0,NULL,NULL,0,NULL,0.00000000,0,0,1,NULL),(906,187,NULL,NULL,NULL,'Desc',10.000,0.000,'0',0.000,'0',1,0,0,NULL,1.24000000,NULL,1.24000000,0.12000000,0.00000000,0.00000000,1.36000000,0,NULL,NULL,0,NULL,0.00000000,0,0,2,NULL),(1014,206,NULL,NULL,NULL,'Desc',10.000,0.000,'0',0.000,'0',1,0,0,NULL,1.24000000,NULL,1.24000000,0.12000000,0.00000000,0.00000000,1.36000000,0,NULL,NULL,0,NULL,0.00000000,0,0,1,NULL),(1015,206,NULL,NULL,NULL,'Desc',10.000,0.000,'0',0.000,'0',1,0,0,NULL,1.24000000,NULL,1.24000000,0.12000000,0.00000000,0.00000000,1.36000000,0,NULL,NULL,0,NULL,0.00000000,0,0,2,NULL),(1016,207,NULL,NULL,NULL,'Desc',10.000,0.000,'0',0.000,'0',1,0,0,NULL,1.24000000,NULL,1.24000000,0.12000000,0.00000000,0.00000000,1.36000000,0,NULL,NULL,0,NULL,0.00000000,0,0,1,NULL),(1017,207,NULL,NULL,NULL,'Desc',10.000,0.000,'0',0.000,'0',1,0,0,NULL,1.24000000,NULL,1.24000000,0.12000000,0.00000000,0.00000000,1.36000000,0,NULL,NULL,0,NULL,0.00000000,0,0,2,NULL),(1018,208,NULL,NULL,NULL,'ggdfg',12.500,0.000,'0',0.000,'0',1,0,0,NULL,10.00000000,NULL,10.00000000,1.25000000,0.00000000,0.00000000,11.25000000,0,NULL,NULL,0,NULL,0.00000000,0,0,1,NULL),(1019,209,NULL,NULL,NULL,'hfghgf',12.500,0.000,'0',0.000,'0',1,0,0,2,-10.00000000,NULL,-10.00000000,-1.25000000,0.00000000,0.00000000,-11.25000000,0,NULL,NULL,2,NULL,0.00000000,0,0,-1,NULL),(1020,209,NULL,NULL,NULL,'fsdfsd',0.000,0.000,'0',0.000,'0',1,0,0,NULL,10.00000000,NULL,10.00000000,0.00000000,0.00000000,0.00000000,10.00000000,0,NULL,NULL,0,NULL,0.00000000,0,0,0,NULL),(1021,209,NULL,NULL,NULL,'hfg',0.000,0.000,'0',0.000,'0',1,0,0,NULL,10.00000000,NULL,10.00000000,0.00000000,0.00000000,0.00000000,10.00000000,0,NULL,NULL,0,NULL,0.00000000,0,0,1,NULL),(1022,210,NULL,NULL,NULL,'Adhésion/cotisation 2011',0.000,0.000,'0',0.000,'0',1,0,0,NULL,10.00000000,NULL,10.00000000,0.00000000,0.00000000,0.00000000,10.00000000,1,'2011-07-10 00:00:00','2012-07-09 00:00:00',0,NULL,0.00000000,0,0,1,NULL),(1023,211,NULL,NULL,NULL,'Samsung Android x4',0.000,0.000,'0',0.000,'0',1,0,0,NULL,250.00000000,NULL,250.00000000,0.00000000,0.00000000,0.00000000,250.00000000,0,NULL,NULL,0,NULL,0.00000000,0,0,1,NULL),(1024,211,NULL,1,NULL,'A beatifull pink dress\r\nSize XXL',19.600,0.000,'0',0.000,'0',1,10,0,NULL,100.00000000,NULL,90.00000000,17.64000000,0.00000000,0.00000000,107.64000000,0,NULL,NULL,0,NULL,0.00000000,0,0,2,NULL),(1026,213,NULL,1,NULL,'A beatifull pink dress',0.000,0.000,'0',0.000,'0',10,0,0,NULL,-100.00000000,NULL,-1000.00000000,0.00000000,0.00000000,0.00000000,-1000.00000000,0,NULL,NULL,0,NULL,0.00000000,0,0,1,NULL);

--
-- Table structure for table `llx_facturedet_extrafields`
--

CREATE TABLE `llx_facturedet_extrafields` (
  `rowid` int(11) NOT NULL AUTO_INCREMENT,
  `tms` timestamp NOT NULL DEFAULT CURRENT_TIMESTAMP ON UPDATE CURRENT_TIMESTAMP,
  `fk_object` int(11) NOT NULL,
  `import_key` varchar(14) DEFAULT NULL,
  PRIMARY KEY (`rowid`),
  KEY `idx_facturedet_extrafields` (`fk_object`)
) ENGINE=InnoDB DEFAULT CHARSET=latin1;

--
-- Dumping data for table `llx_facturedet_extrafields`
--


--
-- Table structure for table `llx_facturedet_rec`
--

CREATE TABLE `llx_facturedet_rec` (
  `rowid` int(11) NOT NULL AUTO_INCREMENT,
  `fk_facture` int(11) NOT NULL,
  `fk_parent_line` int(11) DEFAULT NULL,
  `fk_product` int(11) DEFAULT NULL,
  `product_type` int(11) DEFAULT '0',
  `label` varchar(255) DEFAULT NULL,
  `description` text,
  `tva_tx` double(6,3) DEFAULT NULL,
  `localtax1_tx` double(6,3) DEFAULT '0.000',
  `localtax1_type` varchar(10) NOT NULL DEFAULT '0',
  `localtax2_tx` double(6,3) DEFAULT '0.000',
  `localtax2_type` varchar(10) NOT NULL DEFAULT '0',
  `qty` double DEFAULT NULL,
  `remise_percent` double DEFAULT '0',
  `remise` double DEFAULT '0',
  `subprice` double(24,8) DEFAULT NULL,
  `price` double(24,8) DEFAULT NULL,
  `total_ht` double(24,8) DEFAULT NULL,
  `total_tva` double(24,8) DEFAULT NULL,
  `total_localtax1` double(24,8) DEFAULT '0.00000000',
  `total_localtax2` double(24,8) DEFAULT '0.00000000',
  `total_ttc` double(24,8) DEFAULT NULL,
  `info_bits` int(11) DEFAULT '0',
  `special_code` int(10) unsigned DEFAULT '0',
  `rang` int(11) DEFAULT '0',
  `fk_contract_line` int(11) DEFAULT NULL,
  PRIMARY KEY (`rowid`)
) ENGINE=InnoDB DEFAULT CHARSET=utf8;

--
-- Dumping data for table `llx_facturedet_rec`
--


--
-- Table structure for table `llx_fichinter`
--

CREATE TABLE `llx_fichinter` (
  `rowid` int(11) NOT NULL AUTO_INCREMENT,
  `fk_soc` int(11) NOT NULL,
  `fk_projet` int(11) DEFAULT '0',
  `fk_contrat` int(11) DEFAULT '0',
  `ref` varchar(30) NOT NULL,
  `entity` int(11) NOT NULL DEFAULT '1',
  `tms` timestamp NOT NULL DEFAULT CURRENT_TIMESTAMP ON UPDATE CURRENT_TIMESTAMP,
  `datec` datetime DEFAULT NULL,
  `date_valid` datetime DEFAULT NULL,
  `datei` date DEFAULT NULL,
  `fk_user_author` int(11) DEFAULT NULL,
  `fk_user_modif` int(11) DEFAULT NULL,
  `fk_user_valid` int(11) DEFAULT NULL,
  `fk_statut` smallint(6) DEFAULT '0',
  `duree` double DEFAULT NULL,
  `description` text,
  `note_private` text,
  `note_public` text,
  `model_pdf` varchar(255) DEFAULT NULL,
  `extraparams` varchar(255) DEFAULT NULL,
  `ref_ext` varchar(255) DEFAULT NULL,
  PRIMARY KEY (`rowid`),
  UNIQUE KEY `uk_fichinter_ref` (`ref`,`entity`),
  KEY `idx_fichinter_fk_soc` (`fk_soc`),
  CONSTRAINT `fk_fichinter_fk_soc` FOREIGN KEY (`fk_soc`) REFERENCES `llx_societe` (`rowid`)
) ENGINE=InnoDB AUTO_INCREMENT=3 DEFAULT CHARSET=utf8;

--
-- Dumping data for table `llx_fichinter`
--

INSERT INTO `llx_fichinter` VALUES (1,2,1,0,'FI1007-0001',1,'2010-07-08 23:51:54','2010-07-09 01:42:41','2010-07-09 01:51:54',NULL,1,NULL,1,1,51000,NULL,NULL,NULL,'soleil',NULL,NULL),(2,1,NULL,0,'FI1007-0002',1,'2012-12-08 13:11:07','2010-07-11 16:07:51',NULL,NULL,1,NULL,NULL,0,3600,'ferfrefeferf',NULL,NULL,'soleil',NULL,NULL);

--
-- Table structure for table `llx_fichinter_extrafields`
--

CREATE TABLE `llx_fichinter_extrafields` (
  `rowid` int(11) NOT NULL AUTO_INCREMENT,
  `tms` timestamp NOT NULL DEFAULT CURRENT_TIMESTAMP ON UPDATE CURRENT_TIMESTAMP,
  `fk_object` int(11) NOT NULL,
  `import_key` varchar(14) DEFAULT NULL,
  PRIMARY KEY (`rowid`),
  KEY `idx_ficheinter_extrafields` (`fk_object`)
) ENGINE=InnoDB DEFAULT CHARSET=latin1;

--
-- Dumping data for table `llx_fichinter_extrafields`
--


--
-- Table structure for table `llx_fichinterdet`
--

CREATE TABLE `llx_fichinterdet` (
  `rowid` int(11) NOT NULL AUTO_INCREMENT,
  `fk_fichinter` int(11) DEFAULT NULL,
  `fk_parent_line` int(11) DEFAULT NULL,
  `date` datetime DEFAULT NULL,
  `description` text,
  `duree` int(11) DEFAULT NULL,
  `rang` int(11) DEFAULT '0',
  PRIMARY KEY (`rowid`),
  KEY `idx_fichinterdet_fk_fichinter` (`fk_fichinter`),
  CONSTRAINT `fk_fichinterdet_fk_fichinter` FOREIGN KEY (`fk_fichinter`) REFERENCES `llx_fichinter` (`rowid`)
) ENGINE=InnoDB AUTO_INCREMENT=4 DEFAULT CHARSET=utf8;

--
-- Dumping data for table `llx_fichinterdet`
--

INSERT INTO `llx_fichinterdet` VALUES (1,1,NULL,'2010-07-07 04:00:00','Intervention sur site',3600,0),(2,1,NULL,'2010-07-08 11:00:00','Autre',47400,0),(3,2,NULL,'2010-07-11 05:00:00','Pres',3600,0);

--
-- Table structure for table `llx_fichinterdet_extrafields`
--

CREATE TABLE `llx_fichinterdet_extrafields` (
  `rowid` int(11) NOT NULL AUTO_INCREMENT,
  `tms` timestamp NOT NULL DEFAULT CURRENT_TIMESTAMP ON UPDATE CURRENT_TIMESTAMP,
  `fk_object` int(11) NOT NULL,
  `import_key` varchar(14) DEFAULT NULL,
  PRIMARY KEY (`rowid`),
  KEY `idx_ficheinterdet_extrafields` (`fk_object`)
) ENGINE=InnoDB DEFAULT CHARSET=utf8;

--
-- Dumping data for table `llx_fichinterdet_extrafields`
--


--
-- Table structure for table `llx_filemanager_roots`
--

CREATE TABLE `llx_filemanager_roots` (
  `rowid` int(11) NOT NULL AUTO_INCREMENT,
  `datec` datetime DEFAULT NULL,
  `rootlabel` varchar(64) DEFAULT NULL,
  `rootpath` text,
  `note` text,
  `position` int(11) DEFAULT NULL,
  `entity` int(11) DEFAULT NULL,
  PRIMARY KEY (`rowid`),
  UNIQUE KEY `idx_filemanager_root` (`rootlabel`)
) ENGINE=InnoDB DEFAULT CHARSET=utf8;

--
-- Dumping data for table `llx_filemanager_roots`
--


--
-- Table structure for table `llx_holiday`
--

CREATE TABLE `llx_holiday` (
  `rowid` int(11) NOT NULL AUTO_INCREMENT,
  `fk_user` int(11) NOT NULL,
  `date_create` datetime NOT NULL,
  `description` varchar(255) NOT NULL,
  `date_debut` date NOT NULL,
  `date_fin` date NOT NULL,
  `halfday` int(11) DEFAULT '0',
  `statut` int(11) NOT NULL DEFAULT '1',
  `fk_validator` int(11) NOT NULL,
  `date_valid` datetime DEFAULT NULL,
  `fk_user_valid` int(11) DEFAULT NULL,
  `date_refuse` datetime DEFAULT NULL,
  `fk_user_refuse` int(11) DEFAULT NULL,
  `date_cancel` datetime DEFAULT NULL,
  `fk_user_cancel` int(11) DEFAULT NULL,
  `detail_refuse` varchar(250) DEFAULT NULL,
  `note_private` text,
  `note_public` text,
  `note` text,
  `fk_user_create` int(11) DEFAULT NULL,
  PRIMARY KEY (`rowid`),
  KEY `idx_holiday_fk_user` (`fk_user`),
  KEY `idx_holiday_date_debut` (`date_debut`),
  KEY `idx_holiday_date_fin` (`date_fin`),
  KEY `idx_holiday_fk_user_create` (`fk_user_create`),
  KEY `idx_holiday_date_create` (`date_create`),
  KEY `idx_holiday_fk_validator` (`fk_validator`)
) ENGINE=InnoDB AUTO_INCREMENT=2 DEFAULT CHARSET=utf8;

--
-- Dumping data for table `llx_holiday`
--

INSERT INTO `llx_holiday` VALUES (1,1,'2013-02-17 19:06:35','gdf','2013-02-10','2013-02-11',0,3,1,'2013-02-17 19:06:57',1,NULL,NULL,NULL,NULL,NULL,NULL,NULL,NULL,NULL);

--
-- Table structure for table `llx_holiday_config`
--

CREATE TABLE `llx_holiday_config` (
  `rowid` int(11) NOT NULL AUTO_INCREMENT,
  `name` varchar(255) NOT NULL,
  `value` text,
  PRIMARY KEY (`rowid`),
  UNIQUE KEY `name` (`name`)
) ENGINE=InnoDB AUTO_INCREMENT=9 DEFAULT CHARSET=utf8;

--
-- Dumping data for table `llx_holiday_config`
--

INSERT INTO `llx_holiday_config` VALUES (1,'userGroup','1'),(2,'lastUpdate','20130301231231'),(3,'nbUser',''),(4,'delayForRequest','31'),(5,'AlertValidatorDelay','0'),(6,'AlertValidatorSolde','0'),(7,'nbHolidayDeducted','1'),(8,'nbHolidayEveryMonth','2.08334');

--
-- Table structure for table `llx_holiday_events`
--

CREATE TABLE `llx_holiday_events` (
  `rowid` int(11) NOT NULL AUTO_INCREMENT,
  `entity` int(11) NOT NULL DEFAULT '1',
  `name` varchar(255) NOT NULL,
  `value` text NOT NULL,
  PRIMARY KEY (`rowid`),
  UNIQUE KEY `uk_holiday_name` (`name`,`entity`)
) ENGINE=InnoDB DEFAULT CHARSET=utf8;

--
-- Dumping data for table `llx_holiday_events`
--


--
-- Table structure for table `llx_holiday_logs`
--

CREATE TABLE `llx_holiday_logs` (
  `rowid` int(11) NOT NULL AUTO_INCREMENT,
  `date_action` datetime NOT NULL,
  `fk_user_action` int(11) NOT NULL,
  `fk_user_update` int(11) NOT NULL,
  `type_action` varchar(255) NOT NULL,
  `prev_solde` varchar(255) NOT NULL,
  `new_solde` varchar(255) NOT NULL,
  PRIMARY KEY (`rowid`)
) ENGINE=InnoDB AUTO_INCREMENT=145 DEFAULT CHARSET=utf8;

--
-- Dumping data for table `llx_holiday_logs`
--

INSERT INTO `llx_holiday_logs` VALUES (1,'2013-01-17 21:03:15',1,1,'Event : Mise à jour mensuelle','0.00','2.08'),(2,'2013-01-17 21:03:15',1,2,'Event : Mise à jour mensuelle','0.00','2.08'),(3,'2013-01-17 21:03:15',1,3,'Event : Mise à jour mensuelle','0.00','2.08'),(4,'2013-02-01 09:53:26',1,1,'Event : Mise à jour mensuelle','2.08','4.16'),(5,'2013-02-01 09:53:26',1,2,'Event : Mise à jour mensuelle','2.08','4.16'),(6,'2013-02-01 09:53:26',1,3,'Event : Mise à jour mensuelle','2.08','4.16'),(7,'2013-02-01 09:53:26',1,1,'Event : Mise à jour mensuelle','4.17','6.25'),(8,'2013-02-01 09:53:26',1,2,'Event : Mise à jour mensuelle','4.17','6.25'),(9,'2013-02-01 09:53:26',1,3,'Event : Mise à jour mensuelle','4.17','6.25'),(10,'2013-02-01 09:53:26',1,4,'Event : Mise à jour mensuelle','0.00','2.08'),(11,'2013-02-01 09:53:31',1,1,'Event : Mise à jour mensuelle','6.25','8.33'),(12,'2013-02-01 09:53:31',1,2,'Event : Mise à jour mensuelle','6.25','8.33'),(13,'2013-02-01 09:53:31',1,3,'Event : Mise à jour mensuelle','6.25','8.33'),(14,'2013-02-01 09:53:31',1,4,'Event : Mise à jour mensuelle','2.08','4.16'),(15,'2013-02-01 09:53:31',1,1,'Event : Mise à jour mensuelle','8.33','10.41'),(16,'2013-02-01 09:53:31',1,2,'Event : Mise à jour mensuelle','8.33','10.41'),(17,'2013-02-01 09:53:31',1,3,'Event : Mise à jour mensuelle','8.33','10.41'),(18,'2013-02-01 09:53:31',1,4,'Event : Mise à jour mensuelle','4.17','6.25'),(19,'2013-02-01 09:53:33',1,1,'Event : Mise à jour mensuelle','10.42','12.50'),(20,'2013-02-01 09:53:33',1,2,'Event : Mise à jour mensuelle','10.42','12.50'),(21,'2013-02-01 09:53:33',1,3,'Event : Mise à jour mensuelle','10.42','12.50'),(22,'2013-02-01 09:53:33',1,4,'Event : Mise à jour mensuelle','6.25','8.33'),(23,'2013-02-01 09:53:34',1,1,'Event : Mise à jour mensuelle','12.50','14.58'),(24,'2013-02-01 09:53:34',1,2,'Event : Mise à jour mensuelle','12.50','14.58'),(25,'2013-02-01 09:53:34',1,3,'Event : Mise à jour mensuelle','12.50','14.58'),(26,'2013-02-01 09:53:34',1,4,'Event : Mise à jour mensuelle','8.33','10.41'),(27,'2013-02-01 09:53:34',1,1,'Event : Mise à jour mensuelle','14.58','16.66'),(28,'2013-02-01 09:53:34',1,2,'Event : Mise à jour mensuelle','14.58','16.66'),(29,'2013-02-01 09:53:34',1,3,'Event : Mise à jour mensuelle','14.58','16.66'),(30,'2013-02-01 09:53:34',1,4,'Event : Mise à jour mensuelle','10.42','12.50'),(31,'2013-02-01 09:53:36',1,1,'Event : Mise à jour mensuelle','16.67','18.75'),(32,'2013-02-01 09:53:36',1,2,'Event : Mise à jour mensuelle','16.67','18.75'),(33,'2013-02-01 09:53:36',1,3,'Event : Mise à jour mensuelle','16.67','18.75'),(34,'2013-02-01 09:53:36',1,4,'Event : Mise à jour mensuelle','12.50','14.58'),(35,'2013-02-01 09:53:36',1,1,'Event : Mise à jour mensuelle','18.75','20.83'),(36,'2013-02-01 09:53:36',1,2,'Event : Mise à jour mensuelle','18.75','20.83'),(37,'2013-02-01 09:53:36',1,3,'Event : Mise à jour mensuelle','18.75','20.83'),(38,'2013-02-01 09:53:36',1,4,'Event : Mise à jour mensuelle','14.58','16.66'),(39,'2013-02-01 09:53:37',1,1,'Event : Mise à jour mensuelle','20.83','22.91'),(40,'2013-02-01 09:53:37',1,2,'Event : Mise à jour mensuelle','20.83','22.91'),(41,'2013-02-01 09:53:37',1,3,'Event : Mise à jour mensuelle','20.83','22.91'),(42,'2013-02-01 09:53:37',1,4,'Event : Mise à jour mensuelle','16.67','18.75'),(43,'2013-02-01 09:53:37',1,1,'Event : Mise à jour mensuelle','22.92','25.00'),(44,'2013-02-01 09:53:37',1,2,'Event : Mise à jour mensuelle','22.92','25.00'),(45,'2013-02-01 09:53:37',1,3,'Event : Mise à jour mensuelle','22.92','25.00'),(46,'2013-02-01 09:53:37',1,4,'Event : Mise à jour mensuelle','18.75','20.83'),(47,'2013-02-01 09:53:44',1,1,'Event : Mise à jour mensuelle','25.00','27.08'),(48,'2013-02-01 09:53:44',1,2,'Event : Mise à jour mensuelle','25.00','27.08'),(49,'2013-02-01 09:53:44',1,3,'Event : Mise à jour mensuelle','25.00','27.08'),(50,'2013-02-01 09:53:44',1,4,'Event : Mise à jour mensuelle','20.83','22.91'),(51,'2013-02-01 09:53:47',1,1,'Event : Mise à jour mensuelle','27.08','29.16'),(52,'2013-02-01 09:53:47',1,2,'Event : Mise à jour mensuelle','27.08','29.16'),(53,'2013-02-01 09:53:47',1,3,'Event : Mise à jour mensuelle','27.08','29.16'),(54,'2013-02-01 09:53:47',1,4,'Event : Mise à jour mensuelle','22.92','25.00'),(55,'2013-02-01 09:53:47',1,1,'Event : Mise à jour mensuelle','29.17','31.25'),(56,'2013-02-01 09:53:47',1,2,'Event : Mise à jour mensuelle','29.17','31.25'),(57,'2013-02-01 09:53:47',1,3,'Event : Mise à jour mensuelle','29.17','31.25'),(58,'2013-02-01 09:53:47',1,4,'Event : Mise à jour mensuelle','25.00','27.08'),(59,'2013-02-01 09:53:49',1,1,'Event : Mise à jour mensuelle','31.25','33.33'),(60,'2013-02-01 09:53:49',1,2,'Event : Mise à jour mensuelle','31.25','33.33'),(61,'2013-02-01 09:53:49',1,3,'Event : Mise à jour mensuelle','31.25','33.33'),(62,'2013-02-01 09:53:49',1,4,'Event : Mise à jour mensuelle','27.08','29.16'),(63,'2013-02-01 09:53:52',1,1,'Event : Mise à jour mensuelle','33.33','35.41'),(64,'2013-02-01 09:53:52',1,2,'Event : Mise à jour mensuelle','33.33','35.41'),(65,'2013-02-01 09:53:52',1,3,'Event : Mise à jour mensuelle','33.33','35.41'),(66,'2013-02-01 09:53:52',1,4,'Event : Mise à jour mensuelle','29.17','31.25'),(67,'2013-02-01 09:53:52',1,1,'Event : Mise à jour mensuelle','35.42','37.50'),(68,'2013-02-01 09:53:52',1,2,'Event : Mise à jour mensuelle','35.42','37.50'),(69,'2013-02-01 09:53:52',1,3,'Event : Mise à jour mensuelle','35.42','37.50'),(70,'2013-02-01 09:53:52',1,4,'Event : Mise à jour mensuelle','31.25','33.33'),(71,'2013-02-01 09:53:53',1,1,'Event : Mise à jour mensuelle','37.50','39.58'),(72,'2013-02-01 09:53:53',1,2,'Event : Mise à jour mensuelle','37.50','39.58'),(73,'2013-02-01 09:53:53',1,3,'Event : Mise à jour mensuelle','37.50','39.58'),(74,'2013-02-01 09:53:53',1,4,'Event : Mise à jour mensuelle','33.33','35.41'),(75,'2013-02-01 09:53:54',1,1,'Event : Mise à jour mensuelle','39.58','41.66'),(76,'2013-02-01 09:53:54',1,2,'Event : Mise à jour mensuelle','39.58','41.66'),(77,'2013-02-01 09:53:54',1,3,'Event : Mise à jour mensuelle','39.58','41.66'),(78,'2013-02-01 09:53:54',1,4,'Event : Mise à jour mensuelle','35.42','37.50'),(79,'2013-02-01 09:53:54',1,1,'Event : Mise à jour mensuelle','41.67','43.75'),(80,'2013-02-01 09:53:54',1,2,'Event : Mise à jour mensuelle','41.67','43.75'),(81,'2013-02-01 09:53:54',1,3,'Event : Mise à jour mensuelle','41.67','43.75'),(82,'2013-02-01 09:53:54',1,4,'Event : Mise à jour mensuelle','37.50','39.58'),(83,'2013-02-01 09:55:49',1,1,'Event : Mise à jour mensuelle','43.75','45.83'),(84,'2013-02-01 09:55:49',1,2,'Event : Mise à jour mensuelle','43.75','45.83'),(85,'2013-02-01 09:55:49',1,3,'Event : Mise à jour mensuelle','43.75','45.83'),(86,'2013-02-01 09:55:49',1,4,'Event : Mise à jour mensuelle','39.58','41.66'),(87,'2013-02-01 09:55:56',1,1,'Event : Mise à jour mensuelle','45.83','47.91'),(88,'2013-02-01 09:55:56',1,2,'Event : Mise à jour mensuelle','45.83','47.91'),(89,'2013-02-01 09:55:56',1,3,'Event : Mise à jour mensuelle','45.83','47.91'),(90,'2013-02-01 09:55:56',1,4,'Event : Mise à jour mensuelle','41.67','43.75'),(91,'2013-02-01 09:56:01',1,1,'Event : Mise à jour mensuelle','47.92','50.00'),(92,'2013-02-01 09:56:01',1,2,'Event : Mise à jour mensuelle','47.92','50.00'),(93,'2013-02-01 09:56:01',1,3,'Event : Mise à jour mensuelle','47.92','50.00'),(94,'2013-02-01 09:56:01',1,4,'Event : Mise à jour mensuelle','43.75','45.83'),(95,'2013-02-01 09:56:01',1,1,'Event : Mise à jour mensuelle','50.00','52.08'),(96,'2013-02-01 09:56:01',1,2,'Event : Mise à jour mensuelle','50.00','52.08'),(97,'2013-02-01 09:56:01',1,3,'Event : Mise à jour mensuelle','50.00','52.08'),(98,'2013-02-01 09:56:01',1,4,'Event : Mise à jour mensuelle','45.83','47.91'),(99,'2013-02-01 09:56:03',1,1,'Event : Mise à jour mensuelle','52.08','54.16'),(100,'2013-02-01 09:56:03',1,2,'Event : Mise à jour mensuelle','52.08','54.16'),(101,'2013-02-01 09:56:03',1,3,'Event : Mise à jour mensuelle','52.08','54.16'),(102,'2013-02-01 09:56:03',1,4,'Event : Mise à jour mensuelle','47.92','50.00'),(103,'2013-02-01 09:56:03',1,1,'Event : Mise à jour mensuelle','54.17','56.25'),(104,'2013-02-01 09:56:03',1,2,'Event : Mise à jour mensuelle','54.17','56.25'),(105,'2013-02-01 09:56:03',1,3,'Event : Mise à jour mensuelle','54.17','56.25'),(106,'2013-02-01 09:56:03',1,4,'Event : Mise à jour mensuelle','50.00','52.08'),(107,'2013-02-01 09:56:05',1,1,'Event : Mise à jour mensuelle','56.25','58.33'),(108,'2013-02-01 09:56:05',1,2,'Event : Mise à jour mensuelle','56.25','58.33'),(109,'2013-02-01 09:56:05',1,3,'Event : Mise à jour mensuelle','56.25','58.33'),(110,'2013-02-01 09:56:05',1,4,'Event : Mise à jour mensuelle','52.08','54.16'),(111,'2013-02-01 09:56:06',1,1,'Event : Mise à jour mensuelle','58.33','60.41'),(112,'2013-02-01 09:56:06',1,2,'Event : Mise à jour mensuelle','58.33','60.41'),(113,'2013-02-01 09:56:06',1,3,'Event : Mise à jour mensuelle','58.33','60.41'),(114,'2013-02-01 09:56:06',1,4,'Event : Mise à jour mensuelle','54.17','56.25'),(115,'2013-02-01 09:56:06',1,1,'Event : Mise à jour mensuelle','60.42','62.50'),(116,'2013-02-01 09:56:06',1,2,'Event : Mise à jour mensuelle','60.42','62.50'),(117,'2013-02-01 09:56:06',1,3,'Event : Mise à jour mensuelle','60.42','62.50'),(118,'2013-02-01 09:56:06',1,4,'Event : Mise à jour mensuelle','56.25','58.33'),(119,'2013-02-01 09:56:07',1,1,'Event : Mise à jour mensuelle','62.50','64.58'),(120,'2013-02-01 09:56:07',1,2,'Event : Mise à jour mensuelle','62.50','64.58'),(121,'2013-02-01 09:56:07',1,3,'Event : Mise à jour mensuelle','62.50','64.58'),(122,'2013-02-01 09:56:07',1,4,'Event : Mise à jour mensuelle','58.33','60.41'),(123,'2013-02-01 09:56:07',1,1,'Event : Mise à jour mensuelle','64.58','66.66'),(124,'2013-02-01 09:56:07',1,2,'Event : Mise à jour mensuelle','64.58','66.66'),(125,'2013-02-01 09:56:07',1,3,'Event : Mise à jour mensuelle','64.58','66.66'),(126,'2013-02-01 09:56:07',1,4,'Event : Mise à jour mensuelle','60.42','62.50'),(127,'2013-02-01 09:56:50',1,1,'Event : Mise à jour mensuelle','66.67','68.75'),(128,'2013-02-01 09:56:50',1,2,'Event : Mise à jour mensuelle','66.67','68.75'),(129,'2013-02-01 09:56:50',1,3,'Event : Mise à jour mensuelle','66.67','68.75'),(130,'2013-02-01 09:56:50',1,4,'Event : Mise à jour mensuelle','62.50','64.58'),(131,'2013-02-01 09:56:50',1,1,'Event : Mise à jour mensuelle','68.75','70.83'),(132,'2013-02-01 09:56:50',1,2,'Event : Mise à jour mensuelle','68.75','70.83'),(133,'2013-02-01 09:56:50',1,3,'Event : Mise à jour mensuelle','68.75','70.83'),(134,'2013-02-01 09:56:50',1,4,'Event : Mise à jour mensuelle','64.58','66.66'),(135,'2013-02-17 18:49:21',1,1,'Event : Mise à jour mensuelle','70.83','72.91'),(136,'2013-02-17 18:49:21',1,2,'Event : Mise à jour mensuelle','70.83','72.91'),(137,'2013-02-17 18:49:21',1,3,'Event : Mise à jour mensuelle','70.83','72.91'),(138,'2013-02-17 18:49:21',1,4,'Event : Mise à jour mensuelle','66.67','68.75'),(139,'2013-02-17 19:06:57',1,1,'Event : Holiday','72.92','71.92'),(140,'2013-03-01 23:12:31',1,1,'Event : Mise à jour mensuelle','71.92','74.00'),(141,'2013-03-01 23:12:31',1,2,'Event : Mise à jour mensuelle','72.92','75.00'),(142,'2013-03-01 23:12:31',1,3,'Event : Mise à jour mensuelle','72.92','75.00'),(143,'2013-03-01 23:12:31',1,4,'Event : Mise à jour mensuelle','68.75','70.83'),(144,'2013-03-01 23:12:31',1,5,'Event : Mise à jour mensuelle','0.00','2.08');

--
-- Table structure for table `llx_holiday_types`
--

CREATE TABLE `llx_holiday_types` (
  `rowid` int(11) NOT NULL AUTO_INCREMENT,
  `label` varchar(45) NOT NULL,
  `description` varchar(255) NOT NULL,
  `affect` int(11) NOT NULL,
  `delay` int(11) NOT NULL,
  `insertAt` datetime NOT NULL,
  `updateAt` datetime DEFAULT NULL,
  `deleteAt` datetime DEFAULT NULL,
  `nbCongesDeducted` varchar(255) NOT NULL,
  `nbCongesEveryMonth` varchar(255) NOT NULL,
  PRIMARY KEY (`rowid`)
) ENGINE=InnoDB DEFAULT CHARSET=utf8;

--
-- Dumping data for table `llx_holiday_types`
--


--
-- Table structure for table `llx_holiday_users`
--

CREATE TABLE `llx_holiday_users` (
  `fk_user` int(11) NOT NULL,
  `nb_holiday` double NOT NULL DEFAULT '0',
  PRIMARY KEY (`fk_user`)
) ENGINE=InnoDB DEFAULT CHARSET=utf8;

--
-- Dumping data for table `llx_holiday_users`
--

INSERT INTO `llx_holiday_users` VALUES (0,0),(1,74.00334000000001),(2,75.00024000000003),(3,75.00024000000003),(4,70.83356000000002),(5,2.08334),(6,0);

--
-- Table structure for table `llx_import_model`
--

CREATE TABLE `llx_import_model` (
  `rowid` int(11) NOT NULL AUTO_INCREMENT,
  `fk_user` int(11) NOT NULL DEFAULT '0',
  `label` varchar(50) NOT NULL,
  `type` varchar(20) NOT NULL,
  `field` text NOT NULL,
  PRIMARY KEY (`rowid`),
  UNIQUE KEY `uk_import_model` (`label`,`type`)
) ENGINE=InnoDB DEFAULT CHARSET=utf8;

--
-- Dumping data for table `llx_import_model`
--


--
-- Table structure for table `llx_links`
--

CREATE TABLE `llx_links` (
  `rowid` int(11) NOT NULL AUTO_INCREMENT,
  `entity` int(11) NOT NULL DEFAULT '1',
  `datea` datetime NOT NULL,
  `url` varchar(255) NOT NULL,
  `label` varchar(255) NOT NULL,
  `objecttype` varchar(255) NOT NULL,
  `objectid` int(11) NOT NULL,
  PRIMARY KEY (`rowid`)
) ENGINE=InnoDB DEFAULT CHARSET=latin1;

--
-- Dumping data for table `llx_links`
--


--
-- Table structure for table `llx_livraison`
--

CREATE TABLE `llx_livraison` (
  `rowid` int(11) NOT NULL AUTO_INCREMENT,
  `tms` timestamp NOT NULL DEFAULT CURRENT_TIMESTAMP ON UPDATE CURRENT_TIMESTAMP,
  `ref` varchar(30) NOT NULL,
  `entity` int(11) NOT NULL DEFAULT '1',
  `ref_customer` varchar(30) DEFAULT NULL,
  `fk_soc` int(11) NOT NULL,
  `ref_ext` varchar(30) DEFAULT NULL,
  `ref_int` varchar(30) DEFAULT NULL,
  `date_creation` datetime DEFAULT NULL,
  `fk_user_author` int(11) DEFAULT NULL,
  `date_valid` datetime DEFAULT NULL,
  `fk_user_valid` int(11) DEFAULT NULL,
  `date_delivery` date DEFAULT NULL,
  `fk_address` int(11) DEFAULT NULL,
  `fk_statut` smallint(6) DEFAULT '0',
  `total_ht` double(24,8) DEFAULT '0.00000000',
  `note_private` text,
  `note_public` text,
  `model_pdf` varchar(255) DEFAULT NULL,
  PRIMARY KEY (`rowid`),
  UNIQUE KEY `idx_livraison_uk_ref` (`ref`,`entity`),
  KEY `idx_livraison_fk_soc` (`fk_soc`),
  KEY `idx_livraison_fk_user_author` (`fk_user_author`),
  KEY `idx_livraison_fk_user_valid` (`fk_user_valid`),
  CONSTRAINT `fk_livraison_fk_soc` FOREIGN KEY (`fk_soc`) REFERENCES `llx_societe` (`rowid`),
  CONSTRAINT `fk_livraison_fk_user_author` FOREIGN KEY (`fk_user_author`) REFERENCES `llx_user` (`rowid`),
  CONSTRAINT `fk_livraison_fk_user_valid` FOREIGN KEY (`fk_user_valid`) REFERENCES `llx_user` (`rowid`)
) ENGINE=InnoDB DEFAULT CHARSET=utf8;

--
-- Dumping data for table `llx_livraison`
--


--
-- Table structure for table `llx_livraisondet`
--

CREATE TABLE `llx_livraisondet` (
  `rowid` int(11) NOT NULL AUTO_INCREMENT,
  `fk_livraison` int(11) DEFAULT NULL,
  `fk_origin_line` int(11) DEFAULT NULL,
  `fk_product` int(11) DEFAULT NULL,
  `description` text,
  `qty` double DEFAULT NULL,
  `subprice` double(24,8) DEFAULT '0.00000000',
  `total_ht` double(24,8) DEFAULT '0.00000000',
  `rang` int(11) DEFAULT '0',
  PRIMARY KEY (`rowid`),
  KEY `idx_livraisondet_fk_expedition` (`fk_livraison`),
  CONSTRAINT `fk_livraisondet_fk_livraison` FOREIGN KEY (`fk_livraison`) REFERENCES `llx_livraison` (`rowid`)
) ENGINE=InnoDB DEFAULT CHARSET=utf8;

--
-- Dumping data for table `llx_livraisondet`
--


--
-- Table structure for table `llx_localtax`
--

CREATE TABLE `llx_localtax` (
  `rowid` int(11) NOT NULL AUTO_INCREMENT,
  `entity` int(11) NOT NULL DEFAULT '1',
  `localtaxtype` tinyint(4) DEFAULT NULL,
  `tms` timestamp NOT NULL DEFAULT CURRENT_TIMESTAMP ON UPDATE CURRENT_TIMESTAMP,
  `datep` date DEFAULT NULL,
  `datev` date DEFAULT NULL,
  `amount` double NOT NULL DEFAULT '0',
  `label` varchar(255) DEFAULT NULL,
  `note` text,
  `fk_bank` int(11) DEFAULT NULL,
  `fk_user_creat` int(11) DEFAULT NULL,
  `fk_user_modif` int(11) DEFAULT NULL,
  PRIMARY KEY (`rowid`)
) ENGINE=InnoDB DEFAULT CHARSET=utf8;

--
-- Dumping data for table `llx_localtax`
--


--
-- Table structure for table `llx_mailing`
--

CREATE TABLE `llx_mailing` (
  `rowid` int(11) NOT NULL AUTO_INCREMENT,
  `statut` smallint(6) DEFAULT '0',
  `titre` varchar(60) DEFAULT NULL,
  `entity` int(11) NOT NULL DEFAULT '1',
  `sujet` varchar(60) DEFAULT NULL,
  `body` mediumtext,
  `bgcolor` varchar(8) DEFAULT NULL,
  `bgimage` varchar(255) DEFAULT NULL,
  `cible` varchar(60) DEFAULT NULL,
  `nbemail` int(11) DEFAULT NULL,
  `email_from` varchar(160) DEFAULT NULL,
  `email_replyto` varchar(160) DEFAULT NULL,
  `email_errorsto` varchar(160) DEFAULT NULL,
  `tag` varchar(128) DEFAULT NULL,
  `date_creat` datetime DEFAULT NULL,
  `date_valid` datetime DEFAULT NULL,
  `date_appro` datetime DEFAULT NULL,
  `date_envoi` datetime DEFAULT NULL,
  `fk_user_creat` int(11) DEFAULT NULL,
  `fk_user_valid` int(11) DEFAULT NULL,
  `fk_user_appro` int(11) DEFAULT NULL,
  `joined_file1` varchar(255) DEFAULT NULL,
  `joined_file2` varchar(255) DEFAULT NULL,
  `joined_file3` varchar(255) DEFAULT NULL,
  `joined_file4` varchar(255) DEFAULT NULL,
  `extraparams` varchar(255) DEFAULT NULL,
  PRIMARY KEY (`rowid`)
) ENGINE=InnoDB AUTO_INCREMENT=5 DEFAULT CHARSET=utf8;

--
-- Dumping data for table `llx_mailing`
--

INSERT INTO `llx_mailing` VALUES (3,1,'My commercial emailing',1,'Buy my product','Please buy my product','','',NULL,2,'dolibarr@domain.com','','',NULL,'2010-07-11 13:15:59','2010-07-11 13:46:20',NULL,NULL,1,1,NULL,NULL,NULL,NULL,NULL,NULL),(4,0,'Copy of My commercial emailing',1,'Buy my product','This is a new &eacute;E&eacute;&eacute;&quot;Mailing content<br />\r\n<br />\r\n<style type=\"text/css\">\r\n<!--\r\na:link {\r\n	color: #E2017A;\r\n}\r\n--></style>\r\n<span style=\"color:#800080;\"><strong>You can adit it with the WYSIWYG editor.</strong></span><br />\r\nIt is\r\n<ul>\r\n	<li>\r\n		Fast</li>\r\n	<li>\r\n		Easy to use</li>\r\n	<li>\r\n		Pretty</li>\r\n</ul>','','',NULL,NULL,'dolibarr@domain.com','','',NULL,'2011-07-18 20:44:33',NULL,NULL,NULL,1,NULL,NULL,NULL,NULL,NULL,NULL,NULL);

--
-- Table structure for table `llx_mailing_cibles`
--

CREATE TABLE `llx_mailing_cibles` (
  `rowid` int(11) NOT NULL AUTO_INCREMENT,
  `fk_mailing` int(11) NOT NULL,
  `fk_contact` int(11) NOT NULL,
  `lastname` varchar(50) DEFAULT NULL,
  `firstname` varchar(50) DEFAULT NULL,
  `email` varchar(160) NOT NULL,
  `other` varchar(255) DEFAULT NULL,
  `tag` varchar(128) DEFAULT NULL,
  `statut` smallint(6) NOT NULL DEFAULT '0',
  `source_url` varchar(160) DEFAULT NULL,
  `source_id` int(11) DEFAULT NULL,
  `source_type` varchar(16) DEFAULT NULL,
  `date_envoi` datetime DEFAULT NULL,
  PRIMARY KEY (`rowid`),
  UNIQUE KEY `uk_mailing_cibles` (`fk_mailing`,`email`),
  KEY `idx_mailing_cibles_email` (`email`)
) ENGINE=InnoDB AUTO_INCREMENT=6 DEFAULT CHARSET=utf8;

--
-- Dumping data for table `llx_mailing_cibles`
--

INSERT INTO `llx_mailing_cibles` VALUES (1,1,0,'Dupont','Alain','toto@aa.com','Date fin=10/07/2011',NULL,0,'0',NULL,NULL,NULL),(2,2,0,'Swiss customer supplier','','abademail@aa.com','',NULL,0,'0',NULL,NULL,NULL),(3,2,0,'Smith Vick','','vsmith@email.com','',NULL,0,'0',NULL,NULL,NULL),(4,3,0,'Swiss customer supplier','','abademail@aa.com','',NULL,0,'0',NULL,NULL,NULL),(5,3,0,'Smith Vick','','vsmith@email.com','',NULL,0,'0',NULL,NULL,NULL);

--
-- Table structure for table `llx_menu`
--

CREATE TABLE `llx_menu` (
  `rowid` int(11) NOT NULL AUTO_INCREMENT,
  `menu_handler` varchar(16) NOT NULL,
  `entity` int(11) NOT NULL DEFAULT '1',
  `module` varchar(64) DEFAULT NULL,
  `type` varchar(4) NOT NULL,
  `mainmenu` varchar(100) NOT NULL,
  `fk_menu` int(11) NOT NULL,
  `fk_leftmenu` varchar(24) DEFAULT NULL,
  `fk_mainmenu` varchar(24) DEFAULT NULL,
  `position` int(11) NOT NULL,
  `url` varchar(255) NOT NULL,
  `target` varchar(100) DEFAULT NULL,
  `titre` varchar(255) NOT NULL,
  `langs` varchar(100) DEFAULT NULL,
  `level` smallint(6) DEFAULT NULL,
  `leftmenu` varchar(100) DEFAULT NULL,
  `perms` varchar(255) DEFAULT NULL,
  `enabled` varchar(255) DEFAULT '1',
  `usertype` int(11) NOT NULL DEFAULT '0',
  `tms` timestamp NOT NULL DEFAULT CURRENT_TIMESTAMP ON UPDATE CURRENT_TIMESTAMP,
  PRIMARY KEY (`rowid`),
  UNIQUE KEY `idx_menu_uk_menu` (`menu_handler`,`fk_menu`,`position`,`url`,`entity`),
  KEY `idx_menu_menuhandler_type` (`menu_handler`,`type`)
) ENGINE=InnoDB AUTO_INCREMENT=108480 DEFAULT CHARSET=utf8;

--
-- Dumping data for table `llx_menu`
--

INSERT INTO `llx_menu` VALUES (19289,'all',1,'cashdesk','top','cashdesk',0,NULL,NULL,100,'/cashdesk/index.php?user=__LOGIN__','pointofsale','CashDeskMenu','cashdesk',NULL,NULL,'1','$conf->cashdesk->enabled',0,'2012-12-08 13:11:09'),(87422,'smartphone',1,NULL,'top','home',0,NULL,NULL,1,'/index.php?mainmenu=home&amp;leftmenu=','','Home','',-1,'','','1',2,'2013-02-24 18:29:15'),(87423,'smartphone',1,NULL,'top','companies',0,NULL,NULL,2,'/societe/index.php?mainmenu=companies&amp;leftmenu=','','ThirdParties','companies',-1,'','$user->rights->societe->lire || $user->rights->societe->contact->lire','$conf->societe->enabled || $conf->fournisseur->enabled',2,'2013-02-24 18:29:15'),(87424,'smartphone',1,NULL,'top','products',0,NULL,NULL,3,'/product/index.php?mainmenu=products&amp;leftmenu=','','Products/Services','products',-1,'','$user->rights->produit->lire||$user->rights->service->lire','$conf->product->enabled || $conf->service->enabled',0,'2013-02-24 18:29:15'),(87426,'smartphone',1,NULL,'top','commercial',0,NULL,NULL,5,'/comm/index.php?mainmenu=commercial&amp;leftmenu=','','Commercial','commercial',-1,'','$user->rights->societe->lire || $user->rights->societe->contact->lire','$conf->societe->enabled',2,'2013-02-24 18:29:15'),(87427,'smartphone',1,NULL,'top','accountancy',0,NULL,NULL,6,'/compta/index.php?mainmenu=accountancy&amp;leftmenu=','','MenuFinancial','compta',-1,'','$user->rights->compta->resultat->lire || $user->rights->accounting->plancompte->lire || $user->rights->commande->lire || $user->rights->facture->lire','$conf->comptabilite->enabled || $conf->accounting->enabled || $conf->facture->enabled || $conf->deplacement->enabled || $conf->don->enabled',2,'2013-02-24 18:29:15'),(87428,'smartphone',1,NULL,'top','project',0,NULL,NULL,7,'/projet/index.php?mainmenu=project&amp;leftmenu=','','Projects','projects',-1,'','$user->rights->projet->lire','$conf->projet->enabled',0,'2013-02-24 18:29:15'),(87429,'smartphone',1,NULL,'top','tools',0,NULL,NULL,8,'/core/tools.php?mainmenu=tools&amp;leftmenu=','','Tools','other',-1,'','$user->rights->mailing->lire || $user->rights->export->lire || $user->rights->import->run','$conf->mailing->enabled || $conf->export->enabled || $conf->import->enabled',2,'2013-02-24 18:29:15'),(87432,'smartphone',1,NULL,'top','shop',0,NULL,NULL,11,'/boutique/index.php?mainmenu=shop&amp;leftmenu=','','OSCommerce','shop',-1,'','','! empty($conf->boutique->enabled)',0,'2013-02-24 18:29:15'),(87434,'smartphone',1,NULL,'top','members',0,NULL,NULL,15,'/adherents/index.php?mainmenu=members&amp;leftmenu=','','Members','members',-1,'','$user->rights->adherent->lire','$conf->adherent->enabled',2,'2013-02-24 18:29:15'),(87435,'smartphone',1,NULL,'top','bank',0,NULL,NULL,6,'/compta/bank/index.php?mainmenu=bank&amp;leftmenu=bank','','MenuBankCash','banks',-1,'','$user->rights->banque->lire || $user->rights->prelevement->bons->lire','$conf->banque->enabled || $conf->prelevement->enabled',2,'2013-02-24 18:29:15'),(87521,'smartphone',1,NULL,'left','home',87422,NULL,NULL,0,'/admin/index.php?leftmenu=setup','','Setup','admin',0,'','','$user->admin',2,'2013-02-24 18:29:15'),(87522,'smartphone',1,NULL,'left','home',87521,NULL,NULL,1,'/admin/company.php?leftmenu=setup','','MenuCompanySetup','admin',1,'','','1',2,'2013-02-24 18:29:15'),(87523,'smartphone',1,NULL,'left','home',87521,NULL,NULL,4,'/admin/ihm.php?leftmenu=setup','','GUISetup','admin',1,'','','1',2,'2013-02-24 18:29:15'),(87524,'smartphone',1,NULL,'left','home',87521,NULL,NULL,2,'/admin/modules.php?leftmenu=setup','','Modules','admin',1,'','','1',2,'2013-02-24 18:29:15'),(87525,'smartphone',1,NULL,'left','home',87521,NULL,NULL,5,'/admin/boxes.php?leftmenu=setup','','Boxes','admin',1,'','','1',2,'2013-02-24 18:29:15'),(87526,'smartphone',1,NULL,'left','home',87521,NULL,NULL,3,'/admin/menus.php?leftmenu=setup','','Menus','admin',1,'','','1',2,'2013-02-24 18:29:15'),(87527,'smartphone',1,NULL,'left','home',87521,NULL,NULL,6,'/admin/delais.php?leftmenu=setup','','Alerts','admin',1,'','','1',2,'2013-02-24 18:29:15'),(87529,'smartphone',1,NULL,'left','home',87521,NULL,NULL,7,'/admin/perms.php?leftmenu=setup','','Security','admin',1,'','','1',2,'2013-02-24 18:29:15'),(87530,'smartphone',1,NULL,'left','home',87521,NULL,NULL,9,'/admin/mails.php?leftmenu=setup','','Emails','admin',1,'','','1',2,'2013-02-24 18:29:15'),(87531,'smartphone',1,NULL,'left','home',87521,NULL,NULL,8,'/admin/limits.php?leftmenu=setup','','MenuLimits','admin',1,'','','1',2,'2013-02-24 18:29:15'),(87532,'smartphone',1,NULL,'left','home',87521,NULL,NULL,10,'/admin/dict.php?leftmenu=setup','','DictionarySetup','admin',1,'','','1',2,'2013-02-24 18:29:15'),(87533,'smartphone',1,NULL,'left','home',87521,NULL,NULL,11,'/admin/const.php?leftmenu=setup','','OtherSetup','admin',1,'','','1',2,'2013-02-24 18:29:15'),(87621,'smartphone',1,NULL,'left','home',87422,NULL,NULL,1,'/admin/system/index.php?leftmenu=system','','SystemInfo','admin',0,'','','$user->admin',2,'2013-02-24 18:29:15'),(87622,'smartphone',1,NULL,'left','home',87621,NULL,NULL,0,'/admin/system/dolibarr.php?leftmenu=system','','Dolibarr','admin',1,'','','1',2,'2013-02-24 18:29:15'),(87623,'smartphone',1,NULL,'left','home',87622,NULL,NULL,1,'/admin/system/constall.php?leftmenu=system','','AllParameters','admin',2,'','','1',2,'2013-02-24 18:29:15'),(87624,'smartphone',1,NULL,'left','home',87622,NULL,NULL,4,'/admin/system/about.php?leftmenu=system','','About','admin',2,'','','1',2,'2013-02-24 18:29:15'),(87625,'smartphone',1,NULL,'left','home',87621,NULL,NULL,1,'/admin/system/os.php?leftmenu=system','','OS','admin',1,'','','1',2,'2013-02-24 18:29:15'),(87626,'smartphone',1,NULL,'left','home',87621,NULL,NULL,2,'/admin/system/web.php?leftmenu=system','','WebServer','admin',1,'','','1',2,'2013-02-24 18:29:15'),(87627,'smartphone',1,NULL,'left','home',87621,NULL,NULL,3,'/admin/system/phpinfo.php?leftmenu=system','','Php','admin',1,'','','1',2,'2013-02-24 18:29:15'),(87628,'smartphone',1,NULL,'left','home',87622,NULL,NULL,3,'/admin/triggers.php?leftmenu=system','','Triggers','admin',2,'','','1',2,'2013-02-24 18:29:15'),(87629,'smartphone',1,NULL,'left','home',87622,NULL,NULL,2,'/admin/system/modules.php?leftmenu=system','','Modules','admin',2,'','','1',2,'2013-02-24 18:29:15'),(87631,'smartphone',1,NULL,'left','home',87621,NULL,NULL,4,'/admin/system/database.php?leftmenu=system','','Database','admin',1,'','','1',2,'2013-02-24 18:29:15'),(87632,'smartphone',1,NULL,'left','home',87631,NULL,NULL,0,'/admin/system/database-tables.php?leftmenu=system','','Tables','admin',2,'','','1',2,'2013-02-24 18:29:15'),(87721,'smartphone',1,NULL,'left','home',87422,NULL,NULL,2,'/admin/tools/index.php?leftmenu=admintools','','SystemTools','admin',0,'','','$user->admin',2,'2013-02-24 18:29:15'),(87722,'smartphone',1,NULL,'left','home',87721,NULL,NULL,0,'/admin/tools/dolibarr_export.php?leftmenu=admintools','','Backup','admin',1,'','','1',2,'2013-02-24 18:29:15'),(87723,'smartphone',1,NULL,'left','home',87721,NULL,NULL,1,'/admin/tools/dolibarr_import.php?leftmenu=admintools','','Restore','admin',1,'','','1',2,'2013-02-24 18:29:15'),(87724,'smartphone',1,NULL,'left','home',87721,NULL,NULL,6,'/admin/tools/purge.php?leftmenu=admintools','','Purge','admin',1,'','','1',2,'2013-02-24 18:29:15'),(87725,'smartphone',1,NULL,'left','home',87721,NULL,NULL,3,'/admin/tools/eaccelerator.php?leftmenu=admintools','','EAccelerator','admin',1,'','','1 && function_exists(\'eaccelerator_info\')',2,'2013-02-24 18:29:15'),(87726,'smartphone',1,NULL,'left','home',87721,NULL,NULL,2,'/admin/tools/update.php?leftmenu=admintools','','MenuUpgrade','admin',1,'','','1',2,'2013-02-24 18:29:15'),(87727,'smartphone',1,NULL,'left','home',87721,NULL,NULL,4,'/admin/tools/listevents.php?leftmenu=admintools','','Audit','admin',1,'','','1',2,'2013-02-24 18:29:15'),(87728,'smartphone',1,NULL,'left','home',87721,NULL,NULL,7,'/support/index.php?leftmenu=admintools','_blank','HelpCenter','help',1,'','','1',2,'2013-02-24 18:29:15'),(87729,'smartphone',1,NULL,'left','home',87721,NULL,NULL,5,'/admin/tools/listsessions.php?leftmenu=admintools','','Sessions','admin',1,'','','1',2,'2013-02-24 18:29:15'),(87821,'smartphone',1,NULL,'left','home',87422,NULL,NULL,3,'/user/home.php?leftmenu=users','','MenuUsersAndGroups','users',0,'','','1',2,'2013-02-24 18:29:15'),(87822,'smartphone',1,NULL,'left','home',87821,NULL,NULL,0,'/user/index.php?leftmenu=users','','Users','users',1,'','$user->rights->user->user->lire || $user->admin','1',2,'2013-02-24 18:29:15'),(87823,'smartphone',1,NULL,'left','home',87822,NULL,NULL,0,'/user/card.php?leftmenu=users&amp;action=create','','NewUser','users',2,'','$user->rights->user->user->creer || $user->admin','1',2,'2013-02-24 18:29:15'),(87824,'smartphone',1,NULL,'left','home',87821,NULL,NULL,1,'/user/group/index.php?leftmenu=users','','Groups','users',1,'','($conf->global->MAIN_USE_ADVANCED_PERMS?$user->rights->user->group_advance->read:$user->rights->user->user->lire) || $user->admin','1',2,'2013-02-24 18:29:15'),(87825,'smartphone',1,NULL,'left','home',87824,NULL,NULL,0,'/user/group/card.php?leftmenu=users&amp;action=create','','NewGroup','users',2,'','($conf->global->MAIN_USE_ADVANCED_PERMS?$user->rights->user->group_advance->write:$user->rights->user->user->creer) || $user->admin','1',2,'2013-02-24 18:29:15'),(87921,'smartphone',1,NULL,'left','companies',87423,NULL,NULL,0,'/societe/societe.php','','ThirdParty','companies',0,'','$user->rights->societe->lire','$conf->societe->enabled',2,'2013-02-24 18:29:15'),(87922,'smartphone',1,NULL,'left','companies',87921,NULL,NULL,0,'/societe/soc.php?action=create','','MenuNewThirdParty','companies',1,'','$user->rights->societe->lire','$conf->societe->enabled',2,'2013-02-24 18:29:15'),(87924,'smartphone',1,NULL,'left','companies',87921,NULL,NULL,5,'/fourn/list.php?leftmenu=suppliers','','ListSuppliersShort','suppliers',1,'','$user->rights->societe->lire && $user->rights->fournisseur->lire','$conf->societe->enabled && $conf->fournisseur->enabled',2,'2013-02-24 18:29:15'),(87925,'smartphone',1,NULL,'left','companies',87924,NULL,NULL,0,'/societe/soc.php?leftmenu=supplier&amp;action=create&amp;type=f','','NewSupplier','suppliers',2,'','$user->rights->societe->creer','$conf->societe->enabled && $conf->fournisseur->enabled',2,'2013-02-24 18:29:15'),(87927,'smartphone',1,NULL,'left','companies',87921,NULL,NULL,3,'/comm/prospect/list.php?leftmenu=prospects','','ListProspectsShort','companies',1,'','$user->rights->societe->lire','$conf->societe->enabled',2,'2013-02-24 18:29:15'),(87928,'smartphone',1,NULL,'left','companies',87927,NULL,NULL,0,'/societe/soc.php?leftmenu=prospects&amp;action=create&amp;type=p','','MenuNewProspect','companies',2,'','$user->rights->societe->creer','$conf->societe->enabled',2,'2013-02-24 18:29:15'),(87930,'smartphone',1,NULL,'left','companies',87921,NULL,NULL,4,'/comm/list.php?leftmenu=customers','','ListCustomersShort','companies',1,'','$user->rights->societe->lire','$conf->societe->enabled',2,'2013-02-24 18:29:15'),(87931,'smartphone',1,NULL,'left','companies',87930,NULL,NULL,0,'/societe/soc.php?leftmenu=customers&amp;action=create&amp;type=c','','MenuNewCustomer','companies',2,'','$user->rights->societe->creer','$conf->societe->enabled',2,'2013-02-24 18:29:15'),(88021,'smartphone',1,NULL,'left','companies',87423,NULL,NULL,1,'/contact/list.php?leftmenu=contacts','','ContactsAddresses||Contacts@$conf->global->SOCIETE_ADDRESSES_MANAGEMENT','companies',0,'','$user->rights->societe->lire','$conf->societe->enabled',2,'2013-02-24 18:29:15'),(88022,'smartphone',1,NULL,'left','companies',88021,NULL,NULL,0,'/contact/card.php?leftmenu=contacts&amp;action=create','','NewContactAddress||NewContact@$conf->global->SOCIETE_ADDRESSES_MANAGEMENT','companies',1,'','$user->rights->societe->creer','$conf->societe->enabled',2,'2013-02-24 18:29:15'),(88023,'smartphone',1,NULL,'left','companies',88021,NULL,NULL,1,'/contact/list.php?leftmenu=contacts','','List','companies',1,'','$user->rights->societe->lire','$conf->societe->enabled',2,'2013-02-24 18:29:15'),(88025,'smartphone',1,NULL,'left','companies',88023,NULL,NULL,1,'/contact/list.php?leftmenu=contacts&amp;type=p','','Prospects','companies',2,'','$user->rights->societe->contact->lire','$conf->societe->enabled',2,'2013-02-24 18:29:15'),(88026,'smartphone',1,NULL,'left','companies',88023,NULL,NULL,2,'/contact/list.php?leftmenu=contacts&amp;type=c','','Customers','companies',2,'','$user->rights->societe->contact->lire','$conf->societe->enabled',2,'2013-02-24 18:29:15'),(88027,'smartphone',1,NULL,'left','companies',88023,NULL,NULL,3,'/contact/list.php?leftmenu=contacts&amp;type=f','','Suppliers','companies',2,'','$user->rights->societe->contact->lire','$conf->societe->enabled && $conf->fournisseur->enabled',2,'2013-02-24 18:29:15'),(88028,'smartphone',1,NULL,'left','companies',88023,NULL,NULL,4,'/contact/list.php?leftmenu=contacts&amp;type=o','','Others','companies',2,'','$user->rights->societe->contact->lire','$conf->societe->enabled',2,'2013-02-24 18:29:15'),(88071,'smartphone',1,NULL,'left','companies',87423,NULL,NULL,3,'/categories/index.php?leftmenu=cat&amp;type=1','','SuppliersCategoriesShort','categories',0,'','$user->rights->categorie->lire','$conf->societe->enabled && $conf->categorie->enabled',2,'2013-02-24 18:29:15'),(88072,'smartphone',1,NULL,'left','companies',88071,NULL,NULL,0,'/categories/card.php?action=create&amp;type=1','','NewCategory','categories',1,'','$user->rights->categorie->creer','$conf->societe->enabled && $conf->categorie->enabled',2,'2013-02-24 18:29:15'),(88081,'smartphone',1,NULL,'left','companies',87423,NULL,NULL,4,'/categories/index.php?leftmenu=cat&amp;type=2','','CustomersProspectsCategoriesShort','categories',0,'','$user->rights->categorie->lire','$conf->fournisseur->enabled && $conf->categorie->enabled',2,'2013-02-24 18:29:15'),(88082,'smartphone',1,NULL,'left','companies',88081,NULL,NULL,0,'/categories/card.php?action=create&amp;type=2','','NewCategory','categories',1,'','$user->rights->categorie->creer','$conf->fournisseur->enabled && $conf->categorie->enabled',2,'2013-02-24 18:29:15'),(88121,'smartphone',1,NULL,'left','commercial',87426,NULL,NULL,1,'/comm/prospect/index.php?leftmenu=prospects','','Prospects','companies',0,'','$user->rights->societe->lire','$conf->societe->enabled',0,'2013-02-24 18:29:15'),(88122,'smartphone',1,NULL,'left','commercial',88121,NULL,NULL,0,'/societe/soc.php?leftmenu=prospects&amp;action=create&amp;type=p','','MenuNewProspect','companies',1,'','$user->rights->societe->creer','$conf->societe->enabled',0,'2013-02-24 18:29:15'),(88123,'smartphone',1,NULL,'left','commercial',88121,NULL,NULL,1,'/comm/prospect/list.php?leftmenu=prospects','','List','companies',1,'','$user->rights->societe->lire','$conf->societe->enabled',0,'2013-02-24 18:29:15'),(88124,'smartphone',1,NULL,'left','commercial',88123,NULL,NULL,0,'/comm/prospect/list.php?sortfield=s.datec&amp;sortorder=desc&amp;begin=&amp;stcomm=-1','','LastProspectDoNotContact','companies',2,'','$user->rights->societe->lire','$conf->societe->enabled && $leftmenu==\"prospects\"',0,'2013-02-24 18:29:15'),(88125,'smartphone',1,NULL,'left','commercial',88123,NULL,NULL,1,'/comm/prospect/list.php?sortfield=s.datec&amp;sortorder=desc&amp;begin=&amp;stcomm=0','','LastProspectNeverContacted','companies',2,'','$user->rights->societe->lire','$conf->societe->enabled && $leftmenu==\"prospects\"',0,'2013-02-24 18:29:15'),(88126,'smartphone',1,NULL,'left','commercial',88123,NULL,NULL,2,'/comm/prospect/list.php?sortfield=s.datec&amp;sortorder=desc&amp;begin=&amp;stcomm=1','','LastProspectToContact','companies',2,'','$user->rights->societe->lire','$conf->societe->enabled && $leftmenu==\"prospects\"',0,'2013-02-24 18:29:15'),(88127,'smartphone',1,NULL,'left','commercial',88123,NULL,NULL,3,'/comm/prospect/list.php?sortfield=s.datec&amp;sortorder=desc&amp;begin=&amp;stcomm=2','','LastProspectContactInProcess','companies',2,'','$user->rights->societe->lire','$conf->societe->enabled && $leftmenu==\"prospects\"',0,'2013-02-24 18:29:15'),(88128,'smartphone',1,NULL,'left','commercial',88123,NULL,NULL,4,'/comm/prospect/list.php?sortfield=s.datec&amp;sortorder=desc&amp;begin=&amp;stcomm=3','','LastProspectContactDone','companies',2,'','$user->rights->societe->lire','$conf->societe->enabled && $leftmenu==\"prospects\"',0,'2013-02-24 18:29:15'),(88129,'smartphone',1,NULL,'left','commercial',88121,NULL,NULL,2,'/contact/list.php?leftmenu=prospects&amp;type=p','','Contacts','companies',1,'','$user->rights->societe->lire','$conf->societe->enabled',0,'2013-02-24 18:29:15'),(88221,'smartphone',1,NULL,'left','commercial',87426,NULL,NULL,2,'/comm/index.php?leftmenu=customers','','Customers','companies',0,'','$user->rights->societe->lire','$conf->societe->enabled',0,'2013-02-24 18:29:15'),(88222,'smartphone',1,NULL,'left','commercial',88221,NULL,NULL,0,'/societe/soc.php?leftmenu=customers&amp;action=create&amp;type=c','','MenuNewCustomer','companies',1,'','$user->rights->societe->creer','$conf->societe->enabled',0,'2013-02-24 18:29:15'),(88223,'smartphone',1,NULL,'left','commercial',88221,NULL,NULL,1,'/comm/list.php?leftmenu=customers','','List','companies',1,'','$user->rights->societe->lire','$conf->societe->enabled',0,'2013-02-24 18:29:15'),(88224,'smartphone',1,NULL,'left','commercial',88221,NULL,NULL,2,'/contact/list.php?leftmenu=customers&amp;type=c','','Contacts','companies',1,'','$user->rights->societe->lire','$conf->societe->enabled',0,'2013-02-24 18:29:15'),(88321,'smartphone',1,NULL,'left','commercial',87426,NULL,NULL,3,'/contact/list.php?leftmenu=contacts','','Contacts','companies',0,'','$user->rights->societe->lire','$conf->societe->enabled',0,'2013-02-24 18:29:15'),(88322,'smartphone',1,NULL,'left','commercial',88321,NULL,NULL,0,'/contact/card.php?leftmenu=contacts&amp;action=create','','NewContactAddress||NewContact@$conf->global->SOCIETE_ADDRESSES_MANAGEMENT','companies',1,'','$user->rights->societe->creer','$conf->societe->enabled',0,'2013-02-24 18:29:15'),(88323,'smartphone',1,NULL,'left','commercial',88321,NULL,NULL,1,'/contact/list.php?leftmenu=contacts&amp;action=create','','List','companies',1,'','$user->rights->societe->lire','$conf->societe->enabled',0,'2013-02-24 18:29:15'),(88331,'smartphone',1,NULL,'left','commercial',88323,NULL,NULL,1,'/contact/list.php?leftmenu=contacts&amp;type=p','','Prospects','companies',1,'','$user->rights->societe->lire','$conf->societe->enabled && $leftmenu==\"prospects\"',0,'2013-02-24 18:29:15'),(88332,'smartphone',1,NULL,'left','commercial',88323,NULL,NULL,1,'/contact/list.php?leftmenu=contacts&amp;type=c','','Customers','companies',1,'','$user->rights->societe->lire','$conf->societe->enabled && $leftmenu==\"prospects\"',0,'2013-02-24 18:29:15'),(88333,'smartphone',1,NULL,'left','commercial',88323,NULL,NULL,1,'/contact/list.php?leftmenu=contacts&amp;type=f','','Suppliers','companies',1,'','$user->rights->societe->lire && $user->rights->fournisseur->lire','$conf->societe->enabled && $conf->fournisseur->enabled && $leftmenu==\"prospects\"',0,'2013-02-24 18:29:15'),(88334,'smartphone',1,NULL,'left','commercial',88323,NULL,NULL,1,'/contact/list.php?leftmenu=contacts&amp;type=o','','Other','companies',1,'','$user->rights->societe->lire','$conf->societe->enabled && $leftmenu==\"prospects\"',0,'2013-02-24 18:29:15'),(88521,'smartphone',1,NULL,'left','commercial',87426,NULL,NULL,4,'/comm/propal/card.php?leftmenu=propals','','Prop','propal',0,'','$user->rights->propale->lire','$conf->propal->enabled',2,'2013-02-24 18:29:15'),(88522,'smartphone',1,NULL,'left','commercial',88521,NULL,NULL,0,'/societe/societe.php?leftmenu=propals','','NewPropal','propal',1,'','$user->rights->propale->creer','$conf->propal->enabled && $leftmenu==\"propals\"',2,'2013-02-24 18:29:15'),(88523,'smartphone',1,NULL,'left','commercial',88521,NULL,NULL,1,'/comm/propal/card.php?viewstatut=0','','PropalsDraft','propal',1,'','$user->rights->propale->lire','$conf->propal->enabled && $leftmenu==\"propals\"',2,'2013-02-24 18:29:15'),(88524,'smartphone',1,NULL,'left','commercial',88521,NULL,NULL,2,'/comm/propal/card.php?viewstatut=1','','PropalsOpened','propal',1,'','$user->rights->propale->lire','$conf->propal->enabled && $leftmenu==\"propals\"',2,'2013-02-24 18:29:15'),(88525,'smartphone',1,NULL,'left','commercial',88521,NULL,NULL,3,'/comm/propal/card.php?viewstatut=2,3,4','','PropalStatusClosedShort','propal',1,'','$user->rights->propale->lire','$conf->propal->enabled && $leftmenu==\"propals\"',2,'2013-02-24 18:29:15'),(88526,'smartphone',1,NULL,'left','commercial',88521,NULL,NULL,4,'/comm/propal/stats/index.php?leftmenu=propals','','Statistics','propal',1,'','$user->rights->propale->lire','$conf->propal->enabled && $leftmenu==\"propals\"',2,'2013-02-24 18:29:15'),(88621,'smartphone',1,NULL,'left','commercial',87426,NULL,NULL,5,'/commande/index.php?leftmenu=orders','','CustomersOrders','orders',0,'','$user->rights->commande->lire','$conf->commande->enabled',2,'2013-02-24 18:29:15'),(88622,'smartphone',1,NULL,'left','commercial',88621,NULL,NULL,0,'/societe/societe.php?leftmenu=orders','','NewOrder','orders',1,'','$user->rights->commande->creer','$conf->commande->enabled && $leftmenu==\"orders\"',2,'2013-02-24 18:29:15'),(88623,'smartphone',1,NULL,'left','commercial',88621,NULL,NULL,1,'/commande/list.php?leftmenu=orders','','List','orders',1,'','$user->rights->commande->lire','$conf->commande->enabled && $leftmenu==\"orders\"',2,'2013-02-24 18:29:15'),(88624,'smartphone',1,NULL,'left','commercial',88623,NULL,NULL,2,'/commande/list.php?leftmenu=orders&amp;viewstatut=0','','StatusOrderDraftShort','orders',1,'','$user->rights->commande->lire','$conf->commande->enabled && $leftmenu==\"orders\"',2,'2013-02-24 18:29:15'),(88625,'smartphone',1,NULL,'left','commercial',88623,NULL,NULL,3,'/commande/list.php?leftmenu=orders&amp;viewstatut=1','','StatusOrderValidated','orders',1,'','$user->rights->commande->lire','$conf->commande->enabled && $leftmenu==\"orders\"',2,'2013-02-24 18:29:15'),(88626,'smartphone',1,NULL,'left','commercial',88623,NULL,NULL,4,'/commande/list.php?leftmenu=orders&amp;viewstatut=2','','StatusOrderOnProcessShort','orders',1,'','$user->rights->commande->lire','$conf->commande->enabled && $leftmenu==\"orders\"',2,'2013-02-24 18:29:15'),(88627,'smartphone',1,NULL,'left','commercial',88623,NULL,NULL,5,'/commande/list.php?leftmenu=orders&amp;viewstatut=3','','StatusOrderToBill','orders',1,'','$user->rights->commande->lire','$conf->commande->enabled && $leftmenu==\"orders\"',2,'2013-02-24 18:29:15'),(88628,'smartphone',1,NULL,'left','commercial',88623,NULL,NULL,6,'/commande/list.php?leftmenu=orders&amp;viewstatut=4','','StatusOrderProcessed','orders',1,'','$user->rights->commande->lire','$conf->commande->enabled && $leftmenu==\"orders\"',2,'2013-02-24 18:29:15'),(88629,'smartphone',1,NULL,'left','commercial',88623,NULL,NULL,7,'/commande/list.php?leftmenu=orders&amp;viewstatut=-1','','StatusOrderCanceledShort','orders',1,'','$user->rights->commande->lire','$conf->commande->enabled && $leftmenu==\"orders\"',2,'2013-02-24 18:29:15'),(88630,'smartphone',1,NULL,'left','commercial',88621,NULL,NULL,4,'/commande/stats/index.php?leftmenu=orders','','Statistics','orders',1,'','$user->rights->commande->lire','$conf->commande->enabled && $leftmenu==\"orders\"',2,'2013-02-24 18:29:15'),(88721,'smartphone',1,NULL,'left','commercial',87424,NULL,NULL,6,'/expedition/index.php?leftmenu=sendings','','Shipments','orders',0,'','$user->rights->expedition->lire','$conf->expedition->enabled',2,'2013-02-24 18:29:15'),(88722,'smartphone',1,NULL,'left','commercial',88721,NULL,NULL,0,'/expedition/list.php?leftmenu=sendings','','List','orders',1,'','$user->rights->expedition->lire','$conf->expedition->enabled && $leftmenu==\"sendings\"',2,'2013-02-24 18:29:15'),(88723,'smartphone',1,NULL,'left','commercial',88721,NULL,NULL,1,'/expedition/stats/index.php?leftmenu=sendings','','Statistics','orders',1,'','$user->rights->expedition->lire','$conf->expedition->enabled && $leftmenu==\"sendings\"',2,'2013-02-24 18:29:15'),(88821,'smartphone',1,NULL,'left','commercial',87426,NULL,NULL,7,'/contrat/index.php?leftmenu=contracts','','Contracts','contracts',0,'','$user->rights->contrat->lire','$conf->contrat->enabled',2,'2013-02-24 18:29:15'),(88822,'smartphone',1,NULL,'left','commercial',88821,NULL,NULL,0,'/societe/societe.php?leftmenu=contracts','','NewContract','contracts',1,'','$user->rights->contrat->creer','$conf->contrat->enabled',2,'2013-02-24 18:29:15'),(88823,'smartphone',1,NULL,'left','commercial',88821,NULL,NULL,1,'/contrat/list.php?leftmenu=contracts','','List','contracts',1,'','$user->rights->contrat->lire','$conf->contrat->enabled',2,'2013-02-24 18:29:15'),(88824,'smartphone',1,NULL,'left','commercial',88821,NULL,NULL,2,'/contrat/services.php?leftmenu=contracts','','MenuServices','contracts',1,'','$user->rights->contrat->lire','$conf->contrat->enabled',2,'2013-02-24 18:29:15'),(88825,'smartphone',1,NULL,'left','commercial',88824,NULL,NULL,0,'/contrat/services.php?leftmenu=contracts&amp;mode=0','','MenuInactiveServices','contracts',2,'','$user->rights->contrat->lire','$conf->contrat->enabled&&$leftmenu==\"contracts\"',2,'2013-02-24 18:29:15'),(88826,'smartphone',1,NULL,'left','commercial',88824,NULL,NULL,1,'/contrat/services.php?leftmenu=contracts&amp;mode=4','','MenuRunningServices','contracts',2,'','$user->rights->contrat->lire','$conf->contrat->enabled&&$leftmenu==\"contracts\"',2,'2013-02-24 18:29:15'),(88827,'smartphone',1,NULL,'left','commercial',88824,NULL,NULL,2,'/contrat/services.php?leftmenu=contracts&amp;mode=4&amp;filter=expired','','MenuExpiredServices','contracts',2,'','$user->rights->contrat->lire','$conf->contrat->enabled&&$leftmenu==\"contracts\"',2,'2013-02-24 18:29:15'),(88828,'smartphone',1,NULL,'left','commercial',88824,NULL,NULL,3,'/contrat/services.php?leftmenu=contracts&amp;mode=5','','MenuClosedServices','contracts',2,'','$user->rights->contrat->lire','$conf->contrat->enabled&&$leftmenu==\"contracts\"',2,'2013-02-24 18:29:15'),(88921,'smartphone',1,NULL,'left','commercial',87426,NULL,NULL,8,'/fichinter/list.php?leftmenu=ficheinter','','Interventions','interventions',0,'','$user->rights->ficheinter->lire','$conf->ficheinter->enabled',2,'2013-02-24 18:29:15'),(88922,'smartphone',1,NULL,'left','commercial',88921,NULL,NULL,0,'/fichinter/card.php?action=create&amp;leftmenu=ficheinter','','NewIntervention','interventions',1,'','$user->rights->ficheinter->creer','$conf->ficheinter->enabled && $leftmenu==\"ficheinter\"',2,'2013-02-24 18:29:15'),(88923,'smartphone',1,NULL,'left','commercial',88921,NULL,NULL,1,'/fichinter/list.php?leftmenu=ficheinter','','List','interventions',1,'','$user->rights->ficheinter->lire','$conf->ficheinter->enabled && $leftmenu==\"ficheinter\"',2,'2013-02-24 18:29:15'),(89021,'smartphone',1,NULL,'left','accountancy',87427,NULL,NULL,3,'/fourn/facture/index.php?leftmenu=suppliers_bills','','BillsSuppliers','bills',0,'','$user->rights->fournisseur->facture->lire','$conf->fournisseur->enabled',2,'2013-02-24 18:29:15'),(89022,'smartphone',1,NULL,'left','accountancy',89021,NULL,NULL,0,'/fourn/facture/card.php?action=create&amp;leftmenu=suppliers_bills','','NewBill','bills',1,'','$user->rights->fournisseur->facture->creer','$conf->fournisseur->enabled',2,'2013-02-24 18:29:15'),(89023,'smartphone',1,NULL,'left','accountancy',89021,NULL,NULL,1,'/fourn/facture/impayees.php?leftmenu=suppliers_bills','','Unpaid','bills',1,'','$user->rights->fournisseur->facture->lire','$conf->fournisseur->enabled',2,'2013-02-24 18:29:15'),(89024,'smartphone',1,NULL,'left','accountancy',89021,NULL,NULL,2,'/fourn/facture/paiement.php?leftmenu=suppliers_bills','','Payments','bills',1,'','$user->rights->fournisseur->facture->lire','$conf->fournisseur->enabled',2,'2013-02-24 18:29:15'),(89121,'smartphone',1,NULL,'left','accountancy',87427,NULL,NULL,3,'/compta/facture/list.php?leftmenu=customers_bills','','BillsCustomers','bills',0,'','$user->rights->facture->lire','$conf->societe->enabled',2,'2013-02-24 18:29:15'),(89122,'smartphone',1,NULL,'left','accountancy',89121,NULL,NULL,3,'/compta/clients.php?action=facturer&amp;leftmenu=customers_bills','','NewBill','bills',1,'','$user->rights->facture->creer','$conf->societe->enabled',2,'2013-02-24 18:29:15'),(89123,'smartphone',1,NULL,'left','accountancy',89121,NULL,NULL,4,'/compta/facture/fiche-rec.php?leftmenu=customers_bills','','Repeatable','bills',1,'','$user->rights->facture->lire','$conf->societe->enabled',2,'2013-02-24 18:29:15'),(89124,'smartphone',1,NULL,'left','accountancy',89121,NULL,NULL,5,'/compta/facture/impayees.php?action=facturer&amp;leftmenu=customers_bills','','Unpaid','bills',1,'','$user->rights->facture->lire','$conf->societe->enabled',2,'2013-02-24 18:29:15'),(89125,'smartphone',1,NULL,'left','accountancy',89121,NULL,NULL,6,'/compta/paiement/list.php?leftmenu=customers_bills','','Payments','bills',1,'','$user->rights->facture->lire','$conf->societe->enabled',2,'2013-02-24 18:29:15'),(89131,'smartphone',1,NULL,'left','accountancy',89125,NULL,NULL,1,'/compta/paiement/rapport.php?leftmenu=customers_bills','','Reportings','bills',2,'','$user->rights->facture->lire','$conf->societe->enabled',2,'2013-02-24 18:29:15'),(89132,'smartphone',1,NULL,'left','accountancy',87435,NULL,NULL,9,'/compta/paiement/cheque/index.php?leftmenu=checks&amp;mainmenu=bank','','MenuChequeDeposits','bills',0,'','$user->rights->facture->lire','$conf->facture->enabled && $conf->banque->enabled',2,'2013-02-24 18:29:15'),(89133,'smartphone',1,NULL,'left','accountancy',89132,NULL,NULL,0,'/compta/paiement/cheque/card.php?leftmenu=checks&amp;action=new','','NewCheckDeposit','bills',1,'','$user->rights->facture->lire','$conf->facture->enabled && $conf->banque->enabled',2,'2013-02-24 18:29:15'),(89134,'smartphone',1,NULL,'left','accountancy',89132,NULL,NULL,1,'/compta/paiement/cheque/list.php?leftmenu=checks','','List','bills',1,'','$user->rights->facture->lire','$conf->facture->enabled && $conf->banque->enabled',2,'2013-02-24 18:29:15'),(89135,'smartphone',1,NULL,'left','accountancy',89121,NULL,NULL,8,'/compta/facture/stats/index.php?leftmenu=customers_bills','','Statistics','bills',1,'','$user->rights->facture->lire','$conf->facture->enabled && $conf->banque->enabled',2,'2013-02-24 18:29:15'),(89321,'smartphone',1,NULL,'left','accountancy',87427,NULL,NULL,3,'/commande/list.php?leftmenu=orders&amp;viewstatut=3','','MenuOrdersToBill','orders',0,'','$user->rights->commande->lire','$conf->commande->enabled',0,'2013-02-24 18:29:15'),(89421,'smartphone',1,NULL,'left','accountancy',87427,NULL,NULL,4,'/compta/dons/index.php?leftmenu=donations&amp;mainmenu=accountancy','','Donations','donations',0,'','$user->rights->don->lire','$conf->don->enabled',2,'2013-02-24 18:29:15'),(89422,'smartphone',1,NULL,'left','accountancy',89421,NULL,NULL,0,'/compta/dons/card.php?leftmenu=donations&amp;mainmenu=accountancy&amp;action=create','','NewDonation','donations',1,'','$user->rights->don->creer','$conf->don->enabled && $leftmenu==\"donations\"',2,'2013-02-24 18:29:15'),(89423,'smartphone',1,NULL,'left','accountancy',89421,NULL,NULL,1,'/compta/dons/list.php?leftmenu=donations&amp;mainmenu=accountancy','','List','donations',1,'','$user->rights->don->lire','$conf->don->enabled && $leftmenu==\"donations\"',2,'2013-02-24 18:29:15'),(89521,'smartphone',1,NULL,'left','accountancy',87427,NULL,NULL,5,'/compta/deplacement/index.php?leftmenu=tripsandexpenses','','TripsAndExpenses','trips',0,'','$user->rights->deplacement->lire','$conf->deplacement->enabled',0,'2013-02-24 18:29:15'),(89522,'smartphone',1,NULL,'left','accountancy',89521,NULL,NULL,1,'/compta/deplacement/card.php?action=create&amp;leftmenu=tripsandexpenses','','New','trips',1,'','$user->rights->deplacement->creer','$conf->deplacement->enabled && $leftmenu==\"tripsandexpenses\"',0,'2013-02-24 18:29:15'),(89523,'smartphone',1,NULL,'left','accountancy',89521,NULL,NULL,2,'/compta/deplacement/index.php?leftmenu=tripsandexpenses','','List','trips',1,'','$user->rights->deplacement->lire','$conf->deplacement->enabled && $leftmenu==\"tripsandexpenses\"',0,'2013-02-24 18:29:15'),(89524,'smartphone',1,NULL,'left','accountancy',89521,NULL,NULL,2,'/compta/deplacement/stats/index.php?leftmenu=tripsandexpenses','','Statistics','trips',1,'','$user->rights->deplacement->lire','$conf->deplacement->enabled && $leftmenu==\"tripsandexpenses\"',0,'2013-02-24 18:29:15'),(89621,'smartphone',1,NULL,'left','accountancy',87427,NULL,NULL,6,'/compta/charges/index.php?leftmenu=tax&amp;mainmenu=accountancy','','MenuTaxAndDividends','compta',0,'','$user->rights->tax->charges->lire','$conf->tax->enabled',0,'2013-02-24 18:29:15'),(89622,'smartphone',1,NULL,'left','accountancy',89621,NULL,NULL,1,'/compta/sociales/index.php?leftmenu=tax_social','','SocialContributions','',1,'','$user->rights->tax->charges->lire','$conf->tax->enabled',0,'2013-02-24 18:29:15'),(89623,'smartphone',1,NULL,'left','accountancy',89622,NULL,NULL,2,'/compta/sociales/charges.php?leftmenu=tax_social&amp;action=create','','MenuNewSocialContribution','',2,'','$user->rights->tax->charges->creer','$conf->tax->enabled && $leftmenu==\"tax_social\"',0,'2013-02-24 18:29:15'),(89624,'smartphone',1,NULL,'left','accountancy',89622,NULL,NULL,3,'/compta/charges/index.php?leftmenu=tax_social&amp;mainmenu=accountancy&amp;mode=sconly','','Payments','',2,'','$user->rights->tax->charges->lire','$conf->tax->enabled && $leftmenu==\"tax_social\"',0,'2013-02-24 18:29:15'),(89721,'smartphone',1,NULL,'left','accountancy',89621,NULL,NULL,7,'/compta/tva/index.php?leftmenu=tax_vat&amp;mainmenu=accountancy','','VAT','companies',1,'','$user->rights->tax->charges->lire','$conf->tax->enabled && empty($conf->global->TAX_DISABLE_VAT_MENUS)',0,'2013-02-24 18:29:15'),(89722,'smartphone',1,NULL,'left','accountancy',89721,NULL,NULL,0,'/compta/tva/card.php?leftmenu=tax_vat&amp;action=create','','NewPayment','companies',2,'','$user->rights->tax->charges->creer','$conf->tax->enabled && empty($conf->global->TAX_DISABLE_VAT_MENUS) && $leftmenu==\"tax_vat\"',0,'2013-02-24 18:29:15'),(89723,'smartphone',1,NULL,'left','accountancy',89721,NULL,NULL,1,'/compta/tva/reglement.php?leftmenu=tax_vat','','Payments','companies',2,'','$user->rights->tax->charges->lire','$conf->tax->enabled && empty($conf->global->TAX_DISABLE_VAT_MENUS) && $leftmenu==\"tax_vat\"',0,'2013-02-24 18:29:15'),(89724,'smartphone',1,NULL,'left','accountancy',89721,NULL,NULL,2,'/compta/tva/clients.php?leftmenu=tax_vat','','ReportByCustomers','companies',2,'','$user->rights->tax->charges->lire','$conf->tax->enabled && empty($conf->global->TAX_DISABLE_VAT_MENUS) && $leftmenu==\"tax_vat\"',0,'2013-02-24 18:29:15'),(89725,'smartphone',1,NULL,'left','accountancy',89721,NULL,NULL,3,'/compta/tva/quadri_detail.php?leftmenu=tax_vat','','ReportByQuarter','companies',2,'','$user->rights->tax->charges->lire','$conf->tax->enabled && empty($conf->global->TAX_DISABLE_VAT_MENUS) && $leftmenu==\"tax_vat\"',0,'2013-02-24 18:29:15'),(89821,'smartphone',1,NULL,'left','accountancy',87427,NULL,NULL,8,'/compta/ventilation/index.php?leftmenu=ventil','','Ventilation','companies',0,'','$user->rights->compta->ventilation->lire','$conf->comptabilite->enabled && $conf->global->FACTURE_VENTILATION',0,'2013-02-24 18:29:15'),(89822,'smartphone',1,NULL,'left','accountancy',89821,NULL,NULL,0,'/compta/ventilation/list.php','','ToDispatch','companies',1,'','$user->rights->compta->ventilation->lire','$conf->comptabilite->enabled && $conf->global->FACTURE_VENTILATION',0,'2013-02-24 18:29:15'),(89823,'smartphone',1,NULL,'left','accountancy',89821,NULL,NULL,1,'/compta/ventilation/lignes.php','','Dispatched','companies',1,'','$user->rights->compta->ventilation->lire','$conf->comptabilite->enabled && $conf->global->FACTURE_VENTILATION',0,'2013-02-24 18:29:15'),(89824,'smartphone',1,NULL,'left','accountancy',89821,NULL,NULL,2,'/compta/param/','','Setup','companies',1,'','$user->rights->compta->ventilation->parametrer','$conf->comptabilite->enabled && $conf->global->FACTURE_VENTILATION',0,'2013-02-24 18:29:15'),(89825,'smartphone',1,NULL,'left','accountancy',89824,NULL,NULL,0,'/compta/param/comptes/list.php','','List','companies',2,'','$user->rights->compta->ventilation->parametrer','$conf->comptabilite->enabled && $conf->global->FACTURE_VENTILATION',0,'2013-02-24 18:29:15'),(89826,'smartphone',1,NULL,'left','accountancy',89824,NULL,NULL,1,'/compta/param/comptes/card.php?action=create','','New','companies',2,'','$user->rights->compta->ventilation->parametrer','$conf->comptabilite->enabled && $conf->global->FACTURE_VENTILATION',0,'2013-02-24 18:29:15'),(89827,'smartphone',1,NULL,'left','accountancy',89821,NULL,NULL,3,'/compta/export/','','Export','companies',1,'','$user->rights->compta->ventilation->lire','$conf->comptabilite->enabled && $conf->global->FACTURE_VENTILATION',0,'2013-02-24 18:29:15'),(89828,'smartphone',1,NULL,'left','accountancy',89827,NULL,NULL,0,'/compta/export/index.php','','New','companies',2,'','$user->rights->compta->ventilation->lire','$conf->comptabilite->enabled && $conf->global->FACTURE_VENTILATION',0,'2013-02-24 18:29:15'),(89829,'smartphone',1,NULL,'left','accountancy',89827,NULL,NULL,1,'/compta/export/list.php','','List','companies',2,'','$user->rights->compta->ventilation->lire','$conf->comptabilite->enabled && $conf->global->FACTURE_VENTILATION',0,'2013-02-24 18:29:15'),(89921,'smartphone',1,NULL,'left','accountancy',87435,NULL,NULL,9,'/compta/prelevement/index.php?leftmenu=withdraw&amp;mainmenu=bank','','StandingOrders','withdrawals',0,'','$user->rights->prelevement->bons->lire','$conf->prelevement->enabled',2,'2013-02-24 18:29:15'),(89922,'smartphone',1,NULL,'left','accountancy',89921,NULL,NULL,1,'/compta/prelevement/demandes.php?status=0&amp;leftmenu=withdraw','','StandingOrderToProcess','withdrawals',1,'','$user->rights->prelevement->bons->lire','$conf->prelevement->enabled && $leftmenu==\"withdraw\"',2,'2013-02-24 18:29:15'),(89923,'smartphone',1,NULL,'left','accountancy',89921,NULL,NULL,0,'/compta/prelevement/create.php?leftmenu=withdraw','','NewStandingOrder','withdrawals',1,'','$user->rights->prelevement->bons->lire','$conf->prelevement->enabled && $leftmenu==\"withdraw\"',2,'2013-02-24 18:29:15'),(89924,'smartphone',1,NULL,'left','accountancy',89921,NULL,NULL,2,'/compta/prelevement/bons.php?leftmenu=withdraw','','WithdrawalsReceipts','withdrawals',1,'','$user->rights->prelevement->bons->lire','$conf->prelevement->enabled && $leftmenu==\"withdraw\"',2,'2013-02-24 18:29:15'),(89925,'smartphone',1,NULL,'left','accountancy',89921,NULL,NULL,3,'/compta/prelevement/list.php?leftmenu=withdraw','','WithdrawalsLines','withdrawals',1,'','$user->rights->prelevement->bons->lire','$conf->prelevement->enabled && $leftmenu==\"withdraw\"',2,'2013-02-24 18:29:15'),(89927,'smartphone',1,NULL,'left','accountancy',89921,NULL,NULL,5,'/compta/prelevement/rejets.php?leftmenu=withdraw','','Rejects','withdrawals',1,'','$user->rights->prelevement->bons->lire','$conf->prelevement->enabled && $leftmenu==\"withdraw\"',2,'2013-02-24 18:29:15'),(89928,'smartphone',1,NULL,'left','accountancy',89921,NULL,NULL,6,'/compta/prelevement/stats.php?leftmenu=withdraw','','Statistics','withdrawals',1,'','$user->rights->prelevement->bons->lire','$conf->prelevement->enabled && $leftmenu==\"withdraw\"',2,'2013-02-24 18:29:15'),(90021,'smartphone',1,NULL,'left','accountancy',87435,NULL,NULL,1,'/compta/bank/index.php?leftmenu=bank&amp;mainmenu=bank','','MenuBankCash','banks',0,'','$user->rights->banque->lire','$conf->banque->enabled',0,'2013-02-24 18:29:15'),(90022,'smartphone',1,NULL,'left','accountancy',90021,NULL,NULL,0,'/compta/bank/card.php?action=create&amp;leftmenu=bank','','MenuNewFinancialAccount','banks',1,'','$user->rights->banque->configurer','$conf->banque->enabled && $leftmenu==bank',0,'2013-02-24 18:29:15'),(90023,'smartphone',1,NULL,'left','accountancy',90021,NULL,NULL,1,'/compta/bank/categ.php?leftmenu=bank','','Rubriques','categories',1,'','$user->rights->banque->configurer','$conf->banque->enabled && $leftmenu==bank',0,'2013-02-24 18:29:15'),(90024,'smartphone',1,NULL,'left','accountancy',90021,NULL,NULL,2,'/compta/bank/search.php?leftmenu=bank','','ListTransactions','banks',1,'','$user->rights->banque->lire','$conf->banque->enabled && $leftmenu==bank',0,'2013-02-24 18:29:15'),(90025,'smartphone',1,NULL,'left','accountancy',90021,NULL,NULL,3,'/compta/bank/budget.php?leftmenu=bank','','ListTransactionsByCategory','banks',1,'','$user->rights->banque->lire','$conf->banque->enabled && $leftmenu==bank',0,'2013-02-24 18:29:15'),(90027,'smartphone',1,NULL,'left','accountancy',90021,NULL,NULL,5,'/compta/bank/virement.php?leftmenu=bank','','BankTransfers','banks',1,'','$user->rights->banque->transfer','$conf->banque->enabled && $leftmenu==bank',0,'2013-02-24 18:29:15'),(90121,'smartphone',1,NULL,'left','accountancy',87427,NULL,NULL,11,'/compta/resultat/index.php?leftmenu=ca&amp;mainmenu=accountancy','','Reportings','main',0,'','$user->rights->compta->resultat->lire || $user->rights->accounting->comptarapport->lire','$conf->comptabilite->enabled || $conf->accounting->enabled',0,'2013-02-24 18:29:15'),(90122,'smartphone',1,NULL,'left','accountancy',90121,NULL,NULL,0,'/compta/resultat/index.php?leftmenu=ca','','ReportInOut','main',1,'','$user->rights->compta->resultat->lire || $user->rights->accounting->comptarapport->lire','$conf->comptabilite->enabled || $conf->accounting->enabled',0,'2013-02-24 18:29:15'),(90123,'smartphone',1,NULL,'left','accountancy',90122,NULL,NULL,0,'/compta/resultat/clientfourn.php?leftmenu=ca','','ByCompanies','main',2,'','$user->rights->compta->resultat->lire || $user->rights->accounting->comptarapport->lire','$conf->comptabilite->enabled || $conf->accounting->enabled',0,'2013-02-24 18:29:15'),(90124,'smartphone',1,NULL,'left','accountancy',90121,NULL,NULL,1,'/compta/stats/index.php?leftmenu=ca','','ReportTurnover','main',1,'','$user->rights->compta->resultat->lire || $user->rights->accounting->comptarapport->lire','$conf->comptabilite->enabled || $conf->accounting->enabled',0,'2013-02-24 18:29:15'),(90125,'smartphone',1,NULL,'left','accountancy',90124,NULL,NULL,0,'/compta/stats/casoc.php?leftmenu=ca','','ByCompanies','main',2,'','$user->rights->compta->resultat->lire || $user->rights->accounting->comptarapport->lire','$conf->comptabilite->enabled || $conf->accounting->enabled',0,'2013-02-24 18:29:15'),(90126,'smartphone',1,NULL,'left','accountancy',90124,NULL,NULL,1,'/compta/stats/cabyuser.php?leftmenu=ca','','ByUsers','main',2,'','$user->rights->compta->resultat->lire || $user->rights->accounting->comptarapport->lire','$conf->comptabilite->enabled || $conf->accounting->enabled',0,'2013-02-24 18:29:15'),(90221,'smartphone',1,NULL,'left','products',87424,NULL,NULL,0,'/product/index.php?leftmenu=product&amp;type=0','','Products','products',0,'','$user->rights->produit->lire','$conf->product->enabled',2,'2013-02-24 18:29:15'),(90222,'smartphone',1,NULL,'left','products',90221,NULL,NULL,0,'/product/card.php?leftmenu=product&amp;action=create&amp;type=0','','NewProduct','products',1,'','$user->rights->produit->creer','$conf->product->enabled',2,'2013-02-24 18:29:15'),(90223,'smartphone',1,NULL,'left','products',90221,NULL,NULL,1,'/product/list.php?leftmenu=product&amp;type=0','','List','products',1,'','$user->rights->produit->lire','$conf->product->enabled',2,'2013-02-24 18:29:15'),(90224,'smartphone',1,NULL,'left','products',90221,NULL,NULL,4,'/product/reassort.php?type=0','','Stocks','products',1,'','$user->rights->produit->lire && $user->rights->stock->lire','$conf->product->enabled',2,'2013-02-24 18:29:15'),(90321,'smartphone',1,NULL,'left','products',87424,NULL,NULL,1,'/product/index.php?leftmenu=service&amp;type=1','','Services','products',0,'','$user->rights->service->lire','$conf->service->enabled',2,'2013-02-24 18:29:15'),(90322,'smartphone',1,NULL,'left','products',90321,NULL,NULL,0,'/product/card.php?leftmenu=service&amp;action=create&amp;type=1','','NewService','products',1,'','$user->rights->service->creer','$conf->service->enabled',2,'2013-02-24 18:29:15'),(90323,'smartphone',1,NULL,'left','products',90321,NULL,NULL,1,'/product/list.php?leftmenu=service&amp;type=1','','List','products',1,'','$user->rights->service->lire','$conf->service->enabled',2,'2013-02-24 18:29:15'),(90421,'smartphone',1,NULL,'left','products',87424,NULL,NULL,2,'/product/stats/index.php?leftmenu=stats','','Statistics','main',0,'','$user->rights->service->lire','$conf->product->enabled || $conf->service->enabled',2,'2013-02-24 18:29:15'),(90422,'smartphone',1,NULL,'left','products',90421,NULL,NULL,0,'/product/popuprop.php?leftmenu=stats','','Popularity','main',1,'','$user->rights->produit->lire && $user->rights->produit>lire','$conf->propal->enabled',2,'2013-02-24 18:29:15'),(90521,'smartphone',1,NULL,'left','products',87424,NULL,NULL,3,'/product/stock/index.php?leftmenu=stock','','Stock','stocks',0,'','$user->rights->stock->lire','$conf->stock->enabled',2,'2013-02-24 18:29:15'),(90522,'smartphone',1,NULL,'left','products',90521,NULL,NULL,0,'/product/stock/card.php?action=create','','MenuNewWarehouse','stocks',1,'','$user->rights->stock->creer','$conf->stock->enabled',2,'2013-02-24 18:29:15'),(90523,'smartphone',1,NULL,'left','products',90521,NULL,NULL,1,'/product/stock/list.php','','List','stocks',1,'','$user->rights->stock->lire','$conf->stock->enabled',2,'2013-02-24 18:29:15'),(90524,'smartphone',1,NULL,'left','products',90521,NULL,NULL,2,'/product/stock/valo.php','','EnhancedValue','stocks',1,'','$user->rights->stock->lire','$conf->stock->enabled',2,'2013-02-24 18:29:15'),(90525,'smartphone',1,NULL,'left','products',90521,NULL,NULL,3,'/product/stock/mouvement.php','','Movements','stocks',1,'','$user->rights->stock->mouvement->lire','$conf->stock->enabled',2,'2013-02-24 18:29:15'),(90621,'smartphone',1,NULL,'left','products',87424,NULL,NULL,4,'/categories/index.php?leftmenu=cat&amp;type=0','','Categories','categories',0,'','$user->rights->categorie->lire','$conf->categorie->enabled',2,'2013-02-24 18:29:15'),(90622,'smartphone',1,NULL,'left','products',90621,NULL,NULL,0,'/categories/card.php?action=create&amp;type=0','','NewCategory','categories',1,'','$user->rights->categorie->creer','$conf->categorie->enabled',2,'2013-02-24 18:29:15'),(91021,'smartphone',1,NULL,'left','project',87428,NULL,NULL,0,'/projet/index.php?leftmenu=projects','','Projects','projects',0,'','$user->rights->projet->lire','$conf->projet->enabled',2,'2013-02-24 18:29:15'),(91022,'smartphone',1,NULL,'left','project',91021,NULL,NULL,1,'/projet/card.php?leftmenu=projects&amp;action=create','','NewProject','projects',1,'','$user->rights->projet->creer','$conf->projet->enabled',2,'2013-02-24 18:29:15'),(91023,'smartphone',1,NULL,'left','project',91021,NULL,NULL,2,'/projet/list.php?leftmenu=projects','','List','projects',1,'','$user->rights->projet->lire','$conf->projet->enabled',2,'2013-02-24 18:29:15'),(91031,'smartphone',1,NULL,'left','project',87428,NULL,NULL,0,'/projet/index.php?leftmenu=projects&amp;mode=mine','','MyProjects','projects',0,'','$user->rights->projet->lire','$conf->projet->enabled',2,'2013-02-24 18:29:15'),(91032,'smartphone',1,NULL,'left','project',91031,NULL,NULL,1,'/projet/card.php?leftmenu=projects&amp;action=create&amp;mode=mine','','NewProject','projects',1,'','$user->rights->projet->creer','$conf->projet->enabled',2,'2013-02-24 18:29:15'),(91033,'smartphone',1,NULL,'left','project',91031,NULL,NULL,2,'/projet/list.php?leftmenu=projects&amp;mode=mine','','List','projects',1,'','$user->rights->projet->lire','$conf->projet->enabled',2,'2013-02-24 18:29:15'),(91121,'smartphone',1,NULL,'left','project',87428,NULL,NULL,0,'/projet/activity/index.php?leftmenu=projects','','Activities','projects',0,'','$user->rights->projet->lire','$conf->projet->enabled',2,'2013-02-24 18:29:15'),(91122,'smartphone',1,NULL,'left','project',91121,NULL,NULL,1,'/projet/tasks.php?leftmenu=projects&amp;action=create','','NewTask','projects',1,'','$user->rights->projet->creer','$conf->projet->enabled',2,'2013-02-24 18:29:15'),(91123,'smartphone',1,NULL,'left','project',91121,NULL,NULL,2,'/projet/tasks/index.php?leftmenu=projects','','List','projects',1,'','$user->rights->projet->lire','$conf->projet->enabled',2,'2013-02-24 18:29:15'),(91124,'smartphone',1,NULL,'left','project',91121,NULL,NULL,3,'/projet/activity/list.php?leftmenu=projects','','NewTimeSpent','projects',1,'','$user->rights->projet->lire','$conf->projet->enabled',2,'2013-02-24 18:29:15'),(91221,'smartphone',1,NULL,'left','project',87428,NULL,NULL,0,'/projet/activity/index.php?leftmenu=projects&amp;mode=mine','','MyActivities','projects',0,'','$user->rights->projet->lire','$conf->projet->enabled',2,'2013-02-24 18:29:15'),(91222,'smartphone',1,NULL,'left','project',91221,NULL,NULL,1,'/projet/tasks.php?leftmenu=projects&amp;action=create&amp;mode=mine','','NewTask','projects',1,'','$user->rights->projet->creer','$conf->projet->enabled',2,'2013-02-24 18:29:15'),(91223,'smartphone',1,NULL,'left','project',91221,NULL,NULL,2,'/projet/tasks/index.php?leftmenu=projects&amp;mode=mine','','List','projects',1,'','$user->rights->projet->lire','$conf->projet->enabled',2,'2013-02-24 18:29:15'),(91224,'smartphone',1,NULL,'left','project',91221,NULL,NULL,3,'/projet/activity/list.php?leftmenu=projects&amp;mode=mine','','NewTimeSpent','projects',1,'','$user->rights->projet->lire','$conf->projet->enabled',2,'2013-02-24 18:29:15'),(91321,'smartphone',1,NULL,'left','tools',87429,NULL,NULL,0,'/comm/mailing/index.php?leftmenu=mailing','','EMailings','mails',0,'','$user->rights->mailing->lire','$conf->mailing->enabled',0,'2013-02-24 18:29:15'),(91322,'smartphone',1,NULL,'left','tools',91321,NULL,NULL,0,'/comm/mailing/card.php?leftmenu=mailing&amp;action=create','','NewMailing','mails',1,'','$user->rights->mailing->creer','$conf->mailing->enabled',0,'2013-02-24 18:29:15'),(91323,'smartphone',1,NULL,'left','tools',91321,NULL,NULL,1,'/comm/mailing/list.php?leftmenu=mailing','','List','mails',1,'','$user->rights->mailing->lire','$conf->mailing->enabled',0,'2013-02-24 18:29:15'),(91521,'smartphone',1,NULL,'left','tools',87429,NULL,NULL,2,'/exports/index.php?leftmenu=export','','FormatedExport','exports',0,'','$user->rights->export->lire','$conf->export->enabled',2,'2013-02-24 18:29:15'),(91522,'smartphone',1,NULL,'left','tools',91521,NULL,NULL,0,'/exports/export.php?leftmenu=export','','NewExport','exports',1,'','$user->rights->export->creer','$conf->export->enabled',2,'2013-02-24 18:29:15'),(91551,'smartphone',1,NULL,'left','tools',87429,NULL,NULL,2,'/imports/index.php?leftmenu=import','','FormatedImport','exports',0,'','$user->rights->import->run','$conf->import->enabled',2,'2013-02-24 18:29:15'),(91552,'smartphone',1,NULL,'left','tools',91551,NULL,NULL,0,'/imports/import.php?leftmenu=import','','NewImport','exports',1,'','$user->rights->import->run','$conf->import->enabled',2,'2013-02-24 18:29:15'),(91621,'smartphone',1,NULL,'left','members',87434,NULL,NULL,0,'/adherents/index.php?leftmenu=members&amp;mainmenu=members','','Members','members',0,'','$user->rights->adherent->lire','$conf->adherent->enabled',2,'2013-02-24 18:29:15'),(91622,'smartphone',1,NULL,'left','members',91621,NULL,NULL,0,'/adherents/card.php?action=create','','NewMember','members',1,'','$user->rights->adherent->creer','$conf->adherent->enabled',2,'2013-02-24 18:29:15'),(91623,'smartphone',1,NULL,'left','members',91621,NULL,NULL,1,'/adherents/list.php','','List','members',1,'','$user->rights->adherent->lire','$conf->adherent->enabled',2,'2013-02-24 18:29:15'),(91624,'smartphone',1,NULL,'left','members',91623,NULL,NULL,2,'/adherents/list.php?statut=-1','','MenuMembersToValidate','members',2,'','$user->rights->adherent->lire','$conf->adherent->enabled',2,'2013-02-24 18:29:15'),(91625,'smartphone',1,NULL,'left','members',91623,NULL,NULL,3,'/adherents/list.php?statut=1','','MenuMembersValidated','members',2,'','$user->rights->adherent->lire','$conf->adherent->enabled',2,'2013-02-24 18:29:15'),(91626,'smartphone',1,NULL,'left','members',91623,NULL,NULL,4,'/adherents/list.php?statut=1&amp;filter=outofdate','','MenuMembersNotUpToDate','members',2,'','$user->rights->adherent->lire','$conf->adherent->enabled',2,'2013-02-24 18:29:15'),(91627,'smartphone',1,NULL,'left','members',91623,NULL,NULL,5,'/adherents/list.php?statut=1&amp;filter=uptodate','','MenuMembersUpToDate','members',2,'','$user->rights->adherent->lire','$conf->adherent->enabled',2,'2013-02-24 18:29:15'),(91628,'smartphone',1,NULL,'left','members',91623,NULL,NULL,6,'/adherents/list.php?statut=0','','MenuMembersResiliated','members',2,'','$user->rights->adherent->lire','$conf->adherent->enabled',2,'2013-02-24 18:29:15'),(91721,'smartphone',1,NULL,'left','members',87434,NULL,NULL,1,'/adherents/index.php?leftmenu=accountancy&amp;mainmenu=members','','Subscriptions','compta',0,'','$user->rights->adherent->cotisation->lire','$conf->adherent->enabled',2,'2013-02-24 18:29:15'),(91722,'smartphone',1,NULL,'left','members',91721,NULL,NULL,0,'/adherents/list.php?statut=-1&amp;leftmenu=accountancy&amp;mainmenu=members','','NewSubscription','compta',1,'','$user->rights->adherent->cotisation->creer','$conf->adherent->enabled',2,'2013-02-24 18:29:15'),(91723,'smartphone',1,NULL,'left','members',91721,NULL,NULL,1,'/adherents/cotisations.php?leftmenu=accountancy','','List','compta',1,'','$user->rights->adherent->cotisation->lire','$conf->adherent->enabled',2,'2013-02-24 18:29:15'),(91921,'smartphone',1,NULL,'left','members',87434,NULL,NULL,3,'/adherents/index.php?leftmenu=export&amp;mainmenu=members','','Exports','members',0,'','$user->rights->adherent->export','$conf->adherent->enabled',2,'2013-02-24 18:29:15'),(91922,'smartphone',1,NULL,'left','members',91921,NULL,NULL,0,'/exports/index.php?leftmenu=export','','Datas','members',1,'','$user->rights->adherent->export','$conf->adherent->enabled && $conf->export->enabled',2,'2013-02-24 18:29:15'),(91923,'smartphone',1,NULL,'left','members',91921,NULL,NULL,1,'/adherents/htpasswd.php?leftmenu=export','','Filehtpasswd','members',1,'','$user->rights->adherent->export','$conf->adherent->enabled',2,'2013-02-24 18:29:15'),(91924,'smartphone',1,NULL,'left','members',91921,NULL,NULL,2,'/adherents/cartes/carte.php?leftmenu=export','','MembersCards','members',1,'','$user->rights->adherent->export','$conf->adherent->enabled',2,'2013-02-24 18:29:15'),(92121,'smartphone',1,NULL,'left','members',87434,NULL,NULL,5,'/adherents/index.php?leftmenu=setup&amp;mainmenu=members','','Setup','members',0,'','$user->rights->adherent->configurer','$conf->adherent->enabled',2,'2013-02-24 18:29:15'),(92122,'smartphone',1,NULL,'left','members',92121,NULL,NULL,0,'/adherents/type.php?leftmenu=setup','','MembersTypes','members',1,'','$user->rights->adherent->configurer','$conf->adherent->enabled',2,'2013-02-24 18:29:15'),(92123,'smartphone',1,NULL,'left','members',92121,NULL,NULL,1,'/adherents/options.php?leftmenu=setup','','MembersAttributes','members',1,'','$user->rights->adherent->configurer','$conf->adherent->enabled',2,'2013-02-24 18:29:15'),(92421,'smartphone',1,NULL,'left','commercial',87426,NULL,NULL,0,'/compta/index.php?leftmenu=suppliers','','Suppliers','companies',0,'','$user->rights->societe->lire && $user->rights->fournisseur->lire','$conf->fournisseur->enabled',2,'2013-02-24 18:29:15'),(92422,'smartphone',1,NULL,'left','commercial',92421,NULL,NULL,0,'/societe/soc.php?leftmenu=suppliers&amp;action=create&amp;type=f','','NewSupplier','companies',1,'','$user->rights->societe->creer && $user->rights->fournisseur->lire','$conf->fournisseur->enabled',2,'2013-02-24 18:29:15'),(92423,'smartphone',1,NULL,'left','commercial',92421,NULL,NULL,1,'/fourn/list.php?leftmenu=suppliers','','List','companies',1,'','$user->rights->societe->lire && $user->rights->fournisseur->lire','$conf->fournisseur->enabled',2,'2013-02-24 18:29:15'),(92424,'smartphone',1,NULL,'left','commercial',92421,NULL,NULL,2,'/contact/list.php?leftmenu=suppliers&amp;type=f','','Contacts','companies',1,'','$user->rights->societe->lire && $user->rights->fournisseur->lire','$conf->fournisseur->enabled',2,'2013-02-24 18:29:15'),(92521,'smartphone',1,NULL,'left','commercial',87426,NULL,NULL,6,'/fourn/commande/index.php?leftmenu=orders_suppliers','','SuppliersOrders','orders',0,'','$user->rights->fournisseur->commande->lire','$conf->commande->enabled',2,'2013-02-24 18:29:15'),(92522,'smartphone',1,NULL,'left','commercial',92521,NULL,NULL,0,'/societe/societe.php?leftmenu=orders_suppliers','','NewOrder','orders',1,'','$user->rights->fournisseur->commande->creer','$conf->commande->enabled && $leftmenu==\"orders_suppliers\"',2,'2013-02-24 18:29:15'),(92523,'smartphone',1,NULL,'left','commercial',92521,NULL,NULL,1,'/fourn/commande/list.php?leftmenu=orders_suppliers&amp;viewstatut=0','','List','orders',1,'','$user->rights->fournisseur->commande->lire','$conf->commande->enabled && $leftmenu==\"orders_suppliers\"',2,'2013-02-24 18:29:15'),(92529,'smartphone',1,NULL,'left','commercial',92521,NULL,NULL,7,'/commande/stats/index.php?leftmenu=orders_suppliers&amp;mode=supplier','','Statistics','orders',1,'','$user->rights->fournisseur->commande->lire','$conf->commande->enabled && $leftmenu==\"orders_suppliers\"',2,'2013-02-24 18:29:15'),(92621,'smartphone',1,NULL,'left','members',87434,NULL,NULL,3,'/categories/index.php?leftmenu=cat&amp;type=3','','MembersCategoriesShort','categories',0,'','$user->rights->categorie->lire','$conf->adherent->enabled && $conf->categorie->enabled',2,'2013-02-24 18:29:15'),(92622,'smartphone',1,NULL,'left','members',92621,NULL,NULL,0,'/categories/card.php?action=create&amp;type=3','','NewCategory','categories',1,'','$user->rights->categorie->creer','$conf->adherent->enabled && $conf->categorie->enabled',2,'2013-02-24 18:29:15'),(103094,'all',2,'agenda','top','agenda',0,NULL,NULL,100,'/comm/action/index.php','','Agenda','agenda',NULL,NULL,'$user->rights->agenda->myactions->read','$conf->agenda->enabled',2,'2013-03-13 15:29:19'),(103095,'all',2,'agenda','left','agenda',103094,NULL,NULL,100,'/comm/action/index.php?mainmenu=agenda&amp;leftmenu=agenda','','Actions','agenda',NULL,NULL,'$user->rights->agenda->myactions->read','$conf->agenda->enabled',2,'2013-03-13 15:29:19'),(103096,'all',2,'agenda','left','agenda',103095,NULL,NULL,101,'/comm/action/card.php?mainmenu=agenda&amp;leftmenu=agenda&amp;action=create','','NewAction','commercial',NULL,NULL,'($user->rights->agenda->myactions->create||$user->rights->agenda->allactions->create)','$conf->agenda->enabled',2,'2013-03-13 15:29:19'),(103097,'all',2,'agenda','left','agenda',103095,NULL,NULL,102,'/comm/action/index.php?mainmenu=agenda&amp;leftmenu=agenda','','Calendar','agenda',NULL,NULL,'$user->rights->agenda->myactions->read','$conf->agenda->enabled',2,'2013-03-13 15:29:19'),(103098,'all',2,'agenda','left','agenda',103097,NULL,NULL,103,'/comm/action/index.php?mainmenu=agenda&amp;leftmenu=agenda&amp;status=todo&amp;filter=mine','','MenuToDoMyActions','agenda',NULL,NULL,'$user->rights->agenda->myactions->read','$conf->agenda->enabled',2,'2013-03-13 15:29:19'),(103099,'all',2,'agenda','left','agenda',103097,NULL,NULL,104,'/comm/action/index.php?mainmenu=agenda&amp;leftmenu=agenda&amp;status=done&amp;filter=mine','','MenuDoneMyActions','agenda',NULL,NULL,'$user->rights->agenda->myactions->read','$conf->agenda->enabled',2,'2013-03-13 15:29:19'),(103100,'all',2,'agenda','left','agenda',103097,NULL,NULL,105,'/comm/action/index.php?mainmenu=agenda&amp;leftmenu=agenda&amp;status=todo','','MenuToDoActions','agenda',NULL,NULL,'$user->rights->agenda->allactions->read','$user->rights->agenda->allactions->read',2,'2013-03-13 15:29:19'),(103101,'all',2,'agenda','left','agenda',103097,NULL,NULL,106,'/comm/action/index.php?mainmenu=agenda&amp;leftmenu=agenda&amp;status=done','','MenuDoneActions','agenda',NULL,NULL,'$user->rights->agenda->allactions->read','$user->rights->agenda->allactions->read',2,'2013-03-13 15:29:19'),(103102,'all',2,'agenda','left','agenda',103095,NULL,NULL,112,'/comm/action/listactions.php?mainmenu=agenda&amp;leftmenu=agenda','','List','agenda',NULL,NULL,'$user->rights->agenda->myactions->read','$conf->agenda->enabled',2,'2013-03-13 15:29:19'),(103103,'all',2,'agenda','left','agenda',103102,NULL,NULL,113,'/comm/action/listactions.php?mainmenu=agenda&amp;leftmenu=agenda&amp;status=todo&amp;filter=mine','','MenuToDoMyActions','agenda',NULL,NULL,'$user->rights->agenda->myactions->read','$conf->agenda->enabled',2,'2013-03-13 15:29:19'),(103104,'all',2,'agenda','left','agenda',103102,NULL,NULL,114,'/comm/action/listactions.php?mainmenu=agenda&amp;leftmenu=agenda&amp;status=done&amp;filter=mine','','MenuDoneMyActions','agenda',NULL,NULL,'$user->rights->agenda->myactions->read','$conf->agenda->enabled',2,'2013-03-13 15:29:19'),(103105,'all',2,'agenda','left','agenda',103102,NULL,NULL,115,'/comm/action/listactions.php?mainmenu=agenda&amp;leftmenu=agenda&amp;status=todo','','MenuToDoActions','agenda',NULL,NULL,'$user->rights->agenda->allactions->read','$user->rights->agenda->allactions->read',2,'2013-03-13 15:29:19'),(103106,'all',2,'agenda','left','agenda',103102,NULL,NULL,116,'/comm/action/listactions.php?mainmenu=agenda&amp;leftmenu=agenda&amp;status=done','','MenuDoneActions','agenda',NULL,NULL,'$user->rights->agenda->allactions->read','$user->rights->agenda->allactions->read',2,'2013-03-13 15:29:19'),(103107,'all',2,'agenda','left','agenda',103095,NULL,NULL,120,'/comm/action/rapport/index.php?mainmenu=agenda&amp;leftmenu=agenda','','Reportings','agenda',NULL,NULL,'$user->rights->agenda->allactions->read','$conf->agenda->enabled',2,'2013-03-13 15:29:19'),(103108,'all',2,'pos','top','pos',0,NULL,NULL,100,'/pos/backend/listefac.php','','POS','pos@pos',NULL,'1','1','1',2,'2013-03-13 20:33:09'),(103109,'all',2,'pos','left','pos',103108,NULL,NULL,100,'/pos/backend/list.php','','Tickets','pos@pos',NULL,NULL,'$user->rights->pos->backend','$conf->global->POS_USE_TICKETS',0,'2013-03-13 20:33:09'),(103110,'all',2,'pos','left','pos',103109,NULL,NULL,100,'/pos/backend/list.php','','List','main',NULL,NULL,'$user->rights->pos->backend','$conf->global->POS_USE_TICKETS',0,'2013-03-13 20:33:09'),(103111,'all',2,'pos','left','pos',103110,NULL,NULL,100,'/pos/backend/list.php?viewstatut=0','','StatusTicketDraft','pos@pos',NULL,NULL,'$user->rights->pos->backend','$conf->global->POS_USE_TICKETS',0,'2013-03-13 20:33:09'),(103112,'all',2,'pos','left','@pos',103110,NULL,NULL,100,'/pos/backend/list.php?viewstatut=1','','StatusTicketClosed','main',NULL,NULL,'$user->rights->pos->backend','$conf->global->POS_USE_TICKETS',0,'2013-03-13 20:33:09'),(103113,'all',2,'pos','left','@pos',103110,NULL,NULL,100,'/pos/backend/list.php?viewstatut=2','','StatusTicketProcessed','main',NULL,NULL,'$user->rights->pos->backend','$conf->global->POS_USE_TICKETS',0,'2013-03-13 20:33:09'),(103114,'all',2,'pos','left','@pos',103110,NULL,NULL,100,'/pos/backend/list.php?viewtype=1','','StatusTicketReturned','main',NULL,NULL,'$user->rights->pos->backend','$conf->global->POS_USE_TICKETS',0,'2013-03-13 20:33:09'),(103115,'all',2,'pos','left','pos',103108,NULL,NULL,100,'/pos/backend/listefac.php','','Factures','pos@pos',NULL,NULL,'$user->rights->pos->backend','1',0,'2013-03-13 20:33:09'),(103116,'all',2,'pos','left','pos',103115,NULL,NULL,100,'/pos/backend/listefac.php','','List','main',NULL,NULL,'$user->rights->pos->backend','1',0,'2013-03-13 20:33:09'),(103117,'all',2,'pos','left','pos',103116,NULL,NULL,100,'/pos/backend/listefac.php?viewstatut=0','','BillStatusDraft','bills',NULL,NULL,'$user->rights->pos->backend','1',0,'2013-03-13 20:33:09'),(103118,'all',2,'pos','left','@pos',103116,NULL,NULL,100,'/pos/backend/listefac.php?viewstatut=1','','BillStatusValidated','bills',NULL,NULL,'$user->rights->pos->backend','1',0,'2013-03-13 20:33:09'),(103119,'all',2,'pos','left','@pos',103116,NULL,NULL,100,'/pos/backend/listefac.php?viewstatut=2&viewtype=0','','BillStatusPaid','bills',NULL,NULL,'$user->rights->pos->backend','1',0,'2013-03-13 20:33:09'),(103120,'all',2,'pos','left','@pos',103116,NULL,NULL,100,'/pos/backend/listefac.php?viewtype=2','','BillStatusReturned','main',NULL,NULL,'$user->rights->pos->backend','1',0,'2013-03-13 20:33:09'),(103121,'all',2,'pos','left','@pos',103108,NULL,NULL,100,'/pos/frontend/index.php','','POS','main',NULL,NULL,'$user->rights->pos->frontend','1',0,'2013-03-13 20:33:09'),(103122,'all',2,'pos','left','@pos',103121,NULL,NULL,100,'/pos/frontend/index.php','','NewTicket','main',NULL,NULL,'$user->rights->pos->frontend','1',0,'2013-03-13 20:33:09'),(103123,'all',2,'pos','left','@pos',103121,NULL,NULL,101,'/pos/backend/closes.php','','CloseandArching','main',NULL,NULL,'$user->rights->pos->backend','1',0,'2013-03-13 20:33:09'),(103124,'all',2,'pos','left','@pos',103108,NULL,NULL,100,'/pos/backend/terminal/cash.php','','Terminal','main',NULL,NULL,'$user->rights->pos->backend','1',0,'2013-03-13 20:33:09'),(103125,'all',2,'pos','left','@pos',103124,NULL,NULL,100,'/pos/backend/terminal/card.php?action=create','','NewCash','main',NULL,NULL,'$user->rights->pos->backend','1',0,'2013-03-13 20:33:09'),(103126,'all',2,'pos','left','@pos',103124,NULL,NULL,101,'/pos/backend/terminal/cash.php','','List','main',NULL,NULL,'$user->rights->pos->backend','1',0,'2013-03-13 20:33:09'),(103127,'all',2,'pos','left','@pos',103123,NULL,NULL,101,'/pos/backend/closes.php?viewstatut=0','','Arqueo','main',NULL,NULL,'$user->rights->pos->backend','1',0,'2013-03-13 20:33:09'),(103128,'all',2,'pos','left','@pos',103123,NULL,NULL,102,'/pos/backend/closes.php?viewstatut=1','','Closes','main',NULL,NULL,'$user->rights->pos->backend','1',0,'2013-03-13 20:33:09'),(103129,'all',2,'pos','left','@pos',103108,NULL,NULL,102,'/pos/backend/transfers.php','','Transfer','main',NULL,NULL,'$user->rights->pos->transfer','1',0,'2013-03-13 20:33:09'),(103130,'all',2,'pos','left','@pos',103108,NULL,NULL,102,'/pos/backend/resultat/index.php','','Rapport','main',NULL,NULL,'$user->rights->pos->stats','1',0,'2013-03-13 20:33:09'),(103131,'all',2,'pos','left','@pos',103130,NULL,NULL,102,'/pos/backend/resultat/casoc.php','','ReportsCustomer','main',NULL,NULL,'$user->rights->pos->stats','1',0,'2013-03-13 20:33:09'),(103132,'all',2,'pos','left','@pos',103130,NULL,NULL,102,'/pos/backend/resultat/causer.php','','ReportsUser','main',NULL,NULL,'$user->rights->pos->stats','1',0,'2013-03-13 20:33:09'),(103133,'all',2,'pos','left','@pos',103130,NULL,NULL,102,'/pos/backend/resultat/sellsjournal.php','','ReportsSells','main',NULL,NULL,'$user->rights->pos->stats','1',0,'2013-03-13 20:33:09'),(103134,'all',2,'opensurvey','top','opensurvey',0,NULL,NULL,200,'/opensurvey/index.php','','Surveys','opensurvey',NULL,NULL,'$user->rights->opensurvey->survey->read','$conf->opensurvey->enabled',0,'2013-03-13 20:33:42'),(103135,'all',2,'opensurvey','left','opensurvey',-1,NULL,'opensurvey',200,'/opensurvey/index.php?mainmenu=opensurvey&leftmenu=opensurvey','','Survey','opensurvey@opensurvey',NULL,'opensurvey','','$conf->opensurvey->enabled',0,'2013-03-13 20:33:42'),(103136,'all',2,'opensurvey','left','opensurvey',-1,'opensurvey','opensurvey',210,'/opensurvey/public/index.php','_blank','NewSurvey','opensurvey@opensurvey',NULL,'opensurvey_new','','$conf->opensurvey->enabled',0,'2013-03-13 20:33:42'),(103137,'all',2,'opensurvey','left','opensurvey',-1,'opensurvey','opensurvey',220,'/opensurvey/list.php','','List','opensurvey@opensurvey',NULL,'opensurvey_list','','$conf->opensurvey->enabled',0,'2013-03-13 20:33:42'),(103160,'all',1,'cron','left','home',-1,'modulesadmintools','home',200,'/cron/list.php?status=1','','CronListActive','cron',NULL,NULL,'$user->rights->cron->read','$leftmenu==\'modulesadmintools\'',2,'2013-03-23 17:24:25'),(103161,'all',1,'cron','left','home',-1,'modulesadmintools','home',201,'/cron/list.php?status=0','','CronListInactive','cron',NULL,NULL,'$user->rights->cron->read','$leftmenu==\'modulesadmintools\'',2,'2013-03-23 17:24:25'),(103162,'auguria',1,'','top','home',0,NULL,NULL,1,'/index.php?mainmenu=home&amp;leftmenu=','','Home','',-1,'','','1',2,'2013-03-24 02:31:47'),(103163,'auguria',1,'societe|fournisseur','top','companies',0,NULL,NULL,2,'/societe/index.php?mainmenu=companies&amp;leftmenu=','','ThirdParties','companies',-1,'','$user->rights->societe->lire || $user->rights->societe->contact->lire','$conf->societe->enabled || $conf->fournisseur->enabled',2,'2013-03-24 02:31:47'),(103164,'auguria',1,'product|service','top','products',0,NULL,NULL,3,'/product/index.php?mainmenu=products&amp;leftmenu=','','Products/Services','products',-1,'','$user->rights->produit->lire||$user->rights->service->lire','$conf->product->enabled || $conf->service->enabled',0,'2013-03-24 02:31:47'),(103166,'auguria',1,'propal|commande|fournisseur|contrat|ficheinter','top','commercial',0,NULL,NULL,5,'/comm/index.php?mainmenu=commercial&amp;leftmenu=','','Commercial','commercial',-1,'','$user->rights->societe->lire || $user->rights->societe->contact->lire','$conf->comptabilite->enabled || $conf->accounting->enabled || $conf->facture->enabled || $conf->deplacement->enabled || $conf->don->enabled  || $conf->tax->enabled',2,'2013-03-24 02:31:47'),(103167,'auguria',1,'comptabilite|accounting|facture|deplacement|don|tax','top','accountancy',0,NULL,NULL,6,'/compta/index.php?mainmenu=accountancy&amp;leftmenu=','','MenuFinancial','compta',-1,'','$user->rights->compta->resultat->lire || $user->rights->accounting->plancompte->lire || $user->rights->facture->lire|| $user->rights->deplacement->lire || $user->rights->don->lire || $user->rights->tax->charges->lire','$conf->comptabilite->enabled || $conf->accounting->enabled || $conf->facture->enabled || $conf->deplacement->enabled || $conf->don->enabled  || $conf->tax->enabled',2,'2013-03-24 02:31:47'),(103168,'auguria',1,'projet','top','project',0,NULL,NULL,7,'/projet/index.php?mainmenu=project&amp;leftmenu=','','Projects','projects',-1,'','$user->rights->projet->lire','$conf->projet->enabled',2,'2013-03-24 02:31:47'),(103169,'auguria',1,'mailing|export|import','top','tools',0,NULL,NULL,8,'/core/tools.php?mainmenu=tools&amp;leftmenu=','','Tools','other',-1,'','$user->rights->mailing->lire || $user->rights->export->lire || $user->rights->import->run','$conf->mailing->enabled || $conf->export->enabled || $conf->import->enabled',2,'2013-03-24 02:31:47'),(103174,'auguria',1,'adherent','top','members',0,NULL,NULL,15,'/adherents/index.php?mainmenu=members&amp;leftmenu=','','Members','members',-1,'','$user->rights->adherent->lire','$conf->adherent->enabled',2,'2013-03-24 02:31:47'),(103175,'auguria',1,'banque|prelevement','top','bank',0,NULL,NULL,6,'/compta/bank/index.php?mainmenu=bank&amp;leftmenu=bank','','MenuBankCash','banks',-1,'','$user->rights->banque->lire || $user->rights->prelevement->bons->lire','$conf->banque->enabled || $conf->prelevement->enabled',0,'2013-03-24 02:31:47'),(103261,'auguria',1,'','left','home',103162,NULL,NULL,0,'/admin/index.php?leftmenu=setup','','Setup','admin',0,'setup','','$user->admin',2,'2013-03-24 02:31:47'),(103262,'auguria',1,'','left','home',103261,NULL,NULL,1,'/admin/company.php?leftmenu=setup','','MenuCompanySetup','admin',1,'','','$leftmenu==\'setup\'',2,'2013-03-24 02:31:47'),(103263,'auguria',1,'','left','home',103261,NULL,NULL,4,'/admin/ihm.php?leftmenu=setup','','GUISetup','admin',1,'','','$leftmenu==\'setup\'',2,'2013-03-24 02:31:47'),(103264,'auguria',1,'','left','home',103261,NULL,NULL,2,'/admin/modules.php?leftmenu=setup','','Modules','admin',1,'','','$leftmenu==\'setup\'',2,'2013-03-24 02:31:47'),(103265,'auguria',1,'','left','home',103261,NULL,NULL,5,'/admin/boxes.php?leftmenu=setup','','Boxes','admin',1,'','','$leftmenu==\'setup\'',2,'2013-03-24 02:31:47'),(103266,'auguria',1,'','left','home',103261,NULL,NULL,3,'/admin/menus.php?leftmenu=setup','','Menus','admin',1,'','','$leftmenu==\'setup\'',2,'2013-03-24 02:31:47'),(103267,'auguria',1,'','left','home',103261,NULL,NULL,6,'/admin/delais.php?leftmenu=setup','','Alerts','admin',1,'','','$leftmenu==\'setup\'',2,'2013-03-24 02:31:47'),(103268,'auguria',1,'','left','home',103261,NULL,NULL,9,'/admin/pdf.php?leftmenu=setup','','PDF','admin',1,'','','$leftmenu==\'setup\'',2,'2013-03-24 02:31:47'),(103269,'auguria',1,'','left','home',103261,NULL,NULL,7,'/admin/proxy.php?leftmenu=setup','','Security','admin',1,'','','$leftmenu==\'setup\'',2,'2013-03-24 02:31:47'),(103270,'auguria',1,'','left','home',103261,NULL,NULL,10,'/admin/mails.php?leftmenu=setup','','Emails','admin',1,'','','$leftmenu==\'setup\'',2,'2013-03-24 02:31:47'),(103271,'auguria',1,'','left','home',103261,NULL,NULL,8,'/admin/limits.php?leftmenu=setup','','MenuLimits','admin',1,'','','$leftmenu==\'setup\'',2,'2013-03-24 02:31:47'),(103272,'auguria',1,'','left','home',103261,NULL,NULL,12,'/admin/dict.php?leftmenu=setup','','DictionnarySetup','admin',1,'','','$leftmenu==\'setup\'',2,'2013-03-24 02:31:47'),(103273,'auguria',1,'','left','home',103261,NULL,NULL,13,'/admin/const.php?leftmenu=setup','','OtherSetup','admin',1,'','','$leftmenu==\'setup\'',2,'2013-03-24 02:31:47'),(103274,'auguria',1,'','left','home',103261,NULL,NULL,11,'/admin/sms.php?leftmenu=setup','','Sms','admin',1,'','','$leftmenu==\'setup\'',2,'2013-03-24 02:31:47'),(103362,'auguria',1,'','left','home',103461,NULL,NULL,0,'/admin/system/dolibarr.php?leftmenu=admintools','','InfoDolibarr','admin',1,'','','$leftmenu==\'admintools\'',2,'2013-03-24 02:31:47'),(103364,'auguria',1,'','left','home',103461,NULL,NULL,13,'/admin/system/about.php?leftmenu=admintools','','About','admin',1,'','','$leftmenu==\'admintools\'',2,'2013-03-24 02:31:47'),(103365,'auguria',1,'','left','home',103461,NULL,NULL,1,'/admin/system/os.php?leftmenu=admintools','','InfoOS','admin',1,'','','$leftmenu==\'admintools\'',2,'2013-03-24 02:31:47'),(103366,'auguria',1,'','left','home',103461,NULL,NULL,2,'/admin/system/web.php?leftmenu=admintools','','InfoWebServer','admin',1,'','','$leftmenu==\'admintools\'',2,'2013-03-24 02:31:47'),(103367,'auguria',1,'','left','home',103461,NULL,NULL,3,'/admin/system/phpinfo.php?leftmenu=admintools','','InfoPHP','admin',1,'','','$leftmenu==\'admintools\'',2,'2013-03-24 02:31:47'),(103368,'auguria',1,'','left','home',103362,NULL,NULL,3,'/admin/triggers.php?leftmenu=admintools','','Triggers','admin',2,'','','$leftmenu==\'admintools\'',2,'2013-03-24 02:31:47'),(103369,'auguria',1,'','left','home',103362,NULL,NULL,2,'/admin/system/modules.php?leftmenu=admintools','','Modules','admin',2,'','','$leftmenu==\'admintools\'',2,'2013-03-24 02:31:47'),(103371,'auguria',1,'','left','home',103461,NULL,NULL,4,'/admin/system/database.php?leftmenu=admintools','','InfoDatabase','admin',1,'','','$leftmenu==\'admintools\'',2,'2013-03-24 02:31:47'),(103461,'auguria',1,'','left','home',103162,NULL,NULL,2,'/admin/tools/index.php?leftmenu=admintools','','SystemTools','admin',0,'admintools','','$user->admin',2,'2013-03-24 02:31:47'),(103462,'auguria',1,'','left','home',103461,NULL,NULL,5,'/admin/tools/dolibarr_export.php?leftmenu=admintools','','Backup','admin',1,'','','$leftmenu==\'admintools\'',2,'2013-03-24 02:31:47'),(103463,'auguria',1,'','left','home',103461,NULL,NULL,6,'/admin/tools/dolibarr_import.php?leftmenu=admintools','','Restore','admin',1,'','','$leftmenu==\'admintools\'',2,'2013-03-24 02:31:47'),(103464,'auguria',1,'','left','home',103461,NULL,NULL,11,'/admin/tools/purge.php?leftmenu=admintools','','Purge','admin',1,'','','$leftmenu==\'admintools\'',2,'2013-03-24 02:31:47'),(103465,'auguria',1,'','left','home',103461,NULL,NULL,8,'/admin/tools/eaccelerator.php?leftmenu=admintools','','EAccelerator','admin',1,'','','$leftmenu==\'admintools\' && function_exists(\'eaccelerator_info\')',2,'2013-03-24 02:31:47'),(103466,'auguria',1,'','left','home',103461,NULL,NULL,7,'/admin/tools/update.php?leftmenu=admintools','','MenuUpgrade','admin',1,'','','$leftmenu==\'admintools\'',2,'2013-03-24 02:31:47'),(103467,'auguria',1,'','left','home',103461,NULL,NULL,9,'/admin/tools/listevents.php?leftmenu=admintools','','Audit','admin',1,'','','$leftmenu==\'admintools\'',2,'2013-03-24 02:31:47'),(103468,'auguria',1,'','left','home',103461,NULL,NULL,12,'/support/index.php?leftmenu=admintools','_blank','HelpCenter','help',1,'','','$leftmenu==\'admintools\'',2,'2013-03-24 02:31:47'),(103469,'auguria',1,'','left','home',103461,NULL,NULL,10,'/admin/tools/listsessions.php?leftmenu=admintools','','Sessions','admin',1,'','','$leftmenu==\'admintools\'',2,'2013-03-24 02:31:47'),(103561,'auguria',1,'','left','home',103162,NULL,NULL,3,'/user/home.php?leftmenu=users','','MenuUsersAndGroups','users',0,'users','','1',2,'2013-03-24 02:31:47'),(103562,'auguria',1,'','left','home',103561,NULL,NULL,0,'/user/index.php?leftmenu=users','','Users','users',1,'','$user->rights->user->user->lire || $user->admin','$leftmenu==\'users\'',2,'2013-03-24 02:31:47'),(103563,'auguria',1,'','left','home',103562,NULL,NULL,0,'/user/card.php?leftmenu=users&amp;action=create','','NewUser','users',2,'','$user->rights->user->user->creer || $user->admin','$leftmenu==\'users\'',2,'2013-03-24 02:31:47'),(103564,'auguria',1,'','left','home',103561,NULL,NULL,1,'/user/group/index.php?leftmenu=users','','Groups','users',1,'','($conf->global->MAIN_USE_ADVANCED_PERMS?$user->rights->user->group_advance->read:$user->rights->user->user->lire) || $user->admin','$leftmenu==\'users\'',2,'2013-03-24 02:31:47'),(103565,'auguria',1,'','left','home',103564,NULL,NULL,0,'/user/group/card.php?leftmenu=users&amp;action=create','','NewGroup','users',2,'','($conf->global->MAIN_USE_ADVANCED_PERMS?$user->rights->user->group_advance->write:$user->rights->user->user->creer) || $user->admin','$leftmenu==\'users\'',2,'2013-03-24 02:31:47'),(103661,'auguria',1,'','left','companies',103163,NULL,NULL,0,'/societe/index.php?leftmenu=thirdparties','','ThirdParty','companies',0,'thirdparties','$user->rights->societe->lire','$conf->societe->enabled',2,'2013-03-24 02:31:47'),(103662,'auguria',1,'','left','companies',103661,NULL,NULL,0,'/societe/soc.php?action=create','','MenuNewThirdParty','companies',1,'','$user->rights->societe->lire','$conf->societe->enabled',2,'2013-03-24 02:31:47'),(103664,'auguria',1,'','left','companies',103661,NULL,NULL,5,'/fourn/list.php?leftmenu=suppliers','','ListSuppliersShort','suppliers',1,'','$user->rights->societe->lire && $user->rights->fournisseur->lire','$conf->societe->enabled && $conf->fournisseur->enabled',2,'2013-03-24 02:31:47'),(103665,'auguria',1,'','left','companies',103664,NULL,NULL,0,'/societe/soc.php?leftmenu=supplier&amp;action=create&amp;type=f','','NewSupplier','suppliers',2,'','$user->rights->societe->creer','$conf->societe->enabled && $conf->fournisseur->enabled',2,'2013-03-24 02:31:47'),(103667,'auguria',1,'','left','companies',103661,NULL,NULL,3,'/comm/prospect/list.php?leftmenu=prospects','','ListProspectsShort','companies',1,'','$user->rights->societe->lire','$conf->societe->enabled',2,'2013-03-24 02:31:47'),(103668,'auguria',1,'','left','companies',103667,NULL,NULL,0,'/societe/soc.php?leftmenu=prospects&amp;action=create&amp;type=p','','MenuNewProspect','companies',2,'','$user->rights->societe->creer','$conf->societe->enabled',2,'2013-03-24 02:31:47'),(103670,'auguria',1,'','left','companies',103661,NULL,NULL,4,'/comm/list.php?leftmenu=customers','','ListCustomersShort','companies',1,'','$user->rights->societe->lire','$conf->societe->enabled',2,'2013-03-24 02:31:47'),(103671,'auguria',1,'','left','companies',103670,NULL,NULL,0,'/societe/soc.php?leftmenu=customers&amp;action=create&amp;type=c','','MenuNewCustomer','companies',2,'','$user->rights->societe->creer','$conf->societe->enabled',2,'2013-03-24 02:31:47'),(103761,'auguria',1,'','left','companies',103163,NULL,NULL,1,'/contact/list.php?leftmenu=contacts','','ContactsAddresses','companies',0,'contacts','$user->rights->societe->lire','$conf->societe->enabled',2,'2013-03-24 02:31:47'),(103762,'auguria',1,'','left','companies',103761,NULL,NULL,0,'/contact/card.php?leftmenu=contacts&amp;action=create','','NewContactAddress','companies',1,'','$user->rights->societe->creer','$conf->societe->enabled',2,'2013-03-24 02:31:47'),(103763,'auguria',1,'','left','companies',103761,NULL,NULL,1,'/contact/list.php?leftmenu=contacts','','List','companies',1,'','$user->rights->societe->lire','$conf->societe->enabled',2,'2013-03-24 02:31:47'),(103765,'auguria',1,'','left','companies',103763,NULL,NULL,1,'/contact/list.php?leftmenu=contacts&amp;type=p','','Prospects','companies',2,'','$user->rights->societe->contact->lire','$conf->societe->enabled',2,'2013-03-24 02:31:47'),(103766,'auguria',1,'','left','companies',103763,NULL,NULL,2,'/contact/list.php?leftmenu=contacts&amp;type=c','','Customers','companies',2,'','$user->rights->societe->contact->lire','$conf->societe->enabled',2,'2013-03-24 02:31:47'),(103767,'auguria',1,'','left','companies',103763,NULL,NULL,3,'/contact/list.php?leftmenu=contacts&amp;type=f','','Suppliers','companies',2,'','$user->rights->societe->contact->lire','$conf->societe->enabled && $conf->fournisseur->enabled',2,'2013-03-24 02:31:47'),(103768,'auguria',1,'','left','companies',103763,NULL,NULL,4,'/contact/list.php?leftmenu=contacts&amp;type=o','','Others','companies',2,'','$user->rights->societe->contact->lire','$conf->societe->enabled',2,'2013-03-24 02:31:47'),(103811,'auguria',1,'','left','companies',103163,NULL,NULL,3,'/categories/index.php?leftmenu=cat&amp;type=1','','SuppliersCategoriesShort','categories',0,'cat','$user->rights->categorie->lire','$conf->societe->enabled && $conf->categorie->enabled',2,'2013-03-24 02:31:47'),(103812,'auguria',1,'','left','companies',103811,NULL,NULL,0,'/categories/card.php?action=create&amp;type=1','','NewCategory','categories',1,'','$user->rights->categorie->creer','$conf->societe->enabled && $conf->categorie->enabled',2,'2013-03-24 02:31:47'),(103821,'auguria',1,'','left','companies',103163,NULL,NULL,4,'/categories/index.php?leftmenu=cat&amp;type=2','','CustomersProspectsCategoriesShort','categories',0,'cat','$user->rights->categorie->lire','$conf->fournisseur->enabled && $conf->categorie->enabled',2,'2013-03-24 02:31:47'),(103822,'auguria',1,'','left','companies',103821,NULL,NULL,0,'/categories/card.php?action=create&amp;type=2','','NewCategory','categories',1,'','$user->rights->categorie->creer','$conf->fournisseur->enabled && $conf->categorie->enabled',2,'2013-03-24 02:31:47'),(104261,'auguria',1,'','left','commercial',103166,NULL,NULL,4,'/comm/propal/index.php?leftmenu=propals','','Prop','propal',0,'propals','$user->rights->propale->lire','$conf->propal->enabled',2,'2013-03-24 02:31:47'),(104262,'auguria',1,'','left','commercial',104261,NULL,NULL,0,'/societe/societe.php?leftmenu=propals','','NewPropal','propal',1,'','$user->rights->propale->creer','$conf->propal->enabled',2,'2013-03-24 02:31:47'),(104263,'auguria',1,'','left','commercial',104261,NULL,NULL,1,'/comm/propal/list.php?leftmenu=propals','','List','propal',1,'','$user->rights->propale->lire','$conf->propal->enabled',2,'2013-03-24 02:31:47'),(104264,'auguria',1,'','left','commercial',104263,NULL,NULL,2,'/comm/propal/list.php?leftmenu=propals&amp;viewstatut=0','','PropalsDraft','propal',1,'','$user->rights->propale->lire','$conf->propal->enabled && $leftmenu==\"propals\"',2,'2013-03-24 02:31:47'),(104265,'auguria',1,'','left','commercial',104263,NULL,NULL,3,'/comm/propal/list.php?leftmenu=propals&amp;viewstatut=1','','PropalsOpened','propal',1,'','$user->rights->propale->lire','$conf->propal->enabled && $leftmenu==\"propals\"',2,'2013-03-24 02:31:47'),(104266,'auguria',1,'','left','commercial',104263,NULL,NULL,4,'/comm/propal/list.php?leftmenu=propals&amp;viewstatut=2','','PropalStatusSigned','propal',1,'','$user->rights->propale->lire','$conf->propal->enabled && $leftmenu==\"propals\"',2,'2013-03-24 02:31:47'),(104267,'auguria',1,'','left','commercial',104263,NULL,NULL,5,'/comm/propal/list.php?leftmenu=propals&amp;viewstatut=3','','PropalStatusNotSigned','propal',1,'','$user->rights->propale->lire','$conf->propal->enabled && $leftmenu==\"propals\"',2,'2013-03-24 02:31:47'),(104268,'auguria',1,'','left','commercial',104263,NULL,NULL,6,'/comm/propal/list.php?leftmenu=propals&amp;viewstatut=4','','PropalStatusBilled','propal',1,'','$user->rights->propale->lire','$conf->propal->enabled && $leftmenu==\"propals\"',2,'2013-03-24 02:31:47'),(104271,'auguria',1,'','left','commercial',104261,NULL,NULL,4,'/comm/propal/stats/index.php?leftmenu=propals','','Statistics','propal',1,'','$user->rights->propale->lire','$conf->propal->enabled',2,'2013-03-24 02:31:47'),(104361,'auguria',1,'','left','commercial',103166,NULL,NULL,5,'/commande/index.php?leftmenu=orders','','CustomersOrders','orders',0,'orders','$user->rights->commande->lire','$conf->commande->enabled',2,'2013-03-24 02:31:47'),(104362,'auguria',1,'','left','commercial',104361,NULL,NULL,0,'/societe/societe.php?leftmenu=orders','','NewOrder','orders',1,'','$user->rights->commande->creer','$conf->commande->enabled',2,'2013-03-24 02:31:47'),(104363,'auguria',1,'','left','commercial',104361,NULL,NULL,1,'/commande/list.php?leftmenu=orders','','List','orders',1,'','$user->rights->commande->lire','$conf->commande->enabled',2,'2013-03-24 02:31:47'),(104364,'auguria',1,'','left','commercial',104363,NULL,NULL,2,'/commande/list.php?leftmenu=orders&amp;viewstatut=0','','StatusOrderDraftShort','orders',1,'','$user->rights->commande->lire','$conf->commande->enabled && $leftmenu==\"orders\"',2,'2013-03-24 02:31:47'),(104365,'auguria',1,'','left','commercial',104363,NULL,NULL,3,'/commande/list.php?leftmenu=orders&amp;viewstatut=1','','StatusOrderValidated','orders',1,'','$user->rights->commande->lire','$conf->commande->enabled && $leftmenu==\"orders\"',2,'2013-03-24 02:31:47'),(104366,'auguria',1,'','left','commercial',104363,NULL,NULL,4,'/commande/list.php?leftmenu=orders&amp;viewstatut=2','','StatusOrderOnProcessShort','orders',1,'','$user->rights->commande->lire','$conf->commande->enabled && $leftmenu==\"orders\"',2,'2013-03-24 02:31:47'),(104367,'auguria',1,'','left','commercial',104363,NULL,NULL,5,'/commande/list.php?leftmenu=orders&amp;viewstatut=3','','StatusOrderToBill','orders',1,'','$user->rights->commande->lire','$conf->commande->enabled && $leftmenu==\"orders\"',2,'2013-03-24 02:31:47'),(104368,'auguria',1,'','left','commercial',104363,NULL,NULL,6,'/commande/list.php?leftmenu=orders&amp;viewstatut=4','','StatusOrderProcessed','orders',1,'','$user->rights->commande->lire','$conf->commande->enabled && $leftmenu==\"orders\"',2,'2013-03-24 02:31:47'),(104369,'auguria',1,'','left','commercial',104363,NULL,NULL,7,'/commande/list.php?leftmenu=orders&amp;viewstatut=-1','','StatusOrderCanceledShort','orders',1,'','$user->rights->commande->lire','$conf->commande->enabled && $leftmenu==\"orders\"',2,'2013-03-24 02:31:47'),(104370,'auguria',1,'','left','commercial',104361,NULL,NULL,4,'/commande/stats/index.php?leftmenu=orders','','Statistics','orders',1,'','$user->rights->commande->lire','$conf->commande->enabled',2,'2013-03-24 02:31:47'),(104461,'auguria',1,'','left','commercial',103164,NULL,NULL,6,'/expedition/index.php?leftmenu=sendings','','Shipments','sendings',0,'sendings','$user->rights->expedition->lire','$conf->expedition->enabled',2,'2013-03-24 02:31:47'),(104462,'auguria',1,'','left','commercial',104461,NULL,NULL,0,'/expedition/card.php?action=create2&leftmenu=sendings','','NewSending','sendings',1,'','$user->rights->expedition->creer','$conf->expedition->enabled && $leftmenu==\"sendings\"',2,'2013-03-24 02:31:47'),(104463,'auguria',1,'','left','commercial',104461,NULL,NULL,1,'/expedition/list.php?leftmenu=sendings','','List','sendings',1,'','$user->rights->expedition->lire','$conf->expedition->enabled && $leftmenu==\"sendings\"',2,'2013-03-24 02:31:47'),(104464,'auguria',1,'','left','commercial',104461,NULL,NULL,2,'/expedition/stats/index.php?leftmenu=sendings','','Statistics','sendings',1,'','$user->rights->expedition->lire','$conf->expedition->enabled && $leftmenu==\"sendings\"',2,'2013-03-24 02:31:47'),(104561,'auguria',1,'','left','commercial',103166,NULL,NULL,7,'/contrat/index.php?leftmenu=contracts','','Contracts','contracts',0,'contracts','$user->rights->contrat->lire','$conf->contrat->enabled',2,'2013-03-24 02:31:47'),(104562,'auguria',1,'','left','commercial',104561,NULL,NULL,0,'/societe/societe.php?leftmenu=contracts','','NewContract','contracts',1,'','$user->rights->contrat->creer','$conf->contrat->enabled',2,'2013-03-24 02:31:47'),(104563,'auguria',1,'','left','commercial',104561,NULL,NULL,1,'/contrat/list.php?leftmenu=contracts','','List','contracts',1,'','$user->rights->contrat->lire','$conf->contrat->enabled',2,'2013-03-24 02:31:47'),(104564,'auguria',1,'','left','commercial',104561,NULL,NULL,2,'/contrat/services.php?leftmenu=contracts','','MenuServices','contracts',1,'','$user->rights->contrat->lire','$conf->contrat->enabled',2,'2013-03-24 02:31:47'),(104565,'auguria',1,'','left','commercial',104564,NULL,NULL,0,'/contrat/services.php?leftmenu=contracts&amp;mode=0','','MenuInactiveServices','contracts',2,'','$user->rights->contrat->lire','$conf->contrat->enabled&&$leftmenu==\"contracts\"',2,'2013-03-24 02:31:47'),(104566,'auguria',1,'','left','commercial',104564,NULL,NULL,1,'/contrat/services.php?leftmenu=contracts&amp;mode=4','','MenuRunningServices','contracts',2,'','$user->rights->contrat->lire','$conf->contrat->enabled&&$leftmenu==\"contracts\"',2,'2013-03-24 02:31:47'),(104567,'auguria',1,'','left','commercial',104564,NULL,NULL,2,'/contrat/services.php?leftmenu=contracts&amp;mode=4&amp;filter=expired','','MenuExpiredServices','contracts',2,'','$user->rights->contrat->lire','$conf->contrat->enabled&&$leftmenu==\"contracts\"',2,'2013-03-24 02:31:47'),(104568,'auguria',1,'','left','commercial',104564,NULL,NULL,3,'/contrat/services.php?leftmenu=contracts&amp;mode=5','','MenuClosedServices','contracts',2,'','$user->rights->contrat->lire','$conf->contrat->enabled&&$leftmenu==\"contracts\"',2,'2013-03-24 02:31:47'),(104661,'auguria',1,'','left','commercial',103166,NULL,NULL,8,'/fichinter/list.php?leftmenu=ficheinter','','Interventions','interventions',0,'ficheinter','$user->rights->ficheinter->lire','$conf->ficheinter->enabled',2,'2013-03-24 02:31:47'),(104662,'auguria',1,'','left','commercial',104661,NULL,NULL,0,'/fichinter/card.php?action=create&amp;leftmenu=ficheinter','','NewIntervention','interventions',1,'','$user->rights->ficheinter->creer','$conf->ficheinter->enabled',2,'2013-03-24 02:31:47'),(104663,'auguria',1,'','left','commercial',104661,NULL,NULL,1,'/fichinter/list.php?leftmenu=ficheinter','','List','interventions',1,'','$user->rights->ficheinter->lire','$conf->ficheinter->enabled',2,'2013-03-24 02:31:47'),(104761,'auguria',1,'','left','accountancy',103167,NULL,NULL,3,'/fourn/facture/index.php?leftmenu=suppliers_bills','','BillsSuppliers','bills',0,'supplier_bills','$user->rights->fournisseur->facture->lire','$conf->fournisseur->enabled',2,'2013-03-24 02:31:47'),(104762,'auguria',1,'','left','accountancy',104761,NULL,NULL,0,'/fourn/facture/card.php?action=create&amp;leftmenu=suppliers_bills','','NewBill','bills',1,'','$user->rights->fournisseur->facture->creer','$conf->fournisseur->enabled',2,'2013-03-24 02:31:47'),(104763,'auguria',1,'','left','accountancy',104761,NULL,NULL,1,'/fourn/facture/impayees.php?leftmenu=suppliers_bills','','Unpaid','bills',1,'','$user->rights->fournisseur->facture->lire','$conf->fournisseur->enabled',2,'2013-03-24 02:31:47'),(104764,'auguria',1,'','left','accountancy',104761,NULL,NULL,2,'/fourn/facture/paiement.php?leftmenu=suppliers_bills','','Payments','bills',1,'','$user->rights->fournisseur->facture->lire','$conf->fournisseur->enabled',2,'2013-03-24 02:31:47'),(104765,'auguria',1,'','left','accountancy',104761,NULL,NULL,8,'/compta/facture/stats/index.php?leftmenu=customers_bills&mode=supplier','','Statistics','bills',1,'','$user->rights->fournisseur->facture->lire','$conf->fournisseur->enabled',2,'2013-03-24 02:31:47'),(104861,'auguria',1,'','left','accountancy',103167,NULL,NULL,3,'/compta/facture/list.php?leftmenu=customers_bills','','BillsCustomers','bills',0,'customer_bills','$user->rights->facture->lire','$conf->facture->enabled',2,'2013-03-24 02:31:47'),(104862,'auguria',1,'','left','accountancy',104861,NULL,NULL,3,'/compta/clients.php?action=facturer&amp;leftmenu=customers_bills','','NewBill','bills',1,'','$user->rights->facture->creer','$conf->facture->enabled',2,'2013-03-24 02:31:47'),(104863,'auguria',1,'','left','accountancy',104861,NULL,NULL,4,'/compta/facture/fiche-rec.php?leftmenu=customers_bills','','Repeatable','bills',1,'','$user->rights->facture->lire','$conf->facture->enabled',2,'2013-03-24 02:31:47'),(104864,'auguria',1,'','left','accountancy',104861,NULL,NULL,5,'/compta/facture/impayees.php?action=facturer&amp;leftmenu=customers_bills','','Unpaid','bills',1,'','$user->rights->facture->lire','$conf->facture->enabled',2,'2013-03-24 02:31:47'),(104865,'auguria',1,'','left','accountancy',104861,NULL,NULL,6,'/compta/paiement/list.php?leftmenu=customers_bills','','Payments','bills',1,'','$user->rights->facture->lire','$conf->facture->enabled',2,'2013-03-24 02:31:47'),(104871,'auguria',1,'','left','accountancy',104865,NULL,NULL,1,'/compta/paiement/rapport.php?leftmenu=customers_bills','','Reportings','bills',2,'','$user->rights->facture->lire','$conf->facture->enabled',2,'2013-03-24 02:31:47'),(104872,'auguria',1,'','left','accountancy',103175,NULL,NULL,9,'/compta/paiement/cheque/index.php?leftmenu=checks&amp;mainmenu=bank','','MenuChequeDeposits','bills',0,'checks','$user->rights->facture->lire','$conf->facture->enabled && $conf->banque->enabled',2,'2013-03-24 02:31:47'),(104873,'auguria',1,'','left','accountancy',104872,NULL,NULL,0,'/compta/paiement/cheque/card.php?leftmenu=checks&amp;action=new','','NewCheckDeposit','compta',1,'','$user->rights->facture->lire','$conf->facture->enabled && $conf->banque->enabled',2,'2013-03-24 02:31:47'),(104874,'auguria',1,'','left','accountancy',104872,NULL,NULL,1,'/compta/paiement/cheque/list.php?leftmenu=checks','','List','bills',1,'','$user->rights->facture->lire','$conf->facture->enabled && $conf->banque->enabled',2,'2013-03-24 02:31:47'),(104875,'auguria',1,'','left','accountancy',104861,NULL,NULL,8,'/compta/facture/stats/index.php?leftmenu=customers_bills','','Statistics','bills',1,'','$user->rights->facture->lire','$conf->facture->enabled',2,'2013-03-24 02:31:47'),(105061,'auguria',1,'','left','accountancy',103167,NULL,NULL,3,'/commande/list.php?leftmenu=orders&amp;viewstatut=3','','MenuOrdersToBill','orders',0,'orders','$user->rights->commande->lire','$conf->commande->enabled',0,'2013-03-24 02:31:47'),(105161,'auguria',1,'','left','accountancy',103167,NULL,NULL,4,'/compta/dons/index.php?leftmenu=donations&amp;mainmenu=accountancy','','Donations','donations',0,'donations','$user->rights->don->lire','$conf->don->enabled',2,'2013-03-24 02:31:47'),(105162,'auguria',1,'','left','accountancy',105161,NULL,NULL,0,'/compta/dons/card.php?leftmenu=donations&amp;mainmenu=accountancy&amp;action=create','','NewDonation','donations',1,'','$user->rights->don->creer','$conf->don->enabled && $leftmenu==\"donations\"',2,'2013-03-24 02:31:47'),(105163,'auguria',1,'','left','accountancy',105161,NULL,NULL,1,'/compta/dons/list.php?leftmenu=donations&amp;mainmenu=accountancy','','List','donations',1,'','$user->rights->don->lire','$conf->don->enabled && $leftmenu==\"donations\"',2,'2013-03-24 02:31:47'),(105261,'auguria',1,'','left','accountancy',103167,NULL,NULL,5,'/compta/deplacement/index.php?leftmenu=tripsandexpenses','','TripsAndExpenses','trips',0,'tripsandexpenses','$user->rights->deplacement->lire','$conf->deplacement->enabled',0,'2013-03-24 02:31:47'),(105262,'auguria',1,'','left','accountancy',105261,NULL,NULL,1,'/compta/deplacement/card.php?action=create&amp;leftmenu=tripsandexpenses','','New','trips',1,'','$user->rights->deplacement->creer','$conf->deplacement->enabled && $leftmenu==\"tripsandexpenses\"',0,'2013-03-24 02:31:47'),(105263,'auguria',1,'','left','accountancy',105261,NULL,NULL,2,'/compta/deplacement/list.php?leftmenu=tripsandexpenses','','List','trips',1,'','$user->rights->deplacement->lire','$conf->deplacement->enabled && $leftmenu==\"tripsandexpenses\"',0,'2013-03-24 02:31:47'),(105264,'auguria',1,'','left','accountancy',105261,NULL,NULL,2,'/compta/deplacement/stats/index.php?leftmenu=tripsandexpenses','','Statistics','trips',1,'','$user->rights->deplacement->lire','$conf->deplacement->enabled && $leftmenu==\"tripsandexpenses\"',0,'2013-03-24 02:31:47'),(105361,'auguria',1,'','left','accountancy',103167,NULL,NULL,6,'/compta/charges/index.php?leftmenu=tax&amp;mainmenu=accountancy','','MenuTaxAndDividends','compta',0,'tax','$user->rights->tax->charges->lire','$conf->tax->enabled',0,'2013-03-24 02:31:47'),(105362,'auguria',1,'','left','accountancy',105361,NULL,NULL,1,'/compta/sociales/index.php?leftmenu=tax_social','','SocialContributions','',1,'tax_social','$user->rights->tax->charges->lire','$conf->tax->enabled',0,'2013-03-24 02:31:47'),(105363,'auguria',1,'','left','accountancy',105362,NULL,NULL,2,'/compta/sociales/charges.php?leftmenu=tax_social&amp;action=create','','MenuNewSocialContribution','',2,'','$user->rights->tax->charges->creer','$conf->tax->enabled && $leftmenu==\"tax_social\"',0,'2013-03-24 02:31:47'),(105364,'auguria',1,'','left','accountancy',105362,NULL,NULL,3,'/compta/charges/index.php?leftmenu=tax_social&amp;mainmenu=accountancy&amp;mode=sconly','','Payments','',2,'','$user->rights->tax->charges->lire','$conf->tax->enabled && $leftmenu==\"tax_social\"',0,'2013-03-24 02:31:47'),(105461,'auguria',1,'','left','accountancy',105361,NULL,NULL,7,'/compta/tva/index.php?leftmenu=tax_vat&amp;mainmenu=accountancy','','VAT','companies',1,'tax_vat','$user->rights->tax->charges->lire','$conf->tax->enabled && empty($conf->global->TAX_DISABLE_VAT_MENUS)',0,'2013-03-24 02:31:47'),(105462,'auguria',1,'','left','accountancy',105461,NULL,NULL,0,'/compta/tva/card.php?leftmenu=tax_vat&amp;action=create','','NewPayment','companies',2,'','$user->rights->tax->charges->creer','$conf->tax->enabled && empty($conf->global->TAX_DISABLE_VAT_MENUS) && $leftmenu==\"tax_vat\"',0,'2013-03-24 02:31:47'),(105463,'auguria',1,'','left','accountancy',105461,NULL,NULL,1,'/compta/tva/reglement.php?leftmenu=tax_vat','','Payments','companies',2,'','$user->rights->tax->charges->lire','$conf->tax->enabled && empty($conf->global->TAX_DISABLE_VAT_MENUS) && $leftmenu==\"tax_vat\"',0,'2013-03-24 02:31:47'),(105464,'auguria',1,'','left','accountancy',105461,NULL,NULL,2,'/compta/tva/clients.php?leftmenu=tax_vat','','ReportByCustomers','companies',2,'','$user->rights->tax->charges->lire','$conf->tax->enabled && empty($conf->global->TAX_DISABLE_VAT_MENUS) && $leftmenu==\"tax_vat\"',0,'2013-03-24 02:31:47'),(105465,'auguria',1,'','left','accountancy',105461,NULL,NULL,3,'/compta/tva/quadri_detail.php?leftmenu=tax_vat','','ReportByQuarter','companies',2,'','$user->rights->tax->charges->lire','$conf->tax->enabled && empty($conf->global->TAX_DISABLE_VAT_MENUS) && $leftmenu==\"tax_vat\"',0,'2013-03-24 02:31:47'),(105561,'auguria',1,'','left','accountancy',103167,NULL,NULL,8,'/compta/ventilation/index.php?leftmenu=ventil','','Ventilation','companies',0,'ventil','$user->rights->compta->ventilation->lire','$conf->comptabilite->enabled && $conf->global->FACTURE_VENTILATION',0,'2013-03-24 02:31:47'),(105562,'auguria',1,'','left','accountancy',105561,NULL,NULL,0,'/compta/ventilation/list.php','','ToDispatch','companies',1,'','$user->rights->compta->ventilation->lire','$conf->comptabilite->enabled && $conf->global->FACTURE_VENTILATION',0,'2013-03-24 02:31:47'),(105563,'auguria',1,'','left','accountancy',105561,NULL,NULL,1,'/compta/ventilation/lignes.php','','Dispatched','companies',1,'','$user->rights->compta->ventilation->lire','$conf->comptabilite->enabled && $conf->global->FACTURE_VENTILATION',0,'2013-03-24 02:31:47'),(105564,'auguria',1,'','left','accountancy',105561,NULL,NULL,2,'/compta/param/','','Setup','companies',1,'','$user->rights->compta->ventilation->parametrer','$conf->comptabilite->enabled && $conf->global->FACTURE_VENTILATION',0,'2013-03-24 02:31:47'),(105565,'auguria',1,'','left','accountancy',105564,NULL,NULL,0,'/compta/param/comptes/list.php','','List','companies',2,'','$user->rights->compta->ventilation->parametrer','$conf->comptabilite->enabled && $conf->global->FACTURE_VENTILATION',0,'2013-03-24 02:31:47'),(105566,'auguria',1,'','left','accountancy',105564,NULL,NULL,1,'/compta/param/comptes/card.php?action=create','','New','companies',2,'','$user->rights->compta->ventilation->parametrer','$conf->comptabilite->enabled && $conf->global->FACTURE_VENTILATION',0,'2013-03-24 02:31:47'),(105567,'auguria',1,'','left','accountancy',105561,NULL,NULL,3,'/compta/export/','','Export','companies',1,'','$user->rights->compta->ventilation->lire','$conf->comptabilite->enabled && $conf->global->FACTURE_VENTILATION',0,'2013-03-24 02:31:47'),(105568,'auguria',1,'','left','accountancy',105567,NULL,NULL,0,'/compta/export/index.php','','New','companies',2,'','$user->rights->compta->ventilation->lire','$conf->comptabilite->enabled && $conf->global->FACTURE_VENTILATION',0,'2013-03-24 02:31:47'),(105569,'auguria',1,'','left','accountancy',105567,NULL,NULL,1,'/compta/export/list.php','','List','companies',2,'','$user->rights->compta->ventilation->lire','$conf->comptabilite->enabled && $conf->global->FACTURE_VENTILATION',0,'2013-03-24 02:31:47'),(105661,'auguria',1,'','left','accountancy',103175,NULL,NULL,9,'/compta/prelevement/index.php?leftmenu=withdraw&amp;mainmenu=bank','','StandingOrders','withdrawals',0,'withdraw','$user->rights->prelevement->bons->lire','$conf->prelevement->enabled',2,'2013-03-24 02:31:47'),(105663,'auguria',1,'','left','accountancy',105661,NULL,NULL,0,'/compta/prelevement/create.php?leftmenu=withdraw','','NewStandingOrder','withdrawals',1,'','$user->rights->prelevement->bons->lire','$conf->prelevement->enabled && $leftmenu==\"withdraw\"',2,'2013-03-24 02:31:47'),(105664,'auguria',1,'','left','accountancy',105661,NULL,NULL,2,'/compta/prelevement/bons.php?leftmenu=withdraw','','WithdrawalsReceipts','withdrawals',1,'','$user->rights->prelevement->bons->lire','$conf->prelevement->enabled && $leftmenu==\"withdraw\"',2,'2013-03-24 02:31:47'),(105665,'auguria',1,'','left','accountancy',105661,NULL,NULL,3,'/compta/prelevement/list.php?leftmenu=withdraw','','WithdrawalsLines','withdrawals',1,'','$user->rights->prelevement->bons->lire','$conf->prelevement->enabled && $leftmenu==\"withdraw\"',2,'2013-03-24 02:31:47'),(105667,'auguria',1,'','left','accountancy',105661,NULL,NULL,5,'/compta/prelevement/rejets.php?leftmenu=withdraw','','Rejects','withdrawals',1,'','$user->rights->prelevement->bons->lire','$conf->prelevement->enabled && $leftmenu==\"withdraw\"',2,'2013-03-24 02:31:47'),(105668,'auguria',1,'','left','accountancy',105661,NULL,NULL,6,'/compta/prelevement/stats.php?leftmenu=withdraw','','Statistics','withdrawals',1,'','$user->rights->prelevement->bons->lire','$conf->prelevement->enabled && $leftmenu==\"withdraw\"',2,'2013-03-24 02:31:47'),(105761,'auguria',1,'','left','accountancy',103175,NULL,NULL,1,'/compta/bank/index.php?leftmenu=bank&amp;mainmenu=bank','','MenuBankCash','banks',0,'bank','$user->rights->banque->lire','$conf->banque->enabled',0,'2013-03-24 02:31:47'),(105762,'auguria',1,'','left','accountancy',105761,NULL,NULL,0,'/compta/bank/card.php?action=create&amp;leftmenu=bank','','MenuNewFinancialAccount','banks',1,'','$user->rights->banque->configurer','$conf->banque->enabled && ($leftmenu==\"bank\" || $leftmenu==\"checks\" || $leftmenu==\"withdraw\")',0,'2013-03-24 02:31:47'),(105763,'auguria',1,'','left','accountancy',105761,NULL,NULL,1,'/compta/bank/categ.php?leftmenu=bank','','Rubriques','categories',1,'','$user->rights->banque->configurer','$conf->banque->enabled && ($leftmenu==\"bank\" || $leftmenu==\"checks\" || $leftmenu==\"withdraw\")',0,'2013-03-24 02:31:47'),(105764,'auguria',1,'','left','accountancy',105761,NULL,NULL,2,'/compta/bank/search.php?leftmenu=bank','','ListTransactions','banks',1,'','$user->rights->banque->lire','$conf->banque->enabled && ($leftmenu==\"bank\" || $leftmenu==\"checks\" || $leftmenu==\"withdraw\")',0,'2013-03-24 02:31:47'),(105765,'auguria',1,'','left','accountancy',105761,NULL,NULL,3,'/compta/bank/budget.php?leftmenu=bank','','ListTransactionsByCategory','banks',1,'','$user->rights->banque->lire','$conf->banque->enabled && ($leftmenu==\"bank\" || $leftmenu==\"checks\" || $leftmenu==\"withdraw\")',0,'2013-03-24 02:31:47'),(105767,'auguria',1,'','left','accountancy',105761,NULL,NULL,5,'/compta/bank/virement.php?leftmenu=bank','','BankTransfers','banks',1,'','$user->rights->banque->transfer','$conf->banque->enabled && ($leftmenu==\"bank\" || $leftmenu==\"checks\" || $leftmenu==\"withdraw\")',0,'2013-03-24 02:31:47'),(105861,'auguria',1,'','left','accountancy',103167,NULL,NULL,11,'/compta/resultat/index.php?leftmenu=ca&amp;mainmenu=accountancy','','Reportings','main',0,'ca','$user->rights->compta->resultat->lire || $user->rights->accounting->comptarapport->lire','$conf->comptabilite->enabled || $conf->accounting->enabled',0,'2013-03-24 02:31:47'),(105862,'auguria',1,'','left','accountancy',105861,NULL,NULL,0,'/compta/resultat/index.php?leftmenu=ca','','ReportInOut','main',1,'','$user->rights->compta->resultat->lire || $user->rights->accounting->comptarapport->lire','$conf->comptabilite->enabled || $conf->accounting->enabled',0,'2013-03-24 02:31:47'),(105863,'auguria',1,'','left','accountancy',105862,NULL,NULL,0,'/compta/resultat/clientfourn.php?leftmenu=ca','','ByCompanies','main',2,'','$user->rights->compta->resultat->lire || $user->rights->accounting->comptarapport->lire','$conf->comptabilite->enabled || $conf->accounting->enabled',0,'2013-03-24 02:31:47'),(105864,'auguria',1,'','left','accountancy',105861,NULL,NULL,1,'/compta/stats/index.php?leftmenu=ca','','ReportTurnover','main',1,'','$user->rights->compta->resultat->lire || $user->rights->accounting->comptarapport->lire','$conf->comptabilite->enabled || $conf->accounting->enabled',0,'2013-03-24 02:31:47'),(105865,'auguria',1,'','left','accountancy',105864,NULL,NULL,0,'/compta/stats/casoc.php?leftmenu=ca','','ByCompanies','main',2,'','$user->rights->compta->resultat->lire || $user->rights->accounting->comptarapport->lire','$conf->comptabilite->enabled || $conf->accounting->enabled',0,'2013-03-24 02:31:47'),(105866,'auguria',1,'','left','accountancy',105864,NULL,NULL,1,'/compta/stats/cabyuser.php?leftmenu=ca','','ByUsers','main',2,'','$user->rights->compta->resultat->lire || $user->rights->accounting->comptarapport->lire','$conf->comptabilite->enabled || $conf->accounting->enabled',0,'2013-03-24 02:31:47'),(105867,'auguria',1,'','left','accountancy',105861,NULL,NULL,1,'/compta/journal/sellsjournal.php?leftmenu=ca','','SellsJournal','main',1,'','$user->rights->compta->resultat->lire || $user->rights->accounting->comptarapport->lire','$conf->comptabilite->enabled || $conf->accounting->enabled',0,'2013-03-24 02:31:47'),(105868,'auguria',1,'','left','accountancy',105861,NULL,NULL,1,'/compta/journal/purchasesjournal.php?leftmenu=ca','','PurchasesJournal','main',1,'','$user->rights->compta->resultat->lire || $user->rights->accounting->comptarapport->lire','$conf->comptabilite->enabled || $conf->accounting->enabled',0,'2013-03-24 02:31:47'),(105961,'auguria',1,'','left','products',103164,NULL,NULL,0,'/product/index.php?leftmenu=product&amp;type=0','','Products','products',0,'product','$user->rights->produit->lire','$conf->product->enabled',2,'2013-03-24 02:31:47'),(105962,'auguria',1,'','left','products',105961,NULL,NULL,0,'/product/card.php?leftmenu=product&amp;action=create&amp;type=0','','NewProduct','products',1,'','$user->rights->produit->creer','$conf->product->enabled',2,'2013-03-24 02:31:47'),(105963,'auguria',1,'','left','products',105961,NULL,NULL,1,'/product/list.php?leftmenu=product&amp;type=0','','List','products',1,'','$user->rights->produit->lire','$conf->product->enabled',2,'2013-03-24 02:31:47'),(105964,'auguria',1,'','left','products',105961,NULL,NULL,4,'/product/reassort.php?type=0','','Stocks','products',1,'','$user->rights->produit->lire && $user->rights->stock->lire','$conf->product->enabled',2,'2013-03-24 02:31:47'),(105965,'auguria',1,'','left','products',105961,NULL,NULL,5,'/product/popuprop.php?leftmenu=stats&amp;type=0','','Statistics','main',1,'','$user->rights->produit->lire','$conf->propal->enabled',2,'2013-03-24 02:31:47'),(106061,'auguria',1,'','left','products',103164,NULL,NULL,1,'/product/index.php?leftmenu=service&amp;type=1','','Services','products',0,'service','$user->rights->service->lire','$conf->service->enabled',2,'2013-03-24 02:31:47'),(106062,'auguria',1,'','left','products',106061,NULL,NULL,0,'/product/card.php?leftmenu=service&amp;action=create&amp;type=1','','NewService','products',1,'','$user->rights->service->creer','$conf->service->enabled',2,'2013-03-24 02:31:47'),(106063,'auguria',1,'','left','products',106061,NULL,NULL,1,'/product/list.php?leftmenu=service&amp;type=1','','List','products',1,'','$user->rights->service->lire','$conf->service->enabled',2,'2013-03-24 02:31:47'),(106064,'auguria',1,'','left','products',106061,NULL,NULL,5,'/product/popuprop.php?leftmenu=stats&amp;type=1','','Statistics','main',1,'','$user->rights->service->lire','$conf->propal->enabled',2,'2013-03-24 02:31:47'),(106261,'auguria',1,'','left','products',103164,NULL,NULL,3,'/product/stock/index.php?leftmenu=stock','','Stock','stocks',0,'stock','$user->rights->stock->lire','$conf->stock->enabled',2,'2013-03-24 02:31:47'),(106262,'auguria',1,'','left','products',106261,NULL,NULL,0,'/product/stock/card.php?action=create','','MenuNewWarehouse','stocks',1,'','$user->rights->stock->creer','$conf->stock->enabled',2,'2013-03-24 02:31:47'),(106263,'auguria',1,'','left','products',106261,NULL,NULL,1,'/product/stock/list.php','','List','stocks',1,'','$user->rights->stock->lire','$conf->stock->enabled',2,'2013-03-24 02:31:47'),(106264,'auguria',1,'','left','products',106261,NULL,NULL,2,'/product/stock/valo.php','','EnhancedValue','stocks',1,'','$user->rights->stock->lire','$conf->stock->enabled',2,'2013-03-24 02:31:47'),(106265,'auguria',1,'','left','products',106261,NULL,NULL,3,'/product/stock/mouvement.php','','Movements','stocks',1,'','$user->rights->stock->mouvement->lire','$conf->stock->enabled',2,'2013-03-24 02:31:47'),(106361,'auguria',1,'','left','products',103164,NULL,NULL,4,'/categories/index.php?leftmenu=cat&amp;type=0','','Categories','categories',0,'cat','$user->rights->categorie->lire','$conf->categorie->enabled',2,'2013-03-24 02:31:47'),(106362,'auguria',1,'','left','products',106361,NULL,NULL,0,'/categories/card.php?action=create&amp;type=0','','NewCategory','categories',1,'','$user->rights->categorie->creer','$conf->categorie->enabled',2,'2013-03-24 02:31:47'),(106761,'auguria',1,'','left','project',103168,NULL,NULL,0,'/projet/index.php?leftmenu=projects','','Projects','projects',0,'projects','$user->rights->projet->lire','$conf->projet->enabled',2,'2013-03-24 02:31:47'),(106762,'auguria',1,'','left','project',106761,NULL,NULL,1,'/projet/card.php?leftmenu=projects&amp;action=create','','NewProject','projects',1,'','$user->rights->projet->creer','$conf->projet->enabled',2,'2013-03-24 02:31:47'),(106763,'auguria',1,'','left','project',106761,NULL,NULL,2,'/projet/list.php?leftmenu=projects','','List','projects',1,'','$user->rights->projet->lire','$conf->projet->enabled',2,'2013-03-24 02:31:47'),(106771,'auguria',1,'','left','project',103168,NULL,NULL,0,'/projet/index.php?leftmenu=projects&amp;mode=mine','','MyProjects','projects',0,'','$user->rights->projet->lire','$conf->projet->enabled',2,'2013-03-24 02:31:47'),(106772,'auguria',1,'','left','project',106771,NULL,NULL,1,'/projet/card.php?leftmenu=projects&amp;action=create&amp;mode=mine','','NewProject','projects',1,'','$user->rights->projet->creer','$conf->projet->enabled',2,'2013-03-24 02:31:47'),(106773,'auguria',1,'','left','project',106771,NULL,NULL,2,'/projet/list.php?leftmenu=projects&amp;mode=mine','','List','projects',1,'','$user->rights->projet->lire','$conf->projet->enabled',2,'2013-03-24 02:31:47'),(106861,'auguria',1,'','left','project',103168,NULL,NULL,0,'/projet/activity/index.php?leftmenu=projects','','Activities','projects',0,'','$user->rights->projet->lire','$conf->projet->enabled',2,'2013-03-24 02:31:47'),(106862,'auguria',1,'','left','project',106861,NULL,NULL,1,'/projet/tasks.php?leftmenu=projects&amp;action=create','','NewTask','projects',1,'','$user->rights->projet->creer','$conf->projet->enabled',2,'2013-03-24 02:31:47'),(106863,'auguria',1,'','left','project',106861,NULL,NULL,2,'/projet/tasks/index.php?leftmenu=projects','','List','projects',1,'','$user->rights->projet->lire','$conf->projet->enabled',2,'2013-03-24 02:31:47'),(106864,'auguria',1,'','left','project',106861,NULL,NULL,3,'/projet/activity/list.php?leftmenu=projects','','NewTimeSpent','projects',1,'','$user->rights->projet->lire','$conf->projet->enabled',2,'2013-03-24 02:31:47'),(106961,'auguria',1,'','left','project',103168,NULL,NULL,0,'/projet/activity/index.php?leftmenu=projects&amp;mode=mine','','MyActivities','projects',0,'','$user->rights->projet->lire','$conf->projet->enabled',2,'2013-03-24 02:31:47'),(106962,'auguria',1,'','left','project',106961,NULL,NULL,1,'/projet/tasks.php?leftmenu=projects&amp;action=create&amp;mode=mine','','NewTask','projects',1,'','$user->rights->projet->creer','$conf->projet->enabled',2,'2013-03-24 02:31:47'),(106963,'auguria',1,'','left','project',106961,NULL,NULL,2,'/projet/tasks/index.php?leftmenu=projects&amp;mode=mine','','List','projects',1,'','$user->rights->projet->lire','$conf->projet->enabled',2,'2013-03-24 02:31:47'),(106964,'auguria',1,'','left','project',106961,NULL,NULL,3,'/projet/activity/list.php?leftmenu=projects&amp;mode=mine','','NewTimeSpent','projects',1,'','$user->rights->projet->lire','$conf->projet->enabled',2,'2013-03-24 02:31:47'),(107061,'auguria',1,'','left','tools',103169,NULL,NULL,0,'/comm/mailing/index.php?leftmenu=mailing','','EMailings','mails',0,'mailing','$user->rights->mailing->lire','$conf->mailing->enabled',0,'2013-03-24 02:31:47'),(107062,'auguria',1,'','left','tools',107061,NULL,NULL,0,'/comm/mailing/card.php?leftmenu=mailing&amp;action=create','','NewMailing','mails',1,'','$user->rights->mailing->creer','$conf->mailing->enabled',0,'2013-03-24 02:31:47'),(107063,'auguria',1,'','left','tools',107061,NULL,NULL,1,'/comm/mailing/list.php?leftmenu=mailing','','List','mails',1,'','$user->rights->mailing->lire','$conf->mailing->enabled',0,'2013-03-24 02:31:47'),(107261,'auguria',1,'','left','tools',103169,NULL,NULL,2,'/exports/index.php?leftmenu=export','','FormatedExport','exports',0,'export','$user->rights->export->lire','$conf->export->enabled',2,'2013-03-24 02:31:47'),(107262,'auguria',1,'','left','tools',107261,NULL,NULL,0,'/exports/export.php?leftmenu=export','','NewExport','exports',1,'','$user->rights->export->creer','$conf->export->enabled',2,'2013-03-24 02:31:47'),(107291,'auguria',1,'','left','tools',103169,NULL,NULL,2,'/imports/index.php?leftmenu=import','','FormatedImport','exports',0,'import','$user->rights->import->run','$conf->import->enabled',2,'2013-03-24 02:31:47'),(107292,'auguria',1,'','left','tools',107291,NULL,NULL,0,'/imports/import.php?leftmenu=import','','NewImport','exports',1,'','$user->rights->import->run','$conf->import->enabled',2,'2013-03-24 02:31:47'),(107361,'auguria',1,'','left','members',103174,NULL,NULL,0,'/adherents/index.php?leftmenu=members&amp;mainmenu=members','','Members','members',0,'members','$user->rights->adherent->lire','$conf->adherent->enabled',2,'2013-03-24 02:31:48'),(107362,'auguria',1,'','left','members',107361,NULL,NULL,0,'/adherents/card.php?leftmenu=members&amp;action=create','','NewMember','members',1,'','$user->rights->adherent->creer','$conf->adherent->enabled',2,'2013-03-24 02:31:48'),(107363,'auguria',1,'','left','members',107361,NULL,NULL,1,'/adherents/list.php','','List','members',1,'','$user->rights->adherent->lire','$conf->adherent->enabled',2,'2013-03-24 02:31:48'),(107364,'auguria',1,'','left','members',107363,NULL,NULL,2,'/adherents/list.php?leftmenu=members&amp;statut=-1','','MenuMembersToValidate','members',2,'','$user->rights->adherent->lire','$conf->adherent->enabled',2,'2013-03-24 02:31:48'),(107365,'auguria',1,'','left','members',107363,NULL,NULL,3,'/adherents/list.php?leftmenu=members&amp;statut=1','','MenuMembersValidated','members',2,'','$user->rights->adherent->lire','$conf->adherent->enabled',2,'2013-03-24 02:31:48'),(107366,'auguria',1,'','left','members',107363,NULL,NULL,4,'/adherents/list.php?leftmenu=members&amp;statut=1&amp;filter=outofdate','','MenuMembersNotUpToDate','members',2,'','$user->rights->adherent->lire','$conf->adherent->enabled',2,'2013-03-24 02:31:48'),(107367,'auguria',1,'','left','members',107363,NULL,NULL,5,'/adherents/list.php?leftmenu=members&amp;statut=1&amp;filter=uptodate','','MenuMembersUpToDate','members',2,'','$user->rights->adherent->lire','$conf->adherent->enabled',2,'2013-03-24 02:31:48'),(107368,'auguria',1,'','left','members',107363,NULL,NULL,6,'/adherents/list.php?leftmenu=members&amp;statut=0','','MenuMembersResiliated','members',2,'','$user->rights->adherent->lire','$conf->adherent->enabled',2,'2013-03-24 02:31:48'),(107369,'auguria',1,'','left','members',107361,NULL,NULL,7,'/adherents/stats/geo.php?leftmenu=members&amp;mode=memberbycountry','','MenuMembersStats','members',1,'','$user->rights->adherent->lire','$conf->adherent->enabled',2,'2013-03-24 02:31:48'),(107461,'auguria',1,'','left','members',103174,NULL,NULL,1,'/adherents/index.php?leftmenu=members&amp;mainmenu=members','','Subscriptions','compta',0,'','$user->rights->adherent->cotisation->lire','$conf->adherent->enabled',2,'2013-03-24 02:31:48'),(107462,'auguria',1,'','left','members',107461,NULL,NULL,0,'/adherents/list.php?statut=-1&amp;leftmenu=accountancy&amp;mainmenu=members','','NewSubscription','compta',1,'','$user->rights->adherent->cotisation->creer','$conf->adherent->enabled',2,'2013-03-24 02:31:48'),(107463,'auguria',1,'','left','members',107461,NULL,NULL,1,'/adherents/cotisations.php?leftmenu=members','','List','compta',1,'','$user->rights->adherent->cotisation->lire','$conf->adherent->enabled',2,'2013-03-24 02:31:48'),(107464,'auguria',1,'','left','members',107461,NULL,NULL,7,'/adherents/stats/index.php?leftmenu=members','','MenuMembersStats','members',1,'','$user->rights->adherent->lire','$conf->adherent->enabled',2,'2013-03-24 02:31:48'),(107661,'auguria',1,'','left','members',103174,NULL,NULL,3,'/adherents/index.php?leftmenu=export&amp;mainmenu=members','','Exports','members',0,'export','$user->rights->adherent->export','$conf->adherent->enabled',2,'2013-03-24 02:31:48'),(107662,'auguria',1,'','left','members',107661,NULL,NULL,0,'/exports/index.php?leftmenu=export','','Datas','members',1,'','$user->rights->adherent->export','$conf->adherent->enabled && $conf->export->enabled',2,'2013-03-24 02:31:48'),(107663,'auguria',1,'','left','members',107661,NULL,NULL,1,'/adherents/htpasswd.php?leftmenu=export','','Filehtpasswd','members',1,'','$user->rights->adherent->export','$conf->adherent->enabled',2,'2013-03-24 02:31:48'),(107664,'auguria',1,'','left','members',107661,NULL,NULL,2,'/adherents/cartes/carte.php?leftmenu=export','','MembersCards','members',1,'','$user->rights->adherent->export','$conf->adherent->enabled',2,'2013-03-24 02:31:48'),(107861,'auguria',1,'','left','members',103174,NULL,NULL,5,'/adherents/type.php?leftmenu=setup&amp;mainmenu=members','','MembersTypes','members',0,'setup','$user->rights->adherent->configurer','$conf->adherent->enabled',2,'2013-03-24 02:31:48'),(107862,'auguria',1,'','left','members',107861,NULL,NULL,0,'/adherents/type.php?leftmenu=setup&amp;mainmenu=members&amp;action=create','','New','members',1,'','$user->rights->adherent->configurer','$conf->adherent->enabled',2,'2013-03-24 02:31:48'),(107863,'auguria',1,'','left','members',107861,NULL,NULL,1,'/adherents/type.php?leftmenu=setup&amp;mainmenu=members','','List','members',1,'','$user->rights->adherent->configurer','$conf->adherent->enabled',2,'2013-03-24 02:31:48'),(108261,'auguria',1,'','left','commercial',103166,NULL,NULL,6,'/fourn/commande/index.php?leftmenu=orders_suppliers','','SuppliersOrders','orders',0,'orders_suppliers','$user->rights->fournisseur->commande->lire','$conf->fournisseur->enabled',2,'2013-03-24 02:31:47'),(108262,'auguria',1,'','left','commercial',108261,NULL,NULL,0,'/societe/societe.php?leftmenu=orders_suppliers','','NewOrder','orders',1,'','$user->rights->fournisseur->commande->creer','$conf->fournisseur->enabled',2,'2013-03-24 02:31:47'),(108263,'auguria',1,'','left','commercial',108261,NULL,NULL,1,'/fourn/commande/list.php?leftmenu=orders_suppliers&amp;viewstatut=0','','List','orders',1,'','$user->rights->fournisseur->commande->lire','$conf->fournisseur->enabled',2,'2013-03-24 02:31:47'),(108269,'auguria',1,'','left','commercial',108261,NULL,NULL,7,'/commande/stats/index.php?leftmenu=orders_suppliers&amp;mode=supplier','','Statistics','orders',1,'','$user->rights->fournisseur->commande->lire','$conf->fournisseur->enabled',2,'2013-03-24 02:31:47'),(108361,'auguria',1,'','left','members',103174,NULL,NULL,3,'/categories/index.php?leftmenu=cat&amp;type=3','','MembersCategoriesShort','categories',0,'cat','$user->rights->categorie->lire','$conf->adherent->enabled && $conf->categorie->enabled',2,'2013-03-24 02:31:48'),(108362,'auguria',1,'','left','members',108361,NULL,NULL,0,'/categories/card.php?action=create&amp;type=3','','NewCategory','categories',1,'','$user->rights->categorie->creer','$conf->adherent->enabled && $conf->categorie->enabled',2,'2013-03-24 02:31:48'),(108457,'all',1,'barcode','left','tools',-1,NULL,'tools',200,'/barcode/printsheet.php?mainmenu=home&amp;leftmenu=modulesadmintools','','BarCodePrintsheet','products',NULL,'barcodeprint','1','$conf->barcode->enabled',2,'2014-03-02 15:37:26'),(108458,'all',1,'barcode','left','home',-1,'modulesadmintools','home',300,'/barcode/codeinit.php?mainmenu=home&leftmenu=modulesadmintools','','MassBarcodeInit','products',NULL,NULL,'1','$conf->barcode->enabled && $leftmenu==\"modulesadmintools\"',0,'2014-03-02 15:37:26'),(108459,'all',1,'agenda','top','agenda',0,NULL,NULL,100,'/comm/action/index.php','','Agenda','agenda',NULL,NULL,'$user->rights->agenda->myactions->read','$conf->agenda->enabled',2,'2014-12-21 12:51:26'),(108460,'all',1,'agenda','left','agenda',108459,NULL,NULL,100,'/comm/action/index.php?mainmenu=agenda&amp;leftmenu=agenda','','Actions','agenda',NULL,NULL,'$user->rights->agenda->myactions->read','$conf->agenda->enabled',2,'2014-12-21 12:51:26'),(108461,'all',1,'agenda','left','agenda',108460,NULL,NULL,101,'/comm/action/card.php?mainmenu=agenda&amp;leftmenu=agenda&amp;action=create','','NewAction','commercial',NULL,NULL,'($user->rights->agenda->myactions->create||$user->rights->agenda->allactions->create)','$conf->agenda->enabled',2,'2014-12-21 12:51:26'),(108462,'all',1,'agenda','left','agenda',108460,NULL,NULL,102,'/comm/action/index.php?mainmenu=agenda&amp;leftmenu=agenda','','Calendar','agenda',NULL,NULL,'$user->rights->agenda->myactions->read','$conf->agenda->enabled',2,'2014-12-21 12:51:26'),(108463,'all',1,'agenda','left','agenda',108462,NULL,NULL,103,'/comm/action/index.php?mainmenu=agenda&amp;leftmenu=agenda&amp;status=todo&amp;filter=mine','','MenuToDoMyActions','agenda',NULL,NULL,'$user->rights->agenda->myactions->read','$conf->agenda->enabled',2,'2014-12-21 12:51:26'),(108464,'all',1,'agenda','left','agenda',108462,NULL,NULL,104,'/comm/action/index.php?mainmenu=agenda&amp;leftmenu=agenda&amp;status=done&amp;filter=mine','','MenuDoneMyActions','agenda',NULL,NULL,'$user->rights->agenda->myactions->read','$conf->agenda->enabled',2,'2014-12-21 12:51:26'),(108465,'all',1,'agenda','left','agenda',108462,NULL,NULL,105,'/comm/action/index.php?mainmenu=agenda&amp;leftmenu=agenda&amp;status=todo','','MenuToDoActions','agenda',NULL,NULL,'$user->rights->agenda->allactions->read','$user->rights->agenda->allactions->read',2,'2014-12-21 12:51:26'),(108466,'all',1,'agenda','left','agenda',108462,NULL,NULL,106,'/comm/action/index.php?mainmenu=agenda&amp;leftmenu=agenda&amp;status=done','','MenuDoneActions','agenda',NULL,NULL,'$user->rights->agenda->allactions->read','$user->rights->agenda->allactions->read',2,'2014-12-21 12:51:26'),(108467,'all',1,'agenda','left','agenda',108460,NULL,NULL,112,'/comm/action/listactions.php?mainmenu=agenda&amp;leftmenu=agenda','','List','agenda',NULL,NULL,'$user->rights->agenda->myactions->read','$conf->agenda->enabled',2,'2014-12-21 12:51:26'),(108468,'all',1,'agenda','left','agenda',108467,NULL,NULL,113,'/comm/action/listactions.php?mainmenu=agenda&amp;leftmenu=agenda&amp;status=todo&amp;filter=mine','','MenuToDoMyActions','agenda',NULL,NULL,'$user->rights->agenda->myactions->read','$conf->agenda->enabled',2,'2014-12-21 12:51:26'),(108469,'all',1,'agenda','left','agenda',108467,NULL,NULL,114,'/comm/action/listactions.php?mainmenu=agenda&amp;leftmenu=agenda&amp;status=done&amp;filter=mine','','MenuDoneMyActions','agenda',NULL,NULL,'$user->rights->agenda->myactions->read','$conf->agenda->enabled',2,'2014-12-21 12:51:26'),(108470,'all',1,'agenda','left','agenda',108467,NULL,NULL,115,'/comm/action/listactions.php?mainmenu=agenda&amp;leftmenu=agenda&amp;status=todo','','MenuToDoActions','agenda',NULL,NULL,'$user->rights->agenda->allactions->read','$user->rights->agenda->allactions->read',2,'2014-12-21 12:51:26'),(108471,'all',1,'agenda','left','agenda',108467,NULL,NULL,116,'/comm/action/listactions.php?mainmenu=agenda&amp;leftmenu=agenda&amp;status=done','','MenuDoneActions','agenda',NULL,NULL,'$user->rights->agenda->allactions->read','$user->rights->agenda->allactions->read',2,'2014-12-21 12:51:26'),(108472,'all',1,'agenda','left','agenda',108460,NULL,NULL,120,'/comm/action/rapport/index.php?mainmenu=agenda&amp;leftmenu=agenda','','Reportings','agenda',NULL,NULL,'$user->rights->agenda->allactions->read','$conf->agenda->enabled',2,'2014-12-21 12:51:26'),(108473,'all',1,'ecm','top','ecm',0,NULL,NULL,100,'/ecm/index.php','','MenuECM','ecm',NULL,NULL,'$user->rights->ecm->read || $user->rights->ecm->upload || $user->rights->ecm->setup','$conf->ecm->enabled',2,'2014-12-21 12:51:28'),(108474,'all',1,'ecm','left','ecm',-1,NULL,'ecm',101,'/ecm/index.php?mainmenu=ecm&leftmenu=ecm','','ECMArea','ecm',NULL,'ecm','$user->rights->ecm->read || $user->rights->ecm->upload','$user->rights->ecm->read || $user->rights->ecm->upload',2,'2014-12-21 12:51:28'),(108475,'all',1,'ecm','left','ecm',-1,'ecm','ecm',102,'/ecm/index.php?action=file_manager&mainmenu=ecm&leftmenu=ecm','','ECMSectionsManual','ecm',NULL,'ecm_manual','$user->rights->ecm->read || $user->rights->ecm->upload','$user->rights->ecm->read || $user->rights->ecm->upload',2,'2014-12-21 12:51:28'),(108476,'all',1,'ecm','left','ecm',-1,'ecm','ecm',103,'/ecm/index_auto.php?action=file_manager&mainmenu=ecm&leftmenu=ecm','','ECMSectionsAuto','ecm',NULL,NULL,'$user->rights->ecm->read || $user->rights->ecm->upload','$user->rights->ecm->read || $user->rights->ecm->upload',2,'2014-12-21 12:51:28'),(108477,'all',1,'opensurvey','left','tools',-1,NULL,'tools',200,'/opensurvey/index.php?mainmenu=tools&leftmenu=opensurvey','','Survey','opensurvey',NULL,'opensurvey','','$conf->opensurvey->enabled',0,'2014-12-21 19:52:31'),(108478,'all',1,'opensurvey','left','tools',-1,'opensurvey','tools',210,'/opensurvey/wizard/index.php','','NewSurvey','opensurvey',NULL,'opensurvey_new','$user->rights->opensurvey->write','$conf->opensurvey->enabled',0,'2014-12-21 19:52:31'),(108479,'all',1,'opensurvey','left','tools',-1,'opensurvey','tools',220,'/opensurvey/list.php','','List','opensurvey',NULL,'opensurvey_list','','$conf->opensurvey->enabled',0,'2014-12-21 19:52:31');

--
-- Table structure for table `llx_milestone`
--

CREATE TABLE `llx_milestone` (
  `rowid` int(11) NOT NULL AUTO_INCREMENT,
  `fk_element` int(11) NOT NULL,
  `elementtype` varchar(16) NOT NULL,
  `label` varchar(255) NOT NULL,
  `options` varchar(255) DEFAULT NULL,
  `priority` int(11) DEFAULT '0',
  `tms` timestamp NOT NULL DEFAULT CURRENT_TIMESTAMP ON UPDATE CURRENT_TIMESTAMP,
  `fk_user_modif` int(11) DEFAULT NULL,
  PRIMARY KEY (`rowid`),
  UNIQUE KEY `uk_milestone_fk_element` (`fk_element`,`elementtype`),
  KEY `idx_milestone_fk_user_modif` (`fk_user_modif`),
  CONSTRAINT `fk_milestone_fk_user_modif` FOREIGN KEY (`fk_user_modif`) REFERENCES `llx_user` (`rowid`)
) ENGINE=InnoDB AUTO_INCREMENT=5 DEFAULT CHARSET=utf8;

--
-- Dumping data for table `llx_milestone`
--

INSERT INTO `llx_milestone` VALUES (2,779,'facture','azerty',NULL,0,'2013-03-09 12:19:30',NULL),(3,780,'facture','fsdf',NULL,0,'2013-03-09 13:01:08',NULL),(4,781,'facture','hhh',NULL,0,'2013-03-09 14:06:37',NULL);

--
-- Table structure for table `llx_monitoring_probes`
--

CREATE TABLE `llx_monitoring_probes` (
  `rowid` int(11) NOT NULL AUTO_INCREMENT,
  `title` varchar(64) NOT NULL,
  `groupname` varchar(64) DEFAULT NULL,
  `url` varchar(250) NOT NULL,
  `useproxy` int(11) DEFAULT '0',
  `checkkey` varchar(250) DEFAULT NULL,
  `maxval` int(11) DEFAULT NULL,
  `frequency` int(11) DEFAULT '60',
  `active` int(11) DEFAULT '1',
  `status` int(11) DEFAULT '0',
  `lastreset` datetime DEFAULT NULL,
  `oldesterrortext` text,
  `oldesterrordate` datetime DEFAULT NULL,
  PRIMARY KEY (`rowid`),
  UNIQUE KEY `uk_monitoring_probes` (`title`)
) ENGINE=InnoDB AUTO_INCREMENT=3 DEFAULT CHARSET=utf8;

--
-- Dumping data for table `llx_monitoring_probes`
--

INSERT INTO `llx_monitoring_probes` VALUES (1,'aaa',NULL,'http://www.chiensderace.com',0,'chiens',1000,10,1,1,'2011-04-20 23:46:41',NULL,NULL),(2,'ChatsDeRace',NULL,'http://www.chatsderace.com',0,'chats',1000,5,1,1,'2011-04-20 23:46:41',NULL,NULL);

--
-- Table structure for table `llx_notify`
--

CREATE TABLE `llx_notify` (
  `rowid` int(11) NOT NULL AUTO_INCREMENT,
  `tms` timestamp NOT NULL DEFAULT CURRENT_TIMESTAMP ON UPDATE CURRENT_TIMESTAMP,
  `daten` datetime DEFAULT NULL,
  `fk_action` int(11) NOT NULL,
  `fk_soc` int(11) DEFAULT NULL,
  `fk_contact` int(11) DEFAULT NULL,
  `fk_user` int(11) DEFAULT NULL,
  `objet_type` varchar(24) NOT NULL,
  `objet_id` int(11) NOT NULL,
  `email` varchar(255) DEFAULT NULL,
  `type` varchar(16) DEFAULT 'email',
  PRIMARY KEY (`rowid`)
) ENGINE=InnoDB DEFAULT CHARSET=utf8;

--
-- Dumping data for table `llx_notify`
--


--
-- Table structure for table `llx_notify_def`
--

CREATE TABLE `llx_notify_def` (
  `rowid` int(11) NOT NULL AUTO_INCREMENT,
  `tms` timestamp NOT NULL DEFAULT CURRENT_TIMESTAMP ON UPDATE CURRENT_TIMESTAMP,
  `datec` date DEFAULT NULL,
  `fk_action` int(11) NOT NULL,
  `fk_soc` int(11) NOT NULL,
  `fk_contact` int(11) DEFAULT NULL,
  `fk_user` int(11) DEFAULT NULL,
  `type` varchar(16) DEFAULT 'email',
  PRIMARY KEY (`rowid`)
) ENGINE=InnoDB DEFAULT CHARSET=utf8;

--
-- Dumping data for table `llx_notify_def`
--


--
-- Table structure for table `llx_opensurvey_comments`
--

CREATE TABLE `llx_opensurvey_comments` (
  `id_comment` int(10) unsigned NOT NULL AUTO_INCREMENT,
  `id_sondage` char(16) NOT NULL,
  `comment` text NOT NULL,
  `usercomment` text,
  PRIMARY KEY (`id_comment`),
  KEY `idx_id_comment` (`id_comment`),
  KEY `idx_id_sondage` (`id_sondage`)
) ENGINE=InnoDB AUTO_INCREMENT=32 DEFAULT CHARSET=utf8;

--
-- Dumping data for table `llx_opensurvey_comments`
--

INSERT INTO `llx_opensurvey_comments` VALUES (2,'434dio8rxfljs3p1','aaa','aaa'),(5,'434dio8rxfljs3p1','aaa','aaa'),(6,'434dio8rxfljs3p1','gfh','jj'),(11,'434dio8rxfljs3p1','fsdf','fdsf'),(12,'3imby4hf7joiilsu','fsdf','aa'),(16,'3imby4hf7joiilsu','gdfg','gfdg'),(17,'3imby4hf7joiilsu','gfdgd','gdfgd'),(18,'om4e7azfiurnjtqe','fds','fdsf'),(26,'qgsfrgb922rqzocy','gfdg','gfdg'),(27,'qgsfrgb922rqzocy','gfdg','gfd'),(28,'m4467s2mtk6khmxc','hgf','hgfh'),(29,'m4467s2mtk6khmxc','fgh','hgf'),(30,'ckanvbe7kt3rdb3h','hfgh','fdfds'),(31,'m4467s2mtk6khmxc','hgfh','hgf');

--
-- Table structure for table `llx_opensurvey_sondage`
--

CREATE TABLE `llx_opensurvey_sondage` (
  `id_sondage` varchar(16) NOT NULL,
  `id_sondage_admin` char(24) DEFAULT NULL,
  `commentaires` text,
  `mail_admin` varchar(128) DEFAULT NULL,
  `nom_admin` varchar(64) DEFAULT NULL,
  `fk_user_creat` int(11) NOT NULL,
  `titre` text NOT NULL,
  `date_fin` datetime NOT NULL,
  `format` varchar(2) NOT NULL,
  `mailsonde` tinyint(4) NOT NULL DEFAULT '0',
  `survey_link_visible` int(11) DEFAULT '1',
  `origin` varchar(64) DEFAULT NULL,
  `tms` timestamp NOT NULL DEFAULT CURRENT_TIMESTAMP ON UPDATE CURRENT_TIMESTAMP,
  `entity` int(11) NOT NULL DEFAULT '1',
  `allow_comments` tinyint(4) NOT NULL DEFAULT '1',
  `allow_spy` tinyint(4) NOT NULL DEFAULT '1',
  `sujet` text,
  PRIMARY KEY (`id_sondage`),
  KEY `idx_id_sondage_admin` (`id_sondage_admin`),
  KEY `idx_date_fin` (`date_fin`)
) ENGINE=InnoDB DEFAULT CHARSET=utf8;

--
-- Dumping data for table `llx_opensurvey_sondage`
--

INSERT INTO `llx_opensurvey_sondage` VALUES ('m4467s2mtk6khmxc','m4467s2mtk6khmxci2ysw682','fdffdshfghfj jhgjgh','aaa@aaa.com','fdfds',0,'fdffds','2013-03-07 00:00:00','D+',1,1,'dolibarr','0000-00-00 00:00:00',1,1,1,NULL);

--
-- Table structure for table `llx_opensurvey_sujet_studs`
--

CREATE TABLE `llx_opensurvey_sujet_studs` (
  `id_sondage` char(16) NOT NULL,
  `sujet` text
) ENGINE=InnoDB DEFAULT CHARSET=utf8;

--
-- Dumping data for table `llx_opensurvey_sujet_studs`
--

INSERT INTO `llx_opensurvey_sujet_studs` VALUES ('434dio8rxfljs3p1','1362697200,1363734000'),('3eyn2drokozf3j4s','1362438000@10h,1363129200@10h'),('z2qcqjh5pm1q4p99','r&eacute;solution 1,r&eacute;solution 2,aaa,fdsfsdfsd@checkbox'),('xfwtrseu3ok1c4m6','gdfgfd@yesno,gfdgd@pourcontre,llll@pourcontre'),('om4e7azfiurnjtqe','g dfgdfdfg dfg dg dfg g fdg dfgd fg fg d@pourcontre,mmlml@checkbox'),('fubmr7n293akha5j','check@checkbox,yesno@yesno,pc@pourcontre'),('icaanayi59qto4fl','check@checkbox,yesno@yesno,pc@pourcontre'),('ipbkufzz4lr2vbpx','pc@pourcontre,fdsffd@checkbox'),('3imby4hf7joiilsu','fsdf@yesno,fsdfsd@checkbox,fsdf@pourcontre'),('q41jpgfd4ii3g9vx','fdfsd@pourcontre,fdsfs@pourcontre,fdsfsdf@checkbox'),('xm6hysvkspo7gbx6','fdfsd@pourcontre,fdsfs@pourcontre,fdsfsdf@checkbox'),('99sbps3ba3s8pq7b','fdfsd@pourcontre,fdsfs@pourcontre,fdsfsdf@checkbox'),('6wstlvu2z9kxqweh','fdfsd@pourcontre,fdsfs@pourcontre,fdsfsdf@checkbox'),('783p7f377offci4v','fdfsd@pourcontre,fdsfs@pourcontre,fdsfsdf@checkbox'),('u4umbl5yb6lpydci','fdfsd@pourcontre,fdsfs@pourcontre,fdsfsdf@checkbox'),('dn2euwlf2d4wyy6m','fdfsd@pourcontre,fdsfs@pourcontre,fdsfsdf@checkbox'),('t896ed7af3ujdprx','fdfsd@pourcontre,fdsfs@pourcontre,fdsfsdf@checkbox'),('q5c4kucbbkuxjz8g','fdsfsd@pourcontre,fdsfs@pourcontre,fdsfsd@pourcontre'),('8mcdnf2hgcntfibe','fdsfsd@pourcontre,fdsfs@pourcontre,fdsfsd@pourcontre'),('7shynoad2x4zl8sw','fdsfsd@pourcontre,fdsfs@pourcontre,fdsfsd@pourcontre'),('x82rfs19p8fa21et','fdsfsd@pourcontre,fdsfs@pourcontre,fdsfsd@pourcontre'),('qgsfrgb922rqzocy','1364338800@20H-21H,1364338800@21H-22H,1364425200@20H-21H,1364425200@21H-22H,1364511600@20H-21H,1364511600@21H-22H'),('ah9xvaqu1ajjrqse','1391295600@2h-5h,1391295600@2h-5h,1364338800@20H-21H,1364338800@21H-22H,1364425200@20H-21H,1391295600@2h-5h'),('ckanvbe7kt3rdb3h','1363734000,1363820400'),('6v9xq6f9lemjiuba','1363734000,1363820400,1363906800,1363993200'),('m4467s2mtk6khmxc','1398981600,1357081200,1363734000,1363820400,1363993200,1398981600');

--
-- Table structure for table `llx_opensurvey_user_studs`
--

CREATE TABLE `llx_opensurvey_user_studs` (
  `id_users` int(11) NOT NULL AUTO_INCREMENT,
  `nom` varchar(64) NOT NULL,
  `id_sondage` varchar(16) NOT NULL,
  `reponses` varchar(100) NOT NULL,
  PRIMARY KEY (`id_users`),
  KEY `idx_id_users` (`id_users`),
  KEY `idx_nom` (`nom`),
  KEY `idx_id_sondage` (`id_sondage`),
  KEY `idx_opensurvey_user_studs_id_users` (`id_users`),
  KEY `idx_opensurvey_user_studs_nom` (`nom`),
  KEY `idx_opensurvey_user_studs_id_sondage` (`id_sondage`)
) ENGINE=InnoDB AUTO_INCREMENT=25 DEFAULT CHARSET=utf8;

--
-- Dumping data for table `llx_opensurvey_user_studs`
--

INSERT INTO `llx_opensurvey_user_studs` VALUES (1,'gfdgdf','om4e7azfiurnjtqe','01'),(2,'aa','3imby4hf7joiilsu','210'),(3,'fsdf','z2qcqjh5pm1q4p99','0110'),(5,'hfghf','z2qcqjh5pm1q4p99','1110'),(6,'qqqq','ah9xvaqu1ajjrqse','000111'),(7,'hjgh','ah9xvaqu1ajjrqse','000010'),(8,'bcvb','qgsfrgb922rqzocy','011000'),(9,'gdfg','ah9xvaqu1ajjrqse','001000'),(10,'ggg','ah9xvaqu1ajjrqse','000100'),(11,'gfdgd','ah9xvaqu1ajjrqse','001000'),(12,'hhhh','ah9xvaqu1ajjrqse','010000'),(13,'iii','ah9xvaqu1ajjrqse','000100'),(14,'kkk','ah9xvaqu1ajjrqse','001000'),(15,'lllll','ah9xvaqu1ajjrqse','000001'),(16,'kk','ah9xvaqu1ajjrqse','000001'),(17,'gggg','ah9xvaqu1ajjrqse','001000'),(18,'mmmm','ah9xvaqu1ajjrqse','000000'),(19,'jkjkj','ah9xvaqu1ajjrqse','000001'),(20,'azerty','8mcdnf2hgcntfibe','012'),(21,'hfghfg','8mcdnf2hgcntfibe','012'),(22,'fd','ckanvbe7kt3rdb3h','10'),(23,'gfdgdf','m4467s2mtk6khmxc','00011'),(24,'hgfh','m4467s2mtk6khmxc','000111');

--
-- Table structure for table `llx_paiement`
--

CREATE TABLE `llx_paiement` (
  `rowid` int(11) NOT NULL AUTO_INCREMENT,
  `entity` int(11) NOT NULL DEFAULT '1',
  `datec` datetime DEFAULT NULL,
  `tms` timestamp NOT NULL DEFAULT CURRENT_TIMESTAMP ON UPDATE CURRENT_TIMESTAMP,
  `datep` datetime DEFAULT NULL,
  `amount` double(24,8) DEFAULT NULL,
  `fk_paiement` int(11) NOT NULL,
  `num_paiement` varchar(50) DEFAULT NULL,
  `note` text,
  `fk_bank` int(11) NOT NULL DEFAULT '0',
  `fk_user_creat` int(11) DEFAULT NULL,
  `fk_user_modif` int(11) DEFAULT NULL,
  `statut` smallint(6) NOT NULL DEFAULT '0',
  `fk_export_compta` int(11) NOT NULL DEFAULT '0',
  PRIMARY KEY (`rowid`)
) ENGINE=InnoDB AUTO_INCREMENT=34 DEFAULT CHARSET=utf8;

--
-- Dumping data for table `llx_paiement`
--

INSERT INTO `llx_paiement` VALUES (1,1,'2010-07-10 14:59:41','2010-07-10 12:59:41','2010-07-10 12:00:00',0.02000000,4,'','',4,1,NULL,0,0),(2,1,'2011-07-18 20:50:24','2011-07-18 18:50:24','2011-07-08 12:00:00',20.00000000,6,'','',5,1,NULL,0,0),(3,1,'2011-07-18 20:50:47','2011-07-18 18:50:47','2011-07-08 12:00:00',10.00000000,4,'','',6,1,NULL,0,0),(5,1,'2011-08-01 03:34:11','2011-08-01 01:34:11','2011-08-01 03:34:11',5.63000000,6,'','Payment Invoice FA1108-0003',8,1,NULL,0,0),(6,1,'2011-08-06 20:33:54','2011-08-06 18:33:54','2011-08-06 20:33:53',5.98000000,4,'','Payment Invoice FA1108-0004',13,1,NULL,0,0),(8,1,'2011-08-08 02:53:40','2011-08-08 00:53:40','2011-08-08 12:00:00',26.10000000,4,'','',14,1,NULL,0,0),(9,1,'2011-08-08 02:55:58','2011-08-08 00:55:58','2011-08-08 12:00:00',26.96000000,1,'','',15,1,NULL,0,0),(17,1,'2012-12-09 15:28:44','2012-12-09 14:28:44','2012-12-09 12:00:00',2.00000000,4,'','',16,1,NULL,0,0),(18,1,'2012-12-09 15:28:53','2012-12-09 14:28:53','2012-12-09 12:00:00',-2.00000000,4,'','',17,1,NULL,0,0),(19,1,'2012-12-09 17:35:55','2012-12-09 16:35:55','2012-12-09 12:00:00',-2.00000000,4,'','',18,1,NULL,0,0),(20,1,'2012-12-09 17:37:02','2012-12-09 16:37:02','2012-12-09 12:00:00',2.00000000,4,'','',19,1,NULL,0,0),(21,1,'2012-12-09 18:35:07','2012-12-09 17:35:07','2012-12-09 12:00:00',-2.00000000,4,'','',20,1,NULL,0,0),(23,1,'2012-12-12 18:54:33','2012-12-12 17:54:33','2012-12-12 12:00:00',1.00000000,1,'','',21,1,NULL,0,0),(24,1,'2013-03-06 16:48:16','2013-03-06 15:48:16','2013-03-06 00:00:00',20.00000000,4,'','Adhésion/cotisation 2016',22,1,NULL,0,0),(25,1,'2013-03-20 14:30:11','2013-03-20 13:30:11','2013-03-20 00:00:00',10.00000000,2,'','Adhésion/cotisation 2011',23,1,NULL,0,0),(26,1,'2014-03-02 19:57:58','2014-03-02 18:57:58','2013-07-09 12:00:00',605.00000000,2,'','',24,1,NULL,0,0),(27,1,'2014-03-02 19:59:48','2014-03-02 18:59:48','2013-03-22 12:00:00',30.00000000,4,'','',25,1,NULL,0,0),(29,1,'2014-03-02 20:01:39','2014-03-02 19:01:39','2013-03-19 12:00:00',500.00000000,4,'','',26,1,NULL,0,0),(30,1,'2014-03-02 20:02:06','2014-03-02 19:02:06','2013-03-21 12:00:00',400.00000000,2,'','',27,1,NULL,0,0),(32,1,'2014-03-03 19:22:32','2014-03-03 18:22:32','2013-10-03 12:00:00',-400.00000000,4,'','',28,1,NULL,0,0),(33,1,'2014-03-03 19:23:16','2014-03-03 18:23:16','2013-03-10 12:00:00',-300.00000000,4,'','',29,1,NULL,0,0);

--
-- Table structure for table `llx_paiement_facture`
--

CREATE TABLE `llx_paiement_facture` (
  `rowid` int(11) NOT NULL AUTO_INCREMENT,
  `fk_paiement` int(11) DEFAULT NULL,
  `fk_facture` int(11) DEFAULT NULL,
  `amount` double(24,8) DEFAULT NULL,
  PRIMARY KEY (`rowid`),
  UNIQUE KEY `uk_paiement_facture` (`fk_paiement`,`fk_facture`),
  KEY `idx_paiement_facture_fk_facture` (`fk_facture`),
  KEY `idx_paiement_facture_fk_paiement` (`fk_paiement`),
  CONSTRAINT `fk_paiement_facture_fk_facture` FOREIGN KEY (`fk_facture`) REFERENCES `llx_facture` (`rowid`),
  CONSTRAINT `fk_paiement_facture_fk_paiement` FOREIGN KEY (`fk_paiement`) REFERENCES `llx_paiement` (`rowid`)
) ENGINE=InnoDB AUTO_INCREMENT=41 DEFAULT CHARSET=utf8;

--
-- Dumping data for table `llx_paiement_facture`
--

INSERT INTO `llx_paiement_facture` VALUES (1,1,1,0.02000000),(2,2,2,20.00000000),(3,3,2,10.00000000),(5,5,5,5.63000000),(6,6,6,5.98000000),(9,8,2,16.10000000),(10,8,8,10.00000000),(11,9,3,15.00000000),(12,9,9,11.96000000),(20,17,11,2.00000000),(21,18,12,-2.00000000),(22,19,10,-1.00000000),(23,19,12,-1.00000000),(24,20,9,1.00000000),(25,20,11,1.00000000),(26,21,12,-2.00000000),(28,23,55,1.00000000),(29,24,161,20.00000000),(30,25,210,10.00000000),(31,26,32,600.00000000),(32,26,148,5.00000000),(33,27,152,10.00000000),(34,27,157,20.00000000),(36,29,32,500.00000000),(37,30,32,400.00000000),(39,32,213,-400.00000000),(40,33,213,-300.00000000);

--
-- Table structure for table `llx_paiementcharge`
--

CREATE TABLE `llx_paiementcharge` (
  `rowid` int(11) NOT NULL AUTO_INCREMENT,
  `fk_charge` int(11) DEFAULT NULL,
  `datec` datetime DEFAULT NULL,
  `tms` timestamp NOT NULL DEFAULT CURRENT_TIMESTAMP ON UPDATE CURRENT_TIMESTAMP,
  `datep` datetime DEFAULT NULL,
  `amount` double DEFAULT '0',
  `fk_typepaiement` int(11) NOT NULL,
  `num_paiement` varchar(50) DEFAULT NULL,
  `note` text,
  `fk_bank` int(11) NOT NULL,
  `fk_user_creat` int(11) DEFAULT NULL,
  `fk_user_modif` int(11) DEFAULT NULL,
  PRIMARY KEY (`rowid`)
) ENGINE=InnoDB AUTO_INCREMENT=5 DEFAULT CHARSET=utf8;

--
-- Dumping data for table `llx_paiementcharge`
--

INSERT INTO `llx_paiementcharge` VALUES (4,4,'2011-08-05 23:11:37','2011-08-05 21:11:37','2011-08-05 12:00:00',10,2,'','',12,1,NULL);

--
-- Table structure for table `llx_paiementfourn`
--

CREATE TABLE `llx_paiementfourn` (
  `rowid` int(11) NOT NULL AUTO_INCREMENT,
  `tms` timestamp NOT NULL DEFAULT CURRENT_TIMESTAMP ON UPDATE CURRENT_TIMESTAMP,
  `datec` datetime DEFAULT NULL,
  `datep` datetime DEFAULT NULL,
  `amount` double DEFAULT '0',
  `fk_user_author` int(11) DEFAULT NULL,
  `fk_paiement` int(11) NOT NULL,
  `num_paiement` varchar(50) DEFAULT NULL,
  `note` text,
  `fk_bank` int(11) NOT NULL,
  `statut` smallint(6) NOT NULL DEFAULT '0',
  PRIMARY KEY (`rowid`)
) ENGINE=InnoDB DEFAULT CHARSET=utf8;

--
-- Dumping data for table `llx_paiementfourn`
--


--
-- Table structure for table `llx_paiementfourn_facturefourn`
--

CREATE TABLE `llx_paiementfourn_facturefourn` (
  `rowid` int(11) NOT NULL AUTO_INCREMENT,
  `fk_paiementfourn` int(11) DEFAULT NULL,
  `fk_facturefourn` int(11) DEFAULT NULL,
  `amount` double DEFAULT '0',
  PRIMARY KEY (`rowid`),
  UNIQUE KEY `uk_paiementfourn_facturefourn` (`fk_paiementfourn`,`fk_facturefourn`),
  KEY `idx_paiementfourn_facturefourn_fk_facture` (`fk_facturefourn`),
  KEY `idx_paiementfourn_facturefourn_fk_paiement` (`fk_paiementfourn`)
) ENGINE=InnoDB DEFAULT CHARSET=utf8;

--
-- Dumping data for table `llx_paiementfourn_facturefourn`
--


--
-- Table structure for table `llx_payment_salary`
--

CREATE TABLE `llx_payment_salary` (
  `rowid` int(11) NOT NULL AUTO_INCREMENT,
  `tms` timestamp NOT NULL DEFAULT CURRENT_TIMESTAMP ON UPDATE CURRENT_TIMESTAMP,
  `fk_user` int(11) NOT NULL,
  `datep` date DEFAULT NULL,
  `datev` date DEFAULT NULL,
  `amount` double NOT NULL DEFAULT '0',
  `fk_typepayment` int(11) NOT NULL,
  `num_payment` varchar(50) DEFAULT NULL,
  `label` varchar(255) DEFAULT NULL,
  `datesp` date DEFAULT NULL,
  `dateep` date DEFAULT NULL,
  `entity` int(11) NOT NULL DEFAULT '1',
  `note` text,
  `fk_bank` int(11) DEFAULT NULL,
  `fk_user_creat` int(11) DEFAULT NULL,
  `fk_user_modif` int(11) DEFAULT NULL,
  PRIMARY KEY (`rowid`)
) ENGINE=InnoDB DEFAULT CHARSET=utf8;

--
-- Dumping data for table `llx_payment_salary`
--


--
-- Table structure for table `llx_pos_cash`
--

CREATE TABLE `llx_pos_cash` (
  `rowid` int(11) NOT NULL AUTO_INCREMENT,
  `entity` int(11) NOT NULL DEFAULT '1',
  `code` varchar(3) DEFAULT NULL,
  `name` varchar(30) DEFAULT NULL,
  `tactil` tinyint(4) NOT NULL DEFAULT '0',
  `fk_paycash` int(11) DEFAULT NULL,
  `fk_modepaycash` int(11) DEFAULT NULL,
  `fk_paybank` int(11) DEFAULT NULL,
  `fk_modepaybank` int(11) DEFAULT NULL,
  `fk_warehouse` int(11) DEFAULT NULL,
  `fk_device` int(11) DEFAULT NULL,
  `fk_soc` int(11) DEFAULT NULL,
  `is_used` tinyint(4) DEFAULT '0',
  `fk_user_u` int(11) DEFAULT NULL,
  `fk_user_c` int(11) DEFAULT NULL,
  `fk_user_m` int(11) DEFAULT NULL,
  `datec` datetime DEFAULT NULL,
  `datea` datetime DEFAULT NULL,
  `is_closed` tinyint(4) DEFAULT '0',
  PRIMARY KEY (`rowid`)
) ENGINE=InnoDB AUTO_INCREMENT=2 DEFAULT CHARSET=utf8;

--
-- Dumping data for table `llx_pos_cash`
--

INSERT INTO `llx_pos_cash` VALUES (1,1,'aaa','aaa',0,3,1,1,1,1,NULL,1,0,0,1,NULL,'2013-01-19 18:18:39','2013-01-19 18:18:39',0);

--
-- Table structure for table `llx_pos_control_cash`
--

CREATE TABLE `llx_pos_control_cash` (
  `rowid` int(11) NOT NULL AUTO_INCREMENT,
  `entity` int(11) NOT NULL DEFAULT '1',
  `fk_cash` int(11) DEFAULT NULL,
  `fk_user` int(11) DEFAULT NULL,
  `date_c` datetime DEFAULT NULL,
  `type_control` tinyint(4) DEFAULT '0',
  `amount_teor` double(24,8) DEFAULT NULL,
  `amount_real` double(24,8) DEFAULT NULL,
  `amount_diff` double(24,8) DEFAULT NULL,
  `amount_mov_out` double(24,8) DEFAULT NULL,
  `amount_mov_int` double(24,8) DEFAULT NULL,
  `amount_next_day` double(24,8) DEFAULT NULL,
  `comment` text,
  PRIMARY KEY (`rowid`)
) ENGINE=InnoDB DEFAULT CHARSET=utf8;

--
-- Dumping data for table `llx_pos_control_cash`
--


--
-- Table structure for table `llx_pos_facture`
--

CREATE TABLE `llx_pos_facture` (
  `rowid` int(11) NOT NULL AUTO_INCREMENT,
  `fk_cash` int(11) NOT NULL,
  `fk_facture` int(11) NOT NULL,
  `fk_control_cash` int(11) DEFAULT NULL,
  PRIMARY KEY (`rowid`)
) ENGINE=InnoDB AUTO_INCREMENT=5 DEFAULT CHARSET=utf8;

--
-- Dumping data for table `llx_pos_facture`
--

INSERT INTO `llx_pos_facture` VALUES (1,1,148,NULL),(2,1,149,NULL),(3,1,150,NULL),(4,1,151,NULL);

--
-- Table structure for table `llx_pos_moviments`
--

CREATE TABLE `llx_pos_moviments` (
  `rowid` int(11) NOT NULL AUTO_INCREMENT,
  `entity` int(11) NOT NULL DEFAULT '1',
  `fk_cash` int(11) DEFAULT NULL,
  `fk_user` int(11) DEFAULT NULL,
  `date_m` datetime DEFAULT NULL,
  `amount` double(24,8) DEFAULT NULL,
  `type` tinyint(4) DEFAULT NULL,
  `comment` text,
  PRIMARY KEY (`rowid`)
) ENGINE=InnoDB DEFAULT CHARSET=utf8;

--
-- Dumping data for table `llx_pos_moviments`
--


--
-- Table structure for table `llx_pos_ticketdet`
--

CREATE TABLE `llx_pos_ticketdet` (
  `rowid` int(11) NOT NULL AUTO_INCREMENT,
  `fk_ticket` int(11) NOT NULL,
  `fk_parent_line` int(11) DEFAULT NULL,
  `fk_product` int(11) DEFAULT NULL,
  `description` text,
  `tva_tx` double(6,3) DEFAULT NULL,
  `localtax1_tx` double(6,3) DEFAULT '0.000',
  `localtax2_tx` double(6,3) DEFAULT '0.000',
  `qty` double DEFAULT NULL,
  `remise_percent` double DEFAULT '0',
  `remise` double DEFAULT '0',
  `fk_remise_except` int(11) DEFAULT NULL,
  `subprice` double(24,8) DEFAULT NULL,
  `price` double(24,8) DEFAULT NULL,
  `total_ht` double(24,8) DEFAULT NULL,
  `total_tva` double(24,8) DEFAULT NULL,
  `total_localtax1` double(24,8) DEFAULT '0.00000000',
  `total_localtax2` double(24,8) DEFAULT '0.00000000',
  `total_ttc` double(24,8) DEFAULT NULL,
  `product_type` int(11) DEFAULT '0',
  `date_start` datetime DEFAULT NULL,
  `date_end` datetime DEFAULT NULL,
  `info_bits` int(11) DEFAULT '0',
  `fk_code_ventilation` int(11) NOT NULL DEFAULT '0',
  `fk_export_compta` int(11) NOT NULL DEFAULT '0',
  `rang` int(11) DEFAULT '0',
  `import_key` varchar(14) DEFAULT NULL,
  PRIMARY KEY (`rowid`),
  UNIQUE KEY `uk_fk_remise_except` (`fk_remise_except`,`fk_ticket`),
  KEY `idx_ticketdet_fk_ticket` (`fk_ticket`),
  KEY `idx_ticketdet_fk_product` (`fk_product`)
) ENGINE=InnoDB DEFAULT CHARSET=utf8;

--
-- Dumping data for table `llx_pos_ticketdet`
--


--
-- Table structure for table `llx_prelevement_bons`
--

CREATE TABLE `llx_prelevement_bons` (
  `rowid` int(11) NOT NULL AUTO_INCREMENT,
  `ref` varchar(12) DEFAULT NULL,
  `entity` int(11) NOT NULL DEFAULT '1',
  `datec` datetime DEFAULT NULL,
  `amount` double DEFAULT '0',
  `statut` smallint(6) DEFAULT '0',
  `credite` smallint(6) DEFAULT '0',
  `note` text,
  `date_trans` datetime DEFAULT NULL,
  `method_trans` smallint(6) DEFAULT NULL,
  `fk_user_trans` int(11) DEFAULT NULL,
  `date_credit` datetime DEFAULT NULL,
  `fk_user_credit` int(11) DEFAULT NULL,
  PRIMARY KEY (`rowid`),
  UNIQUE KEY `uk_prelevement_bons_ref` (`ref`,`entity`)
) ENGINE=InnoDB DEFAULT CHARSET=utf8;

--
-- Dumping data for table `llx_prelevement_bons`
--


--
-- Table structure for table `llx_prelevement_facture`
--

CREATE TABLE `llx_prelevement_facture` (
  `rowid` int(11) NOT NULL AUTO_INCREMENT,
  `fk_facture` int(11) NOT NULL,
  `fk_prelevement_lignes` int(11) NOT NULL,
  PRIMARY KEY (`rowid`),
  KEY `idx_prelevement_facture_fk_prelevement_lignes` (`fk_prelevement_lignes`),
  CONSTRAINT `fk_prelevement_facture_fk_prelevement_lignes` FOREIGN KEY (`fk_prelevement_lignes`) REFERENCES `llx_prelevement_lignes` (`rowid`)
) ENGINE=InnoDB DEFAULT CHARSET=utf8;

--
-- Dumping data for table `llx_prelevement_facture`
--


--
-- Table structure for table `llx_prelevement_facture_demande`
--

CREATE TABLE `llx_prelevement_facture_demande` (
  `rowid` int(11) NOT NULL AUTO_INCREMENT,
  `fk_facture` int(11) NOT NULL,
  `amount` double NOT NULL,
  `date_demande` datetime NOT NULL,
  `traite` smallint(6) DEFAULT '0',
  `date_traite` datetime DEFAULT NULL,
  `fk_prelevement_bons` int(11) DEFAULT NULL,
  `fk_user_demande` int(11) NOT NULL,
  `code_banque` varchar(7) DEFAULT NULL,
  `code_guichet` varchar(6) DEFAULT NULL,
  `number` varchar(255) DEFAULT NULL,
  `cle_rib` varchar(5) DEFAULT NULL,
  PRIMARY KEY (`rowid`)
) ENGINE=InnoDB DEFAULT CHARSET=utf8;

--
-- Dumping data for table `llx_prelevement_facture_demande`
--


--
-- Table structure for table `llx_prelevement_lignes`
--

CREATE TABLE `llx_prelevement_lignes` (
  `rowid` int(11) NOT NULL AUTO_INCREMENT,
  `fk_prelevement_bons` int(11) DEFAULT NULL,
  `fk_soc` int(11) NOT NULL,
  `statut` smallint(6) DEFAULT '0',
  `client_nom` varchar(255) DEFAULT NULL,
  `amount` double DEFAULT '0',
  `code_banque` varchar(7) DEFAULT NULL,
  `code_guichet` varchar(6) DEFAULT NULL,
  `number` varchar(255) DEFAULT NULL,
  `cle_rib` varchar(5) DEFAULT NULL,
  `note` text,
  PRIMARY KEY (`rowid`),
  KEY `idx_prelevement_lignes_fk_prelevement_bons` (`fk_prelevement_bons`),
  CONSTRAINT `fk_prelevement_lignes_fk_prelevement_bons` FOREIGN KEY (`fk_prelevement_bons`) REFERENCES `llx_prelevement_bons` (`rowid`)
) ENGINE=InnoDB DEFAULT CHARSET=utf8;

--
-- Dumping data for table `llx_prelevement_lignes`
--


--
-- Table structure for table `llx_prelevement_rejet`
--

CREATE TABLE `llx_prelevement_rejet` (
  `rowid` int(11) NOT NULL AUTO_INCREMENT,
  `fk_prelevement_lignes` int(11) DEFAULT NULL,
  `date_rejet` datetime DEFAULT NULL,
  `motif` int(11) DEFAULT NULL,
  `date_creation` datetime DEFAULT NULL,
  `fk_user_creation` int(11) DEFAULT NULL,
  `note` text,
  `afacturer` tinyint(4) DEFAULT '0',
  `fk_facture` int(11) DEFAULT NULL,
  PRIMARY KEY (`rowid`)
) ENGINE=InnoDB DEFAULT CHARSET=utf8;

--
-- Dumping data for table `llx_prelevement_rejet`
--


--
-- Table structure for table `llx_printer_ipp`
--

CREATE TABLE `llx_printer_ipp` (
  `rowid` int(11) NOT NULL AUTO_INCREMENT,
  `tms` timestamp NOT NULL DEFAULT CURRENT_TIMESTAMP ON UPDATE CURRENT_TIMESTAMP,
  `datec` datetime DEFAULT NULL,
  `printer_name` text NOT NULL,
  `printer_location` text NOT NULL,
  `printer_uri` varchar(256) NOT NULL,
  `copy` int(11) NOT NULL DEFAULT '1',
  `module` varchar(16) NOT NULL,
  `login` varchar(32) NOT NULL,
  PRIMARY KEY (`rowid`)
) ENGINE=InnoDB DEFAULT CHARSET=latin1;

--
-- Dumping data for table `llx_printer_ipp`
--


--
-- Table structure for table `llx_product`
--

CREATE TABLE `llx_product` (
  `rowid` int(11) NOT NULL AUTO_INCREMENT,
  `datec` datetime DEFAULT NULL,
  `tms` timestamp NOT NULL DEFAULT CURRENT_TIMESTAMP ON UPDATE CURRENT_TIMESTAMP,
  `virtual` tinyint(4) NOT NULL DEFAULT '0',
  `fk_parent` int(11) DEFAULT '0',
  `ref` varchar(128) NOT NULL,
  `entity` int(11) NOT NULL DEFAULT '1',
  `ref_ext` varchar(128) DEFAULT NULL,
  `label` varchar(255) NOT NULL,
  `description` text,
  `note` text,
  `customcode` varchar(32) DEFAULT NULL,
  `fk_country` int(11) DEFAULT NULL,
  `price` double(24,8) DEFAULT '0.00000000',
  `price_ttc` double(24,8) DEFAULT '0.00000000',
  `price_min` double(24,8) DEFAULT '0.00000000',
  `price_min_ttc` double(24,8) DEFAULT '0.00000000',
  `price_base_type` varchar(3) DEFAULT 'HT',
  `tva_tx` double(6,3) DEFAULT NULL,
  `recuperableonly` int(11) NOT NULL DEFAULT '0',
  `localtax1_tx` double(6,3) DEFAULT '0.000',
  `localtax2_tx` double(6,3) DEFAULT '0.000',
  `fk_user_author` int(11) DEFAULT NULL,
  `fk_user_modif` int(11) DEFAULT NULL,
  `tosell` tinyint(4) DEFAULT '1',
  `tobuy` tinyint(4) DEFAULT '1',
  `tobatch` tinyint(4) NOT NULL DEFAULT '0',
  `fk_product_type` int(11) DEFAULT '0',
  `duration` varchar(6) DEFAULT NULL,
  `seuil_stock_alerte` int(11) DEFAULT '0',
  `url` varchar(255) DEFAULT NULL,
  `barcode` varchar(255) DEFAULT NULL,
  `fk_barcode_type` int(11) DEFAULT NULL,
  `accountancy_code_sell` varchar(32) DEFAULT NULL,
  `accountancy_code_buy` varchar(32) DEFAULT NULL,
  `partnumber` varchar(32) DEFAULT NULL,
  `weight` float DEFAULT NULL,
  `weight_units` tinyint(4) DEFAULT NULL,
  `length` float DEFAULT NULL,
  `length_units` tinyint(4) DEFAULT NULL,
  `surface` float DEFAULT NULL,
  `surface_units` tinyint(4) DEFAULT NULL,
  `volume` float DEFAULT NULL,
  `volume_units` tinyint(4) DEFAULT NULL,
  `stock` int(11) DEFAULT NULL,
  `pmp` double(24,8) NOT NULL DEFAULT '0.00000000',
  `canvas` varchar(32) DEFAULT 'default@product',
  `finished` tinyint(4) DEFAULT NULL,
  `hidden` tinyint(4) DEFAULT '0',
  `import_key` varchar(14) DEFAULT NULL,
  `desiredstock` int(11) DEFAULT '0',
  PRIMARY KEY (`rowid`),
  UNIQUE KEY `uk_product_ref` (`ref`,`entity`),
  UNIQUE KEY `uk_product_barcode` (`barcode`,`fk_barcode_type`,`entity`),
  KEY `idx_product_label` (`label`),
  KEY `idx_product_barcode` (`barcode`),
  KEY `idx_product_import_key` (`import_key`),
  KEY `idx_product_fk_country` (`fk_country`),
  KEY `idx_product_fk_user_author` (`fk_user_author`),
  KEY `idx_product_fk_barcode_type` (`fk_barcode_type`),
  CONSTRAINT `fk_product_fk_country` FOREIGN KEY (`fk_country`) REFERENCES `llx_c_country` (`rowid`)
) ENGINE=InnoDB AUTO_INCREMENT=12 DEFAULT CHARSET=utf8;

--
-- Dumping data for table `llx_product`
--

INSERT INTO `llx_product` VALUES (1,'2010-07-08 14:33:17','2014-12-21 12:51:04',0,0,'PIDRESS',1,NULL,'Pink dress','A beatifull pink dress','',NULL,NULL,100.00000000,112.50000000,90.00000000,101.25000000,'HT',12.500,0,0.000,0.000,1,NULL,1,1,0,0,'',20,NULL,NULL,NULL,'','',NULL,100,0,NULL,0,NULL,0,NULL,0,2,0.00000000,NULL,1,0,NULL,0),(2,'2010-07-09 00:30:01','2014-12-21 12:51:04',0,0,'Product_P1',1,NULL,'Product P1','','','',32,0.00000000,0.00000000,0.00000000,0.00000000,'HT',12.500,0,0.000,0.000,1,NULL,1,1,0,0,'',NULL,NULL,NULL,NULL,'','',NULL,NULL,0,NULL,0,NULL,0,NULL,0,998,0.00000000,NULL,0,0,NULL,0),(3,'2010-07-09 00:30:25','2014-12-21 12:51:04',0,0,'Service_S1',1,NULL,'Service S1','','',NULL,NULL,0.00000000,0.00000000,0.00000000,0.00000000,'HT',12.500,0,0.000,0.000,1,NULL,1,1,0,1,'1m',NULL,NULL,NULL,NULL,'','',NULL,NULL,NULL,NULL,NULL,NULL,NULL,NULL,NULL,NULL,0.00000000,NULL,0,0,NULL,0),(4,'2010-07-10 14:44:06','2014-12-21 12:51:04',0,0,'DECAP',1,NULL,'Decapsuleur','','',NULL,NULL,5.00000000,5.62500000,0.00000000,0.00000000,'HT',12.500,0,0.000,0.000,1,NULL,1,1,0,0,'',NULL,NULL,NULL,NULL,'','',NULL,2,-3,NULL,0,NULL,0,NULL,0,1001,10.00000000,NULL,1,0,NULL,0),(5,'2011-07-20 23:11:38','2014-12-21 12:51:04',0,0,'aaaa',1,NULL,'aaaa','cccc','bbbb','',NULL,10.00000000,11.96000000,0.00000000,0.00000000,'HT',19.600,0,0.000,0.000,1,NULL,1,1,0,0,'',NULL,NULL,NULL,NULL,'','',NULL,NULL,0,NULL,0,NULL,0,NULL,0,NULL,0.00000000,'',1,0,NULL,0),(6,'2011-07-29 22:16:44','2014-12-21 12:51:04',0,0,'Copy_of_aaaa',1,NULL,'aaaa','cccc','bbbb','',NULL,10.00000000,11.96000000,0.00000000,0.00000000,'HT',19.600,0,0.000,0.000,1,NULL,0,1,0,0,'',NULL,NULL,NULL,NULL,'','',NULL,NULL,0,NULL,0,NULL,0,NULL,0,NULL,0.00000000,'',1,0,NULL,0),(7,'2011-07-29 22:31:21','2014-12-21 12:51:04',0,0,'Copy_of_Copy_of_aaaa',1,NULL,'aaaa','cccc','bbbb','',NULL,10.00000000,11.96000000,0.00000000,0.00000000,'HT',19.600,0,0.000,0.000,1,NULL,0,0,0,0,'',NULL,NULL,NULL,NULL,'','',NULL,NULL,0,NULL,0,NULL,0,NULL,0,NULL,0.00000000,'',1,0,NULL,0),(8,'2011-07-29 22:46:54','2014-12-21 12:51:04',0,0,'Copy_of_Copy_of_Copy_of_aaaa',1,NULL,'aaaa','cccc','bbbb','',NULL,10.00000000,11.96000000,0.00000000,0.00000000,'HT',19.600,0,0.000,0.000,1,NULL,0,0,0,0,'',NULL,NULL,NULL,NULL,'','',NULL,NULL,0,NULL,0,NULL,0,NULL,0,NULL,0.00000000,'',1,0,NULL,0),(10,'2008-12-31 00:00:00','2014-12-21 12:51:04',0,0,'PR123456',1,NULL,'My product','This is a description example for record','Some note',NULL,NULL,100.00000000,110.00000000,0.00000000,0.00000000,'HT',10.000,0,0.000,0.000,NULL,NULL,0,0,0,0,'1y',0,NULL,NULL,NULL,NULL,NULL,NULL,NULL,NULL,NULL,NULL,NULL,NULL,NULL,NULL,NULL,0.00000000,NULL,NULL,0,'20110729232310',0),(11,'2013-01-13 20:24:42','2014-12-21 12:51:04',0,0,'gh',1,NULL,'hfghf','','','',NULL,0.00000000,0.00000000,0.00000000,0.00000000,'HT',0.000,0,0.000,0.000,1,NULL,1,1,0,0,'',NULL,NULL,NULL,NULL,'','',NULL,NULL,0,NULL,0,NULL,0,NULL,0,-1,0.00000000,'',1,0,NULL,0);

--
-- Table structure for table `llx_product_association`
--

CREATE TABLE `llx_product_association` (
  `rowid` int(11) NOT NULL AUTO_INCREMENT,
  `fk_product_pere` int(11) NOT NULL DEFAULT '0',
  `fk_product_fils` int(11) NOT NULL DEFAULT '0',
  `qty` double DEFAULT NULL,
  PRIMARY KEY (`rowid`),
  UNIQUE KEY `uk_product_association` (`fk_product_pere`,`fk_product_fils`),
  KEY `idx_product_association` (`fk_product_fils`),
  KEY `idx_product_association_fils` (`fk_product_fils`)
) ENGINE=InnoDB AUTO_INCREMENT=3 DEFAULT CHARSET=utf8;

--
-- Dumping data for table `llx_product_association`
--

INSERT INTO `llx_product_association` VALUES (1,4,1,2),(2,5,1,1);

--
-- Table structure for table `llx_product_batch`
--

CREATE TABLE `llx_product_batch` (
  `rowid` int(11) NOT NULL AUTO_INCREMENT,
  `tms` timestamp NOT NULL DEFAULT CURRENT_TIMESTAMP ON UPDATE CURRENT_TIMESTAMP,
  `fk_product_stock` int(11) NOT NULL,
  `eatby` datetime DEFAULT NULL,
  `sellby` datetime DEFAULT NULL,
  `batch` varchar(30) DEFAULT NULL,
  `qty` double NOT NULL DEFAULT '0',
  `import_key` varchar(14) DEFAULT NULL,
  PRIMARY KEY (`rowid`),
  KEY `idx_fk_product_stock` (`fk_product_stock`),
  KEY `ix_fk_product_stock` (`fk_product_stock`),
  CONSTRAINT `fk_product_batch_fk_product_stock` FOREIGN KEY (`fk_product_stock`) REFERENCES `llx_product_stock` (`rowid`)
) ENGINE=InnoDB DEFAULT CHARSET=utf8;

--
-- Dumping data for table `llx_product_batch`
--


--
-- Table structure for table `llx_product_customer_price`
--

CREATE TABLE `llx_product_customer_price` (
  `rowid` int(11) NOT NULL AUTO_INCREMENT,
  `entity` int(11) NOT NULL DEFAULT '1',
  `datec` datetime DEFAULT NULL,
  `tms` timestamp NOT NULL DEFAULT CURRENT_TIMESTAMP ON UPDATE CURRENT_TIMESTAMP,
  `fk_product` int(11) NOT NULL,
  `fk_soc` int(11) NOT NULL,
  `price` double(24,8) DEFAULT '0.00000000',
  `price_ttc` double(24,8) DEFAULT '0.00000000',
  `price_min` double(24,8) DEFAULT '0.00000000',
  `price_min_ttc` double(24,8) DEFAULT '0.00000000',
  `price_base_type` varchar(3) DEFAULT 'HT',
  `tva_tx` double(6,3) DEFAULT NULL,
  `recuperableonly` int(11) NOT NULL DEFAULT '0',
  `localtax1_tx` double(6,3) DEFAULT '0.000',
  `localtax2_tx` double(6,3) DEFAULT '0.000',
  `fk_user` int(11) DEFAULT NULL,
  `import_key` varchar(14) DEFAULT NULL,
  PRIMARY KEY (`rowid`),
  UNIQUE KEY `uk_customer_price_fk_product_fk_soc` (`fk_product`,`fk_soc`),
  KEY `idx_product_customer_price_fk_user` (`fk_user`),
  KEY `fk_customer_price_fk_soc` (`fk_soc`),
  KEY `idx_product_customer_price_fk_soc` (`fk_soc`),
  CONSTRAINT `fk_customer_price_fk_product` FOREIGN KEY (`fk_product`) REFERENCES `llx_product` (`rowid`) ON DELETE CASCADE,
  CONSTRAINT `fk_customer_price_fk_soc` FOREIGN KEY (`fk_soc`) REFERENCES `llx_societe` (`rowid`) ON DELETE CASCADE,
  CONSTRAINT `fk_product_customer_price_fk_user` FOREIGN KEY (`fk_user`) REFERENCES `llx_user` (`rowid`)
) ENGINE=InnoDB DEFAULT CHARSET=latin1;

--
-- Dumping data for table `llx_product_customer_price`
--


--
-- Table structure for table `llx_product_customer_price_log`
--

CREATE TABLE `llx_product_customer_price_log` (
  `rowid` int(11) NOT NULL AUTO_INCREMENT,
  `entity` int(11) NOT NULL DEFAULT '1',
  `datec` datetime DEFAULT NULL,
  `fk_product` int(11) NOT NULL,
  `fk_soc` int(11) NOT NULL,
  `price` double(24,8) DEFAULT '0.00000000',
  `price_ttc` double(24,8) DEFAULT '0.00000000',
  `price_min` double(24,8) DEFAULT '0.00000000',
  `price_min_ttc` double(24,8) DEFAULT '0.00000000',
  `price_base_type` varchar(3) DEFAULT 'HT',
  `tva_tx` double(6,3) DEFAULT NULL,
  `recuperableonly` int(11) NOT NULL DEFAULT '0',
  `localtax1_tx` double(6,3) DEFAULT '0.000',
  `localtax2_tx` double(6,3) DEFAULT '0.000',
  `fk_user` int(11) DEFAULT NULL,
  `import_key` varchar(14) DEFAULT NULL,
  PRIMARY KEY (`rowid`)
) ENGINE=InnoDB DEFAULT CHARSET=latin1;

--
-- Dumping data for table `llx_product_customer_price_log`
--


--
-- Table structure for table `llx_product_extrafields`
--

CREATE TABLE `llx_product_extrafields` (
  `rowid` int(11) NOT NULL AUTO_INCREMENT,
  `tms` timestamp NOT NULL DEFAULT CURRENT_TIMESTAMP ON UPDATE CURRENT_TIMESTAMP,
  `fk_object` int(11) NOT NULL,
  `import_key` varchar(14) DEFAULT NULL,
  PRIMARY KEY (`rowid`),
  KEY `idx_product_extrafields` (`fk_object`)
) ENGINE=InnoDB DEFAULT CHARSET=utf8;

--
-- Dumping data for table `llx_product_extrafields`
--


--
-- Table structure for table `llx_product_fournisseur_price`
--

CREATE TABLE `llx_product_fournisseur_price` (
  `rowid` int(11) NOT NULL AUTO_INCREMENT,
  `datec` datetime DEFAULT NULL,
  `tms` timestamp NOT NULL DEFAULT CURRENT_TIMESTAMP ON UPDATE CURRENT_TIMESTAMP,
  `fk_product` int(11) DEFAULT NULL,
  `fk_soc` int(11) DEFAULT NULL,
  `ref_fourn` varchar(30) DEFAULT NULL,
  `fk_availability` int(11) DEFAULT NULL,
  `price` double(24,8) DEFAULT '0.00000000',
  `quantity` double DEFAULT NULL,
  `remise_percent` double NOT NULL DEFAULT '0',
  `remise` double NOT NULL DEFAULT '0',
  `unitprice` double(24,8) DEFAULT '0.00000000',
  `charges` double(24,8) DEFAULT '0.00000000',
  `unitcharges` double(24,8) DEFAULT '0.00000000',
  `tva_tx` double(6,3) NOT NULL DEFAULT '0.000',
  `info_bits` int(11) NOT NULL DEFAULT '0',
  `fk_user` int(11) DEFAULT NULL,
  `import_key` varchar(14) DEFAULT NULL,
  `entity` int(11) NOT NULL DEFAULT '1',
  PRIMARY KEY (`rowid`),
  UNIQUE KEY `uk_product_fournisseur_price_ref` (`ref_fourn`,`fk_soc`,`quantity`,`entity`),
  KEY `idx_product_fournisseur_price_fk_user` (`fk_user`),
  KEY `idx_product_fourn_price_fk_product` (`fk_product`,`entity`),
  KEY `idx_product_fourn_price_fk_soc` (`fk_soc`,`entity`),
  CONSTRAINT `fk_product_fournisseur_price_fk_product` FOREIGN KEY (`fk_product`) REFERENCES `llx_product` (`rowid`),
  CONSTRAINT `fk_product_fournisseur_price_fk_user` FOREIGN KEY (`fk_user`) REFERENCES `llx_user` (`rowid`)
) ENGINE=InnoDB AUTO_INCREMENT=2 DEFAULT CHARSET=utf8;

--
-- Dumping data for table `llx_product_fournisseur_price`
--

INSERT INTO `llx_product_fournisseur_price` VALUES (1,'2010-07-11 18:45:42','2012-12-08 13:11:08',4,1,'ABCD',NULL,10.00000000,1,0,0,10.00000000,0.00000000,0.00000000,0.000,0,1,NULL,1);

--
-- Table structure for table `llx_product_fournisseur_price_log`
--

CREATE TABLE `llx_product_fournisseur_price_log` (
  `rowid` int(11) NOT NULL AUTO_INCREMENT,
  `datec` datetime DEFAULT NULL,
  `fk_product_fournisseur` int(11) NOT NULL,
  `price` double(24,8) DEFAULT '0.00000000',
  `quantity` double DEFAULT NULL,
  `fk_user` int(11) DEFAULT NULL,
  PRIMARY KEY (`rowid`)
) ENGINE=InnoDB AUTO_INCREMENT=2 DEFAULT CHARSET=utf8;

--
-- Dumping data for table `llx_product_fournisseur_price_log`
--

INSERT INTO `llx_product_fournisseur_price_log` VALUES (1,'2010-07-11 18:45:42',1,10.00000000,1,1);

--
-- Table structure for table `llx_product_lang`
--

CREATE TABLE `llx_product_lang` (
  `rowid` int(11) NOT NULL AUTO_INCREMENT,
  `fk_product` int(11) NOT NULL DEFAULT '0',
  `lang` varchar(5) NOT NULL DEFAULT '0',
  `label` varchar(255) NOT NULL,
  `description` text,
  `note` text,
  PRIMARY KEY (`rowid`),
  UNIQUE KEY `uk_product_lang` (`fk_product`,`lang`),
  CONSTRAINT `fk_product_lang_fk_product` FOREIGN KEY (`fk_product`) REFERENCES `llx_product` (`rowid`)
) ENGINE=InnoDB AUTO_INCREMENT=11 DEFAULT CHARSET=utf8;

--
-- Dumping data for table `llx_product_lang`
--

INSERT INTO `llx_product_lang` VALUES (1,1,'en_US','Pink dress','A beatifull pink dress',''),(2,2,'en_US','Product P1','',''),(3,3,'en_US','Service S1','',''),(4,4,'fr_FR','Decapsuleur','',''),(5,5,'en_US','aaaa','cccc','bbbb'),(6,6,'en_US','aaaa','cccc','bbbb'),(7,7,'en_US','aaaa','cccc','bbbb'),(8,8,'en_US','aaaa','cccc','bbbb'),(9,11,'fr_FR','hfghf','',''),(10,2,'fr_FR','Product P1','','');

--
-- Table structure for table `llx_product_price`
--

CREATE TABLE `llx_product_price` (
  `rowid` int(11) NOT NULL AUTO_INCREMENT,
  `entity` int(11) NOT NULL DEFAULT '1',
  `tms` timestamp NOT NULL DEFAULT CURRENT_TIMESTAMP ON UPDATE CURRENT_TIMESTAMP,
  `fk_product` int(11) NOT NULL,
  `date_price` datetime NOT NULL,
  `price_level` smallint(6) DEFAULT '1',
  `price` double(24,8) DEFAULT NULL,
  `price_ttc` double(24,8) DEFAULT NULL,
  `price_min` double(24,8) DEFAULT NULL,
  `price_min_ttc` double(24,8) DEFAULT NULL,
  `price_base_type` varchar(3) DEFAULT 'HT',
  `tva_tx` double(6,3) NOT NULL,
  `recuperableonly` int(11) NOT NULL DEFAULT '0',
  `localtax1_tx` double(6,3) DEFAULT '0.000',
  `localtax2_tx` double(6,3) DEFAULT '0.000',
  `fk_user_author` int(11) DEFAULT NULL,
  `tosell` tinyint(4) DEFAULT '1',
  `price_by_qty` int(11) NOT NULL DEFAULT '0',
  `import_key` varchar(14) DEFAULT NULL,
  PRIMARY KEY (`rowid`),
  KEY `idx_product_price_fk_user_author` (`fk_user_author`),
  KEY `idx_product_price_fk_product` (`fk_product`),
  CONSTRAINT `fk_product_price_product` FOREIGN KEY (`fk_product`) REFERENCES `llx_product` (`rowid`),
  CONSTRAINT `fk_product_price_user_author` FOREIGN KEY (`fk_user_author`) REFERENCES `llx_user` (`rowid`)
) ENGINE=InnoDB AUTO_INCREMENT=14 DEFAULT CHARSET=utf8;

--
-- Dumping data for table `llx_product_price`
--

INSERT INTO `llx_product_price` VALUES (1,1,'2010-07-08 12:33:17',1,'2010-07-08 14:33:17',1,0.00000000,0.00000000,0.00000000,0.00000000,'HT',12.500,0,0.000,0.000,1,1,0,NULL),(2,1,'2010-07-08 22:30:01',2,'2010-07-09 00:30:01',1,0.00000000,0.00000000,0.00000000,0.00000000,'HT',12.500,0,0.000,0.000,1,1,0,NULL),(3,1,'2010-07-08 22:30:25',3,'2010-07-09 00:30:25',1,0.00000000,0.00000000,0.00000000,0.00000000,'HT',12.500,0,0.000,0.000,1,1,0,NULL),(4,1,'2010-07-10 12:44:06',4,'2010-07-10 14:44:06',1,0.00000000,0.00000000,0.00000000,0.00000000,'HT',12.500,0,0.000,0.000,1,1,0,NULL),(5,1,'2011-07-20 21:11:38',5,'2011-07-20 23:11:38',1,0.00000000,0.00000000,0.00000000,0.00000000,'HT',19.600,0,0.000,0.000,1,1,0,NULL),(6,1,'2011-07-27 17:02:59',5,'2011-07-27 19:02:59',1,10.00000000,11.96000000,0.00000000,0.00000000,'HT',19.600,0,0.000,0.000,1,1,0,NULL),(7,1,'2011-07-29 20:16:44',6,'2011-07-29 22:16:44',1,10.00000000,11.96000000,0.00000000,0.00000000,'HT',19.600,0,0.000,0.000,1,0,0,NULL),(8,1,'2011-07-29 20:31:21',7,'2011-07-29 22:31:21',1,10.00000000,11.96000000,0.00000000,0.00000000,'HT',19.600,0,0.000,0.000,1,0,0,NULL),(9,1,'2011-07-29 20:46:54',8,'2011-07-29 22:46:54',1,10.00000000,11.96000000,0.00000000,0.00000000,'HT',19.600,0,0.000,0.000,1,0,0,NULL),(10,1,'2011-07-31 22:34:27',4,'2011-08-01 00:34:27',1,5.00000000,5.62500000,0.00000000,0.00000000,'HT',12.500,0,0.000,0.000,1,1,0,NULL),(12,1,'2013-01-13 19:24:59',11,'2013-01-13 20:24:59',1,0.00000000,0.00000000,0.00000000,0.00000000,'HT',0.000,0,0.000,0.000,1,1,0,NULL),(13,1,'2013-03-12 09:30:24',1,'2013-03-12 10:30:24',1,100.00000000,112.50000000,90.00000000,101.25000000,'HT',12.500,0,0.000,0.000,1,1,0,NULL);

--
-- Table structure for table `llx_product_price_by_qty`
--

CREATE TABLE `llx_product_price_by_qty` (
  `rowid` int(11) NOT NULL AUTO_INCREMENT,
  `fk_product_price` int(11) NOT NULL,
  `date_price` timestamp NOT NULL DEFAULT CURRENT_TIMESTAMP ON UPDATE CURRENT_TIMESTAMP,
  `price` double(24,8) DEFAULT '0.00000000',
  `price_ttc` double(24,8) DEFAULT '0.00000000',
  `remise_percent` double NOT NULL DEFAULT '0',
  `remise` double NOT NULL DEFAULT '0',
  `qty_min` double DEFAULT '0',
  PRIMARY KEY (`rowid`),
  UNIQUE KEY `uk_product_price_by_qty_level` (`fk_product_price`,`qty_min`),
  KEY `idx_product_price_by_qty_fk_product_price` (`fk_product_price`),
  CONSTRAINT `fk_product_price_by_qty_fk_product_price` FOREIGN KEY (`fk_product_price`) REFERENCES `llx_product_price` (`rowid`)
) ENGINE=InnoDB DEFAULT CHARSET=utf8;

--
-- Dumping data for table `llx_product_price_by_qty`
--


--
-- Table structure for table `llx_product_stock`
--

CREATE TABLE `llx_product_stock` (
  `rowid` int(11) NOT NULL AUTO_INCREMENT,
  `tms` timestamp NOT NULL DEFAULT CURRENT_TIMESTAMP ON UPDATE CURRENT_TIMESTAMP,
  `fk_product` int(11) NOT NULL,
  `fk_entrepot` int(11) NOT NULL,
  `reel` double DEFAULT NULL,
  `pmp` double(24,8) NOT NULL DEFAULT '0.00000000',
  `import_key` varchar(14) DEFAULT NULL,
  PRIMARY KEY (`rowid`),
  UNIQUE KEY `uk_product_stock` (`fk_product`,`fk_entrepot`),
  KEY `idx_product_stock_fk_product` (`fk_product`),
  KEY `idx_product_stock_fk_entrepot` (`fk_entrepot`)
) ENGINE=InnoDB AUTO_INCREMENT=8 DEFAULT CHARSET=utf8;

--
-- Dumping data for table `llx_product_stock`
--

INSERT INTO `llx_product_stock` VALUES (1,'2010-07-08 22:43:51',2,2,1000,0.00000000,NULL),(3,'2010-07-10 23:02:20',4,2,1000,0.00000000,NULL),(4,'2013-01-19 17:22:48',4,1,1,10.00000000,NULL),(5,'2013-01-19 17:22:48',1,1,2,0.00000000,NULL),(6,'2013-01-19 17:22:48',11,1,-1,0.00000000,NULL),(7,'2013-01-19 17:31:58',2,1,-2,0.00000000,NULL);

--
-- Table structure for table `llx_product_subproduct`
--

CREATE TABLE `llx_product_subproduct` (
  `rowid` int(11) NOT NULL AUTO_INCREMENT,
  `fk_product` int(11) NOT NULL,
  `fk_product_subproduct` int(11) NOT NULL,
  PRIMARY KEY (`rowid`),
  UNIQUE KEY `fk_product` (`fk_product`,`fk_product_subproduct`)
) ENGINE=InnoDB DEFAULT CHARSET=utf8;

--
-- Dumping data for table `llx_product_subproduct`
--


--
-- Table structure for table `llx_projet`
--

CREATE TABLE `llx_projet` (
  `rowid` int(11) NOT NULL AUTO_INCREMENT,
  `fk_soc` int(11) DEFAULT NULL,
  `datec` date DEFAULT NULL,
  `tms` timestamp NOT NULL DEFAULT CURRENT_TIMESTAMP ON UPDATE CURRENT_TIMESTAMP,
  `dateo` date DEFAULT NULL,
  `datee` date DEFAULT NULL,
  `ref` varchar(50) DEFAULT NULL,
  `entity` int(11) NOT NULL DEFAULT '1',
  `title` varchar(255) NOT NULL,
  `description` text,
  `fk_user_creat` int(11) NOT NULL,
  `public` int(11) DEFAULT NULL,
  `fk_statut` smallint(6) NOT NULL DEFAULT '0',
  `note_private` text,
  `note_public` text,
  `model_pdf` varchar(255) DEFAULT NULL,
  PRIMARY KEY (`rowid`),
  UNIQUE KEY `uk_projet_ref` (`ref`,`entity`),
  KEY `idx_projet_fk_soc` (`fk_soc`),
  CONSTRAINT `fk_projet_fk_soc` FOREIGN KEY (`fk_soc`) REFERENCES `llx_societe` (`rowid`)
) ENGINE=InnoDB AUTO_INCREMENT=6 DEFAULT CHARSET=utf8;

--
-- Dumping data for table `llx_projet`
--

INSERT INTO `llx_projet` VALUES (1,NULL,'2010-07-09','2014-12-21 13:17:58','2010-07-09',NULL,'PROJ1',1,'Project One','',1,0,1,NULL,'gdfgdfg','baleine'),(2,NULL,'2010-07-09','2010-07-08 22:49:56','2010-07-09',NULL,'PROJ2',1,'Project Two','',1,0,0,NULL,NULL,NULL),(3,1,'2010-07-09','2010-07-08 22:50:19','2010-07-09',NULL,'PROJABC',1,'Project to create ABC company','',1,0,0,NULL,NULL,NULL),(4,NULL,'2010-07-09','2010-07-08 22:50:49','2010-07-09',NULL,'PROJSHARED',1,'The Global project','',1,1,1,NULL,NULL,NULL),(5,NULL,'2010-07-11','2010-07-11 14:22:49','2010-07-11','2011-07-14','RMLL',1,'Projet gestion RMLL 2011','',1,1,1,NULL,NULL,NULL);

--
-- Table structure for table `llx_projet_extrafields`
--

CREATE TABLE `llx_projet_extrafields` (
  `rowid` int(11) NOT NULL AUTO_INCREMENT,
  `tms` timestamp NOT NULL DEFAULT CURRENT_TIMESTAMP ON UPDATE CURRENT_TIMESTAMP,
  `fk_object` int(11) NOT NULL,
  `import_key` varchar(14) DEFAULT NULL,
  PRIMARY KEY (`rowid`),
  KEY `idx_projet_extrafields` (`fk_object`)
) ENGINE=InnoDB DEFAULT CHARSET=latin1;

--
-- Dumping data for table `llx_projet_extrafields`
--


--
-- Table structure for table `llx_projet_task`
--

CREATE TABLE `llx_projet_task` (
  `rowid` int(11) NOT NULL AUTO_INCREMENT,
  `ref` varchar(50) DEFAULT NULL,
  `entity` int(11) NOT NULL DEFAULT '1',
  `fk_projet` int(11) NOT NULL,
  `fk_task_parent` int(11) NOT NULL DEFAULT '0',
  `datec` datetime DEFAULT NULL,
  `tms` timestamp NOT NULL DEFAULT CURRENT_TIMESTAMP ON UPDATE CURRENT_TIMESTAMP,
  `dateo` datetime DEFAULT NULL,
  `datee` datetime DEFAULT NULL,
  `datev` datetime DEFAULT NULL,
  `label` varchar(255) NOT NULL,
  `description` text,
  `duration_effective` double NOT NULL DEFAULT '0',
  `planned_workload` double NOT NULL DEFAULT '0',
  `progress` int(11) DEFAULT '0',
  `priority` int(11) DEFAULT '0',
  `fk_user_creat` int(11) DEFAULT NULL,
  `fk_user_valid` int(11) DEFAULT NULL,
  `fk_statut` smallint(6) NOT NULL DEFAULT '0',
  `note_private` text,
  `note_public` text,
  `rang` int(11) DEFAULT '0',
  `model_pdf` varchar(255) DEFAULT NULL,
  PRIMARY KEY (`rowid`),
  KEY `idx_projet_task_fk_projet` (`fk_projet`),
  KEY `idx_projet_task_fk_user_creat` (`fk_user_creat`),
  KEY `idx_projet_task_fk_user_valid` (`fk_user_valid`),
  CONSTRAINT `fk_projet_task_fk_projet` FOREIGN KEY (`fk_projet`) REFERENCES `llx_projet` (`rowid`),
  CONSTRAINT `fk_projet_task_fk_user_creat` FOREIGN KEY (`fk_user_creat`) REFERENCES `llx_user` (`rowid`),
  CONSTRAINT `fk_projet_task_fk_user_valid` FOREIGN KEY (`fk_user_valid`) REFERENCES `llx_user` (`rowid`)
) ENGINE=InnoDB AUTO_INCREMENT=6 DEFAULT CHARSET=utf8;

--
-- Dumping data for table `llx_projet_task`
--

INSERT INTO `llx_projet_task` VALUES (1,'1',1,1,0,'2010-07-11 15:15:55','2013-09-08 23:06:14','2010-07-11 12:00:00',NULL,NULL,'Work on module','',25920000,0,0,0,1,NULL,0,NULL,NULL,0,NULL),(2,'2',1,5,0,'2010-07-11 16:23:53','2013-09-08 23:06:14','2010-07-11 12:00:00','2011-07-14 12:00:00',NULL,'Heberger site RMLL','',0,0,0,0,1,NULL,0,NULL,NULL,0,NULL),(3,'TK1007-0001',1,1,0,'2014-12-21 13:52:41','2014-12-21 13:55:08','2014-12-21 13:52:00',NULL,NULL,'azerty','',9000,36000,0,0,1,NULL,0,NULL,'gdfgdfgdf',0,NULL),(4,'TK1007-0002',1,1,0,'2014-12-21 13:55:39','2014-12-21 13:22:35','2014-12-21 13:55:00',NULL,NULL,'gdfgdfgfd','',7200,18000,25,0,1,NULL,0,NULL,NULL,0,NULL),(5,'TK1007-0003',1,1,0,'2014-12-21 14:16:58','2014-12-21 13:16:58','2014-12-21 14:16:00',NULL,NULL,'mmmm','',0,0,0,0,1,NULL,0,NULL,NULL,0,NULL);

--
-- Table structure for table `llx_projet_task_extrafields`
--

CREATE TABLE `llx_projet_task_extrafields` (
  `rowid` int(11) NOT NULL AUTO_INCREMENT,
  `tms` timestamp NOT NULL DEFAULT CURRENT_TIMESTAMP ON UPDATE CURRENT_TIMESTAMP,
  `fk_object` int(11) NOT NULL,
  `import_key` varchar(14) DEFAULT NULL,
  PRIMARY KEY (`rowid`),
  KEY `idx_projet_task_extrafields` (`fk_object`)
) ENGINE=InnoDB DEFAULT CHARSET=latin1;

--
-- Dumping data for table `llx_projet_task_extrafields`
--


--
-- Table structure for table `llx_projet_task_time`
--

CREATE TABLE `llx_projet_task_time` (
  `rowid` int(11) NOT NULL AUTO_INCREMENT,
  `fk_task` int(11) NOT NULL,
  `task_date` date DEFAULT NULL,
  `task_datehour` datetime DEFAULT NULL,
  `task_duration` double DEFAULT NULL,
  `fk_user` int(11) DEFAULT NULL,
  `thm` double(24,8) DEFAULT NULL,
  `note` text,
  PRIMARY KEY (`rowid`),
  KEY `idx_projet_task_time_task` (`fk_task`),
  KEY `idx_projet_task_time_date` (`task_date`),
  KEY `idx_projet_task_time_datehour` (`task_datehour`)
) ENGINE=InnoDB AUTO_INCREMENT=7 DEFAULT CHARSET=utf8;

--
-- Dumping data for table `llx_projet_task_time`
--

INSERT INTO `llx_projet_task_time` VALUES (1,1,'2010-07-11',NULL,25920000,1,NULL,''),(2,4,'2014-12-21','2014-12-21 12:00:00',3600,1,NULL,''),(3,4,'2014-12-18','2014-12-18 12:00:00',3600,1,NULL,NULL),(4,3,'2014-12-21','2014-12-21 12:00:00',3600,1,NULL,NULL),(5,3,'2014-12-21','2014-12-21 12:00:00',1800,1,NULL,NULL),(6,3,'2014-12-21','2014-12-21 12:00:00',3600,1,NULL,NULL);

--
-- Table structure for table `llx_propal`
--

CREATE TABLE `llx_propal` (
  `rowid` int(11) NOT NULL AUTO_INCREMENT,
  `fk_soc` int(11) DEFAULT NULL,
  `fk_projet` int(11) DEFAULT NULL,
  `tms` timestamp NOT NULL DEFAULT CURRENT_TIMESTAMP ON UPDATE CURRENT_TIMESTAMP,
  `ref` varchar(30) NOT NULL,
  `entity` int(11) NOT NULL DEFAULT '1',
  `ref_ext` varchar(255) DEFAULT NULL,
  `ref_int` varchar(255) DEFAULT NULL,
  `ref_client` varchar(255) DEFAULT NULL,
  `datec` datetime DEFAULT NULL,
  `datep` date DEFAULT NULL,
  `fin_validite` datetime DEFAULT NULL,
  `date_valid` datetime DEFAULT NULL,
  `date_cloture` datetime DEFAULT NULL,
  `fk_user_author` int(11) DEFAULT NULL,
  `fk_user_modif` int(11) DEFAULT NULL,
  `fk_user_valid` int(11) DEFAULT NULL,
  `fk_user_cloture` int(11) DEFAULT NULL,
  `fk_statut` smallint(6) NOT NULL DEFAULT '0',
  `price` double DEFAULT '0',
  `remise_percent` double DEFAULT '0',
  `remise_absolue` double DEFAULT '0',
  `remise` double DEFAULT '0',
  `total_ht` double(24,8) DEFAULT '0.00000000',
  `tva` double(24,8) DEFAULT '0.00000000',
  `localtax1` double(24,8) DEFAULT '0.00000000',
  `localtax2` double(24,8) DEFAULT '0.00000000',
  `total` double(24,8) DEFAULT '0.00000000',
  `fk_account` int(11) DEFAULT NULL,
  `fk_currency` varchar(3) DEFAULT NULL,
  `fk_cond_reglement` int(11) DEFAULT NULL,
  `fk_mode_reglement` int(11) DEFAULT NULL,
  `note_private` text,
  `note_public` text,
  `model_pdf` varchar(255) DEFAULT NULL,
  `date_livraison` date DEFAULT NULL,
  `fk_shipping_method` int(11) DEFAULT NULL,
  `fk_availability` int(11) DEFAULT NULL,
  `fk_delivery_address` int(11) DEFAULT NULL,
  `fk_input_reason` int(11) DEFAULT NULL,
  `import_key` varchar(14) DEFAULT NULL,
  `extraparams` varchar(255) DEFAULT NULL,
  PRIMARY KEY (`rowid`),
  UNIQUE KEY `uk_propal_ref` (`ref`,`entity`),
  KEY `idx_propal_fk_soc` (`fk_soc`),
  KEY `idx_propal_fk_user_author` (`fk_user_author`),
  KEY `idx_propal_fk_user_valid` (`fk_user_valid`),
  KEY `idx_propal_fk_user_cloture` (`fk_user_cloture`),
  KEY `idx_propal_fk_projet` (`fk_projet`),
  KEY `idx_propal_fk_account` (`fk_account`),
  KEY `idx_propal_fk_currency` (`fk_currency`),
  CONSTRAINT `fk_propal_fk_projet` FOREIGN KEY (`fk_projet`) REFERENCES `llx_projet` (`rowid`),
  CONSTRAINT `fk_propal_fk_soc` FOREIGN KEY (`fk_soc`) REFERENCES `llx_societe` (`rowid`),
  CONSTRAINT `fk_propal_fk_user_author` FOREIGN KEY (`fk_user_author`) REFERENCES `llx_user` (`rowid`),
  CONSTRAINT `fk_propal_fk_user_cloture` FOREIGN KEY (`fk_user_cloture`) REFERENCES `llx_user` (`rowid`),
  CONSTRAINT `fk_propal_fk_user_valid` FOREIGN KEY (`fk_user_valid`) REFERENCES `llx_user` (`rowid`)
) ENGINE=InnoDB AUTO_INCREMENT=13 DEFAULT CHARSET=utf8;

--
-- Dumping data for table `llx_propal`
--

INSERT INTO `llx_propal` VALUES (1,2,NULL,'2012-12-08 13:11:07','PR1007-0001',1,NULL,NULL,'','2010-07-09 01:33:49','2010-07-09','2010-07-24 12:00:00','2011-08-08 14:24:18',NULL,1,NULL,1,NULL,1,0,NULL,NULL,0,30.00000000,3.84000000,0.00000000,0.00000000,33.84000000,NULL,NULL,1,0,'','','azur',NULL,NULL,NULL,NULL,0,NULL,NULL),(2,1,NULL,'2012-12-08 13:11:07','PR1007-0002',1,NULL,NULL,'','2010-07-10 02:11:44','2010-07-10','2010-07-25 12:00:00','2010-07-10 02:12:55','2011-07-20 15:23:12',1,NULL,1,1,2,0,NULL,NULL,0,10.00000000,0.00000000,0.00000000,0.00000000,10.00000000,NULL,NULL,1,1,'','','azur',NULL,NULL,NULL,NULL,0,NULL,NULL),(3,4,NULL,'2012-12-08 13:11:07','PR1007-0003',1,NULL,NULL,'','2010-07-18 11:35:11','2010-07-18','2010-08-02 12:00:00','2010-07-18 11:36:18','2011-07-20 15:21:15',1,NULL,1,1,2,0,NULL,NULL,0,10.00000000,0.00000000,0.00000000,0.00000000,10.00000000,NULL,NULL,1,0,'','','azur',NULL,NULL,NULL,NULL,0,NULL,NULL),(4,17,NULL,'2012-12-08 13:11:07','PR1108-0004',1,NULL,NULL,'','2011-08-04 23:36:23','2011-08-05','2011-08-20 12:00:00','2011-08-08 14:24:24',NULL,1,NULL,1,NULL,1,0,NULL,NULL,0,30.00000000,5.88000000,0.00000000,0.00000000,35.88000000,NULL,NULL,1,0,'','','azur',NULL,NULL,0,NULL,0,NULL,NULL),(5,19,NULL,'2013-02-17 14:39:56','PR1302-0005',1,NULL,NULL,'','2013-02-17 15:39:56','2013-02-17','2013-03-04 12:00:00',NULL,NULL,1,NULL,NULL,NULL,0,0,NULL,NULL,0,0.00000000,0.00000000,0.00000000,0.00000000,0.00000000,NULL,NULL,1,0,'','','azur',NULL,NULL,0,NULL,0,NULL,NULL),(6,19,NULL,'2013-02-17 14:40:12','PR1302-0006',1,NULL,NULL,'','2013-02-17 15:40:12','2013-02-17','2013-03-04 12:00:00',NULL,NULL,1,NULL,NULL,NULL,0,0,NULL,NULL,0,0.00000000,0.00000000,0.00000000,0.00000000,0.00000000,NULL,NULL,1,0,'','','azur',NULL,NULL,0,NULL,0,NULL,NULL),(7,19,NULL,'2013-02-17 14:41:15','PR1302-0007',1,NULL,NULL,'','2013-02-17 15:41:15','2013-02-17','2013-03-04 12:00:00',NULL,NULL,1,NULL,NULL,NULL,0,0,NULL,NULL,0,0.00000000,0.00000000,0.00000000,0.00000000,0.00000000,NULL,NULL,1,0,'','','azur',NULL,NULL,0,NULL,0,NULL,NULL),(8,19,NULL,'2013-02-17 14:43:39','PR1302-0008',1,NULL,NULL,'','2013-02-17 15:43:39','2013-02-17','2013-03-04 12:00:00',NULL,NULL,1,NULL,NULL,NULL,0,0,NULL,NULL,0,0.00000000,0.00000000,0.00000000,0.00000000,0.00000000,NULL,NULL,1,0,'','','azur',NULL,NULL,0,NULL,0,NULL,NULL),(9,19,NULL,'2013-02-17 15:22:14','PR1302-0009',1,NULL,NULL,'','2013-02-17 15:53:01','2013-02-17','2013-03-04 12:00:00','2013-02-17 16:22:10','2013-02-17 16:22:14',1,NULL,1,1,2,0,NULL,NULL,0,60.00000000,11.76000000,0.00000000,0.00000000,71.76000000,NULL,NULL,1,0,'','','azur',NULL,NULL,0,NULL,0,NULL,NULL),(11,18,NULL,'2013-02-17 15:28:22','PR1302-0010',1,NULL,NULL,'gfdf','2013-02-17 16:27:18','2013-02-17','2013-03-04 12:00:00','2013-02-17 16:27:29','2013-02-17 16:28:22',1,NULL,1,1,2,0,NULL,NULL,0,10.00000000,1.96000000,0.00000000,0.00000000,11.96000000,NULL,NULL,1,0,'','','azur',NULL,NULL,0,NULL,0,NULL,NULL),(12,23,NULL,'2013-03-08 09:02:31','PR1303-0011',1,NULL,NULL,'fdfs','2013-03-08 10:00:23','2013-03-08','2013-03-23 12:00:00','2013-03-08 10:02:21','2013-03-08 10:02:31',1,NULL,1,1,2,0,NULL,NULL,0,5.00000000,0.00000000,0.00000000,0.00000000,5.00000000,NULL,NULL,1,0,'','','azur',NULL,NULL,0,NULL,0,NULL,NULL);

--
-- Table structure for table `llx_propal_extrafields`
--

CREATE TABLE `llx_propal_extrafields` (
  `rowid` int(11) NOT NULL AUTO_INCREMENT,
  `tms` timestamp NOT NULL DEFAULT CURRENT_TIMESTAMP ON UPDATE CURRENT_TIMESTAMP,
  `fk_object` int(11) NOT NULL,
  `import_key` varchar(14) DEFAULT NULL,
  PRIMARY KEY (`rowid`),
  KEY `idx_propal_extrafields` (`fk_object`)
) ENGINE=InnoDB DEFAULT CHARSET=utf8;

--
-- Dumping data for table `llx_propal_extrafields`
--


--
-- Table structure for table `llx_propaldet`
--

CREATE TABLE `llx_propaldet` (
  `rowid` int(11) NOT NULL AUTO_INCREMENT,
  `fk_propal` int(11) DEFAULT NULL,
  `fk_parent_line` int(11) DEFAULT NULL,
  `fk_product` int(11) DEFAULT NULL,
  `label` varchar(255) DEFAULT NULL,
  `description` text,
  `fk_remise_except` int(11) DEFAULT NULL,
  `tva_tx` double(6,3) DEFAULT '0.000',
  `localtax1_tx` double(6,3) DEFAULT '0.000',
  `localtax1_type` varchar(10) NOT NULL DEFAULT '0',
  `localtax2_tx` double(6,3) DEFAULT '0.000',
  `localtax2_type` varchar(10) NOT NULL DEFAULT '0',
  `qty` double DEFAULT NULL,
  `remise_percent` double DEFAULT '0',
  `remise` double DEFAULT '0',
  `price` double DEFAULT NULL,
  `subprice` double(24,8) DEFAULT '0.00000000',
  `total_ht` double(24,8) DEFAULT '0.00000000',
  `total_tva` double(24,8) DEFAULT '0.00000000',
  `total_localtax1` double(24,8) DEFAULT '0.00000000',
  `total_localtax2` double(24,8) DEFAULT '0.00000000',
  `total_ttc` double(24,8) DEFAULT '0.00000000',
  `product_type` int(11) DEFAULT '0',
  `date_start` datetime DEFAULT NULL,
  `date_end` datetime DEFAULT NULL,
  `info_bits` int(11) DEFAULT '0',
  `fk_product_fournisseur_price` int(11) DEFAULT NULL,
  `buy_price_ht` double(24,8) DEFAULT '0.00000000',
  `special_code` int(10) unsigned DEFAULT '0',
  `rang` int(11) DEFAULT '0',
  PRIMARY KEY (`rowid`),
  KEY `idx_propaldet_fk_propal` (`fk_propal`),
  KEY `idx_propaldet_fk_product` (`fk_product`),
  CONSTRAINT `fk_propaldet_fk_propal` FOREIGN KEY (`fk_propal`) REFERENCES `llx_propal` (`rowid`)
) ENGINE=InnoDB AUTO_INCREMENT=27 DEFAULT CHARSET=utf8;

--
-- Dumping data for table `llx_propaldet`
--

INSERT INTO `llx_propaldet` VALUES (1,1,NULL,NULL,NULL,'Une machine à café',NULL,12.500,0.000,'',0.000,'',1,0,0,NULL,10.00000000,10.00000000,1.25000000,0.00000000,0.00000000,11.25000000,0,NULL,NULL,0,NULL,0.00000000,0,1),(2,2,NULL,NULL,NULL,'Product 1',NULL,0.000,0.000,'',0.000,'',1,0,0,NULL,10.00000000,10.00000000,0.00000000,0.00000000,0.00000000,10.00000000,0,NULL,NULL,0,NULL,0.00000000,0,1),(3,2,NULL,2,NULL,'',NULL,0.000,0.000,'',0.000,'',1,0,0,NULL,NULL,0.00000000,0.00000000,0.00000000,0.00000000,0.00000000,0,NULL,NULL,0,NULL,0.00000000,0,2),(4,3,NULL,NULL,NULL,'A new marvelous product',NULL,0.000,0.000,'',0.000,'',1,0,0,NULL,10.00000000,10.00000000,0.00000000,0.00000000,0.00000000,10.00000000,0,NULL,NULL,0,NULL,0.00000000,0,1),(5,1,NULL,5,NULL,'cccc',NULL,19.600,0.000,'',0.000,'',1,0,0,NULL,10.00000000,10.00000000,1.96000000,0.00000000,0.00000000,11.96000000,0,NULL,NULL,0,NULL,0.00000000,0,2),(11,1,NULL,4,NULL,'',NULL,0.000,0.000,'',0.000,'',1,0,0,NULL,NULL,0.00000000,0.00000000,0.00000000,0.00000000,0.00000000,0,NULL,NULL,0,NULL,0.00000000,0,3),(12,1,NULL,4,NULL,'',NULL,0.000,0.000,'',0.000,'',1,0,0,NULL,5.00000000,5.00000000,0.00000000,0.00000000,0.00000000,5.00000000,0,NULL,NULL,0,NULL,0.00000000,0,4),(13,1,NULL,4,NULL,'',NULL,12.500,0.000,'',0.000,'',1,0,0,NULL,5.00000000,5.00000000,0.63000000,0.00000000,0.00000000,5.63000000,0,NULL,NULL,0,NULL,0.00000000,0,5),(19,4,NULL,NULL,NULL,'bvbcvbcvbcbcbcb',NULL,19.600,0.000,'',0.000,'',1,0,0,NULL,NULL,0.00000000,0.00000000,0.00000000,0.00000000,0.00000000,0,NULL,NULL,0,NULL,0.00000000,0,1),(20,4,NULL,NULL,NULL,'ghjhgjghjgh',NULL,19.600,0.000,'',0.000,'',1,0,0,NULL,10.00000000,10.00000000,1.96000000,0.00000000,0.00000000,11.96000000,0,NULL,NULL,0,NULL,0.00000000,0,2),(21,4,NULL,NULL,NULL,'ghjghjhgjg',NULL,19.600,0.000,'',0.000,'',2,0,0,10,10.00000000,20.00000000,3.92000000,0.00000000,0.00000000,23.92000000,1,NULL,NULL,0,NULL,0.00000000,0,3),(22,9,NULL,NULL,NULL,'gdfg',NULL,19.600,0.000,'',0.000,'',1,0,0,NULL,10.00000000,10.00000000,1.96000000,0.00000000,0.00000000,11.96000000,0,NULL,NULL,0,0,0.00000000,0,1),(23,9,NULL,NULL,NULL,'gfdgd',NULL,19.600,0.000,'',0.000,'',1,0,0,NULL,50.00000000,50.00000000,9.80000000,0.00000000,0.00000000,59.80000000,1,NULL,NULL,0,0,0.00000000,0,2),(24,11,NULL,NULL,NULL,'gfdg',NULL,19.600,0.000,'',0.000,'',1,0,0,NULL,10.00000000,10.00000000,1.96000000,0.00000000,0.00000000,11.96000000,0,NULL,NULL,0,0,0.00000000,0,1),(25,12,NULL,NULL,NULL,'fdsfs',NULL,0.000,0.000,'',0.000,'',1,0,0,NULL,10.00000000,10.00000000,0.00000000,0.00000000,0.00000000,10.00000000,0,NULL,NULL,0,0,0.00000000,0,1),(26,12,NULL,NULL,NULL,'fsdfsf',NULL,0.000,0.000,'',0.000,'',1,0,0,NULL,-5.00000000,-5.00000000,0.00000000,0.00000000,0.00000000,-5.00000000,0,NULL,NULL,0,0,0.00000000,0,2);

--
-- Table structure for table `llx_propaldet_extrafields`
--

CREATE TABLE `llx_propaldet_extrafields` (
  `rowid` int(11) NOT NULL AUTO_INCREMENT,
  `tms` timestamp NOT NULL DEFAULT CURRENT_TIMESTAMP ON UPDATE CURRENT_TIMESTAMP,
  `fk_object` int(11) NOT NULL,
  `import_key` varchar(14) DEFAULT NULL,
  PRIMARY KEY (`rowid`),
  KEY `idx_propaldet_extrafields` (`fk_object`)
) ENGINE=InnoDB DEFAULT CHARSET=latin1;

--
-- Dumping data for table `llx_propaldet_extrafields`
--


--
-- Table structure for table `llx_residence`
--

CREATE TABLE `llx_residence` (
  `rowid` int(11) NOT NULL AUTO_INCREMENT,
  `entity` int(11) DEFAULT '1',
  `ref` varchar(12) NOT NULL,
  `label` varchar(30) NOT NULL,
  `address` varchar(254) DEFAULT NULL,
  `zip` varchar(12) DEFAULT NULL,
  `town` varchar(36) DEFAULT NULL,
  `fk_country_id` int(11) DEFAULT NULL,
  `name_concierge` varchar(64) DEFAULT NULL,
  `tel_concierge` varchar(32) DEFAULT NULL,
  `hours_concierge` varchar(64) DEFAULT NULL,
  `antenne` varchar(64) DEFAULT NULL,
  `attestation` int(11) DEFAULT NULL,
  `latitude` float DEFAULT NULL,
  `longitude` float DEFAULT NULL,
  `date_creation` datetime DEFAULT NULL,
  `fk_user_creation` int(11) DEFAULT NULL,
  `tms` timestamp NOT NULL DEFAULT CURRENT_TIMESTAMP ON UPDATE CURRENT_TIMESTAMP,
  `fk_user_modification` int(11) DEFAULT NULL,
  `note_private` text,
  `note_public` text,
  `fk_thirdparty` int(11) DEFAULT NULL,
  PRIMARY KEY (`rowid`),
  UNIQUE KEY `idx_residence_ref` (`ref`),
  KEY `idx_residence_label` (`label`),
  KEY `idx_residence_zip` (`zip`),
  KEY `idx_residence_town` (`town`),
  KEY `fk_residence_thirdparty` (`fk_thirdparty`),
  KEY `fk_country_id` (`fk_country_id`),
  CONSTRAINT `fk_country_id` FOREIGN KEY (`fk_country_id`) REFERENCES `llx_c_country` (`rowid`),
  CONSTRAINT `fk_residence_thirdparty` FOREIGN KEY (`fk_thirdparty`) REFERENCES `llx_societe` (`rowid`)
) ENGINE=InnoDB DEFAULT CHARSET=utf8;

--
-- Dumping data for table `llx_residence`
--


--
-- Table structure for table `llx_residence_building`
--

CREATE TABLE `llx_residence_building` (
  `rowid` int(11) NOT NULL AUTO_INCREMENT,
  `ref` varchar(20) NOT NULL,
  `label` varchar(30) NOT NULL,
  `access_code` varchar(16) DEFAULT NULL,
  `date_creation` datetime DEFAULT NULL,
  `fk_user_creation` int(11) DEFAULT NULL,
  `tms` timestamp NOT NULL DEFAULT CURRENT_TIMESTAMP ON UPDATE CURRENT_TIMESTAMP,
  `fk_user_modification` int(11) DEFAULT NULL,
  `note_private` text,
  `note_public` text,
  `fk_residence` int(11) DEFAULT NULL,
  PRIMARY KEY (`rowid`),
  KEY `idx_residence_building_fk_residence` (`fk_residence`),
  CONSTRAINT `fk_residence_building_residence` FOREIGN KEY (`fk_residence`) REFERENCES `llx_residence` (`rowid`)
) ENGINE=InnoDB DEFAULT CHARSET=utf8;

--
-- Dumping data for table `llx_residence_building`
--


--
-- Table structure for table `llx_residence_building_links`
--

CREATE TABLE `llx_residence_building_links` (
  `rowid` int(11) NOT NULL AUTO_INCREMENT,
  `residenceid` int(11) DEFAULT NULL,
  `buildingid` int(11) DEFAULT NULL,
  `parentid` int(11) DEFAULT NULL,
  `parenttype` varchar(16) DEFAULT NULL,
  PRIMARY KEY (`rowid`),
  UNIQUE KEY `uk_residence_building_1` (`parentid`,`parenttype`,`residenceid`),
  UNIQUE KEY `uk_residence_building_2` (`parentid`,`parenttype`,`buildingid`)
) ENGINE=InnoDB DEFAULT CHARSET=utf8;

--
-- Dumping data for table `llx_residence_building_links`
--


--
-- Table structure for table `llx_resource`
--

CREATE TABLE `llx_resource` (
  `rowid` int(11) NOT NULL AUTO_INCREMENT,
  `entity` int(11) NOT NULL DEFAULT '1',
  `ref` varchar(255) DEFAULT NULL,
  `description` text,
  `fk_code_type_resource` varchar(32) DEFAULT NULL,
  `note_public` text,
  `note_private` text,
  `tms` timestamp NOT NULL DEFAULT CURRENT_TIMESTAMP ON UPDATE CURRENT_TIMESTAMP,
  PRIMARY KEY (`rowid`),
  KEY `fk_code_type_resource_idx` (`fk_code_type_resource`)
) ENGINE=InnoDB DEFAULT CHARSET=utf8;

--
-- Dumping data for table `llx_resource`
--


--
-- Table structure for table `llx_rights_def`
--

CREATE TABLE `llx_rights_def` (
  `id` int(11) NOT NULL DEFAULT '0',
  `libelle` varchar(255) DEFAULT NULL,
  `module` varchar(64) DEFAULT NULL,
  `entity` int(11) NOT NULL DEFAULT '1',
  `perms` varchar(50) DEFAULT NULL,
  `subperms` varchar(50) DEFAULT NULL,
  `type` varchar(1) DEFAULT NULL,
  `bydefault` tinyint(4) DEFAULT '0',
  PRIMARY KEY (`id`,`entity`)
) ENGINE=InnoDB DEFAULT CHARSET=utf8;

--
-- Dumping data for table `llx_rights_def`
--



--
-- Table structure for table `llx_societe`
--

CREATE TABLE `llx_societe` (
  `rowid` int(11) NOT NULL AUTO_INCREMENT,
  `statut` tinyint(4) DEFAULT '0',
  `parent` int(11) DEFAULT NULL,
  `tms` timestamp NOT NULL DEFAULT CURRENT_TIMESTAMP ON UPDATE CURRENT_TIMESTAMP,
  `datec` datetime DEFAULT NULL,
  `nom` varchar(128) DEFAULT NULL,
  `entity` int(11) NOT NULL DEFAULT '1',
  `ref_ext` varchar(128) DEFAULT NULL,
  `ref_int` varchar(60) DEFAULT NULL,
  `code_client` varchar(24) DEFAULT NULL,
  `code_fournisseur` varchar(24) DEFAULT NULL,
  `code_compta` varchar(24) DEFAULT NULL,
  `code_compta_fournisseur` varchar(24) DEFAULT NULL,
  `address` varchar(255) DEFAULT NULL,
  `zip` varchar(25) DEFAULT NULL,
  `town` varchar(50) DEFAULT NULL,
  `fk_departement` int(11) DEFAULT '0',
  `fk_pays` int(11) DEFAULT '0',
  `phone` varchar(20) DEFAULT NULL,
  `fax` varchar(20) DEFAULT NULL,
  `url` varchar(255) DEFAULT NULL,
  `email` varchar(128) DEFAULT NULL,
  `skype` varchar(255) DEFAULT NULL,
  `fk_effectif` int(11) DEFAULT '0',
  `fk_typent` int(11) DEFAULT '0',
  `fk_forme_juridique` int(11) DEFAULT '0',
  `fk_currency` varchar(3) DEFAULT NULL,
  `siren` varchar(128) DEFAULT NULL,
  `siret` varchar(128) DEFAULT NULL,
  `ape` varchar(128) DEFAULT NULL,
  `idprof4` varchar(128) DEFAULT NULL,
  `tva_intra` varchar(20) DEFAULT NULL,
  `capital` double DEFAULT NULL,
  `fk_stcomm` int(11) NOT NULL,
  `note_private` text,
  `note_public` text,
  `prefix_comm` varchar(5) DEFAULT NULL,
  `client` tinyint(4) DEFAULT '0',
  `fournisseur` tinyint(4) DEFAULT '0',
  `supplier_account` varchar(32) DEFAULT NULL,
  `fk_prospectlevel` varchar(12) DEFAULT NULL,
  `customer_bad` tinyint(4) DEFAULT '0',
  `customer_rate` double DEFAULT '0',
  `supplier_rate` double DEFAULT '0',
  `fk_user_creat` int(11) DEFAULT NULL,
  `fk_user_modif` int(11) DEFAULT NULL,
  `remise_client` double DEFAULT '0',
  `mode_reglement` tinyint(4) DEFAULT NULL,
  `cond_reglement` tinyint(4) DEFAULT NULL,
  `mode_reglement_supplier` int(11) DEFAULT NULL,
  `outstanding_limit` double(24,8) DEFAULT NULL,
  `cond_reglement_supplier` int(11) DEFAULT NULL,
  `tva_assuj` tinyint(4) DEFAULT '1',
  `localtax1_assuj` tinyint(4) DEFAULT '0',
  `localtax1_value` double(6,3) DEFAULT NULL,
  `localtax2_assuj` tinyint(4) DEFAULT '0',
  `localtax2_value` double(6,3) DEFAULT NULL,
  `barcode` varchar(255) DEFAULT NULL,
  `price_level` int(11) DEFAULT NULL,
  `default_lang` varchar(6) DEFAULT NULL,
  `canvas` varchar(32) DEFAULT NULL,
  `import_key` varchar(14) DEFAULT NULL,
  `status` tinyint(4) DEFAULT '1',
  `logo` varchar(255) DEFAULT NULL,
  `idprof5` varchar(128) DEFAULT NULL,
  `idprof6` varchar(128) DEFAULT NULL,
  `fk_barcode_type` int(11) DEFAULT '0',
  `webservices_url` varchar(255) DEFAULT NULL,
  `webservices_key` varchar(128) DEFAULT NULL,
  PRIMARY KEY (`rowid`),
  UNIQUE KEY `uk_societe_prefix_comm` (`prefix_comm`,`entity`),
  UNIQUE KEY `uk_societe_code_client` (`code_client`,`entity`),
  UNIQUE KEY `uk_societe_barcode` (`barcode`,`fk_barcode_type`,`entity`),
  KEY `idx_societe_user_creat` (`fk_user_creat`),
  KEY `idx_societe_user_modif` (`fk_user_modif`),
  KEY `idx_societe_barcode` (`barcode`)
) ENGINE=InnoDB AUTO_INCREMENT=27 DEFAULT CHARSET=utf8;

--
-- Dumping data for table `llx_societe`
--

INSERT INTO `llx_societe` VALUES (1,0,NULL,'2012-12-19 14:47:50','2010-07-08 14:21:44','ABC and Co',1,NULL,NULL,'CU1212-0007','SU1212-0005','7050','6050','1 alalah road',NULL,'Delhi',0,4,NULL,NULL,NULL,NULL,NULL,NULL,4,NULL,'0','','','','','',5000,1,NULL,NULL,NULL,1,1,NULL,NULL,0,0,0,1,1,0,NULL,NULL,NULL,NULL,NULL,1,1,NULL,0,NULL,NULL,NULL,'en_IN',NULL,NULL,1,NULL,'','',0,NULL,NULL),(2,0,NULL,'2011-07-31 22:35:08','2010-07-08 14:23:48','Belin SARL',1,NULL,NULL,'CU1108-0001','SU1108-0001',NULL,NULL,'11 rue de la paix.','75000','Paris',0,117,NULL,NULL,'dolibarr.fr',NULL,NULL,NULL,3,NULL,'0','123456789','','ACE14','','',10000,0,NULL,NULL,NULL,3,1,NULL,NULL,0,0,0,1,1,0,NULL,NULL,NULL,NULL,NULL,1,NULL,NULL,NULL,NULL,NULL,NULL,'fr_FR',NULL,NULL,1,NULL,NULL,NULL,0,NULL,NULL),(3,0,NULL,'2010-07-08 20:42:12','2010-07-08 22:42:12','Spanish Comp',1,NULL,NULL,'SPANISHCOMP',NULL,NULL,NULL,'1 via mallere',NULL,'Madrid',123,4,NULL,NULL,NULL,NULL,NULL,3,4,408,'0','','','','','',10000,0,NULL,NULL,NULL,3,1,NULL,NULL,0,0,0,1,1,0,NULL,NULL,NULL,NULL,NULL,1,NULL,NULL,NULL,NULL,NULL,NULL,'es_AR',NULL,NULL,1,NULL,NULL,NULL,0,NULL,NULL),(4,0,NULL,'2013-03-03 23:09:48','2010-07-08 22:48:18','Prospector Vaalen',1,NULL,NULL,'CU1303-0014',NULL,NULL,NULL,'',NULL,'Bruxelles',103,2,NULL,NULL,NULL,NULL,NULL,3,4,201,'0','12345678','','','','',0,0,NULL,NULL,NULL,3,0,NULL,'PL_LOW',0,0,0,1,1,0,NULL,NULL,NULL,NULL,NULL,1,0,NULL,0,NULL,NULL,NULL,NULL,NULL,NULL,1,NULL,'','',0,NULL,NULL),(5,0,NULL,'2010-07-08 21:37:56','2010-07-08 23:22:57','NoCountry Co',1,NULL,NULL,NULL,NULL,NULL,NULL,'',NULL,NULL,0,193,NULL,NULL,NULL,NULL,NULL,NULL,0,NULL,'0','','','','','',0,0,NULL,NULL,NULL,0,0,NULL,NULL,0,0,0,1,1,0,NULL,NULL,NULL,NULL,NULL,1,NULL,NULL,NULL,NULL,NULL,NULL,NULL,NULL,NULL,1,NULL,NULL,NULL,0,NULL,NULL),(6,0,NULL,'2010-07-08 22:25:06','2010-07-09 00:15:09','Swiss customer supplier',1,NULL,NULL,NULL,NULL,NULL,NULL,'',NULL,'Genevia',0,6,NULL,NULL,NULL,'abademail@aa.com',NULL,2,2,601,'0','','','','','',56000,0,NULL,NULL,NULL,3,1,NULL,NULL,0,0,0,1,1,0,NULL,NULL,NULL,NULL,NULL,1,NULL,NULL,NULL,NULL,NULL,NULL,NULL,NULL,NULL,1,NULL,NULL,NULL,0,NULL,NULL),(7,0,NULL,'2013-02-12 16:06:20','2010-07-09 01:24:26','Generic customer',1,NULL,NULL,'CU1302-0011',NULL,NULL,NULL,'',NULL,NULL,0,7,NULL,NULL,NULL,'ttt@ttt.com',NULL,NULL,8,NULL,'0','','','','','',0,0,'Generic customer to use for Point Of Sale module.<br />',NULL,NULL,1,0,NULL,NULL,0,0,0,1,1,0,NULL,NULL,NULL,NULL,NULL,1,NULL,NULL,NULL,NULL,NULL,NULL,NULL,NULL,NULL,1,NULL,'','',0,NULL,NULL),(8,0,NULL,'2010-07-10 12:54:27','2010-07-10 14:54:27','Client salon',1,NULL,NULL,NULL,NULL,NULL,NULL,'',NULL,NULL,0,1,NULL,NULL,NULL,NULL,NULL,NULL,0,NULL,'0','','','','','',0,0,NULL,NULL,NULL,0,0,NULL,NULL,0,0,0,1,1,0,NULL,NULL,NULL,NULL,NULL,1,NULL,NULL,NULL,NULL,NULL,NULL,NULL,NULL,NULL,1,NULL,NULL,NULL,0,NULL,NULL),(9,0,NULL,'2010-07-10 12:55:11','2010-07-10 14:54:44','Client salon invidivdu',1,NULL,NULL,NULL,NULL,NULL,NULL,'',NULL,NULL,0,1,NULL,NULL,NULL,NULL,NULL,NULL,8,NULL,'0','','','','','',0,0,NULL,NULL,NULL,3,1,NULL,NULL,0,0,0,1,1,0,NULL,NULL,NULL,NULL,NULL,1,NULL,NULL,NULL,NULL,NULL,NULL,NULL,NULL,NULL,1,NULL,NULL,NULL,0,NULL,NULL),(10,0,NULL,'2012-12-08 16:38:30','2010-07-10 15:13:08','Smith Vick',1,NULL,NULL,'CU1212-0005',NULL,NULL,NULL,'',NULL,NULL,0,102,NULL,NULL,NULL,'vsmith@email.com',NULL,NULL,0,NULL,'0','','','','','',0,0,NULL,NULL,NULL,1,0,NULL,NULL,0,0,0,1,1,0,NULL,NULL,NULL,NULL,NULL,1,NULL,NULL,NULL,NULL,NULL,NULL,NULL,NULL,NULL,1,NULL,'','',0,NULL,NULL),(11,0,NULL,'2010-07-11 12:35:22','2010-07-10 18:35:57','Mon client',1,NULL,NULL,NULL,NULL,'7051',NULL,'',NULL,NULL,0,1,NULL,NULL,NULL,NULL,NULL,NULL,0,NULL,'0','','','','','',0,0,NULL,NULL,NULL,3,0,NULL,'PL_LOW',0,0,0,1,1,0,NULL,NULL,NULL,NULL,NULL,1,NULL,NULL,NULL,NULL,NULL,NULL,NULL,NULL,NULL,1,NULL,NULL,NULL,0,NULL,NULL),(12,0,NULL,'2013-02-20 19:07:21','2010-07-11 16:18:08','Dupont Alain',1,NULL,NULL,NULL,NULL,NULL,NULL,'',NULL,NULL,0,1,NULL,NULL,NULL,'toto@aa.com',NULL,NULL,0,NULL,'0','','','','','',0,0,NULL,NULL,NULL,1,0,NULL,NULL,0,0,0,1,1,0,NULL,NULL,NULL,NULL,NULL,1,NULL,NULL,NULL,NULL,NULL,NULL,NULL,NULL,NULL,1,NULL,'','',0,NULL,NULL),(13,0,NULL,'2010-07-11 15:13:20','2010-07-11 17:13:20','Vendeur de chips',1,NULL,NULL,NULL,NULL,NULL,NULL,'',NULL,NULL,0,1,NULL,NULL,NULL,NULL,NULL,NULL,0,NULL,'0','','','','','',0,0,NULL,NULL,NULL,0,1,NULL,NULL,0,0,0,1,1,0,NULL,NULL,NULL,NULL,NULL,1,NULL,NULL,NULL,NULL,NULL,NULL,NULL,NULL,NULL,1,NULL,NULL,NULL,0,NULL,NULL),(15,0,NULL,'2011-08-01 00:31:24','2011-08-01 02:31:24','mmm',1,NULL,NULL,'CU1108-0002','SU1108-0002',NULL,NULL,'','78180','mmm',0,31,NULL,NULL,NULL,NULL,NULL,NULL,0,NULL,'0','','','','','',0,0,NULL,NULL,NULL,3,1,NULL,NULL,0,0,0,1,1,0,NULL,NULL,NULL,NULL,NULL,1,NULL,NULL,NULL,NULL,NULL,NULL,NULL,NULL,NULL,1,NULL,NULL,NULL,0,NULL,NULL),(16,0,NULL,'2011-08-01 00:42:21','2011-08-01 02:31:43','ppp',1,NULL,NULL,'CU1108-0003','SU1108-0003',NULL,NULL,'','78180','mmm',103,2,NULL,NULL,NULL,NULL,NULL,NULL,0,NULL,'0','','','','','',0,0,NULL,NULL,NULL,3,1,NULL,NULL,0,0,0,1,1,0,NULL,NULL,NULL,NULL,NULL,1,NULL,NULL,NULL,NULL,NULL,NULL,NULL,NULL,NULL,1,NULL,NULL,NULL,0,NULL,NULL),(17,0,NULL,'2011-08-04 21:24:24','2011-08-01 02:41:26','FFF SARL',1,NULL,NULL,'CU1108-0004','SU1108-0004',NULL,NULL,'The French Company',NULL,NULL,0,1,NULL,NULL,NULL,NULL,NULL,1,3,NULL,'0','','','','','',0,0,NULL,NULL,NULL,3,1,NULL,NULL,0,0,0,1,1,0,NULL,NULL,NULL,NULL,NULL,1,NULL,NULL,NULL,NULL,NULL,NULL,NULL,NULL,NULL,1,NULL,NULL,NULL,0,NULL,NULL),(18,0,NULL,'2013-01-12 13:38:32','2012-12-09 20:14:42','doe john',1,NULL,NULL,'CU1212-0006',NULL,NULL,NULL,'',NULL,NULL,0,1,'111','2222',NULL,'johndoe@email.com',NULL,NULL,101,NULL,'0','','','','','',0,0,NULL,NULL,NULL,1,0,NULL,NULL,0,0,0,1,1,0,NULL,NULL,NULL,NULL,NULL,1,0,NULL,0,NULL,NULL,NULL,NULL,NULL,NULL,1,NULL,'','',0,NULL,NULL),(19,0,NULL,'2014-03-02 19:09:52','2013-01-12 12:23:05','Magic Food Store',1,NULL,NULL,'CU1301-0008',NULL,NULL,NULL,'65 holdywood boulevard','123456','BigTown',0,4,NULL,'0101',NULL,'myemail@domain.com',NULL,NULL,0,NULL,'0','','','10/10/2010','','',0,0,NULL,NULL,NULL,1,0,NULL,NULL,0,0,0,1,1,0,NULL,NULL,NULL,NULL,NULL,NULL,NULL,NULL,NULL,NULL,NULL,NULL,'en_US','patient@cabinetmed',NULL,1,NULL,'','',0,NULL,NULL),(20,0,NULL,'2013-01-12 11:52:20','2013-01-12 12:52:20','pppoo',1,NULL,NULL,'CU1301-0009',NULL,NULL,NULL,'pppoo',NULL,NULL,0,4,NULL,NULL,NULL,NULL,NULL,NULL,101,NULL,'0','','','','','',0,0,NULL,NULL,NULL,1,0,NULL,NULL,0,0,0,1,1,0,NULL,NULL,NULL,NULL,NULL,NULL,NULL,NULL,NULL,NULL,NULL,NULL,'en_US','patient@cabinetmed',NULL,1,NULL,'','',0,NULL,NULL),(21,0,NULL,'2013-01-23 15:56:58','2013-01-23 16:56:58','pa',1,NULL,NULL,'CU1301-0010',NULL,NULL,NULL,'',NULL,NULL,0,81,NULL,NULL,NULL,NULL,NULL,NULL,101,NULL,'0','','','','','',0,0,NULL,NULL,NULL,1,0,NULL,NULL,0,0,0,1,1,0,NULL,NULL,NULL,NULL,NULL,NULL,NULL,NULL,NULL,NULL,NULL,NULL,'en_US','patient@cabinetmed',NULL,1,NULL,'','',0,NULL,NULL),(22,0,NULL,'2013-02-26 21:57:58','2013-02-26 22:57:50','pppp',1,NULL,NULL,'CU1302-0012',NULL,NULL,NULL,'',NULL,NULL,0,1,NULL,NULL,NULL,NULL,NULL,NULL,101,NULL,'0','','','','','',0,0,NULL,NULL,NULL,1,0,NULL,NULL,0,0,0,1,1,0,NULL,NULL,NULL,NULL,NULL,NULL,NULL,NULL,NULL,NULL,NULL,NULL,'fr_FR','patient@cabinetmed',NULL,1,NULL,'','',0,NULL,NULL),(23,0,NULL,'2013-02-26 21:58:13','2013-02-26 22:58:13','ttttt',1,NULL,NULL,'CU1302-0013','SU1302-0006',NULL,NULL,'',NULL,NULL,0,1,NULL,NULL,NULL,NULL,NULL,NULL,101,NULL,'0','','','','','',0,0,NULL,NULL,NULL,1,1,NULL,NULL,0,0,0,1,1,0,NULL,NULL,NULL,NULL,NULL,1,NULL,NULL,NULL,NULL,NULL,NULL,'fr_FR',NULL,NULL,1,NULL,'','',0,NULL,NULL),(24,0,NULL,'2013-03-09 15:33:39','2013-03-06 17:13:59','smith smith',1,NULL,NULL,'CU1303-0015',NULL,'411E123',NULL,'',NULL,NULL,0,11,NULL,NULL,NULL,'smith@email.com',NULL,NULL,0,NULL,'0','','','','','',0,0,NULL,NULL,NULL,1,0,NULL,NULL,0,0,0,1,1,0,NULL,NULL,NULL,NULL,NULL,1,NULL,NULL,NULL,NULL,NULL,NULL,NULL,NULL,NULL,1,NULL,'','',0,NULL,NULL),(25,0,NULL,'2013-03-10 14:47:37','2013-03-10 15:47:37','jlmkjlkj',1,NULL,NULL,'CU1303-0016','SU1303-0007',NULL,NULL,'',NULL,NULL,0,117,NULL,NULL,NULL,NULL,NULL,NULL,101,NULL,'0','','','','','',0,0,NULL,NULL,NULL,1,1,NULL,NULL,0,0,0,1,1,0,NULL,NULL,NULL,NULL,NULL,1,NULL,NULL,NULL,NULL,NULL,NULL,'en_US',NULL,NULL,1,NULL,'','',0,NULL,NULL),(26,0,NULL,'2013-03-10 14:57:32','2013-03-10 15:57:32','iiii',1,NULL,NULL,'CU1303-0017','SU1303-0008',NULL,NULL,'',NULL,NULL,290,117,NULL,NULL,NULL,NULL,NULL,NULL,0,NULL,'0','','','','','',0,0,NULL,NULL,NULL,1,1,NULL,NULL,0,0,0,1,1,0,NULL,NULL,NULL,NULL,NULL,1,NULL,NULL,NULL,NULL,NULL,NULL,'en_US',NULL,NULL,1,NULL,'','',0,NULL,NULL);

--
-- Table structure for table `llx_societe_address`
--

CREATE TABLE `llx_societe_address` (
  `rowid` int(11) NOT NULL AUTO_INCREMENT,
  `datec` datetime DEFAULT NULL,
  `tms` timestamp NOT NULL DEFAULT CURRENT_TIMESTAMP ON UPDATE CURRENT_TIMESTAMP,
  `label` varchar(30) DEFAULT NULL,
  `fk_soc` int(11) DEFAULT '0',
  `name` varchar(60) DEFAULT NULL,
  `address` varchar(255) DEFAULT NULL,
  `zip` varchar(10) DEFAULT NULL,
  `town` varchar(50) DEFAULT NULL,
  `fk_pays` int(11) DEFAULT '0',
  `phone` varchar(20) DEFAULT NULL,
  `fax` varchar(20) DEFAULT NULL,
  `note` text,
  `fk_user_creat` int(11) DEFAULT NULL,
  `fk_user_modif` int(11) DEFAULT NULL,
  PRIMARY KEY (`rowid`)
) ENGINE=InnoDB DEFAULT CHARSET=utf8;

--
-- Dumping data for table `llx_societe_address`
--


--
-- Table structure for table `llx_societe_commerciaux`
--

CREATE TABLE `llx_societe_commerciaux` (
  `rowid` int(11) NOT NULL AUTO_INCREMENT,
  `fk_soc` int(11) DEFAULT NULL,
  `fk_user` int(11) DEFAULT NULL,
  PRIMARY KEY (`rowid`),
  UNIQUE KEY `uk_societe_commerciaux` (`fk_soc`,`fk_user`)
) ENGINE=InnoDB AUTO_INCREMENT=13 DEFAULT CHARSET=utf8;

--
-- Dumping data for table `llx_societe_commerciaux`
--

INSERT INTO `llx_societe_commerciaux` VALUES (1,2,2),(2,3,2),(3,15,1),(4,16,1),(5,17,1),(6,19,1),(8,19,3),(7,20,1),(9,21,1),(10,23,1),(11,25,1),(12,26,1);

--
-- Table structure for table `llx_societe_extrafields`
--

CREATE TABLE `llx_societe_extrafields` (
  `rowid` int(11) NOT NULL AUTO_INCREMENT,
  `tms` timestamp NOT NULL DEFAULT CURRENT_TIMESTAMP ON UPDATE CURRENT_TIMESTAMP,
  `fk_object` int(11) NOT NULL,
  `jjjj` varchar(255) DEFAULT NULL,
  `import_key` varchar(14) DEFAULT NULL,
  PRIMARY KEY (`rowid`),
  KEY `idx_societe_extrafields` (`fk_object`)
) ENGINE=InnoDB AUTO_INCREMENT=50 DEFAULT CHARSET=utf8;

--
-- Dumping data for table `llx_societe_extrafields`
--

INSERT INTO `llx_societe_extrafields` VALUES (1,'2011-06-22 16:23:01',40,'kkkk',NULL),(2,'2011-06-22 16:23:16',41,'jjj',NULL),(4,'2011-06-23 07:40:40',39,'lll',NULL),(12,'2011-06-29 13:03:12',42,NULL,NULL),(14,'2011-07-02 01:24:03',57,NULL,NULL),(16,'2011-07-02 14:11:29',60,NULL,NULL),(17,'2011-07-18 10:26:55',35,NULL,NULL),(18,'2011-07-31 22:35:08',2,NULL,NULL),(19,'2011-08-01 00:31:24',15,NULL,NULL),(22,'2011-08-01 00:42:21',16,NULL,NULL),(27,'2011-08-04 21:24:24',17,NULL,NULL),(28,'2012-12-08 16:38:30',10,NULL,NULL),(30,'2012-12-19 14:47:50',1,NULL,NULL),(31,'2013-01-12 13:38:32',18,NULL,NULL),(33,'2013-02-12 16:06:20',7,NULL,NULL),(34,'2013-02-20 19:07:21',12,'jjj',NULL),(36,'2013-02-26 21:57:58',22,'jjj',NULL),(37,'2013-02-26 21:58:13',23,NULL,NULL),(44,'2013-03-03 23:08:04',4,'jjj',NULL),(45,'2013-03-09 15:33:39',24,'jjj',NULL),(46,'2013-03-10 14:47:37',25,NULL,NULL),(47,'2013-03-10 14:57:32',26,NULL,NULL),(49,'2014-03-02 19:09:52',19,'jjj',NULL);

--
-- Table structure for table `llx_societe_log`
--

CREATE TABLE `llx_societe_log` (
  `id` int(11) NOT NULL AUTO_INCREMENT,
  `datel` datetime DEFAULT NULL,
  `fk_soc` int(11) DEFAULT NULL,
  `fk_statut` int(11) DEFAULT NULL,
  `fk_user` int(11) DEFAULT NULL,
  `author` varchar(30) DEFAULT NULL,
  `label` varchar(128) DEFAULT NULL,
  PRIMARY KEY (`id`)
) ENGINE=InnoDB DEFAULT CHARSET=utf8;

--
-- Dumping data for table `llx_societe_log`
--


--
-- Table structure for table `llx_societe_prices`
--

CREATE TABLE `llx_societe_prices` (
  `rowid` int(11) NOT NULL AUTO_INCREMENT,
  `fk_soc` int(11) DEFAULT '0',
  `tms` timestamp NULL DEFAULT NULL,
  `datec` datetime DEFAULT NULL,
  `fk_user_author` int(11) DEFAULT NULL,
  `price_level` tinyint(4) DEFAULT '1',
  PRIMARY KEY (`rowid`)
) ENGINE=InnoDB DEFAULT CHARSET=utf8;

--
-- Dumping data for table `llx_societe_prices`
--


--
-- Table structure for table `llx_societe_remise`
--

CREATE TABLE `llx_societe_remise` (
  `rowid` int(11) NOT NULL AUTO_INCREMENT,
  `fk_soc` int(11) NOT NULL,
  `tms` timestamp NOT NULL DEFAULT CURRENT_TIMESTAMP ON UPDATE CURRENT_TIMESTAMP,
  `datec` datetime DEFAULT NULL,
  `fk_user_author` int(11) DEFAULT NULL,
  `remise_client` double(6,3) NOT NULL DEFAULT '0.000',
  `note` text,
  PRIMARY KEY (`rowid`)
) ENGINE=InnoDB DEFAULT CHARSET=utf8;

--
-- Dumping data for table `llx_societe_remise`
--


--
-- Table structure for table `llx_societe_remise_except`
--

CREATE TABLE `llx_societe_remise_except` (
  `rowid` int(11) NOT NULL AUTO_INCREMENT,
  `fk_soc` int(11) NOT NULL,
  `datec` datetime DEFAULT NULL,
  `amount_ht` double(24,8) NOT NULL,
  `amount_tva` double(24,8) NOT NULL DEFAULT '0.00000000',
  `amount_ttc` double(24,8) NOT NULL DEFAULT '0.00000000',
  `tva_tx` double(6,3) NOT NULL DEFAULT '0.000',
  `fk_user` int(11) NOT NULL,
  `fk_facture_line` int(11) DEFAULT NULL,
  `fk_facture` int(11) DEFAULT NULL,
  `fk_facture_source` int(11) DEFAULT NULL,
  `description` varchar(255) NOT NULL,
  PRIMARY KEY (`rowid`),
  KEY `idx_societe_remise_except_fk_user` (`fk_user`),
  KEY `idx_societe_remise_except_fk_soc` (`fk_soc`),
  KEY `idx_societe_remise_except_fk_facture_line` (`fk_facture_line`),
  KEY `idx_societe_remise_except_fk_facture` (`fk_facture`),
  KEY `idx_societe_remise_except_fk_facture_source` (`fk_facture_source`),
  CONSTRAINT `fk_societe_remise_fk_facture` FOREIGN KEY (`fk_facture`) REFERENCES `llx_facture` (`rowid`),
  CONSTRAINT `fk_societe_remise_fk_facture_line` FOREIGN KEY (`fk_facture_line`) REFERENCES `llx_facturedet` (`rowid`),
  CONSTRAINT `fk_societe_remise_fk_facture_source` FOREIGN KEY (`fk_facture_source`) REFERENCES `llx_facture` (`rowid`),
  CONSTRAINT `fk_societe_remise_fk_soc` FOREIGN KEY (`fk_soc`) REFERENCES `llx_societe` (`rowid`),
  CONSTRAINT `fk_societe_remise_fk_user` FOREIGN KEY (`fk_user`) REFERENCES `llx_user` (`rowid`)
) ENGINE=InnoDB AUTO_INCREMENT=3 DEFAULT CHARSET=utf8;

--
-- Dumping data for table `llx_societe_remise_except`
--

INSERT INTO `llx_societe_remise_except` VALUES (1,23,'2013-03-08 10:02:54',5.00000000,0.00000000,5.00000000,0.000,1,775,NULL,NULL,'fsdfsf'),(2,19,'2013-03-19 09:36:15',10.00000000,1.25000000,11.25000000,12.500,1,1019,NULL,NULL,'hfghgf');

--
-- Table structure for table `llx_societe_rib`
--

CREATE TABLE `llx_societe_rib` (
  `rowid` int(11) NOT NULL AUTO_INCREMENT,
  `fk_soc` int(11) NOT NULL,
  `datec` datetime DEFAULT NULL,
  `tms` timestamp NOT NULL DEFAULT CURRENT_TIMESTAMP ON UPDATE CURRENT_TIMESTAMP,
  `label` varchar(30) DEFAULT NULL,
  `bank` varchar(255) DEFAULT NULL,
  `code_banque` varchar(7) DEFAULT NULL,
  `code_guichet` varchar(6) DEFAULT NULL,
  `number` varchar(255) DEFAULT NULL,
  `cle_rib` varchar(5) DEFAULT NULL,
  `bic` varchar(20) DEFAULT NULL,
  `iban_prefix` varchar(34) DEFAULT NULL,
  `domiciliation` varchar(255) DEFAULT NULL,
  `proprio` varchar(60) DEFAULT NULL,
  `owner_address` text,
  `default_rib` tinyint(4) NOT NULL DEFAULT '0',
  `import_key` varchar(14) DEFAULT NULL,
  PRIMARY KEY (`rowid`)
) ENGINE=InnoDB DEFAULT CHARSET=utf8;

--
-- Dumping data for table `llx_societe_rib`
--


--
-- Table structure for table `llx_socpeople`
--

CREATE TABLE `llx_socpeople` (
  `rowid` int(11) NOT NULL AUTO_INCREMENT,
  `datec` datetime DEFAULT NULL,
  `tms` timestamp NOT NULL DEFAULT CURRENT_TIMESTAMP ON UPDATE CURRENT_TIMESTAMP,
  `fk_soc` int(11) DEFAULT NULL,
  `entity` int(11) NOT NULL DEFAULT '1',
  `ref_ext` varchar(128) DEFAULT NULL,
  `civility` varchar(6) DEFAULT NULL,
  `lastname` varchar(50) DEFAULT NULL,
  `firstname` varchar(50) DEFAULT NULL,
  `address` varchar(255) DEFAULT NULL,
  `zip` varchar(10) DEFAULT NULL,
  `town` text,
  `fk_departement` int(11) DEFAULT NULL,
  `fk_pays` int(11) DEFAULT '0',
  `birthday` date DEFAULT NULL,
  `poste` varchar(80) DEFAULT NULL,
  `phone` varchar(30) DEFAULT NULL,
  `phone_perso` varchar(30) DEFAULT NULL,
  `phone_mobile` varchar(30) DEFAULT NULL,
  `fax` varchar(30) DEFAULT NULL,
  `email` varchar(255) DEFAULT NULL,
  `jabberid` varchar(255) DEFAULT NULL,
  `skype` varchar(255) DEFAULT NULL,
  `priv` smallint(6) NOT NULL DEFAULT '0',
  `no_email` smallint(6) NOT NULL DEFAULT '0',
  `fk_user_creat` int(11) DEFAULT '0',
  `fk_user_modif` int(11) DEFAULT NULL,
  `note_private` text,
  `note_public` text,
  `default_lang` varchar(6) DEFAULT NULL,
  `canvas` varchar(32) DEFAULT NULL,
  `import_key` varchar(14) DEFAULT NULL,
  `statut` tinyint(4) NOT NULL DEFAULT '1',
  PRIMARY KEY (`rowid`),
  KEY `idx_socpeople_fk_soc` (`fk_soc`),
  KEY `idx_socpeople_fk_user_creat` (`fk_user_creat`),
  CONSTRAINT `fk_socpeople_fk_soc` FOREIGN KEY (`fk_soc`) REFERENCES `llx_societe` (`rowid`),
  CONSTRAINT `fk_socpeople_user_creat_user_rowid` FOREIGN KEY (`fk_user_creat`) REFERENCES `llx_user` (`rowid`)
) ENGINE=InnoDB AUTO_INCREMENT=12 DEFAULT CHARSET=utf8;

--
-- Dumping data for table `llx_socpeople`
--

INSERT INTO `llx_socpeople` VALUES (1,'2010-07-08 14:26:14','2010-07-08 20:45:28',1,1,NULL,'MR','Samira','Aljoun','','','',297,117,'2010-07-08','Project leader','','','','','','',NULL,0,0,1,1,'Met during a congress at Dubai',NULL,NULL,NULL,NULL,1),(2,'2010-07-08 22:44:50','2010-07-08 20:59:57',NULL,1,NULL,'MR','Freeman','Public','','','',200,11,NULL,'','','','','','','',NULL,0,0,1,1,'A friend that is a free contact not linked to any company',NULL,NULL,NULL,NULL,1),(3,'2010-07-08 22:59:02','2010-07-08 20:59:35',NULL,1,NULL,'MR','Freeman','Private','','','',NULL,11,NULL,'','','','','','','',NULL,1,0,1,1,'This is a private contact',NULL,NULL,NULL,NULL,1),(4,'2010-07-09 00:16:58','2010-07-08 22:16:58',6,1,NULL,'MR','Rotchield','Evan','','','',NULL,6,NULL,'Bank director','','','','','','',NULL,0,0,1,1,'The bank director',NULL,NULL,NULL,NULL,1),(5,'2010-07-10 14:54:44','2010-07-10 12:54:44',9,1,NULL,'','Client salon invidivdu','','','','',NULL,NULL,NULL,'','','','','','','',NULL,0,0,1,1,'',NULL,NULL,NULL,NULL,1),(6,'2011-08-01 02:41:26','2011-08-01 00:41:26',17,1,NULL,'','aaa','','aaa','','',289,117,NULL,'','','','','','','',NULL,0,0,1,1,'',NULL,NULL,NULL,NULL,1),(7,'2013-02-12 17:05:57','2013-03-08 01:45:08',7,1,NULL,'','aaa','','','','',289,117,NULL,'','','','','','aaa@aaa.com','',NULL,0,0,1,1,'',NULL,NULL,NULL,NULL,1),(8,'2013-03-08 02:45:31','2013-03-08 01:45:31',7,1,NULL,'','kkkk','','','','',290,117,NULL,'','','','','','ttt@ttt.com','',NULL,0,0,1,1,'',NULL,NULL,NULL,NULL,1),(10,'2013-03-08 02:48:23','2013-03-08 01:48:23',7,1,NULL,'','fff','','','','',290,117,NULL,'','','','','','ttt@ttt.com','',NULL,0,0,1,1,'',NULL,NULL,NULL,NULL,1),(11,'2013-03-08 02:48:54','2013-03-08 01:48:54',7,1,NULL,'','iii','','','','',294,117,NULL,'','','','','','ttt@ttt.com','',NULL,0,0,1,1,'',NULL,NULL,NULL,NULL,1);

--
-- Table structure for table `llx_socpeople_extrafields`
--

CREATE TABLE `llx_socpeople_extrafields` (
  `rowid` int(11) NOT NULL AUTO_INCREMENT,
  `tms` timestamp NOT NULL DEFAULT CURRENT_TIMESTAMP ON UPDATE CURRENT_TIMESTAMP,
  `fk_object` int(11) NOT NULL,
  `import_key` varchar(14) DEFAULT NULL,
  PRIMARY KEY (`rowid`),
  KEY `idx_socpeople_extrafields` (`fk_object`)
) ENGINE=InnoDB DEFAULT CHARSET=utf8;

--
-- Dumping data for table `llx_socpeople_extrafields`
--


--
-- Table structure for table `llx_stock_mouvement`
--

CREATE TABLE `llx_stock_mouvement` (
  `rowid` int(11) NOT NULL AUTO_INCREMENT,
  `tms` timestamp NOT NULL DEFAULT CURRENT_TIMESTAMP ON UPDATE CURRENT_TIMESTAMP,
  `datem` datetime DEFAULT NULL,
  `fk_product` int(11) NOT NULL,
  `fk_entrepot` int(11) NOT NULL,
  `value` double DEFAULT NULL,
  `price` float(13,4) DEFAULT '0.0000',
  `type_mouvement` smallint(6) DEFAULT NULL,
  `fk_user_author` int(11) DEFAULT NULL,
  `label` varchar(128) DEFAULT NULL,
  `fk_origin` int(11) DEFAULT NULL,
  `origintype` varchar(32) DEFAULT NULL,
  PRIMARY KEY (`rowid`),
  KEY `idx_stock_mouvement_fk_product` (`fk_product`),
  KEY `idx_stock_mouvement_fk_entrepot` (`fk_entrepot`)
) ENGINE=InnoDB AUTO_INCREMENT=12 DEFAULT CHARSET=utf8;

--
-- Dumping data for table `llx_stock_mouvement`
--

INSERT INTO `llx_stock_mouvement` VALUES (1,'2010-07-08 22:43:51','2010-07-09 00:43:51',2,2,1000,0.0000,0,1,'Correct stock',NULL,NULL),(3,'2010-07-10 22:56:18','2010-07-11 00:56:18',4,2,500,0.0000,0,1,'Init',NULL,NULL),(4,'2010-07-10 23:02:20','2010-07-11 01:02:20',4,2,500,0.0000,0,1,'',NULL,NULL),(5,'2010-07-11 16:49:44','2010-07-11 18:49:44',4,1,2,10.0000,3,1,'',NULL,NULL),(6,'2010-07-11 16:49:44','2010-07-11 18:49:44',1,1,4,0.0000,3,1,'',NULL,NULL),(7,'2013-01-19 17:22:48','2013-01-19 18:22:48',11,1,-1,0.0000,2,1,'Facture cr&eacute;&eacute;e dans DoliPOS',NULL,NULL),(8,'2013-01-19 17:22:48','2013-01-19 18:22:48',4,1,-1,5.0000,2,1,'Facture cr&eacute;&eacute;e dans DoliPOS',NULL,NULL),(9,'2013-01-19 17:22:48','2013-01-19 18:22:48',1,1,-2,0.0000,2,1,'Facture cr&eacute;&eacute;e dans DoliPOS',NULL,NULL),(10,'2013-01-19 17:31:10','2013-01-19 18:31:10',2,1,-1,0.0000,2,1,'Facture cr&eacute;&eacute;e dans DoliPOS',NULL,NULL),(11,'2013-01-19 17:31:58','2013-01-19 18:31:58',2,1,-1,0.0000,2,1,'Facture cr&eacute;&eacute;e dans DoliPOS',NULL,NULL);

--
-- Table structure for table `llx_tva`
--

CREATE TABLE `llx_tva` (
  `rowid` int(11) NOT NULL AUTO_INCREMENT,
  `tms` timestamp NOT NULL DEFAULT CURRENT_TIMESTAMP ON UPDATE CURRENT_TIMESTAMP,
  `datep` date DEFAULT NULL,
  `datev` date DEFAULT NULL,
  `amount` double NOT NULL DEFAULT '0',
  `label` varchar(255) DEFAULT NULL,
  `entity` int(11) NOT NULL DEFAULT '1',
  `note` text,
  `fk_bank` int(11) DEFAULT NULL,
  `fk_user_creat` int(11) DEFAULT NULL,
  `fk_user_modif` int(11) DEFAULT NULL,
  `fk_typepayment` int(11) DEFAULT NULL,
  `num_payment` varchar(50) DEFAULT NULL,
  PRIMARY KEY (`rowid`)
) ENGINE=InnoDB DEFAULT CHARSET=utf8;

--
-- Dumping data for table `llx_tva`
--


--
-- Table structure for table `llx_update_modules`
--

CREATE TABLE `llx_update_modules` (
  `rowid` int(11) NOT NULL AUTO_INCREMENT,
  `modulekey` varchar(24) DEFAULT NULL,
  `datekey` date DEFAULT NULL,
  `versionkey` double DEFAULT NULL,
  `lastrequestdate` datetime DEFAULT NULL,
  `email` varchar(128) DEFAULT NULL,
  `tms` timestamp NOT NULL DEFAULT CURRENT_TIMESTAMP ON UPDATE CURRENT_TIMESTAMP,
  PRIMARY KEY (`rowid`)
) ENGINE=InnoDB DEFAULT CHARSET=latin1;

--
-- Dumping data for table `llx_update_modules`
--


--
-- Table structure for table `llx_user_alert`
--

CREATE TABLE `llx_user_alert` (
  `rowid` int(11) NOT NULL AUTO_INCREMENT,
  `type` int(11) DEFAULT NULL,
  `fk_contact` int(11) DEFAULT NULL,
  `fk_user` int(11) DEFAULT NULL,
  PRIMARY KEY (`rowid`)
) ENGINE=InnoDB AUTO_INCREMENT=2 DEFAULT CHARSET=utf8;

--
-- Dumping data for table `llx_user_alert`
--

INSERT INTO `llx_user_alert` VALUES (1,1,1,1);

--
-- Table structure for table `llx_user_clicktodial`
--

CREATE TABLE `llx_user_clicktodial` (
  `fk_user` int(11) NOT NULL,
  `url` varchar(255) DEFAULT NULL,
  `login` varchar(32) DEFAULT NULL,
  `pass` varchar(64) DEFAULT NULL,
  `poste` varchar(20) DEFAULT NULL,
  PRIMARY KEY (`fk_user`)
) ENGINE=InnoDB DEFAULT CHARSET=utf8;

--
-- Dumping data for table `llx_user_clicktodial`
--


--
-- Table structure for table `llx_user_extrafields`
--

CREATE TABLE `llx_user_extrafields` (
  `rowid` int(11) NOT NULL AUTO_INCREMENT,
  `tms` timestamp NOT NULL DEFAULT CURRENT_TIMESTAMP ON UPDATE CURRENT_TIMESTAMP,
  `fk_object` int(11) NOT NULL,
  `import_key` varchar(14) DEFAULT NULL,
  PRIMARY KEY (`rowid`),
  KEY `idx_user_extrafields` (`fk_object`)
) ENGINE=InnoDB DEFAULT CHARSET=utf8;

--
-- Dumping data for table `llx_user_extrafields`
--


--
-- Table structure for table `llx_user_param`
--

CREATE TABLE `llx_user_param` (
  `fk_user` int(11) NOT NULL,
  `entity` int(11) NOT NULL DEFAULT '1',
  `param` varchar(64) NOT NULL,
  `value` varchar(255) NOT NULL,
  UNIQUE KEY `uk_user_param` (`fk_user`,`param`,`entity`)
) ENGINE=InnoDB DEFAULT CHARSET=utf8;

--
-- Dumping data for table `llx_user_param`
--

INSERT INTO `llx_user_param` VALUES (1,1,'MAIN_BOXES_0','1'),(1,1,'MAIN_THEME','eldy'),(1,3,'THEME_ELDY_ENABLE_PERSONALIZED','1'),(1,1,'THEME_ELDY_RGB','ded0ed'),(1,3,'THEME_ELDY_RGB','d0ddc3');

--
-- Table structure for table `llx_user_rights`
--

CREATE TABLE `llx_user_rights` (
  `rowid` int(11) NOT NULL AUTO_INCREMENT,
  `fk_user` int(11) NOT NULL,
  `fk_id` int(11) NOT NULL,
  PRIMARY KEY (`rowid`),
  UNIQUE KEY `uk_user_rights` (`fk_user`,`fk_id`),
  CONSTRAINT `fk_user_rights_fk_user_user` FOREIGN KEY (`fk_user`) REFERENCES `llx_user` (`rowid`)
) ENGINE=InnoDB AUTO_INCREMENT=11900 DEFAULT CHARSET=utf8;

--
-- Dumping data for table `llx_user_rights`
--

INSERT INTO `llx_user_rights` VALUES (11746,1,11),(11722,1,12),(11727,1,13),(11732,1,14),(11737,1,15),(11742,1,16),(11748,1,19),(9726,1,21),(9700,1,22),(9706,1,24),(9711,1,25),(9716,1,26),(9722,1,27),(9728,1,28),(9978,1,31),(9968,1,32),(9974,1,34),(1910,1,36),(9980,1,38),(11573,1,41),(11574,1,42),(11575,1,44),(11576,1,45),(7184,1,61),(7181,1,62),(7183,1,64),(7185,1,67),(7186,1,68),(1678,1,71),(1673,1,72),(1675,1,74),(1679,1,75),(1677,1,76),(1681,1,78),(1682,1,79),(11710,1,81),(11693,1,82),(11697,1,84),(11700,1,86),(11703,1,87),(11707,1,88),(11711,1,89),(11580,1,91),(11581,1,92),(11582,1,93),(11583,1,94),(10097,1,95),(10099,1,96),(10103,1,97),(10104,1,98),(7139,1,101),(7134,1,102),(7136,1,104),(7137,1,105),(7138,1,106),(7140,1,109),(10229,1,111),(10201,1,112),(10207,1,113),(10213,1,114),(10219,1,115),(10225,1,116),(10231,1,117),(11644,1,121),(11634,1,122),(11640,1,125),(11646,1,126),(11577,1,141),(11578,1,142),(11579,1,144),(2307,1,151),(2304,1,152),(2306,1,153),(2308,1,154),(10092,1,161),(10093,1,162),(10094,1,163),(10095,1,164),(10096,1,165),(1585,1,170),(11862,1,171),(11855,1,172),(11538,1,173),(11859,1,174),(11863,1,178),(10000,1,221),(9990,1,222),(9996,1,223),(10002,1,229),(10007,1,237),(10011,1,238),(10015,1,239),(1686,1,241),(1685,1,242),(1687,1,243),(11848,1,251),(11810,1,252),(11813,1,253),(11816,1,254),(11819,1,255),(11823,1,256),(1617,1,258),(11651,1,262),(11670,1,281),(11660,1,282),(11666,1,283),(11672,1,286),(11590,1,300),(11587,1,301),(11591,1,302),(1763,1,331),(1762,1,332),(1764,1,333),(11826,1,341),(11828,1,342),(11830,1,343),(11832,1,344),(11844,1,351),(11837,1,352),(11841,1,353),(11845,1,354),(11849,1,358),(11686,1,531),(11679,1,532),(11683,1,534),(1625,1,536),(11687,1,538),(11878,1,700),(11868,1,701),(11874,1,702),(11880,1,703),(1755,1,1001),(1754,1,1002),(1756,1,1003),(1758,1,1004),(1759,1,1005),(7146,1,1101),(7143,1,1102),(7145,1,1104),(7147,1,1109),(11756,1,1181),(11804,1,1182),(11761,1,1183),(11765,1,1184),(11769,1,1185),(11773,1,1186),(11777,1,1187),(11781,1,1188),(1578,1,1201),(1579,1,1202),(11800,1,1231),(11787,1,1232),(11791,1,1233),(11795,1,1234),(11798,1,1235),(11801,1,1236),(11805,1,1237),(1736,1,1251),(11753,1,1321),(11714,1,1421),(8190,1,1791),(8187,1,1792),(8191,1,1793),(11604,1,2401),(11600,1,2402),(11606,1,2403),(11620,1,2411),(11616,1,2412),(11622,1,2413),(11626,1,2414),(1618,1,2500),(11890,1,2501),(11887,1,2503),(11891,1,2515),(9610,1,5001),(9611,1,5002),(8155,1,20001),(8159,1,20002),(8163,1,20003),(8167,1,20004),(8171,1,20005),(8175,1,20006),(10345,1,23001),(10338,1,23002),(10342,1,23003),(10346,1,23004),(7701,1,50101),(4984,1,50401),(4983,1,50402),(4985,1,50403),(4987,1,50411),(4988,1,50412),(4989,1,50415),(11896,1,55001),(11897,1,55002),(3564,1,100700),(3565,1,100701),(9596,1,101051),(9598,1,101052),(9600,1,101053),(9604,1,101060),(9605,1,101061),(7177,1,101201),(7178,1,101202),(10353,1,101250),(10355,1,101251),(8980,1,101261),(8981,1,101262),(7616,1,101331),(10030,1,101701),(10031,1,101702),(3582,1,102000),(3583,1,102001),(9819,1,400051),(9823,1,400052),(9827,1,400053),(9831,1,400055),(132,2,11),(133,2,12),(134,2,13),(135,2,14),(136,2,16),(137,2,19),(138,2,21),(139,2,22),(140,2,24),(141,2,25),(142,2,26),(143,2,27),(10359,2,31),(145,2,32),(10361,2,34),(146,2,36),(147,2,41),(148,2,42),(149,2,44),(150,2,61),(151,2,62),(152,2,64),(153,2,71),(154,2,72),(155,2,74),(156,2,75),(157,2,78),(158,2,79),(159,2,81),(160,2,82),(161,2,84),(162,2,86),(163,2,87),(164,2,88),(165,2,89),(166,2,91),(167,2,92),(168,2,93),(2475,2,95),(2476,2,96),(2477,2,97),(2478,2,98),(169,2,101),(170,2,102),(171,2,104),(172,2,109),(173,2,111),(174,2,112),(175,2,113),(176,2,114),(177,2,116),(178,2,117),(179,2,121),(180,2,122),(181,2,125),(182,2,141),(183,2,142),(184,2,144),(2479,2,151),(2480,2,152),(2481,2,153),(2482,2,154),(185,2,161),(186,2,162),(187,2,163),(188,2,164),(189,2,165),(190,2,170),(2471,2,171),(192,2,172),(2472,2,173),(193,2,221),(194,2,222),(195,2,229),(196,2,241),(197,2,242),(198,2,243),(199,2,251),(201,2,262),(202,2,281),(203,2,282),(204,2,283),(205,2,331),(2483,2,531),(207,2,532),(2484,2,534),(208,2,536),(2473,2,700),(210,2,701),(211,2,702),(2474,2,703),(212,2,1001),(213,2,1002),(214,2,1003),(215,2,1004),(216,2,1005),(217,2,1101),(218,2,1102),(219,2,1104),(220,2,1109),(221,2,1181),(222,2,1182),(223,2,1183),(224,2,1184),(225,2,1185),(226,2,1186),(227,2,1187),(228,2,1188),(229,2,1201),(230,2,1202),(231,2,1231),(232,2,1232),(233,2,1233),(234,2,1234),(235,2,1421),(236,2,2401),(237,2,2402),(238,2,2403),(239,2,2411),(240,2,2412),(241,2,2413),(242,2,2500),(2470,2,2501),(243,2,2515),(10363,2,20001),(10364,2,20002),(10365,2,20003),(10366,2,20004),(10367,2,20005),(10368,2,20006),(10362,2,50101),(10372,2,101250),(1807,3,11),(1808,3,31),(1809,3,36),(1810,3,41),(1811,3,61),(1812,3,71),(1813,3,72),(1814,3,74),(1815,3,75),(1816,3,78),(1817,3,79),(1818,3,91),(1819,3,95),(1820,3,97),(1821,3,111),(1822,3,121),(1823,3,122),(1824,3,125),(1825,3,161),(1826,3,170),(1827,3,171),(1828,3,172),(1829,3,221),(1830,3,222),(1831,3,229),(1832,3,241),(1833,3,242),(1834,3,243),(1835,3,251),(1836,3,255),(1837,3,256),(1838,3,262),(1839,3,281),(1840,3,282),(1841,3,283),(1842,3,331),(1843,3,531),(1844,3,536),(1845,3,700),(1846,3,1001),(1847,3,1002),(1848,3,1003),(1849,3,1004),(1850,3,1005),(1851,3,1181),(1852,3,1182),(1853,3,1201),(1854,3,1202),(1855,3,1231),(1856,3,2401),(1857,3,2402),(1858,3,2403),(1859,3,2411),(1860,3,2412),(1861,3,2413),(1862,3,2500),(1863,3,2515),(8026,4,11),(8027,4,21),(8028,4,31),(8029,4,41),(8030,4,61),(8031,4,71),(8032,4,72),(8033,4,74),(8034,4,75),(8035,4,78),(8036,4,79),(8037,4,81),(8038,4,91),(8039,4,95),(8040,4,97),(8041,4,101),(8042,4,111),(8043,4,121),(8044,4,151),(8045,4,161),(8046,4,171),(8047,4,221),(8048,4,222),(8049,4,229),(8050,4,241),(8051,4,242),(8052,4,243),(8146,4,251),(8147,4,253),(8053,4,262),(8054,4,281),(8055,4,331),(8056,4,341),(8057,4,342),(8058,4,343),(8059,4,344),(8060,4,531),(8061,4,700),(8062,4,1001),(8063,4,1002),(8064,4,1003),(8065,4,1004),(8066,4,1005),(8067,4,1101),(8068,4,1181),(8069,4,1182),(8070,4,1201),(8071,4,1202),(8072,4,1231),(8073,4,2401),(8074,4,2501),(8075,4,2503),(8076,4,2515),(8077,4,20001),(8078,4,50101),(8079,4,101201),(8080,4,101261),(8081,4,102000),(8082,4,400051),(8083,4,400052),(8084,4,400053),(8085,4,400055),(11749,5,11),(11725,5,12),(11729,5,13),(11735,5,14),(11739,5,15),(11745,5,16),(11751,5,19),(9729,5,21),(9703,5,22),(9709,5,24),(9713,5,25),(9719,5,26),(9725,5,27),(9731,5,28),(9981,5,31),(9971,5,32),(9977,5,34),(9983,5,38),(8089,5,41),(8090,5,61),(8091,5,71),(8092,5,72),(8093,5,74),(8094,5,75),(8095,5,78),(8096,5,79),(11712,5,81),(11695,5,82),(11699,5,84),(11701,5,86),(11705,5,87),(11709,5,88),(11713,5,89),(9799,5,91),(9789,5,92),(9795,5,93),(9801,5,94),(10098,5,95),(10100,5,96),(10105,5,97),(10106,5,98),(8101,5,101),(10232,5,111),(10204,5,112),(10210,5,113),(10216,5,114),(10222,5,115),(10228,5,116),(10234,5,117),(11647,5,121),(11637,5,122),(11643,5,125),(11649,5,126),(8104,5,151),(8105,5,161),(11864,5,171),(11857,5,172),(11540,5,173),(11861,5,174),(11865,5,178),(10003,5,221),(9993,5,222),(9999,5,223),(10005,5,229),(10009,5,237),(10013,5,238),(10017,5,239),(8110,5,241),(8111,5,242),(8112,5,243),(11850,5,251),(11811,5,252),(11815,5,253),(11817,5,254),(11821,5,255),(11825,5,256),(11653,5,262),(11673,5,281),(11663,5,282),(11669,5,283),(11675,5,286),(11592,5,300),(11589,5,301),(11593,5,302),(8115,5,331),(11827,5,341),(11829,5,342),(11831,5,343),(11833,5,344),(11846,5,351),(11839,5,352),(11843,5,353),(11847,5,354),(11851,5,358),(11688,5,531),(11681,5,532),(11685,5,534),(11689,5,538),(11881,5,700),(11871,5,701),(11877,5,702),(11883,5,703),(8122,5,1001),(8123,5,1002),(8124,5,1003),(8125,5,1004),(8126,5,1005),(8127,5,1101),(11757,5,1181),(11806,5,1182),(11763,5,1183),(11767,5,1184),(11771,5,1185),(11775,5,1186),(11779,5,1187),(11783,5,1188),(8130,5,1201),(8131,5,1202),(11802,5,1231),(11789,5,1232),(11793,5,1233),(11797,5,1234),(11799,5,1235),(11803,5,1236),(11807,5,1237),(11755,5,1321),(11715,5,1421),(8192,5,1791),(8189,5,1792),(8193,5,1793),(11607,5,2401),(11603,5,2402),(11609,5,2403),(11623,5,2411),(11619,5,2412),(11625,5,2413),(11627,5,2414),(11892,5,2501),(11889,5,2503),(11893,5,2515),(9612,5,5001),(9613,5,5002),(8157,5,20001),(8161,5,20002),(8165,5,20003),(8169,5,20004),(8173,5,20005),(8177,5,20006),(10347,5,23001),(10340,5,23002),(10344,5,23003),(10348,5,23004),(8138,5,50101),(11898,5,55001),(11899,5,55002),(9597,5,101051),(9599,5,101052),(9601,5,101053),(9606,5,101060),(9607,5,101061),(8139,5,101201),(10356,5,101250),(10358,5,101251),(8982,5,101261),(8983,5,101262),(10032,5,101701),(10033,5,101702),(8141,5,102000),(9821,5,400051),(9825,5,400052),(9829,5,400053),(9833,5,400055),(8194,6,11),(8195,6,21),(8196,6,31),(8197,6,41),(8198,6,61),(8199,6,71),(8200,6,72),(8201,6,74),(8202,6,75),(8203,6,78),(8204,6,79),(8205,6,81),(8206,6,91),(8207,6,95),(8208,6,97),(8209,6,101),(8210,6,111),(8211,6,121),(8212,6,151),(8213,6,161),(8214,6,171),(8215,6,221),(8216,6,222),(8217,6,229),(8218,6,241),(8219,6,242),(8220,6,243),(8221,6,262),(8222,6,281),(8223,6,331),(8224,6,341),(8225,6,342),(8226,6,343),(8227,6,344),(8228,6,531),(8229,6,700),(8230,6,1001),(8231,6,1002),(8232,6,1003),(8233,6,1004),(8234,6,1005),(8235,6,1101),(8236,6,1181),(8237,6,1182),(8238,6,1201),(8239,6,1202),(8240,6,1231),(8241,6,1791),(8242,6,2401),(8243,6,2501),(8244,6,2503),(8245,6,2515),(8246,6,5001),(8247,6,20001),(8248,6,50101),(8249,6,101201),(8250,6,101261),(8251,6,102000),(8252,6,400051),(8253,6,400052),(8254,6,400053),(8255,6,400055),(8256,7,11),(8257,7,21),(8258,7,31),(8259,7,41),(8260,7,61),(8261,7,71),(8262,7,72),(8263,7,74),(8264,7,75),(8265,7,78),(8266,7,79),(8267,7,81),(8268,7,91),(8269,7,95),(8270,7,97),(8271,7,101),(8272,7,111),(8273,7,121),(8274,7,151),(8275,7,161),(8276,7,171),(8277,7,221),(8278,7,222),(8279,7,229),(8280,7,241),(8281,7,242),(8282,7,243),(8283,7,262),(8284,7,281),(8285,7,331),(8286,7,341),(8287,7,342),(8288,7,343),(8289,7,344),(8290,7,531),(8291,7,700),(8292,7,1001),(8293,7,1002),(8294,7,1003),(8295,7,1004),(8296,7,1005),(8297,7,1101),(8298,7,1181),(8299,7,1182),(8300,7,1201),(8301,7,1202),(8302,7,1231),(8303,7,1791),(8304,7,2401),(8305,7,2501),(8306,7,2503),(8307,7,2515),(8308,7,5001),(8309,7,20001),(8310,7,50101),(8311,7,101201),(8312,7,101261),(8313,7,102000),(8314,7,400051),(8315,7,400052),(8316,7,400053),(8317,7,400055),(8318,9,11),(8319,9,21),(8320,9,31),(8321,9,41),(8322,9,61),(8323,9,71),(8324,9,72),(8325,9,74),(8326,9,75),(8327,9,78),(8328,9,79),(8329,9,81),(8330,9,91),(8331,9,95),(8332,9,97),(8333,9,101),(8334,9,111),(8335,9,121),(8336,9,151),(8337,9,161),(8338,9,171),(8339,9,221),(8340,9,222),(8341,9,229),(8342,9,241),(8343,9,242),(8344,9,243),(8345,9,262),(8346,9,281),(8347,9,331),(8348,9,341),(8349,9,342),(8350,9,343),(8351,9,344),(8352,9,531),(8353,9,700),(8354,9,1001),(8355,9,1002),(8356,9,1003),(8357,9,1004),(8358,9,1005),(8359,9,1101),(8360,9,1181),(8361,9,1182),(8362,9,1201),(8363,9,1202),(8364,9,1231),(8365,9,1791),(8366,9,2401),(8367,9,2501),(8368,9,2503),(8369,9,2515),(8370,9,5001),(8371,9,20001),(8372,9,50101),(8373,9,101201),(8374,9,101261),(8375,9,102000),(8376,9,400051),(8377,9,400052),(8378,9,400053),(8379,9,400055);

--
-- Table structure for table `llx_usergroup`
--

CREATE TABLE `llx_usergroup` (
  `rowid` int(11) NOT NULL AUTO_INCREMENT,
  `nom` varchar(255) NOT NULL,
  `entity` int(11) NOT NULL DEFAULT '1',
  `datec` datetime DEFAULT NULL,
  `tms` timestamp NOT NULL DEFAULT CURRENT_TIMESTAMP ON UPDATE CURRENT_TIMESTAMP,
  `note` text,
  PRIMARY KEY (`rowid`),
  UNIQUE KEY `uk_usergroup_name` (`nom`,`entity`)
) ENGINE=InnoDB AUTO_INCREMENT=2 DEFAULT CHARSET=utf8;

--
-- Dumping data for table `llx_usergroup`
--

INSERT INTO `llx_usergroup` VALUES (1,'ggg',1,'2013-01-16 20:48:08','2013-01-16 19:48:08','ggg');

--
-- Table structure for table `llx_usergroup_extrafields`
--

CREATE TABLE `llx_usergroup_extrafields` (
  `rowid` int(11) NOT NULL AUTO_INCREMENT,
  `tms` timestamp NOT NULL DEFAULT CURRENT_TIMESTAMP ON UPDATE CURRENT_TIMESTAMP,
  `fk_object` int(11) NOT NULL,
  `import_key` varchar(14) DEFAULT NULL,
  PRIMARY KEY (`rowid`),
  KEY `idx_usergroup_extrafields` (`fk_object`)
) ENGINE=InnoDB DEFAULT CHARSET=utf8;

--
-- Dumping data for table `llx_usergroup_extrafields`
--


--
-- Table structure for table `llx_usergroup_rights`
--

CREATE TABLE `llx_usergroup_rights` (
  `rowid` int(11) NOT NULL AUTO_INCREMENT,
  `fk_usergroup` int(11) NOT NULL,
  `fk_id` int(11) NOT NULL,
  PRIMARY KEY (`rowid`),
  UNIQUE KEY `fk_usergroup` (`fk_usergroup`,`fk_id`),
  CONSTRAINT `fk_usergroup_rights_fk_usergroup` FOREIGN KEY (`fk_usergroup`) REFERENCES `llx_usergroup` (`rowid`)
) ENGINE=InnoDB AUTO_INCREMENT=7 DEFAULT CHARSET=utf8;

--
-- Dumping data for table `llx_usergroup_rights`
--

INSERT INTO `llx_usergroup_rights` VALUES (1,1,2401),(2,1,2402),(3,1,2403),(4,1,2411),(5,1,2412),(6,1,2413);

--
-- Table structure for table `llx_usergroup_user`
--

CREATE TABLE `llx_usergroup_user` (
  `rowid` int(11) NOT NULL AUTO_INCREMENT,
  `entity` int(11) NOT NULL DEFAULT '1',
  `fk_user` int(11) NOT NULL,
  `fk_usergroup` int(11) NOT NULL,
  PRIMARY KEY (`rowid`),
  UNIQUE KEY `uk_usergroup_user` (`entity`,`fk_user`,`fk_usergroup`),
  KEY `fk_usergroup_user_fk_user` (`fk_user`),
  KEY `fk_usergroup_user_fk_usergroup` (`fk_usergroup`),
  CONSTRAINT `fk_usergroup_user_fk_user` FOREIGN KEY (`fk_user`) REFERENCES `llx_user` (`rowid`),
  CONSTRAINT `fk_usergroup_user_fk_usergroup` FOREIGN KEY (`fk_usergroup`) REFERENCES `llx_usergroup` (`rowid`)
) ENGINE=InnoDB AUTO_INCREMENT=2 DEFAULT CHARSET=utf8;

--
-- Dumping data for table `llx_usergroup_user`
--

INSERT INTO `llx_usergroup_user` VALUES (1,1,1,1);


