-- Dumping data for table `llx_facture_fourn`
--

INSERT INTO `llx_facture_fourn` VALUES (16,'16','FR70813',1,NULL,0,1,'2012-12-19 15:24:11','2003-04-11','2016-01-22 17:54:46','OVH FR70813',0,0.00000000,0.00000000,NULL,NULL,0.00000000,0.00000000,0.00000000,0.00000000,829.00000000,162.48000000,991.48000000,1,1,NULL,12,NULL,NULL,NULL,1,NULL,'2003-04-11','','',NULL,NULL,NULL,NULL,NULL),(17,'17','FR81385',1,NULL,0,1,'2013-02-13 17:19:35','2003-06-04','2016-01-22 17:56:56','OVH FR81385',0,0.00000000,0.00000000,NULL,NULL,0.00000000,0.00000000,0.00000000,0.00000000,26.00000000,5.10000000,31.10000000,0,1,NULL,NULL,NULL,NULL,NULL,1,NULL,'2003-06-04','','','canelle',NULL,NULL,NULL,NULL),(18,'18','FR81385',1,NULL,0,2,'2013-02-13 17:20:25','2003-06-04','2015-07-19 13:40:54','OVH FR81385',0,0.00000000,0.00000000,NULL,NULL,0.00000000,0.00000000,0.00000000,0.00000000,26.00000000,5.10000000,31.10000000,0,1,NULL,NULL,NULL,NULL,NULL,1,NULL,'2003-06-04','','',NULL,NULL,NULL,NULL,NULL),(19,'19','FR813852',1,NULL,0,2,'2013-03-16 17:59:02','2013-03-16','2015-07-19 13:40:54','OVH FR81385',0,0.00000000,0.00000000,NULL,NULL,0.00000000,0.00000000,0.00000000,0.00000000,26.00000000,5.10000000,31.10000000,0,1,NULL,NULL,NULL,NULL,NULL,1,NULL,NULL,'','',NULL,NULL,NULL,NULL,NULL);

--
-- Table structure for table `llx_facture_fourn_det`
--

CREATE TABLE `llx_facture_fourn_det` (
  `rowid` int(11) NOT NULL AUTO_INCREMENT,
  `fk_facture_fourn` int(11) NOT NULL,
  `fk_parent_line` int(11) DEFAULT NULL,
  `fk_product` int(11) DEFAULT NULL,
  `ref` varchar(50) DEFAULT NULL,
  `label` varchar(255) DEFAULT NULL,
  `description` text,
  `pu_ht` double(24,8) DEFAULT NULL,
  `pu_ttc` double(24,8) DEFAULT NULL,
  `qty` double DEFAULT NULL,
  `remise_percent` double DEFAULT '0',
  `tva_tx` double(6,3) DEFAULT NULL,
  `localtax1_tx` double(6,3) DEFAULT '0.000',
  `localtax1_type` varchar(10) NOT NULL DEFAULT '0',
  `localtax2_tx` double(6,3) DEFAULT '0.000',
  `localtax2_type` varchar(10) NOT NULL DEFAULT '0',
  `total_ht` double(24,8) DEFAULT NULL,
  `tva` double(24,8) DEFAULT NULL,
  `total_localtax1` double(24,8) DEFAULT '0.00000000',
  `total_localtax2` double(24,8) DEFAULT '0.00000000',
  `total_ttc` double(24,8) DEFAULT NULL,
  `product_type` int(11) DEFAULT '0',
  `date_start` datetime DEFAULT NULL,
  `date_end` datetime DEFAULT NULL,
  `info_bits` int(11) NOT NULL DEFAULT '0',
  `import_key` varchar(14) DEFAULT NULL,
  `fk_code_ventilation` int(11) NOT NULL DEFAULT '0',
  `special_code` int(11) DEFAULT '0',
  `rang` int(11) DEFAULT '0',
  `fk_unit` int(11) DEFAULT NULL,
  PRIMARY KEY (`rowid`),
  KEY `idx_facture_fourn_det_fk_facture` (`fk_facture_fourn`),
  KEY `fk_facture_fourn_det_fk_unit` (`fk_unit`),
  CONSTRAINT `fk_facture_fourn_det_fk_facture` FOREIGN KEY (`fk_facture_fourn`) REFERENCES `llx_facture_fourn` (`rowid`),
  CONSTRAINT `fk_facture_fourn_det_fk_unit` FOREIGN KEY (`fk_unit`) REFERENCES `llx_c_units` (`rowid`)
) ENGINE=InnoDB AUTO_INCREMENT=53 DEFAULT CHARSET=utf8;

--
-- Dumping data for table `llx_facture_fourn_det`
--

INSERT INTO `llx_facture_fourn_det` VALUES (44,16,NULL,NULL,NULL,NULL,'<strong>ref :sd.loc.sp.512.6</strong><br>6 mois - Location de SuperPlan avec la connexion 512kbs<br>Du 11/04/2003 &agrave; 11/10/2003',414.00000000,495.14400000,1,0,19.600,0.000,'',0.000,'',414.00000000,81.14000000,0.00000000,0.00000000,495.14000000,0,NULL,NULL,0,NULL,0,0,0,NULL),(45,16,NULL,NULL,NULL,NULL,'<strong>ref :sd.loc.sp.512.6</strong><br>6 mois - Location de SuperPlan avec la connexion 512kbs<br>Du 11/10/2003 &agrave; 11/04/2004',414.00000000,495.14400000,1,0,19.600,0.000,'',0.000,'',414.00000000,81.14000000,0.00000000,0.00000000,495.14000000,0,NULL,NULL,0,NULL,0,0,0,NULL),(46,16,NULL,NULL,NULL,NULL,'<strong>ref :sd.installation.annuel</strong><br>Frais de mise en service d\'un serveur dédié pour un paiement annuel<br>',1.00000000,1.19600000,1,0,19.600,0.000,'',0.000,'',1.00000000,0.20000000,0.00000000,0.00000000,1.20000000,0,NULL,NULL,0,NULL,0,0,0,NULL),(47,17,NULL,NULL,NULL,NULL,'<strong>ref :bk.full250.creation</strong><br>Création du compte backup ftp 250Mo.<br>',1.00000000,1.19600000,1,0,19.600,0.000,'',0.000,'',1.00000000,0.20000000,0.00000000,0.00000000,1.20000000,0,NULL,NULL,0,NULL,0,0,0,NULL),(48,17,NULL,NULL,NULL,NULL,'<strong>ref :bk.full250.12</strong><br>Redevance pour un backup de 250Mo sur 12 mois<br>',25.00000000,29.90000000,1,0,19.600,0.000,'',0.000,'',25.00000000,4.90000000,0.00000000,0.00000000,29.90000000,0,NULL,NULL,0,NULL,0,0,0,NULL),(49,18,NULL,NULL,NULL,NULL,'<strong>ref :bk.full250.creation</strong><br>Création du compte backup ftp 250Mo.<br>',1.00000000,1.19600000,1,0,19.600,0.000,'',0.000,'',1.00000000,0.20000000,0.00000000,0.00000000,1.20000000,0,NULL,NULL,0,NULL,0,0,0,NULL),(50,18,NULL,NULL,NULL,NULL,'<strong>ref :bk.full250.12</strong><br>Redevance pour un backup de 250Mo sur 12 mois<br>',25.00000000,29.90000000,1,0,19.600,0.000,'',0.000,'',25.00000000,4.90000000,0.00000000,0.00000000,29.90000000,0,NULL,NULL,0,NULL,0,0,0,NULL),(51,19,NULL,NULL,NULL,NULL,'<strong>ref :bk.full250.creation</strong><br>Création du compte backup ftp 250Mo.<br>',1.00000000,1.19600000,1,0,19.600,0.000,'0',0.000,'0',1.00000000,0.20000000,0.00000000,0.00000000,1.20000000,0,NULL,NULL,0,NULL,0,0,0,NULL),(52,19,NULL,NULL,NULL,NULL,'<strong>ref :bk.full250.12</strong><br>Redevance pour un backup de 250Mo sur 12 mois<br>',25.00000000,29.90000000,1,0,19.600,0.000,'0',0.000,'0',25.00000000,4.90000000,0.00000000,0.00000000,29.90000000,0,NULL,NULL,0,NULL,0,0,0,NULL);

--
-- Table structure for table `llx_facture_fourn_det_extrafields`
--

CREATE TABLE `llx_facture_fourn_det_extrafields` (
  `rowid` int(11) NOT NULL AUTO_INCREMENT,
  `tms` timestamp NOT NULL DEFAULT CURRENT_TIMESTAMP ON UPDATE CURRENT_TIMESTAMP,
  `fk_object` int(11) NOT NULL,
  `import_key` varchar(14) DEFAULT NULL,
  PRIMARY KEY (`rowid`),
  KEY `idx_facture_fourn_det_extrafields` (`fk_object`)
) ENGINE=InnoDB DEFAULT CHARSET=utf8;

--
-- Dumping data for table `llx_facture_fourn_det_extrafields`
--


--
-- Table structure for table `llx_facture_fourn_extrafields`
--

CREATE TABLE `llx_facture_fourn_extrafields` (
  `rowid` int(11) NOT NULL AUTO_INCREMENT,
  `tms` timestamp NOT NULL DEFAULT CURRENT_TIMESTAMP ON UPDATE CURRENT_TIMESTAMP,
  `fk_object` int(11) NOT NULL,
  `import_key` varchar(14) DEFAULT NULL,
  PRIMARY KEY (`rowid`),
  KEY `idx_facture_fourn_extrafields` (`fk_object`)
) ENGINE=InnoDB DEFAULT CHARSET=latin1;

--
-- Dumping data for table `llx_facture_fourn_extrafields`
--


--
-- Table structure for table `llx_facture_rec`
--

CREATE TABLE `llx_facture_rec` (
  `rowid` int(11) NOT NULL AUTO_INCREMENT,
  `titre` varchar(50) NOT NULL,
  `entity` int(11) NOT NULL DEFAULT '1',
  `fk_soc` int(11) NOT NULL,
  `datec` datetime DEFAULT NULL,
  `amount` double(24,8) NOT NULL DEFAULT '0.00000000',
  `remise` double DEFAULT '0',
  `remise_percent` double DEFAULT '0',
  `remise_absolue` double DEFAULT '0',
  `tva` double(24,8) DEFAULT '0.00000000',
  `localtax1` double(24,8) DEFAULT '0.00000000',
  `localtax2` double(24,8) DEFAULT '0.00000000',
  `total` double(24,8) DEFAULT '0.00000000',
  `total_ttc` double(24,8) DEFAULT '0.00000000',
  `fk_user_author` int(11) DEFAULT NULL,
  `fk_projet` int(11) DEFAULT NULL,
  `fk_cond_reglement` int(11) DEFAULT '0',
  `fk_mode_reglement` int(11) DEFAULT '0',
  `date_lim_reglement` date DEFAULT NULL,
  `note_private` text,
  `note_public` text,
  `last_gen` varchar(7) DEFAULT NULL,
  `unit_frequency` varchar(2) DEFAULT 'd',
  `date_when` datetime DEFAULT NULL,
  `date_last_gen` datetime DEFAULT NULL,
  `nb_gen_done` int(11) DEFAULT NULL,
  `nb_gen_max` int(11) DEFAULT NULL,
  `frequency` int(11) DEFAULT NULL,
  `usenewprice` int(11) DEFAULT '0',
  `revenuestamp` double(24,8) DEFAULT '0.00000000',
  PRIMARY KEY (`rowid`),
  UNIQUE KEY `idx_facture_rec_uk_titre` (`titre`,`entity`),
  KEY `idx_facture_rec_fk_soc` (`fk_soc`),
  KEY `idx_facture_rec_fk_user_author` (`fk_user_author`),
  KEY `idx_facture_rec_fk_projet` (`fk_projet`),
  CONSTRAINT `fk_facture_rec_fk_projet` FOREIGN KEY (`fk_projet`) REFERENCES `llx_projet` (`rowid`),
  CONSTRAINT `fk_facture_rec_fk_soc` FOREIGN KEY (`fk_soc`) REFERENCES `llx_societe` (`rowid`),
  CONSTRAINT `fk_facture_rec_fk_user_author` FOREIGN KEY (`fk_user_author`) REFERENCES `llx_user` (`rowid`)
) ENGINE=InnoDB DEFAULT CHARSET=utf8;

--
-- Dumping data for table `llx_facture_rec`
--


--
-- Table structure for table `llx_facturedet`
--

CREATE TABLE `llx_facturedet` (
  `rowid` int(11) NOT NULL AUTO_INCREMENT,
  `fk_facture` int(11) NOT NULL,
  `fk_parent_line` int(11) DEFAULT NULL,
  `fk_product` int(11) DEFAULT NULL,
  `label` varchar(255) DEFAULT NULL,
  `description` text,
  `tva_tx` double(6,3) DEFAULT NULL,
  `localtax1_tx` double(6,3) DEFAULT '0.000',
  `localtax1_type` varchar(10) NOT NULL DEFAULT '0',
  `localtax2_tx` double(6,3) DEFAULT '0.000',
  `localtax2_type` varchar(10) NOT NULL DEFAULT '0',
  `qty` double DEFAULT NULL,
  `remise_percent` double DEFAULT '0',
  `remise` double DEFAULT '0',
  `fk_remise_except` int(11) DEFAULT NULL,
  `subprice` double(24,8) DEFAULT NULL,
  `price` double(24,8) DEFAULT NULL,
  `total_ht` double(24,8) DEFAULT NULL,
  `total_tva` double(24,8) DEFAULT NULL,
  `total_localtax1` double(24,8) DEFAULT '0.00000000',
  `total_localtax2` double(24,8) DEFAULT '0.00000000',
  `total_ttc` double(24,8) DEFAULT NULL,
  `product_type` int(11) DEFAULT '0',
  `date_start` datetime DEFAULT NULL,
  `date_end` datetime DEFAULT NULL,
  `info_bits` int(11) DEFAULT '0',
  `fk_product_fournisseur_price` int(11) DEFAULT NULL,
  `buy_price_ht` double(24,8) DEFAULT '0.00000000',
  `fk_code_ventilation` int(11) NOT NULL DEFAULT '0',
  `special_code` int(10) unsigned DEFAULT '0',
  `rang` int(11) DEFAULT '0',
  `import_key` varchar(14) DEFAULT NULL,
  `situation_percent` double DEFAULT NULL,
  `fk_prev_id` int(11) DEFAULT NULL,
  `fk_unit` int(11) DEFAULT NULL,
  PRIMARY KEY (`rowid`),
  UNIQUE KEY `uk_fk_remise_except` (`fk_remise_except`,`fk_facture`),
  KEY `idx_facturedet_fk_facture` (`fk_facture`),
  KEY `idx_facturedet_fk_product` (`fk_product`),
  KEY `fk_facturedet_fk_unit` (`fk_unit`),
  CONSTRAINT `fk_facturedet_fk_facture` FOREIGN KEY (`fk_facture`) REFERENCES `llx_facture` (`rowid`),
  CONSTRAINT `fk_facturedet_fk_unit` FOREIGN KEY (`fk_unit`) REFERENCES `llx_c_units` (`rowid`)
) ENGINE=InnoDB AUTO_INCREMENT=1027 DEFAULT CHARSET=utf8;

--
-- Dumping data for table `llx_facturedet`
--

INSERT INTO `llx_facturedet` VALUES (3,2,NULL,3,NULL,'Service S1',0.000,0.000,'',0.000,'',1,10,4,NULL,40.00000000,36.00000000,36.00000000,0.00000000,0.00000000,0.00000000,36.00000000,1,'2010-07-10 00:00:00',NULL,0,NULL,0.00000000,0,0,2,NULL,NULL,NULL,NULL),(4,2,NULL,NULL,NULL,'Abonnement annuel assurance',1.000,0.000,'',0.000,'',1,0,0,NULL,10.00000000,10.00000000,10.00000000,0.10000000,0.00000000,0.00000000,10.10000000,0,'2010-07-10 00:00:00','2011-07-10 00:00:00',0,NULL,0.00000000,0,0,3,NULL,NULL,NULL,NULL),(11,3,NULL,4,NULL,'afsdfsdfsdfsdf',0.000,0.000,'',0.000,'',1,0,0,NULL,5.00000000,5.00000000,5.00000000,0.00000000,0.00000000,0.00000000,5.00000000,0,NULL,NULL,0,NULL,0.00000000,0,0,0,NULL,NULL,NULL,NULL),(12,3,NULL,NULL,NULL,'dfdfd',0.000,0.000,'',0.000,'',1,0,0,NULL,10.00000000,10.00000000,10.00000000,0.00000000,0.00000000,0.00000000,10.00000000,0,NULL,NULL,0,NULL,0.00000000,0,0,2,NULL,NULL,NULL,NULL),(13,5,NULL,4,NULL,'Decapsuleur',12.500,0.000,'',0.000,'',1,0,0,NULL,5.00000000,5.00000000,5.00000000,0.63000000,0.00000000,0.00000000,5.63000000,0,NULL,NULL,0,NULL,0.00000000,0,0,0,NULL,NULL,NULL,NULL),(14,6,NULL,4,NULL,'Decapsuleur',19.600,0.000,'',0.000,'',1,0,0,NULL,5.00000000,5.00000000,5.00000000,0.98000000,0.00000000,0.00000000,5.98000000,0,NULL,NULL,0,NULL,0.00000000,0,0,0,NULL,NULL,NULL,NULL),(21,8,NULL,NULL,NULL,'dddd',0.000,0.000,'',0.000,'',1,0,0,NULL,10.00000000,10.00000000,10.00000000,0.00000000,0.00000000,0.00000000,10.00000000,0,NULL,NULL,0,NULL,0.00000000,0,0,1,NULL,NULL,NULL,NULL),(22,9,NULL,NULL,NULL,'ggg',19.600,0.000,'',0.000,'',1,0,0,NULL,10.00000000,10.00000000,10.00000000,1.96000000,0.00000000,0.00000000,11.96000000,0,NULL,NULL,0,NULL,0.00000000,0,0,1,NULL,NULL,NULL,NULL),(23,10,NULL,4,NULL,'',12.500,0.000,'',0.000,'',1,0,0,NULL,-5.00000000,NULL,-5.00000000,-0.63000000,0.00000000,0.00000000,-5.63000000,0,NULL,NULL,0,NULL,12.00000000,0,0,1,NULL,NULL,NULL,NULL),(24,10,NULL,1,NULL,'A beatifull pink dress\r\nlkm',0.000,0.000,'',0.000,'',1,0,0,NULL,-6.00000000,NULL,-6.00000000,0.00000000,0.00000000,0.00000000,-6.00000000,0,NULL,NULL,0,0,0.00000000,0,0,2,NULL,NULL,NULL,NULL),(26,12,NULL,1,NULL,'A beatifull pink dress\r\nhfghf',0.000,0.000,'',0.000,'',1,0,0,NULL,-5.00000000,NULL,-5.00000000,0.00000000,0.00000000,0.00000000,-5.00000000,0,NULL,NULL,0,0,0.00000000,0,0,1,NULL,NULL,NULL,NULL),(27,13,NULL,NULL,NULL,'gdfgdf',19.600,0.000,'',0.000,'',1.4,0,0,NULL,10.00000000,NULL,14.00000000,2.74000000,0.00000000,0.00000000,16.74000000,0,NULL,NULL,0,NULL,0.00000000,0,0,1,NULL,NULL,NULL,NULL),(137,33,NULL,NULL,NULL,'Desc',10.000,0.000,'',0.000,'',1,0,0,NULL,1.24000000,NULL,1.24000000,0.12000000,0.00000000,0.00000000,1.36000000,0,NULL,NULL,0,NULL,0.00000000,0,0,1,NULL,NULL,NULL,NULL),(138,33,NULL,NULL,NULL,'Desc',10.000,0.000,'',0.000,'',1,0,0,NULL,1.24000000,NULL,1.24000000,0.12000000,0.00000000,0.00000000,1.36000000,0,NULL,NULL,0,NULL,0.00000000,0,0,2,NULL,NULL,NULL,NULL),(256,55,NULL,NULL,NULL,'Desc',10.000,0.000,'',0.000,'',1,0,0,NULL,1.24000000,NULL,1.24000000,0.12000000,0.00000000,0.00000000,1.36000000,0,NULL,NULL,0,NULL,0.00000000,0,0,1,NULL,NULL,NULL,NULL),(257,55,NULL,NULL,NULL,'Desc',10.000,0.000,'',0.000,'',1,0,0,NULL,1.24000000,NULL,1.24000000,0.12000000,0.00000000,0.00000000,1.36000000,0,NULL,NULL,0,NULL,0.00000000,0,0,2,NULL,NULL,NULL,NULL),(753,13,NULL,2,NULL,'(Pays d\'origine: Albanie)',0.000,0.000,'',0.000,'',1,0,0,NULL,0.00000000,NULL,0.00000000,0.00000000,0.00000000,0.00000000,0.00000000,0,NULL,NULL,0,0,0.00000000,0,0,2,NULL,NULL,NULL,NULL),(754,148,NULL,11,NULL,'hfghf',0.000,0.000,'',0.000,'',1,0,0,NULL,0.00000000,NULL,0.00000000,0.00000000,0.00000000,0.00000000,0.00000000,0,NULL,NULL,0,NULL,0.00000000,0,0,1,NULL,NULL,NULL,NULL),(755,148,NULL,4,NULL,'Decapsuleur',12.500,0.000,'',0.000,'',1,0,0,NULL,5.00000000,NULL,5.00000000,0.63000000,0.00000000,0.00000000,5.63000000,0,NULL,NULL,0,NULL,0.00000000,0,0,2,NULL,NULL,NULL,NULL),(756,149,NULL,5,NULL,'aaaa',19.600,0.000,'',0.000,'',1,0,0,NULL,10.00000000,NULL,10.00000000,1.96000000,0.00000000,0.00000000,11.96000000,0,NULL,NULL,0,NULL,0.00000000,0,0,1,NULL,NULL,NULL,NULL),(757,150,NULL,2,NULL,'Product P1',12.500,0.000,'',0.000,'',1,0,0,NULL,0.00000000,NULL,0.00000000,0.00000000,0.00000000,0.00000000,0.00000000,0,NULL,NULL,0,NULL,0.00000000,0,0,1,NULL,NULL,NULL,NULL),(758,151,NULL,2,NULL,'Product P1',12.500,0.000,'',0.000,'',1,0,0,NULL,0.00000000,NULL,0.00000000,0.00000000,0.00000000,0.00000000,0.00000000,0,NULL,NULL,0,NULL,0.00000000,0,0,1,NULL,NULL,NULL,NULL),(768,32,NULL,NULL,NULL,'mlml',18.000,0.000,'',0.000,'',1,0,0,NULL,100.00000000,NULL,100.00000000,18.00000000,0.00000000,0.00000000,118.00000000,0,NULL,NULL,0,NULL,0.00000000,0,0,3,NULL,NULL,NULL,NULL),(769,32,NULL,NULL,NULL,'mlkml',18.000,0.000,'',0.000,'',1,0,0,NULL,400.00000000,NULL,400.00000000,72.00000000,0.00000000,0.00000000,472.00000000,0,NULL,NULL,0,NULL,0.00000000,0,0,4,NULL,NULL,NULL,NULL),(772,160,NULL,NULL,NULL,'Adhésion/cotisation 2015',12.500,0.000,'',0.000,'',1,0,0,NULL,8.88889000,NULL,8.89000000,1.11000000,0.00000000,0.00000000,10.00000000,1,'2015-07-18 00:00:00','2016-07-17 00:00:00',0,NULL,0.00000000,0,0,1,NULL,NULL,NULL,NULL),(776,32,NULL,NULL,NULL,'fsdfsdfds',0.000,0.000,'0',0.000,'0',1,0,0,NULL,10.00000000,NULL,10.00000000,0.00000000,0.00000000,0.00000000,10.00000000,0,NULL,NULL,0,NULL,0.00000000,0,0,5,NULL,NULL,NULL,NULL),(777,32,NULL,NULL,NULL,'fsdfsdfds',0.000,0.000,'0',0.000,'0',1,0,0,NULL,10.00000000,NULL,10.00000000,0.00000000,0.00000000,0.00000000,10.00000000,0,NULL,NULL,0,NULL,0.00000000,0,0,6,NULL,NULL,NULL,NULL),(779,32,NULL,NULL,NULL,'fsdfds',0.000,0.000,'0',0.000,'0',0,0,0,NULL,0.00000000,NULL,0.00000000,0.00000000,0.00000000,0.00000000,0.00000000,9,NULL,NULL,0,0,0.00000000,0,0,2,NULL,NULL,NULL,NULL),(780,32,NULL,NULL,NULL,'ffsdf',0.000,0.000,'0',0.000,'0',0,0,0,NULL,0.00000000,NULL,0.00000000,0.00000000,0.00000000,0.00000000,0.00000000,9,NULL,NULL,0,NULL,0.00000000,0,1790,1,NULL,NULL,NULL,NULL),(1022,210,NULL,NULL,NULL,'Adhésion/cotisation 2011',0.000,0.000,'0',0.000,'0',1,0,0,NULL,10.00000000,NULL,10.00000000,0.00000000,0.00000000,0.00000000,10.00000000,1,'2011-07-10 00:00:00','2012-07-09 00:00:00',0,NULL,0.00000000,0,0,1,NULL,NULL,NULL,NULL),(1023,211,NULL,NULL,NULL,'Samsung Android x4',0.000,0.000,'0',0.000,'0',1,0,0,NULL,250.00000000,NULL,250.00000000,0.00000000,0.00000000,0.00000000,250.00000000,0,NULL,NULL,0,NULL,0.00000000,0,0,1,NULL,NULL,NULL,NULL),(1024,211,NULL,1,NULL,'A beatifull pink dress\r\nSize XXL',19.600,0.000,'0',0.000,'0',1,10,0,NULL,100.00000000,NULL,90.00000000,17.64000000,0.00000000,0.00000000,107.64000000,0,NULL,NULL,0,NULL,0.00000000,0,0,2,NULL,NULL,NULL,NULL),(1026,213,NULL,1,NULL,'A beatifull pink dress',0.000,0.000,'0',0.000,'0',10,0,0,NULL,-100.00000000,NULL,-1000.00000000,0.00000000,0.00000000,0.00000000,-1000.00000000,0,NULL,NULL,0,NULL,0.00000000,0,0,1,NULL,NULL,NULL,NULL);

--
-- Table structure for table `llx_facturedet_extrafields`
--

CREATE TABLE `llx_facturedet_extrafields` (
  `rowid` int(11) NOT NULL AUTO_INCREMENT,
  `tms` timestamp NOT NULL DEFAULT CURRENT_TIMESTAMP ON UPDATE CURRENT_TIMESTAMP,
  `fk_object` int(11) NOT NULL,
  `import_key` varchar(14) DEFAULT NULL,
  PRIMARY KEY (`rowid`),
  KEY `idx_facturedet_extrafields` (`fk_object`)
) ENGINE=InnoDB DEFAULT CHARSET=latin1;

--
-- Dumping data for table `llx_facturedet_extrafields`
--


--
-- Table structure for table `llx_facturedet_rec`
--

CREATE TABLE `llx_facturedet_rec` (
  `rowid` int(11) NOT NULL AUTO_INCREMENT,
  `fk_facture` int(11) NOT NULL,
  `fk_parent_line` int(11) DEFAULT NULL,
  `fk_product` int(11) DEFAULT NULL,
  `product_type` int(11) DEFAULT '0',
  `label` varchar(255) DEFAULT NULL,
  `description` text,
  `tva_tx` double(6,3) DEFAULT NULL,
  `localtax1_tx` double(6,3) DEFAULT '0.000',
  `localtax1_type` varchar(10) NOT NULL DEFAULT '0',
  `localtax2_tx` double(6,3) DEFAULT '0.000',
  `localtax2_type` varchar(10) NOT NULL DEFAULT '0',
  `qty` double DEFAULT NULL,
  `remise_percent` double DEFAULT '0',
  `remise` double DEFAULT '0',
  `subprice` double(24,8) DEFAULT NULL,
  `price` double(24,8) DEFAULT NULL,
  `total_ht` double(24,8) DEFAULT NULL,
  `total_tva` double(24,8) DEFAULT NULL,
  `total_localtax1` double(24,8) DEFAULT '0.00000000',
  `total_localtax2` double(24,8) DEFAULT '0.00000000',
  `total_ttc` double(24,8) DEFAULT NULL,
  `info_bits` int(11) DEFAULT '0',
  `special_code` int(10) unsigned DEFAULT '0',
  `rang` int(11) DEFAULT '0',
  `fk_contract_line` int(11) DEFAULT NULL,
  `fk_unit` int(11) DEFAULT NULL,
  PRIMARY KEY (`rowid`),
  KEY `fk_facturedet_rec_fk_unit` (`fk_unit`),
  CONSTRAINT `fk_facturedet_rec_fk_unit` FOREIGN KEY (`fk_unit`) REFERENCES `llx_c_units` (`rowid`)
) ENGINE=InnoDB DEFAULT CHARSET=utf8;

--
-- Dumping data for table `llx_facturedet_rec`
--


--
-- Table structure for table `llx_fichinter`
--

CREATE TABLE `llx_fichinter` (
  `rowid` int(11) NOT NULL AUTO_INCREMENT,
  `fk_soc` int(11) NOT NULL,
  `fk_projet` int(11) DEFAULT '0',
  `fk_contrat` int(11) DEFAULT '0',
  `ref` varchar(30) NOT NULL,
  `entity` int(11) NOT NULL DEFAULT '1',
  `tms` timestamp NOT NULL DEFAULT CURRENT_TIMESTAMP ON UPDATE CURRENT_TIMESTAMP,
  `datec` datetime DEFAULT NULL,
  `date_valid` datetime DEFAULT NULL,
  `datei` date DEFAULT NULL,
  `fk_user_author` int(11) DEFAULT NULL,
  `fk_user_modif` int(11) DEFAULT NULL,
  `fk_user_valid` int(11) DEFAULT NULL,
  `fk_statut` smallint(6) DEFAULT '0',
  `duree` double DEFAULT NULL,
  `description` text,
  `note_private` text,
  `note_public` text,
  `model_pdf` varchar(255) DEFAULT NULL,
  `extraparams` varchar(255) DEFAULT NULL,
  `ref_ext` varchar(255) DEFAULT NULL,
  PRIMARY KEY (`rowid`),
  UNIQUE KEY `uk_fichinter_ref` (`ref`,`entity`),
  KEY `idx_fichinter_fk_soc` (`fk_soc`),
  CONSTRAINT `fk_fichinter_fk_soc` FOREIGN KEY (`fk_soc`) REFERENCES `llx_societe` (`rowid`)
) ENGINE=InnoDB AUTO_INCREMENT=4 DEFAULT CHARSET=utf8;

--
-- Dumping data for table `llx_fichinter`
--

INSERT INTO `llx_fichinter` VALUES (1,2,1,0,'FI1007-0001',1,'2016-01-22 17:39:37','2010-07-09 01:42:41','2016-01-22 18:39:37',NULL,1,NULL,12,1,10800,NULL,NULL,NULL,'soleil',NULL,NULL),(2,1,NULL,0,'FI1007-0002',1,'2012-12-08 13:11:07','2010-07-11 16:07:51',NULL,NULL,1,NULL,NULL,0,3600,'ferfrefeferf',NULL,NULL,'soleil',NULL,NULL),(3,2,0,0,'FI1511-0003',1,'2016-01-22 17:38:46','2015-11-18 15:57:34','2016-01-22 18:38:46',NULL,2,NULL,12,1,36000,NULL,NULL,NULL,'soleil',NULL,NULL);

--
-- Table structure for table `llx_fichinter_extrafields`
--

CREATE TABLE `llx_fichinter_extrafields` (
  `rowid` int(11) NOT NULL AUTO_INCREMENT,
  `tms` timestamp NOT NULL DEFAULT CURRENT_TIMESTAMP ON UPDATE CURRENT_TIMESTAMP,
  `fk_object` int(11) NOT NULL,
  `import_key` varchar(14) DEFAULT NULL,
  PRIMARY KEY (`rowid`),
  KEY `idx_ficheinter_extrafields` (`fk_object`)
) ENGINE=InnoDB DEFAULT CHARSET=latin1;

--
-- Dumping data for table `llx_fichinter_extrafields`
--


--
-- Table structure for table `llx_fichinterdet`
--

CREATE TABLE `llx_fichinterdet` (
  `rowid` int(11) NOT NULL AUTO_INCREMENT,
  `fk_fichinter` int(11) DEFAULT NULL,
  `fk_parent_line` int(11) DEFAULT NULL,
  `date` datetime DEFAULT NULL,
  `description` text,
  `duree` int(11) DEFAULT NULL,
  `rang` int(11) DEFAULT '0',
  PRIMARY KEY (`rowid`),
  KEY `idx_fichinterdet_fk_fichinter` (`fk_fichinter`),
  CONSTRAINT `fk_fichinterdet_fk_fichinter` FOREIGN KEY (`fk_fichinter`) REFERENCES `llx_fichinter` (`rowid`)
) ENGINE=InnoDB AUTO_INCREMENT=7 DEFAULT CHARSET=utf8;

--
-- Dumping data for table `llx_fichinterdet`
--

INSERT INTO `llx_fichinterdet` VALUES (1,1,NULL,'2010-07-07 04:00:00','Intervention sur site',3600,0),(2,1,NULL,'2010-07-08 11:00:00','Other actions on client site.',7200,0),(3,2,NULL,'2010-07-11 05:00:00','Pres',3600,0),(5,3,NULL,'2015-11-18 09:00:00','Intervention on building windows 1',32400,0),(6,3,NULL,'2016-01-22 00:00:00','Intervention on building windows 2',3600,0);

--
-- Table structure for table `llx_fichinterdet_extrafields`
--

CREATE TABLE `llx_fichinterdet_extrafields` (
  `rowid` int(11) NOT NULL AUTO_INCREMENT,
  `tms` timestamp NOT NULL DEFAULT CURRENT_TIMESTAMP ON UPDATE CURRENT_TIMESTAMP,
  `fk_object` int(11) NOT NULL,
  `import_key` varchar(14) DEFAULT NULL,
  PRIMARY KEY (`rowid`),
  KEY `idx_ficheinterdet_extrafields` (`fk_object`)
) ENGINE=InnoDB DEFAULT CHARSET=utf8;

--
-- Dumping data for table `llx_fichinterdet_extrafields`
--


--
-- Table structure for table `llx_holiday`
--

CREATE TABLE `llx_holiday` (
  `rowid` int(11) NOT NULL AUTO_INCREMENT,
  `fk_user` int(11) NOT NULL,
  `date_create` datetime NOT NULL,
  `description` varchar(255) NOT NULL,
  `date_debut` date NOT NULL,
  `date_fin` date NOT NULL,
  `halfday` int(11) DEFAULT '0',
  `statut` int(11) NOT NULL DEFAULT '1',
  `fk_validator` int(11) NOT NULL,
  `date_valid` datetime DEFAULT NULL,
  `fk_user_valid` int(11) DEFAULT NULL,
  `date_refuse` datetime DEFAULT NULL,
  `fk_user_refuse` int(11) DEFAULT NULL,
  `date_cancel` datetime DEFAULT NULL,
  `fk_user_cancel` int(11) DEFAULT NULL,
  `detail_refuse` varchar(250) DEFAULT NULL,
  `note_private` text,
  `note_public` text,
  `note` text,
  `fk_user_create` int(11) DEFAULT NULL,
  `fk_type` int(11) NOT NULL DEFAULT '1',
  PRIMARY KEY (`rowid`),
  KEY `idx_holiday_fk_user` (`fk_user`),
  KEY `idx_holiday_date_debut` (`date_debut`),
  KEY `idx_holiday_date_fin` (`date_fin`),
  KEY `idx_holiday_fk_user_create` (`fk_user_create`),
  KEY `idx_holiday_date_create` (`date_create`),
  KEY `idx_holiday_fk_validator` (`fk_validator`)
) ENGINE=InnoDB AUTO_INCREMENT=4 DEFAULT CHARSET=utf8;

--
-- Dumping data for table `llx_holiday`
--

INSERT INTO `llx_holiday` VALUES (1,1,'2013-02-17 19:06:35','gdf','2013-02-10','2013-02-11',0,3,1,'2013-02-17 19:06:57',1,NULL,NULL,NULL,NULL,NULL,NULL,NULL,NULL,NULL,1),(2,12,'2016-01-22 19:10:01','','2016-01-04','2016-01-08',0,1,11,NULL,NULL,NULL,NULL,NULL,NULL,NULL,NULL,NULL,NULL,12,5),(3,13,'2016-01-22 19:10:29','','2016-01-11','2016-01-13',0,2,11,NULL,NULL,NULL,NULL,NULL,NULL,NULL,NULL,NULL,NULL,12,5);

--
-- Table structure for table `llx_holiday_config`
--

CREATE TABLE `llx_holiday_config` (
  `rowid` int(11) NOT NULL AUTO_INCREMENT,
  `name` varchar(255) NOT NULL,
  `value` text,
  PRIMARY KEY (`rowid`),
  UNIQUE KEY `name` (`name`)
) ENGINE=InnoDB AUTO_INCREMENT=9 DEFAULT CHARSET=utf8;

--
-- Dumping data for table `llx_holiday_config`
--

INSERT INTO `llx_holiday_config` VALUES (1,'userGroup','1'),(2,'lastUpdate','20160122185906'),(3,'nbUser',''),(4,'delayForRequest','31'),(5,'AlertValidatorDelay','0'),(6,'AlertValidatorSolde','0'),(7,'nbHolidayDeducted','1'),(8,'nbHolidayEveryMonth','2.08334');

--
-- Table structure for table `llx_holiday_events`
--

CREATE TABLE `llx_holiday_events` (
  `rowid` int(11) NOT NULL AUTO_INCREMENT,
  `entity` int(11) NOT NULL DEFAULT '1',
  `name` varchar(255) NOT NULL,
  `value` text NOT NULL,
  PRIMARY KEY (`rowid`),
  UNIQUE KEY `uk_holiday_name` (`name`,`entity`)
) ENGINE=InnoDB DEFAULT CHARSET=utf8;

--
-- Dumping data for table `llx_holiday_events`
--


--
-- Table structure for table `llx_holiday_logs`
--

CREATE TABLE `llx_holiday_logs` (
  `rowid` int(11) NOT NULL AUTO_INCREMENT,
  `date_action` datetime NOT NULL,
  `fk_user_action` int(11) NOT NULL,
  `fk_user_update` int(11) NOT NULL,
  `type_action` varchar(255) NOT NULL,
  `prev_solde` varchar(255) NOT NULL,
  `new_solde` varchar(255) NOT NULL,
  `fk_type` int(11) NOT NULL DEFAULT '1',
  PRIMARY KEY (`rowid`)
) ENGINE=InnoDB AUTO_INCREMENT=184 DEFAULT CHARSET=utf8;

--
-- Dumping data for table `llx_holiday_logs`
--

INSERT INTO `llx_holiday_logs` VALUES (1,'2013-01-17 21:03:15',1,1,'Event : Mise à jour mensuelle','0.00','2.08',1),(2,'2013-01-17 21:03:15',1,2,'Event : Mise à jour mensuelle','0.00','2.08',1),(3,'2013-01-17 21:03:15',1,3,'Event : Mise à jour mensuelle','0.00','2.08',1),(4,'2013-02-01 09:53:26',1,1,'Event : Mise à jour mensuelle','2.08','4.16',1),(5,'2013-02-01 09:53:26',1,2,'Event : Mise à jour mensuelle','2.08','4.16',1),(6,'2013-02-01 09:53:26',1,3,'Event : Mise à jour mensuelle','2.08','4.16',1),(7,'2013-02-01 09:53:26',1,1,'Event : Mise à jour mensuelle','4.17','6.25',1),(8,'2013-02-01 09:53:26',1,2,'Event : Mise à jour mensuelle','4.17','6.25',1),(9,'2013-02-01 09:53:26',1,3,'Event : Mise à jour mensuelle','4.17','6.25',1),(10,'2013-02-01 09:53:26',1,4,'Event : Mise à jour mensuelle','0.00','2.08',1),(11,'2013-02-01 09:53:31',1,1,'Event : Mise à jour mensuelle','6.25','8.33',1),(12,'2013-02-01 09:53:31',1,2,'Event : Mise à jour mensuelle','6.25','8.33',1),(13,'2013-02-01 09:53:31',1,3,'Event : Mise à jour mensuelle','6.25','8.33',1),(14,'2013-02-01 09:53:31',1,4,'Event : Mise à jour mensuelle','2.08','4.16',1),(15,'2013-02-01 09:53:31',1,1,'Event : Mise à jour mensuelle','8.33','10.41',1),(16,'2013-02-01 09:53:31',1,2,'Event : Mise à jour mensuelle','8.33','10.41',1),(17,'2013-02-01 09:53:31',1,3,'Event : Mise à jour mensuelle','8.33','10.41',1),(18,'2013-02-01 09:53:31',1,4,'Event : Mise à jour mensuelle','4.17','6.25',1),(19,'2013-02-01 09:53:33',1,1,'Event : Mise à jour mensuelle','10.42','12.50',1),(20,'2013-02-01 09:53:33',1,2,'Event : Mise à jour mensuelle','10.42','12.50',1),(21,'2013-02-01 09:53:33',1,3,'Event : Mise à jour mensuelle','10.42','12.50',1),(22,'2013-02-01 09:53:33',1,4,'Event : Mise à jour mensuelle','6.25','8.33',1),(23,'2013-02-01 09:53:34',1,1,'Event : Mise à jour mensuelle','12.50','14.58',1),(24,'2013-02-01 09:53:34',1,2,'Event : Mise à jour mensuelle','12.50','14.58',1),(25,'2013-02-01 09:53:34',1,3,'Event : Mise à jour mensuelle','12.50','14.58',1),(26,'2013-02-01 09:53:34',1,4,'Event : Mise à jour mensuelle','8.33','10.41',1),(27,'2013-02-01 09:53:34',1,1,'Event : Mise à jour mensuelle','14.58','16.66',1),(28,'2013-02-01 09:53:34',1,2,'Event : Mise à jour mensuelle','14.58','16.66',1),(29,'2013-02-01 09:53:34',1,3,'Event : Mise à jour mensuelle','14.58','16.66',1),(30,'2013-02-01 09:53:34',1,4,'Event : Mise à jour mensuelle','10.42','12.50',1),(31,'2013-02-01 09:53:36',1,1,'Event : Mise à jour mensuelle','16.67','18.75',1),(32,'2013-02-01 09:53:36',1,2,'Event : Mise à jour mensuelle','16.67','18.75',1),(33,'2013-02-01 09:53:36',1,3,'Event : Mise à jour mensuelle','16.67','18.75',1),(34,'2013-02-01 09:53:36',1,4,'Event : Mise à jour mensuelle','12.50','14.58',1),(35,'2013-02-01 09:53:36',1,1,'Event : Mise à jour mensuelle','18.75','20.83',1),(36,'2013-02-01 09:53:36',1,2,'Event : Mise à jour mensuelle','18.75','20.83',1),(37,'2013-02-01 09:53:36',1,3,'Event : Mise à jour mensuelle','18.75','20.83',1),(38,'2013-02-01 09:53:36',1,4,'Event : Mise à jour mensuelle','14.58','16.66',1),(39,'2013-02-01 09:53:37',1,1,'Event : Mise à jour mensuelle','20.83','22.91',1),(40,'2013-02-01 09:53:37',1,2,'Event : Mise à jour mensuelle','20.83','22.91',1),(41,'2013-02-01 09:53:37',1,3,'Event : Mise à jour mensuelle','20.83','22.91',1),(42,'2013-02-01 09:53:37',1,4,'Event : Mise à jour mensuelle','16.67','18.75',1),(43,'2013-02-01 09:53:37',1,1,'Event : Mise à jour mensuelle','22.92','25.00',1),(44,'2013-02-01 09:53:37',1,2,'Event : Mise à jour mensuelle','22.92','25.00',1),(45,'2013-02-01 09:53:37',1,3,'Event : Mise à jour mensuelle','22.92','25.00',1),(46,'2013-02-01 09:53:37',1,4,'Event : Mise à jour mensuelle','18.75','20.83',1),(47,'2013-02-01 09:53:44',1,1,'Event : Mise à jour mensuelle','25.00','27.08',1),(48,'2013-02-01 09:53:44',1,2,'Event : Mise à jour mensuelle','25.00','27.08',1),(49,'2013-02-01 09:53:44',1,3,'Event : Mise à jour mensuelle','25.00','27.08',1),(50,'2013-02-01 09:53:44',1,4,'Event : Mise à jour mensuelle','20.83','22.91',1),(51,'2013-02-01 09:53:47',1,1,'Event : Mise à jour mensuelle','27.08','29.16',1),(52,'2013-02-01 09:53:47',1,2,'Event : Mise à jour mensuelle','27.08','29.16',1),(53,'2013-02-01 09:53:47',1,3,'Event : Mise à jour mensuelle','27.08','29.16',1),(54,'2013-02-01 09:53:47',1,4,'Event : Mise à jour mensuelle','22.92','25.00',1),(55,'2013-02-01 09:53:47',1,1,'Event : Mise à jour mensuelle','29.17','31.25',1),(56,'2013-02-01 09:53:47',1,2,'Event : Mise à jour mensuelle','29.17','31.25',1),(57,'2013-02-01 09:53:47',1,3,'Event : Mise à jour mensuelle','29.17','31.25',1),(58,'2013-02-01 09:53:47',1,4,'Event : Mise à jour mensuelle','25.00','27.08',1),(59,'2013-02-01 09:53:49',1,1,'Event : Mise à jour mensuelle','31.25','33.33',1),(60,'2013-02-01 09:53:49',1,2,'Event : Mise à jour mensuelle','31.25','33.33',1),(61,'2013-02-01 09:53:49',1,3,'Event : Mise à jour mensuelle','31.25','33.33',1),(62,'2013-02-01 09:53:49',1,4,'Event : Mise à jour mensuelle','27.08','29.16',1),(63,'2013-02-01 09:53:52',1,1,'Event : Mise à jour mensuelle','33.33','35.41',1),(64,'2013-02-01 09:53:52',1,2,'Event : Mise à jour mensuelle','33.33','35.41',1),(65,'2013-02-01 09:53:52',1,3,'Event : Mise à jour mensuelle','33.33','35.41',1),(66,'2013-02-01 09:53:52',1,4,'Event : Mise à jour mensuelle','29.17','31.25',1),(67,'2013-02-01 09:53:52',1,1,'Event : Mise à jour mensuelle','35.42','37.50',1),(68,'2013-02-01 09:53:52',1,2,'Event : Mise à jour mensuelle','35.42','37.50',1),(69,'2013-02-01 09:53:52',1,3,'Event : Mise à jour mensuelle','35.42','37.50',1),(70,'2013-02-01 09:53:52',1,4,'Event : Mise à jour mensuelle','31.25','33.33',1),(71,'2013-02-01 09:53:53',1,1,'Event : Mise à jour mensuelle','37.50','39.58',1),(72,'2013-02-01 09:53:53',1,2,'Event : Mise à jour mensuelle','37.50','39.58',1),(73,'2013-02-01 09:53:53',1,3,'Event : Mise à jour mensuelle','37.50','39.58',1),(74,'2013-02-01 09:53:53',1,4,'Event : Mise à jour mensuelle','33.33','35.41',1),(75,'2013-02-01 09:53:54',1,1,'Event : Mise à jour mensuelle','39.58','41.66',1),(76,'2013-02-01 09:53:54',1,2,'Event : Mise à jour mensuelle','39.58','41.66',1),(77,'2013-02-01 09:53:54',1,3,'Event : Mise à jour mensuelle','39.58','41.66',1),(78,'2013-02-01 09:53:54',1,4,'Event : Mise à jour mensuelle','35.42','37.50',1),(79,'2013-02-01 09:53:54',1,1,'Event : Mise à jour mensuelle','41.67','43.75',1),(80,'2013-02-01 09:53:54',1,2,'Event : Mise à jour mensuelle','41.67','43.75',1),(81,'2013-02-01 09:53:54',1,3,'Event : Mise à jour mensuelle','41.67','43.75',1),(82,'2013-02-01 09:53:54',1,4,'Event : Mise à jour mensuelle','37.50','39.58',1),(83,'2013-02-01 09:55:49',1,1,'Event : Mise à jour mensuelle','43.75','45.83',1),(84,'2013-02-01 09:55:49',1,2,'Event : Mise à jour mensuelle','43.75','45.83',1),(85,'2013-02-01 09:55:49',1,3,'Event : Mise à jour mensuelle','43.75','45.83',1),(86,'2013-02-01 09:55:49',1,4,'Event : Mise à jour mensuelle','39.58','41.66',1),(87,'2013-02-01 09:55:56',1,1,'Event : Mise à jour mensuelle','45.83','47.91',1),(88,'2013-02-01 09:55:56',1,2,'Event : Mise à jour mensuelle','45.83','47.91',1),(89,'2013-02-01 09:55:56',1,3,'Event : Mise à jour mensuelle','45.83','47.91',1),(90,'2013-02-01 09:55:56',1,4,'Event : Mise à jour mensuelle','41.67','43.75',1),(91,'2013-02-01 09:56:01',1,1,'Event : Mise à jour mensuelle','47.92','50.00',1),(92,'2013-02-01 09:56:01',1,2,'Event : Mise à jour mensuelle','47.92','50.00',1),(93,'2013-02-01 09:56:01',1,3,'Event : Mise à jour mensuelle','47.92','50.00',1),(94,'2013-02-01 09:56:01',1,4,'Event : Mise à jour mensuelle','43.75','45.83',1),(95,'2013-02-01 09:56:01',1,1,'Event : Mise à jour mensuelle','50.00','52.08',1),(96,'2013-02-01 09:56:01',1,2,'Event : Mise à jour mensuelle','50.00','52.08',1),(97,'2013-02-01 09:56:01',1,3,'Event : Mise à jour mensuelle','50.00','52.08',1),(98,'2013-02-01 09:56:01',1,4,'Event : Mise à jour mensuelle','45.83','47.91',1),(99,'2013-02-01 09:56:03',1,1,'Event : Mise à jour mensuelle','52.08','54.16',1),(100,'2013-02-01 09:56:03',1,2,'Event : Mise à jour mensuelle','52.08','54.16',1),(101,'2013-02-01 09:56:03',1,3,'Event : Mise à jour mensuelle','52.08','54.16',1),(102,'2013-02-01 09:56:03',1,4,'Event : Mise à jour mensuelle','47.92','50.00',1),(103,'2013-02-01 09:56:03',1,1,'Event : Mise à jour mensuelle','54.17','56.25',1),(104,'2013-02-01 09:56:03',1,2,'Event : Mise à jour mensuelle','54.17','56.25',1),(105,'2013-02-01 09:56:03',1,3,'Event : Mise à jour mensuelle','54.17','56.25',1),(106,'2013-02-01 09:56:03',1,4,'Event : Mise à jour mensuelle','50.00','52.08',1),(107,'2013-02-01 09:56:05',1,1,'Event : Mise à jour mensuelle','56.25','58.33',1),(108,'2013-02-01 09:56:05',1,2,'Event : Mise à jour mensuelle','56.25','58.33',1),(109,'2013-02-01 09:56:05',1,3,'Event : Mise à jour mensuelle','56.25','58.33',1),(110,'2013-02-01 09:56:05',1,4,'Event : Mise à jour mensuelle','52.08','54.16',1),(111,'2013-02-01 09:56:06',1,1,'Event : Mise à jour mensuelle','58.33','60.41',1),(112,'2013-02-01 09:56:06',1,2,'Event : Mise à jour mensuelle','58.33','60.41',1),(113,'2013-02-01 09:56:06',1,3,'Event : Mise à jour mensuelle','58.33','60.41',1),(114,'2013-02-01 09:56:06',1,4,'Event : Mise à jour mensuelle','54.17','56.25',1),(115,'2013-02-01 09:56:06',1,1,'Event : Mise à jour mensuelle','60.42','62.50',1),(116,'2013-02-01 09:56:06',1,2,'Event : Mise à jour mensuelle','60.42','62.50',1),(117,'2013-02-01 09:56:06',1,3,'Event : Mise à jour mensuelle','60.42','62.50',1),(118,'2013-02-01 09:56:06',1,4,'Event : Mise à jour mensuelle','56.25','58.33',1),(119,'2013-02-01 09:56:07',1,1,'Event : Mise à jour mensuelle','62.50','64.58',1),(120,'2013-02-01 09:56:07',1,2,'Event : Mise à jour mensuelle','62.50','64.58',1),(121,'2013-02-01 09:56:07',1,3,'Event : Mise à jour mensuelle','62.50','64.58',1),(122,'2013-02-01 09:56:07',1,4,'Event : Mise à jour mensuelle','58.33','60.41',1),(123,'2013-02-01 09:56:07',1,1,'Event : Mise à jour mensuelle','64.58','66.66',1),(124,'2013-02-01 09:56:07',1,2,'Event : Mise à jour mensuelle','64.58','66.66',1),(125,'2013-02-01 09:56:07',1,3,'Event : Mise à jour mensuelle','64.58','66.66',1),(126,'2013-02-01 09:56:07',1,4,'Event : Mise à jour mensuelle','60.42','62.50',1),(127,'2013-02-01 09:56:50',1,1,'Event : Mise à jour mensuelle','66.67','68.75',1),(128,'2013-02-01 09:56:50',1,2,'Event : Mise à jour mensuelle','66.67','68.75',1),(129,'2013-02-01 09:56:50',1,3,'Event : Mise à jour mensuelle','66.67','68.75',1),(130,'2013-02-01 09:56:50',1,4,'Event : Mise à jour mensuelle','62.50','64.58',1),(131,'2013-02-01 09:56:50',1,1,'Event : Mise à jour mensuelle','68.75','70.83',1),(132,'2013-02-01 09:56:50',1,2,'Event : Mise à jour mensuelle','68.75','70.83',1),(133,'2013-02-01 09:56:50',1,3,'Event : Mise à jour mensuelle','68.75','70.83',1),(134,'2013-02-01 09:56:50',1,4,'Event : Mise à jour mensuelle','64.58','66.66',1),(135,'2013-02-17 18:49:21',1,1,'Event : Mise à jour mensuelle','70.83','72.91',1),(136,'2013-02-17 18:49:21',1,2,'Event : Mise à jour mensuelle','70.83','72.91',1),(137,'2013-02-17 18:49:21',1,3,'Event : Mise à jour mensuelle','70.83','72.91',1),(138,'2013-02-17 18:49:21',1,4,'Event : Mise à jour mensuelle','66.67','68.75',1),(139,'2013-02-17 19:06:57',1,1,'Event : Holiday','72.92','71.92',1),(140,'2013-03-01 23:12:31',1,1,'Event : Mise à jour mensuelle','71.92','74.00',1),(141,'2013-03-01 23:12:31',1,2,'Event : Mise à jour mensuelle','72.92','75.00',1),(142,'2013-03-01 23:12:31',1,3,'Event : Mise à jour mensuelle','72.92','75.00',1),(143,'2013-03-01 23:12:31',1,4,'Event : Mise à jour mensuelle','68.75','70.83',1),(144,'2013-03-01 23:12:31',1,5,'Event : Mise à jour mensuelle','0.00','2.08',1),(145,'2015-07-19 15:44:57',1,1,'Monthly update','0','2.08334',4),(146,'2015-07-19 15:44:57',1,2,'Monthly update','0','2.08334',4),(147,'2015-07-19 15:44:57',1,3,'Monthly update','0','2.08334',4),(148,'2015-07-19 15:44:57',1,4,'Monthly update','0','2.08334',4),(149,'2015-07-19 15:44:57',1,5,'Monthly update','0','2.08334',4),(150,'2015-07-19 15:44:57',1,6,'Monthly update','0','2.08334',4),(151,'2015-07-19 15:44:57',1,1,'Monthly update','0','2.08334',5),(152,'2015-07-19 15:44:57',1,2,'Monthly update','0','2.08334',5),(153,'2015-07-19 15:44:57',1,3,'Monthly update','0','2.08334',5),(154,'2015-07-19 15:44:57',1,4,'Monthly update','0','2.08334',5),(155,'2015-07-19 15:44:57',1,5,'Monthly update','0','2.08334',5),(156,'2015-07-19 15:44:57',1,6,'Monthly update','0','2.08334',5),(157,'2015-07-19 15:44:57',1,1,'Monthly update','0','2.08334',9),(158,'2015-07-19 15:44:57',1,2,'Monthly update','0','2.08334',9),(159,'2015-07-19 15:44:57',1,3,'Monthly update','0','2.08334',9),(160,'2015-07-19 15:44:57',1,4,'Monthly update','0','2.08334',9),(161,'2015-07-19 15:44:57',1,5,'Monthly update','0','2.08334',9),(162,'2015-07-19 15:44:57',1,6,'Monthly update','0','2.08334',9),(163,'2016-01-22 18:59:06',12,1,'Monthly update','0','2.08334',4),(164,'2016-01-22 18:59:06',12,2,'Monthly update','0','2.08334',4),(165,'2016-01-22 18:59:06',12,3,'Monthly update','0','2.08334',4),(166,'2016-01-22 18:59:06',12,4,'Monthly update','0','2.08334',4),(167,'2016-01-22 18:59:06',12,6,'Monthly update','0','2.08334',4),(168,'2016-01-22 18:59:06',12,1,'Monthly update','0','2.08334',5),(169,'2016-01-22 18:59:06',12,2,'Monthly update','0','2.08334',5),(170,'2016-01-22 18:59:06',12,3,'Monthly update','0','2.08334',5),(171,'2016-01-22 18:59:06',12,4,'Monthly update','0','2.08334',5),(172,'2016-01-22 18:59:06',12,6,'Monthly update','0','2.08334',5),(173,'2016-01-22 18:59:06',12,1,'Monthly update','0','2.08334',9),(174,'2016-01-22 18:59:06',12,2,'Monthly update','0','2.08334',9),(175,'2016-01-22 18:59:06',12,3,'Monthly update','0','2.08334',9),(176,'2016-01-22 18:59:06',12,4,'Monthly update','0','2.08334',9),(177,'2016-01-22 18:59:06',12,6,'Monthly update','0','2.08334',9),(178,'2016-01-22 18:59:38',12,18,'Manual update','0','10',5),(179,'2016-01-22 18:59:42',12,16,'Manual update','0','10',5),(180,'2016-01-22 18:59:45',12,12,'Manual update','0','10',5),(181,'2016-01-22 18:59:49',12,1,'Manual update','0','10',5),(182,'2016-01-22 18:59:52',12,2,'Manual update','0','10',5),(183,'2016-01-22 18:59:55',12,3,'Manual update','0','5',5);

--
-- Table structure for table `llx_holiday_users`
--

CREATE TABLE `llx_holiday_users` (
  `fk_user` int(11) NOT NULL,
  `nb_holiday` double NOT NULL DEFAULT '0',
  `fk_type` int(11) NOT NULL DEFAULT '1'
) ENGINE=InnoDB DEFAULT CHARSET=utf8;

--
-- Dumping data for table `llx_holiday_users`
--

INSERT INTO `llx_holiday_users` VALUES (0,0,1),(1,74.00334000000001,1),(2,75.00024000000003,1),(3,75.00024000000003,1),(4,70.83356000000002,1),(5,2.08334,1),(6,0,1),(18,10,5),(16,10,5),(12,10,5),(1,10,5),(2,10,5),(3,5,5);

--
-- Table structure for table `llx_import_model`
--

CREATE TABLE `llx_import_model` (
  `rowid` int(11) NOT NULL AUTO_INCREMENT,
  `fk_user` int(11) NOT NULL DEFAULT '0',
  `label` varchar(50) NOT NULL,
  `type` varchar(20) NOT NULL,
  `field` text NOT NULL,
  PRIMARY KEY (`rowid`),
  UNIQUE KEY `uk_import_model` (`label`,`type`)
) ENGINE=InnoDB DEFAULT CHARSET=utf8;

--
-- Dumping data for table `llx_import_model`
--


--
-- Table structure for table `llx_links`
--

CREATE TABLE `llx_links` (
  `rowid` int(11) NOT NULL AUTO_INCREMENT,
  `entity` int(11) NOT NULL DEFAULT '1',
  `datea` datetime NOT NULL,
  `url` varchar(255) NOT NULL,
  `label` varchar(255) NOT NULL,
  `objecttype` varchar(255) NOT NULL,
  `objectid` int(11) NOT NULL,
  PRIMARY KEY (`rowid`)
) ENGINE=InnoDB AUTO_INCREMENT=5 DEFAULT CHARSET=latin1;

--
-- Dumping data for table `llx_links`
--

INSERT INTO `llx_links` VALUES (1,1,'2016-01-16 16:45:35','http://www.dolicloud.com','The DoliCoud service','societe',10),(2,1,'2016-01-16 17:14:35','https://www.dolistore.com/en/tools-documentation/12-SVG-file-for-85cm-x-200cm-rollup.html','Link to rollup file on dolistore.com','product',11),(3,1,'2016-01-22 17:40:23','http://www.nltechno.com','NLtechno portal','societe',10),(4,1,'2016-01-22 18:32:31','https://play.google.com/store/apps/details?id=com.nltechno.dolidroidpro','Link on Google Play','product',5);

--
-- Table structure for table `llx_livraison`
--

CREATE TABLE `llx_livraison` (
  `rowid` int(11) NOT NULL AUTO_INCREMENT,
  `tms` timestamp NOT NULL DEFAULT CURRENT_TIMESTAMP ON UPDATE CURRENT_TIMESTAMP,
  `ref` varchar(30) NOT NULL,
  `entity` int(11) NOT NULL DEFAULT '1',
  `ref_customer` varchar(30) DEFAULT NULL,
  `fk_soc` int(11) NOT NULL,
  `ref_ext` varchar(30) DEFAULT NULL,
  `ref_int` varchar(30) DEFAULT NULL,
  `date_creation` datetime DEFAULT NULL,
  `fk_user_author` int(11) DEFAULT NULL,
  `date_valid` datetime DEFAULT NULL,
  `fk_user_valid` int(11) DEFAULT NULL,
  `date_delivery` datetime DEFAULT NULL,
  `fk_address` int(11) DEFAULT NULL,
  `fk_statut` smallint(6) DEFAULT '0',
  `total_ht` double(24,8) DEFAULT '0.00000000',
  `note_private` text,
  `note_public` text,
  `model_pdf` varchar(255) DEFAULT NULL,
  `fk_incoterms` int(11) DEFAULT NULL,
  `location_incoterms` varchar(255) DEFAULT NULL,
  PRIMARY KEY (`rowid`),
  UNIQUE KEY `idx_livraison_uk_ref` (`ref`,`entity`),
  KEY `idx_livraison_fk_soc` (`fk_soc`),
  KEY `idx_livraison_fk_user_author` (`fk_user_author`),
  KEY `idx_livraison_fk_user_valid` (`fk_user_valid`),
  CONSTRAINT `fk_livraison_fk_soc` FOREIGN KEY (`fk_soc`) REFERENCES `llx_societe` (`rowid`),
  CONSTRAINT `fk_livraison_fk_user_author` FOREIGN KEY (`fk_user_author`) REFERENCES `llx_user` (`rowid`),
  CONSTRAINT `fk_livraison_fk_user_valid` FOREIGN KEY (`fk_user_valid`) REFERENCES `llx_user` (`rowid`)
) ENGINE=InnoDB DEFAULT CHARSET=utf8;

--
-- Dumping data for table `llx_livraison`
--


--
-- Table structure for table `llx_livraisondet`
--

CREATE TABLE `llx_livraisondet` (
  `rowid` int(11) NOT NULL AUTO_INCREMENT,
  `fk_livraison` int(11) DEFAULT NULL,
  `fk_origin_line` int(11) DEFAULT NULL,
  `fk_product` int(11) DEFAULT NULL,
  `description` text,
  `qty` double DEFAULT NULL,
  `subprice` double(24,8) DEFAULT '0.00000000',
  `total_ht` double(24,8) DEFAULT '0.00000000',
  `rang` int(11) DEFAULT '0',
  PRIMARY KEY (`rowid`),
  KEY `idx_livraisondet_fk_expedition` (`fk_livraison`),
  CONSTRAINT `fk_livraisondet_fk_livraison` FOREIGN KEY (`fk_livraison`) REFERENCES `llx_livraison` (`rowid`)
) ENGINE=InnoDB DEFAULT CHARSET=utf8;

--
-- Dumping data for table `llx_livraisondet`
--


--
-- Table structure for table `llx_loan`
--

CREATE TABLE `llx_loan` (
  `rowid` int(11) NOT NULL AUTO_INCREMENT,
  `entity` int(11) NOT NULL DEFAULT '1',
  `datec` datetime DEFAULT NULL,
  `tms` timestamp NOT NULL DEFAULT CURRENT_TIMESTAMP ON UPDATE CURRENT_TIMESTAMP,
  `label` varchar(80) NOT NULL,
  `fk_bank` int(11) DEFAULT NULL,
  `capital` double NOT NULL DEFAULT '0',
  `datestart` date DEFAULT NULL,
  `dateend` date DEFAULT NULL,
  `nbterm` double DEFAULT NULL,
  `rate` double NOT NULL,
  `note_private` text,
  `note_public` text,
  `capital_position` double DEFAULT '0',
  `date_position` date DEFAULT NULL,
  `paid` smallint(6) NOT NULL DEFAULT '0',
  `accountancy_account_capital` varchar(32) DEFAULT NULL,
  `accountancy_account_insurance` varchar(32) DEFAULT NULL,
  `accountancy_account_interest` varchar(32) DEFAULT NULL,
  `fk_user_author` int(11) DEFAULT NULL,
  `fk_user_modif` int(11) DEFAULT NULL,
  `active` tinyint(4) NOT NULL DEFAULT '1',
  PRIMARY KEY (`rowid`)
) ENGINE=InnoDB DEFAULT CHARSET=utf8;

--
-- Dumping data for table `llx_loan`
--


--
-- Table structure for table `llx_localtax`
--

CREATE TABLE `llx_localtax` (
  `rowid` int(11) NOT NULL AUTO_INCREMENT,
  `entity` int(11) NOT NULL DEFAULT '1',
  `localtaxtype` tinyint(4) DEFAULT NULL,
  `tms` timestamp NOT NULL DEFAULT CURRENT_TIMESTAMP ON UPDATE CURRENT_TIMESTAMP,
  `datep` date DEFAULT NULL,
  `datev` date DEFAULT NULL,
  `amount` double NOT NULL DEFAULT '0',
  `label` varchar(255) DEFAULT NULL,
  `note` text,
  `fk_bank` int(11) DEFAULT NULL,
  `fk_user_creat` int(11) DEFAULT NULL,
  `fk_user_modif` int(11) DEFAULT NULL,
  PRIMARY KEY (`rowid`)
) ENGINE=InnoDB DEFAULT CHARSET=utf8;

--
-- Dumping data for table `llx_localtax`
--


--
-- Table structure for table `llx_mailing`
--

CREATE TABLE `llx_mailing` (
  `rowid` int(11) NOT NULL AUTO_INCREMENT,
  `statut` smallint(6) DEFAULT '0',
  `titre` varchar(60) DEFAULT NULL,
  `entity` int(11) NOT NULL DEFAULT '1',
  `sujet` varchar(60) DEFAULT NULL,
  `body` mediumtext,
  `bgcolor` varchar(8) DEFAULT NULL,
  `bgimage` varchar(255) DEFAULT NULL,
  `cible` varchar(60) DEFAULT NULL,
  `nbemail` int(11) DEFAULT NULL,
  `email_from` varchar(160) DEFAULT NULL,
  `email_replyto` varchar(160) DEFAULT NULL,
  `email_errorsto` varchar(160) DEFAULT NULL,
  `tag` varchar(128) DEFAULT NULL,
  `date_creat` datetime DEFAULT NULL,
  `date_valid` datetime DEFAULT NULL,
  `date_appro` datetime DEFAULT NULL,
  `date_envoi` datetime DEFAULT NULL,
  `fk_user_creat` int(11) DEFAULT NULL,
  `fk_user_valid` int(11) DEFAULT NULL,
  `fk_user_appro` int(11) DEFAULT NULL,
  `joined_file1` varchar(255) DEFAULT NULL,
  `joined_file2` varchar(255) DEFAULT NULL,
  `joined_file3` varchar(255) DEFAULT NULL,
  `joined_file4` varchar(255) DEFAULT NULL,
  `extraparams` varchar(255) DEFAULT NULL,
  PRIMARY KEY (`rowid`)
) ENGINE=InnoDB AUTO_INCREMENT=5 DEFAULT CHARSET=utf8;

--
-- Dumping data for table `llx_mailing`
--

INSERT INTO `llx_mailing` VALUES (3,1,'My commercial emailing',1,'Buy my product','Please buy my product','','',NULL,2,'dolibarr@domain.com','','',NULL,'2010-07-11 13:15:59','2010-07-11 13:46:20',NULL,NULL,1,1,NULL,NULL,NULL,NULL,NULL,NULL),(4,0,'Copy of My commercial emailing',1,'Buy my product','This is a new &eacute;E&eacute;&eacute;&quot;Mailing content<br />\r\n<br />\r\n<style type=\"text/css\">\r\n<!--\r\na:link {\r\n	color: #E2017A;\r\n}\r\n--></style>\r\n<span style=\"color:#800080;\"><strong>You can adit it with the WYSIWYG editor.</strong></span><br />\r\nIt is\r\n<ul>\r\n	<li>\r\n		Fast</li>\r\n	<li>\r\n		Easy to use</li>\r\n	<li>\r\n		Pretty</li>\r\n</ul>','','',NULL,NULL,'dolibarr@domain.com','','',NULL,'2011-07-18 20:44:33',NULL,NULL,NULL,1,NULL,NULL,NULL,NULL,NULL,NULL,NULL);

--
-- Table structure for table `llx_mailing_cibles`
--

CREATE TABLE `llx_mailing_cibles` (
  `rowid` int(11) NOT NULL AUTO_INCREMENT,
  `fk_mailing` int(11) NOT NULL,
  `fk_contact` int(11) NOT NULL,
  `lastname` varchar(50) DEFAULT NULL,
  `firstname` varchar(50) DEFAULT NULL,
  `email` varchar(160) NOT NULL,
  `other` varchar(255) DEFAULT NULL,
  `tag` varchar(128) DEFAULT NULL,
  `statut` smallint(6) NOT NULL DEFAULT '0',
  `source_url` varchar(160) DEFAULT NULL,
  `source_id` int(11) DEFAULT NULL,
  `source_type` varchar(16) DEFAULT NULL,
  `date_envoi` datetime DEFAULT NULL,
  PRIMARY KEY (`rowid`),
  UNIQUE KEY `uk_mailing_cibles` (`fk_mailing`,`email`),
  KEY `idx_mailing_cibles_email` (`email`)
) ENGINE=InnoDB AUTO_INCREMENT=6 DEFAULT CHARSET=utf8;

--
-- Dumping data for table `llx_mailing_cibles`
--

INSERT INTO `llx_mailing_cibles` VALUES (1,1,0,'Dupont','Alain','toto@aa.com','Date fin=10/07/2011',NULL,0,'0',NULL,NULL,NULL),(2,2,0,'Swiss customer supplier','','abademail@aa.com','',NULL,0,'0',NULL,NULL,NULL),(3,2,0,'Smith Vick','','vsmith@email.com','',NULL,0,'0',NULL,NULL,NULL),(4,3,0,'Swiss customer supplier','','abademail@aa.com','',NULL,0,'0',NULL,NULL,NULL),(5,3,0,'Smith Vick','','vsmith@email.com','',NULL,0,'0',NULL,NULL,NULL);

--
-- Table structure for table `llx_menu`
--

CREATE TABLE `llx_menu` (
  `rowid` int(11) NOT NULL AUTO_INCREMENT,
  `menu_handler` varchar(16) NOT NULL,
  `entity` int(11) NOT NULL DEFAULT '1',
  `module` varchar(64) DEFAULT NULL,
  `type` varchar(4) NOT NULL,
  `mainmenu` varchar(100) NOT NULL,
  `fk_menu` int(11) NOT NULL,
  `fk_leftmenu` varchar(24) DEFAULT NULL,
  `fk_mainmenu` varchar(24) DEFAULT NULL,
  `position` int(11) NOT NULL,
  `url` varchar(255) NOT NULL,
  `target` varchar(100) DEFAULT NULL,
  `titre` varchar(255) NOT NULL,
  `langs` varchar(100) DEFAULT NULL,
  `level` smallint(6) DEFAULT NULL,
  `leftmenu` varchar(100) DEFAULT NULL,
  `perms` varchar(255) DEFAULT NULL,
  `enabled` varchar(255) DEFAULT '1',
  `usertype` int(11) NOT NULL DEFAULT '0',
  `tms` timestamp NOT NULL DEFAULT CURRENT_TIMESTAMP ON UPDATE CURRENT_TIMESTAMP,
  PRIMARY KEY (`rowid`),
  UNIQUE KEY `idx_menu_uk_menu` (`menu_handler`,`fk_menu`,`position`,`url`,`entity`),
  KEY `idx_menu_menuhandler_type` (`menu_handler`,`type`)
) ENGINE=InnoDB AUTO_INCREMENT=139883 DEFAULT CHARSET=utf8;

--
-- Dumping data for table `llx_menu`
--

INSERT INTO `llx_menu` VALUES (87422,'smartphone',1,NULL,'top','home',0,NULL,NULL,1,'/index.php?mainmenu=home&amp;leftmenu=','','Home','',-1,'','','1',2,'2013-02-24 18:29:15'),(87423,'smartphone',1,NULL,'top','companies',0,NULL,NULL,2,'/societe/index.php?mainmenu=companies&amp;leftmenu=','','ThirdParties','companies',-1,'','$user->rights->societe->lire || $user->rights->societe->contact->lire','$conf->societe->enabled || $conf->fournisseur->enabled',2,'2013-02-24 18:29:15'),(87424,'smartphone',1,NULL,'top','products',0,NULL,NULL,3,'/product/index.php?mainmenu=products&amp;leftmenu=','','Products/Services','products',-1,'','$user->rights->produit->lire||$user->rights->service->lire','$conf->product->enabled || $conf->service->enabled',0,'2013-02-24 18:29:15'),(87426,'smartphone',1,NULL,'top','commercial',0,NULL,NULL,5,'/comm/index.php?mainmenu=commercial&amp;leftmenu=','','Commercial','commercial',-1,'','$user->rights->societe->lire || $user->rights->societe->contact->lire','$conf->societe->enabled',2,'2013-02-24 18:29:15'),(87427,'smartphone',1,NULL,'top','accountancy',0,NULL,NULL,6,'/compta/index.php?mainmenu=accountancy&amp;leftmenu=','','MenuFinancial','compta',-1,'','$user->rights->compta->resultat->lire || $user->rights->accounting->plancompte->lire || $user->rights->commande->lire || $user->rights->facture->lire','$conf->comptabilite->enabled || $conf->accounting->enabled || $conf->facture->enabled || $conf->deplacement->enabled || $conf->don->enabled',2,'2013-02-24 18:29:15'),(87428,'smartphone',1,NULL,'top','project',0,NULL,NULL,7,'/projet/index.php?mainmenu=project&amp;leftmenu=','','Projects','projects',-1,'','$user->rights->projet->lire','$conf->projet->enabled',0,'2013-02-24 18:29:15'),(87429,'smartphone',1,NULL,'top','tools',0,NULL,NULL,8,'/core/tools.php?mainmenu=tools&amp;leftmenu=','','Tools','other',-1,'','$user->rights->mailing->lire || $user->rights->export->lire || $user->rights->import->run','$conf->mailing->enabled || $conf->export->enabled || $conf->import->enabled',2,'2013-02-24 18:29:15'),(87432,'smartphone',1,NULL,'top','shop',0,NULL,NULL,11,'/boutique/index.php?mainmenu=shop&amp;leftmenu=','','OSCommerce','shop',-1,'','','! empty($conf->boutique->enabled)',0,'2013-02-24 18:29:15'),(87434,'smartphone',1,NULL,'top','members',0,NULL,NULL,15,'/adherents/index.php?mainmenu=members&amp;leftmenu=','','Members','members',-1,'','$user->rights->adherent->lire','$conf->adherent->enabled',2,'2013-02-24 18:29:15'),(87435,'smartphone',1,NULL,'top','bank',0,NULL,NULL,6,'/compta/bank/index.php?mainmenu=bank&amp;leftmenu=bank','','MenuBankCash','banks',-1,'','$user->rights->banque->lire || $user->rights->prelevement->bons->lire','$conf->banque->enabled || $conf->prelevement->enabled',2,'2013-02-24 18:29:15'),(87521,'smartphone',1,NULL,'left','home',87422,NULL,NULL,0,'/admin/index.php?leftmenu=setup','','Setup','admin',0,'','','$user->admin',2,'2013-02-24 18:29:15'),(87522,'smartphone',1,NULL,'left','home',87521,NULL,NULL,1,'/admin/company.php?leftmenu=setup','','MenuCompanySetup','admin',1,'','','1',2,'2013-02-24 18:29:15'),(87523,'smartphone',1,NULL,'left','home',87521,NULL,NULL,4,'/admin/ihm.php?leftmenu=setup','','GUISetup','admin',1,'','','1',2,'2013-02-24 18:29:15'),(87524,'smartphone',1,NULL,'left','home',87521,NULL,NULL,2,'/admin/modules.php?leftmenu=setup','','Modules','admin',1,'','','1',2,'2013-02-24 18:29:15'),(87525,'smartphone',1,NULL,'left','home',87521,NULL,NULL,5,'/admin/boxes.php?leftmenu=setup','','Boxes','admin',1,'','','1',2,'2013-02-24 18:29:15'),(87526,'smartphone',1,NULL,'left','home',87521,NULL,NULL,3,'/admin/menus.php?leftmenu=setup','','Menus','admin',1,'','','1',2,'2013-02-24 18:29:15'),(87527,'smartphone',1,NULL,'left','home',87521,NULL,NULL,6,'/admin/delais.php?leftmenu=setup','','Alerts','admin',1,'','','1',2,'2013-02-24 18:29:15'),(87529,'smartphone',1,NULL,'left','home',87521,NULL,NULL,7,'/admin/perms.php?leftmenu=setup','','Security','admin',1,'','','1',2,'2013-02-24 18:29:15'),(87530,'smartphone',1,NULL,'left','home',87521,NULL,NULL,9,'/admin/mails.php?leftmenu=setup','','Emails','admin',1,'','','1',2,'2013-02-24 18:29:15'),(87531,'smartphone',1,NULL,'left','home',87521,NULL,NULL,8,'/admin/limits.php?leftmenu=setup','','MenuLimits','admin',1,'','','1',2,'2013-02-24 18:29:15'),(87532,'smartphone',1,NULL,'left','home',87521,NULL,NULL,10,'/admin/dict.php?leftmenu=setup','','DictionarySetup','admin',1,'','','1',2,'2013-02-24 18:29:15'),(87533,'smartphone',1,NULL,'left','home',87521,NULL,NULL,11,'/admin/const.php?leftmenu=setup','','OtherSetup','admin',1,'','','1',2,'2013-02-24 18:29:15'),(87621,'smartphone',1,NULL,'left','home',87422,NULL,NULL,1,'/admin/system/index.php?leftmenu=system','','SystemInfo','admin',0,'','','$user->admin',2,'2013-02-24 18:29:15'),(87622,'smartphone',1,NULL,'left','home',87621,NULL,NULL,0,'/admin/system/dolibarr.php?leftmenu=system','','Dolibarr','admin',1,'','','1',2,'2013-02-24 18:29:15'),(87623,'smartphone',1,NULL,'left','home',87622,NULL,NULL,1,'/admin/system/constall.php?leftmenu=system','','AllParameters','admin',2,'','','1',2,'2013-02-24 18:29:15'),(87624,'smartphone',1,NULL,'left','home',87622,NULL,NULL,4,'/admin/system/about.php?leftmenu=system','','About','admin',2,'','','1',2,'2013-02-24 18:29:15'),(87625,'smartphone',1,NULL,'left','home',87621,NULL,NULL,1,'/admin/system/os.php?leftmenu=system','','OS','admin',1,'','','1',2,'2013-02-24 18:29:15'),(87626,'smartphone',1,NULL,'left','home',87621,NULL,NULL,2,'/admin/system/web.php?leftmenu=system','','WebServer','admin',1,'','','1',2,'2013-02-24 18:29:15'),(87627,'smartphone',1,NULL,'left','home',87621,NULL,NULL,3,'/admin/system/phpinfo.php?leftmenu=system','','Php','admin',1,'','','1',2,'2013-02-24 18:29:15'),(87628,'smartphone',1,NULL,'left','home',87622,NULL,NULL,3,'/admin/triggers.php?leftmenu=system','','Triggers','admin',2,'','','1',2,'2013-02-24 18:29:15'),(87629,'smartphone',1,NULL,'left','home',87622,NULL,NULL,2,'/admin/system/modules.php?leftmenu=system','','Modules','admin',2,'','','1',2,'2013-02-24 18:29:15'),(87631,'smartphone',1,NULL,'left','home',87621,NULL,NULL,4,'/admin/system/database.php?leftmenu=system','','Database','admin',1,'','','1',2,'2013-02-24 18:29:15'),(87632,'smartphone',1,NULL,'left','home',87631,NULL,NULL,0,'/admin/system/database-tables.php?leftmenu=system','','Tables','admin',2,'','','1',2,'2013-02-24 18:29:15'),(87721,'smartphone',1,NULL,'left','home',87422,NULL,NULL,2,'/admin/tools/index.php?leftmenu=admintools','','SystemTools','admin',0,'','','$user->admin',2,'2013-02-24 18:29:15'),(87722,'smartphone',1,NULL,'left','home',87721,NULL,NULL,0,'/admin/tools/dolibarr_export.php?leftmenu=admintools','','Backup','admin',1,'','','1',2,'2013-02-24 18:29:15'),(87723,'smartphone',1,NULL,'left','home',87721,NULL,NULL,1,'/admin/tools/dolibarr_import.php?leftmenu=admintools','','Restore','admin',1,'','','1',2,'2013-02-24 18:29:15'),(87724,'smartphone',1,NULL,'left','home',87721,NULL,NULL,6,'/admin/tools/purge.php?leftmenu=admintools','','Purge','admin',1,'','','1',2,'2013-02-24 18:29:15'),(87725,'smartphone',1,NULL,'left','home',87721,NULL,NULL,3,'/admin/tools/eaccelerator.php?leftmenu=admintools','','EAccelerator','admin',1,'','','1 && function_exists(\'eaccelerator_info\')',2,'2013-02-24 18:29:15'),(87726,'smartphone',1,NULL,'left','home',87721,NULL,NULL,2,'/admin/tools/update.php?leftmenu=admintools','','MenuUpgrade','admin',1,'','','1',2,'2013-02-24 18:29:15'),(87727,'smartphone',1,NULL,'left','home',87721,NULL,NULL,4,'/admin/tools/listevents.php?leftmenu=admintools','','Audit','admin',1,'','','1',2,'2013-02-24 18:29:15'),(87728,'smartphone',1,NULL,'left','home',87721,NULL,NULL,7,'/support/index.php?leftmenu=admintools','_blank','HelpCenter','help',1,'','','1',2,'2013-02-24 18:29:15'),(87729,'smartphone',1,NULL,'left','home',87721,NULL,NULL,5,'/admin/tools/listsessions.php?leftmenu=admintools','','Sessions','admin',1,'','','1',2,'2013-02-24 18:29:15'),(87821,'smartphone',1,NULL,'left','home',87422,NULL,NULL,3,'/user/home.php?leftmenu=users','','MenuUsersAndGroups','users',0,'','','1',2,'2013-02-24 18:29:15'),(87822,'smartphone',1,NULL,'left','home',87821,NULL,NULL,0,'/user/index.php?leftmenu=users','','Users','users',1,'','$user->rights->user->user->lire || $user->admin','1',2,'2013-02-24 18:29:15'),(87823,'smartphone',1,NULL,'left','home',87822,NULL,NULL,0,'/user/card.php?leftmenu=users&amp;action=create','','NewUser','users',2,'','$user->rights->user->user->creer || $user->admin','1',2,'2013-02-24 18:29:15'),(87824,'smartphone',1,NULL,'left','home',87821,NULL,NULL,1,'/user/group/index.php?leftmenu=users','','Groups','users',1,'','($conf->global->MAIN_USE_ADVANCED_PERMS?$user->rights->user->group_advance->read:$user->rights->user->user->lire) || $user->admin','1',2,'2013-02-24 18:29:15'),(87825,'smartphone',1,NULL,'left','home',87824,NULL,NULL,0,'/user/group/card.php?leftmenu=users&amp;action=create','','NewGroup','users',2,'','($conf->global->MAIN_USE_ADVANCED_PERMS?$user->rights->user->group_advance->write:$user->rights->user->user->creer) || $user->admin','1',2,'2013-02-24 18:29:15'),(87921,'smartphone',1,NULL,'left','companies',87423,NULL,NULL,0,'/societe/societe.php','','ThirdParty','companies',0,'','$user->rights->societe->lire','$conf->societe->enabled',2,'2013-02-24 18:29:15'),(87922,'smartphone',1,NULL,'left','companies',87921,NULL,NULL,0,'/societe/soc.php?action=create','','MenuNewThirdParty','companies',1,'','$user->rights->societe->lire','$conf->societe->enabled',2,'2013-02-24 18:29:15'),(87924,'smartphone',1,NULL,'left','companies',87921,NULL,NULL,5,'/fourn/list.php?leftmenu=suppliers','','ListSuppliersShort','suppliers',1,'','$user->rights->societe->lire && $user->rights->fournisseur->lire','$conf->societe->enabled && $conf->fournisseur->enabled',2,'2013-02-24 18:29:15'),(87925,'smartphone',1,NULL,'left','companies',87924,NULL,NULL,0,'/societe/soc.php?leftmenu=supplier&amp;action=create&amp;type=f','','NewSupplier','suppliers',2,'','$user->rights->societe->creer','$conf->societe->enabled && $conf->fournisseur->enabled',2,'2013-02-24 18:29:15'),(87927,'smartphone',1,NULL,'left','companies',87921,NULL,NULL,3,'/comm/prospect/list.php?leftmenu=prospects','','ListProspectsShort','companies',1,'','$user->rights->societe->lire','$conf->societe->enabled',2,'2013-02-24 18:29:15'),(87928,'smartphone',1,NULL,'left','companies',87927,NULL,NULL,0,'/societe/soc.php?leftmenu=prospects&amp;action=create&amp;type=p','','MenuNewProspect','companies',2,'','$user->rights->societe->creer','$conf->societe->enabled',2,'2013-02-24 18:29:15'),(87930,'smartphone',1,NULL,'left','companies',87921,NULL,NULL,4,'/comm/list.php?leftmenu=customers','','ListCustomersShort','companies',1,'','$user->rights->societe->lire','$conf->societe->enabled',2,'2013-02-24 18:29:15'),(87931,'smartphone',1,NULL,'left','companies',87930,NULL,NULL,0,'/societe/soc.php?leftmenu=customers&amp;action=create&amp;type=c','','MenuNewCustomer','companies',2,'','$user->rights->societe->creer','$conf->societe->enabled',2,'2013-02-24 18:29:15'),(88021,'smartphone',1,NULL,'left','companies',87423,NULL,NULL,1,'/contact/list.php?leftmenu=contacts','','ContactsAddresses||Contacts@$conf->global->SOCIETE_ADDRESSES_MANAGEMENT','companies',0,'','$user->rights->societe->lire','$conf->societe->enabled',2,'2013-02-24 18:29:15'),(88022,'smartphone',1,NULL,'left','companies',88021,NULL,NULL,0,'/contact/card.php?leftmenu=contacts&amp;action=create','','NewContactAddress||NewContact@$conf->global->SOCIETE_ADDRESSES_MANAGEMENT','companies',1,'','$user->rights->societe->creer','$conf->societe->enabled',2,'2013-02-24 18:29:15'),(88023,'smartphone',1,NULL,'left','companies',88021,NULL,NULL,1,'/contact/list.php?leftmenu=contacts','','List','companies',1,'','$user->rights->societe->lire','$conf->societe->enabled',2,'2013-02-24 18:29:15'),(88025,'smartphone',1,NULL,'left','companies',88023,NULL,NULL,1,'/contact/list.php?leftmenu=contacts&amp;type=p','','Prospects','companies',2,'','$user->rights->societe->contact->lire','$conf->societe->enabled',2,'2013-02-24 18:29:15'),(88026,'smartphone',1,NULL,'left','companies',88023,NULL,NULL,2,'/contact/list.php?leftmenu=contacts&amp;type=c','','Customers','companies',2,'','$user->rights->societe->contact->lire','$conf->societe->enabled',2,'2013-02-24 18:29:15'),(88027,'smartphone',1,NULL,'left','companies',88023,NULL,NULL,3,'/contact/list.php?leftmenu=contacts&amp;type=f','','Suppliers','companies',2,'','$user->rights->societe->contact->lire','$conf->societe->enabled && $conf->fournisseur->enabled',2,'2013-02-24 18:29:15'),(88028,'smartphone',1,NULL,'left','companies',88023,NULL,NULL,4,'/contact/list.php?leftmenu=contacts&amp;type=o','','Others','companies',2,'','$user->rights->societe->contact->lire','$conf->societe->enabled',2,'2013-02-24 18:29:15'),(88071,'smartphone',1,NULL,'left','companies',87423,NULL,NULL,3,'/categories/index.php?leftmenu=cat&amp;type=1','','SuppliersCategoriesShort','categories',0,'','$user->rights->categorie->lire','$conf->societe->enabled && $conf->categorie->enabled',2,'2013-02-24 18:29:15'),(88072,'smartphone',1,NULL,'left','companies',88071,NULL,NULL,0,'/categories/card.php?action=create&amp;type=1','','NewCategory','categories',1,'','$user->rights->categorie->creer','$conf->societe->enabled && $conf->categorie->enabled',2,'2013-02-24 18:29:15'),(88081,'smartphone',1,NULL,'left','companies',87423,NULL,NULL,4,'/categories/index.php?leftmenu=cat&amp;type=2','','CustomersProspectsCategoriesShort','categories',0,'','$user->rights->categorie->lire','$conf->fournisseur->enabled && $conf->categorie->enabled',2,'2013-02-24 18:29:15'),(88082,'smartphone',1,NULL,'left','companies',88081,NULL,NULL,0,'/categories/card.php?action=create&amp;type=2','','NewCategory','categories',1,'','$user->rights->categorie->creer','$conf->fournisseur->enabled && $conf->categorie->enabled',2,'2013-02-24 18:29:15'),(88121,'smartphone',1,NULL,'left','commercial',87426,NULL,NULL,1,'/comm/prospect/index.php?leftmenu=prospects','','Prospects','companies',0,'','$user->rights->societe->lire','$conf->societe->enabled',0,'2013-02-24 18:29:15'),(88122,'smartphone',1,NULL,'left','commercial',88121,NULL,NULL,0,'/societe/soc.php?leftmenu=prospects&amp;action=create&amp;type=p','','MenuNewProspect','companies',1,'','$user->rights->societe->creer','$conf->societe->enabled',0,'2013-02-24 18:29:15'),(88123,'smartphone',1,NULL,'left','commercial',88121,NULL,NULL,1,'/comm/prospect/list.php?leftmenu=prospects','','List','companies',1,'','$user->rights->societe->lire','$conf->societe->enabled',0,'2013-02-24 18:29:15'),(88124,'smartphone',1,NULL,'left','commercial',88123,NULL,NULL,0,'/comm/prospect/list.php?sortfield=s.datec&amp;sortorder=desc&amp;begin=&amp;stcomm=-1','','LastProspectDoNotContact','companies',2,'','$user->rights->societe->lire','$conf->societe->enabled && $leftmenu==\"prospects\"',0,'2013-02-24 18:29:15'),(88125,'smartphone',1,NULL,'left','commercial',88123,NULL,NULL,1,'/comm/prospect/list.php?sortfield=s.datec&amp;sortorder=desc&amp;begin=&amp;stcomm=0','','LastProspectNeverContacted','companies',2,'','$user->rights->societe->lire','$conf->societe->enabled && $leftmenu==\"prospects\"',0,'2013-02-24 18:29:15'),(88126,'smartphone',1,NULL,'left','commercial',88123,NULL,NULL,2,'/comm/prospect/list.php?sortfield=s.datec&amp;sortorder=desc&amp;begin=&amp;stcomm=1','','LastProspectToContact','companies',2,'','$user->rights->societe->lire','$conf->societe->enabled && $leftmenu==\"prospects\"',0,'2013-02-24 18:29:15'),(88127,'smartphone',1,NULL,'left','commercial',88123,NULL,NULL,3,'/comm/prospect/list.php?sortfield=s.datec&amp;sortorder=desc&amp;begin=&amp;stcomm=2','','LastProspectContactInProcess','companies',2,'','$user->rights->societe->lire','$conf->societe->enabled && $leftmenu==\"prospects\"',0,'2013-02-24 18:29:15'),(88128,'smartphone',1,NULL,'left','commercial',88123,NULL,NULL,4,'/comm/prospect/list.php?sortfield=s.datec&amp;sortorder=desc&amp;begin=&amp;stcomm=3','','LastProspectContactDone','companies',2,'','$user->rights->societe->lire','$conf->societe->enabled && $leftmenu==\"prospects\"',0,'2013-02-24 18:29:15'),(88129,'smartphone',1,NULL,'left','commercial',88121,NULL,NULL,2,'/contact/list.php?leftmenu=prospects&amp;type=p','','Contacts','companies',1,'','$user->rights->societe->lire','$conf->societe->enabled',0,'2013-02-24 18:29:15'),(88221,'smartphone',1,NULL,'left','commercial',87426,NULL,NULL,2,'/comm/index.php?leftmenu=customers','','Customers','companies',0,'','$user->rights->societe->lire','$conf->societe->enabled',0,'2013-02-24 18:29:15'),(88222,'smartphone',1,NULL,'left','commercial',88221,NULL,NULL,0,'/societe/soc.php?leftmenu=customers&amp;action=create&amp;type=c','','MenuNewCustomer','companies',1,'','$user->rights->societe->creer','$conf->societe->enabled',0,'2013-02-24 18:29:15'),(88223,'smartphone',1,NULL,'left','commercial',88221,NULL,NULL,1,'/comm/list.php?leftmenu=customers','','List','companies',1,'','$user->rights->societe->lire','$conf->societe->enabled',0,'2013-02-24 18:29:15'),(88224,'smartphone',1,NULL,'left','commercial',88221,NULL,NULL,2,'/contact/list.php?leftmenu=customers&amp;type=c','','Contacts','companies',1,'','$user->rights->societe->lire','$conf->societe->enabled',0,'2013-02-24 18:29:15'),(88321,'smartphone',1,NULL,'left','commercial',87426,NULL,NULL,3,'/contact/list.php?leftmenu=contacts','','Contacts','companies',0,'','$user->rights->societe->lire','$conf->societe->enabled',0,'2013-02-24 18:29:15'),(88322,'smartphone',1,NULL,'left','commercial',88321,NULL,NULL,0,'/contact/card.php?leftmenu=contacts&amp;action=create','','NewContactAddress||NewContact@$conf->global->SOCIETE_ADDRESSES_MANAGEMENT','companies',1,'','$user->rights->societe->creer','$conf->societe->enabled',0,'2013-02-24 18:29:15'),(88323,'smartphone',1,NULL,'left','commercial',88321,NULL,NULL,1,'/contact/list.php?leftmenu=contacts&amp;action=create','','List','companies',1,'','$user->rights->societe->lire','$conf->societe->enabled',0,'2013-02-24 18:29:15'),(88331,'smartphone',1,NULL,'left','commercial',88323,NULL,NULL,1,'/contact/list.php?leftmenu=contacts&amp;type=p','','Prospects','companies',1,'','$user->rights->societe->lire','$conf->societe->enabled && $leftmenu==\"prospects\"',0,'2013-02-24 18:29:15'),(88332,'smartphone',1,NULL,'left','commercial',88323,NULL,NULL,1,'/contact/list.php?leftmenu=contacts&amp;type=c','','Customers','companies',1,'','$user->rights->societe->lire','$conf->societe->enabled && $leftmenu==\"prospects\"',0,'2013-02-24 18:29:15'),(88333,'smartphone',1,NULL,'left','commercial',88323,NULL,NULL,1,'/contact/list.php?leftmenu=contacts&amp;type=f','','Suppliers','companies',1,'','$user->rights->societe->lire && $user->rights->fournisseur->lire','$conf->societe->enabled && $conf->fournisseur->enabled && $leftmenu==\"prospects\"',0,'2013-02-24 18:29:15'),(88334,'smartphone',1,NULL,'left','commercial',88323,NULL,NULL,1,'/contact/list.php?leftmenu=contacts&amp;type=o','','Other','companies',1,'','$user->rights->societe->lire','$conf->societe->enabled && $leftmenu==\"prospects\"',0,'2013-02-24 18:29:15'),(88521,'smartphone',1,NULL,'left','commercial',87426,NULL,NULL,4,'/comm/propal/card.php?leftmenu=propals','','Prop','propal',0,'','$user->rights->propale->lire','$conf->propal->enabled',2,'2013-02-24 18:29:15'),(88522,'smartphone',1,NULL,'left','commercial',88521,NULL,NULL,0,'/societe/societe.php?leftmenu=propals','','NewPropal','propal',1,'','$user->rights->propale->creer','$conf->propal->enabled && $leftmenu==\"propals\"',2,'2013-02-24 18:29:15'),(88523,'smartphone',1,NULL,'left','commercial',88521,NULL,NULL,1,'/comm/propal/card.php?viewstatut=0','','PropalsDraft','propal',1,'','$user->rights->propale->lire','$conf->propal->enabled && $leftmenu==\"propals\"',2,'2013-02-24 18:29:15'),(88524,'smartphone',1,NULL,'left','commercial',88521,NULL,NULL,2,'/comm/propal/card.php?viewstatut=1','','PropalsOpened','propal',1,'','$user->rights->propale->lire','$conf->propal->enabled && $leftmenu==\"propals\"',2,'2013-02-24 18:29:15'),(88525,'smartphone',1,NULL,'left','commercial',88521,NULL,NULL,3,'/comm/propal/card.php?viewstatut=2,3,4','','PropalStatusClosedShort','propal',1,'','$user->rights->propale->lire','$conf->propal->enabled && $leftmenu==\"propals\"',2,'2013-02-24 18:29:15'),(88526,'smartphone',1,NULL,'left','commercial',88521,NULL,NULL,4,'/comm/propal/stats/index.php?leftmenu=propals','','Statistics','propal',1,'','$user->rights->propale->lire','$conf->propal->enabled && $leftmenu==\"propals\"',2,'2013-02-24 18:29:15'),(88621,'smartphone',1,NULL,'left','commercial',87426,NULL,NULL,5,'/commande/index.php?leftmenu=orders','','CustomersOrders','orders',0,'','$user->rights->commande->lire','$conf->commande->enabled',2,'2013-02-24 18:29:15'),(88622,'smartphone',1,NULL,'left','commercial',88621,NULL,NULL,0,'/societe/societe.php?leftmenu=orders','','NewOrder','orders',1,'','$user->rights->commande->creer','$conf->commande->enabled && $leftmenu==\"orders\"',2,'2013-02-24 18:29:15'),(88623,'smartphone',1,NULL,'left','commercial',88621,NULL,NULL,1,'/commande/list.php?leftmenu=orders','','List','orders',1,'','$user->rights->commande->lire','$conf->commande->enabled && $leftmenu==\"orders\"',2,'2013-02-24 18:29:15'),(88624,'smartphone',1,NULL,'left','commercial',88623,NULL,NULL,2,'/commande/list.php?leftmenu=orders&amp;viewstatut=0','','StatusOrderDraftShort','orders',1,'','$user->rights->commande->lire','$conf->commande->enabled && $leftmenu==\"orders\"',2,'2013-02-24 18:29:15'),(88625,'smartphone',1,NULL,'left','commercial',88623,NULL,NULL,3,'/commande/list.php?leftmenu=orders&amp;viewstatut=1','','StatusOrderValidated','orders',1,'','$user->rights->commande->lire','$conf->commande->enabled && $leftmenu==\"orders\"',2,'2013-02-24 18:29:15'),(88626,'smartphone',1,NULL,'left','commercial',88623,NULL,NULL,4,'/commande/list.php?leftmenu=orders&amp;viewstatut=2','','StatusOrderOnProcessShort','orders',1,'','$user->rights->commande->lire','$conf->commande->enabled && $leftmenu==\"orders\"',2,'2013-02-24 18:29:15'),(88627,'smartphone',1,NULL,'left','commercial',88623,NULL,NULL,5,'/commande/list.php?leftmenu=orders&amp;viewstatut=3','','StatusOrderToBill','orders',1,'','$user->rights->commande->lire','$conf->commande->enabled && $leftmenu==\"orders\"',2,'2013-02-24 18:29:15'),(88628,'smartphone',1,NULL,'left','commercial',88623,NULL,NULL,6,'/commande/list.php?leftmenu=orders&amp;viewstatut=4','','StatusOrderProcessed','orders',1,'','$user->rights->commande->lire','$conf->commande->enabled && $leftmenu==\"orders\"',2,'2013-02-24 18:29:15'),(88629,'smartphone',1,NULL,'left','commercial',88623,NULL,NULL,7,'/commande/list.php?leftmenu=orders&amp;viewstatut=-1','','StatusOrderCanceledShort','orders',1,'','$user->rights->commande->lire','$conf->commande->enabled && $leftmenu==\"orders\"',2,'2013-02-24 18:29:15'),(88630,'smartphone',1,NULL,'left','commercial',88621,NULL,NULL,4,'/commande/stats/index.php?leftmenu=orders','','Statistics','orders',1,'','$user->rights->commande->lire','$conf->commande->enabled && $leftmenu==\"orders\"',2,'2013-02-24 18:29:15'),(88721,'smartphone',1,NULL,'left','commercial',87424,NULL,NULL,6,'/expedition/index.php?leftmenu=sendings','','Shipments','orders',0,'','$user->rights->expedition->lire','$conf->expedition->enabled',2,'2013-02-24 18:29:15'),(88722,'smartphone',1,NULL,'left','commercial',88721,NULL,NULL,0,'/expedition/list.php?leftmenu=sendings','','List','orders',1,'','$user->rights->expedition->lire','$conf->expedition->enabled && $leftmenu==\"sendings\"',2,'2013-02-24 18:29:15'),(88723,'smartphone',1,NULL,'left','commercial',88721,NULL,NULL,1,'/expedition/stats/index.php?leftmenu=sendings','','Statistics','orders',1,'','$user->rights->expedition->lire','$conf->expedition->enabled && $leftmenu==\"sendings\"',2,'2013-02-24 18:29:15'),(88821,'smartphone',1,NULL,'left','commercial',87426,NULL,NULL,7,'/contrat/index.php?leftmenu=contracts','','Contracts','contracts',0,'','$user->rights->contrat->lire','$conf->contrat->enabled',2,'2013-02-24 18:29:15'),(88822,'smartphone',1,NULL,'left','commercial',88821,NULL,NULL,0,'/societe/societe.php?leftmenu=contracts','','NewContract','contracts',1,'','$user->rights->contrat->creer','$conf->contrat->enabled',2,'2013-02-24 18:29:15'),(88823,'smartphone',1,NULL,'left','commercial',88821,NULL,NULL,1,'/contrat/list.php?leftmenu=contracts','','List','contracts',1,'','$user->rights->contrat->lire','$conf->contrat->enabled',2,'2013-02-24 18:29:15'),(88824,'smartphone',1,NULL,'left','commercial',88821,NULL,NULL,2,'/contrat/services.php?leftmenu=contracts','','MenuServices','contracts',1,'','$user->rights->contrat->lire','$conf->contrat->enabled',2,'2013-02-24 18:29:15'),(88825,'smartphone',1,NULL,'left','commercial',88824,NULL,NULL,0,'/contrat/services.php?leftmenu=contracts&amp;mode=0','','MenuInactiveServices','contracts',2,'','$user->rights->contrat->lire','$conf->contrat->enabled&&$leftmenu==\"contracts\"',2,'2013-02-24 18:29:15'),(88826,'smartphone',1,NULL,'left','commercial',88824,NULL,NULL,1,'/contrat/services.php?leftmenu=contracts&amp;mode=4','','MenuRunningServices','contracts',2,'','$user->rights->contrat->lire','$conf->contrat->enabled&&$leftmenu==\"contracts\"',2,'2013-02-24 18:29:15'),(88827,'smartphone',1,NULL,'left','commercial',88824,NULL,NULL,2,'/contrat/services.php?leftmenu=contracts&amp;mode=4&amp;filter=expired','','MenuExpiredServices','contracts',2,'','$user->rights->contrat->lire','$conf->contrat->enabled&&$leftmenu==\"contracts\"',2,'2013-02-24 18:29:15'),(88828,'smartphone',1,NULL,'left','commercial',88824,NULL,NULL,3,'/contrat/services.php?leftmenu=contracts&amp;mode=5','','MenuClosedServices','contracts',2,'','$user->rights->contrat->lire','$conf->contrat->enabled&&$leftmenu==\"contracts\"',2,'2013-02-24 18:29:15'),(88921,'smartphone',1,NULL,'left','commercial',87426,NULL,NULL,8,'/fichinter/list.php?leftmenu=ficheinter','','Interventions','interventions',0,'','$user->rights->ficheinter->lire','$conf->ficheinter->enabled',2,'2013-02-24 18:29:15'),(88922,'smartphone',1,NULL,'left','commercial',88921,NULL,NULL,0,'/fichinter/card.php?action=create&amp;leftmenu=ficheinter','','NewIntervention','interventions',1,'','$user->rights->ficheinter->creer','$conf->ficheinter->enabled && $leftmenu==\"ficheinter\"',2,'2013-02-24 18:29:15'),(88923,'smartphone',1,NULL,'left','commercial',88921,NULL,NULL,1,'/fichinter/list.php?leftmenu=ficheinter','','List','interventions',1,'','$user->rights->ficheinter->lire','$conf->ficheinter->enabled && $leftmenu==\"ficheinter\"',2,'2013-02-24 18:29:15'),(89021,'smartphone',1,NULL,'left','accountancy',87427,NULL,NULL,3,'/fourn/facture/index.php?leftmenu=suppliers_bills','','BillsSuppliers','bills',0,'','$user->rights->fournisseur->facture->lire','$conf->fournisseur->enabled',2,'2013-02-24 18:29:15'),(89022,'smartphone',1,NULL,'left','accountancy',89021,NULL,NULL,0,'/fourn/facture/card.php?action=create&amp;leftmenu=suppliers_bills','','NewBill','bills',1,'','$user->rights->fournisseur->facture->creer','$conf->fournisseur->enabled',2,'2013-02-24 18:29:15'),(89023,'smartphone',1,NULL,'left','accountancy',89021,NULL,NULL,1,'/fourn/facture/impayees.php?leftmenu=suppliers_bills','','Unpaid','bills',1,'','$user->rights->fournisseur->facture->lire','$conf->fournisseur->enabled',2,'2013-02-24 18:29:15'),(89024,'smartphone',1,NULL,'left','accountancy',89021,NULL,NULL,2,'/fourn/facture/paiement.php?leftmenu=suppliers_bills','','Payments','bills',1,'','$user->rights->fournisseur->facture->lire','$conf->fournisseur->enabled',2,'2013-02-24 18:29:15'),(89121,'smartphone',1,NULL,'left','accountancy',87427,NULL,NULL,3,'/compta/facture/list.php?leftmenu=customers_bills','','BillsCustomers','bills',0,'','$user->rights->facture->lire','$conf->societe->enabled',2,'2013-02-24 18:29:15'),(89122,'smartphone',1,NULL,'left','accountancy',89121,NULL,NULL,3,'/compta/clients.php?action=facturer&amp;leftmenu=customers_bills','','NewBill','bills',1,'','$user->rights->facture->creer','$conf->societe->enabled',2,'2013-02-24 18:29:15'),(89123,'smartphone',1,NULL,'left','accountancy',89121,NULL,NULL,4,'/compta/facture/fiche-rec.php?leftmenu=customers_bills','','Repeatable','bills',1,'','$user->rights->facture->lire','$conf->societe->enabled',2,'2013-02-24 18:29:15'),(89124,'smartphone',1,NULL,'left','accountancy',89121,NULL,NULL,5,'/compta/facture/impayees.php?action=facturer&amp;leftmenu=customers_bills','','Unpaid','bills',1,'','$user->rights->facture->lire','$conf->societe->enabled',2,'2013-02-24 18:29:15'),(89125,'smartphone',1,NULL,'left','accountancy',89121,NULL,NULL,6,'/compta/paiement/list.php?leftmenu=customers_bills','','Payments','bills',1,'','$user->rights->facture->lire','$conf->societe->enabled',2,'2013-02-24 18:29:15'),(89131,'smartphone',1,NULL,'left','accountancy',89125,NULL,NULL,1,'/compta/paiement/rapport.php?leftmenu=customers_bills','','Reportings','bills',2,'','$user->rights->facture->lire','$conf->societe->enabled',2,'2013-02-24 18:29:15'),(89132,'smartphone',1,NULL,'left','accountancy',87435,NULL,NULL,9,'/compta/paiement/cheque/index.php?leftmenu=checks&amp;mainmenu=bank','','MenuChequeDeposits','bills',0,'','$user->rights->facture->lire','$conf->facture->enabled && $conf->banque->enabled',2,'2013-02-24 18:29:15'),(89133,'smartphone',1,NULL,'left','accountancy',89132,NULL,NULL,0,'/compta/paiement/cheque/card.php?leftmenu=checks&amp;action=new','','NewCheckDeposit','bills',1,'','$user->rights->facture->lire','$conf->facture->enabled && $conf->banque->enabled',2,'2013-02-24 18:29:15'),(89134,'smartphone',1,NULL,'left','accountancy',89132,NULL,NULL,1,'/compta/paiement/cheque/list.php?leftmenu=checks','','List','bills',1,'','$user->rights->facture->lire','$conf->facture->enabled && $conf->banque->enabled',2,'2013-02-24 18:29:15'),(89135,'smartphone',1,NULL,'left','accountancy',89121,NULL,NULL,8,'/compta/facture/stats/index.php?leftmenu=customers_bills','','Statistics','bills',1,'','$user->rights->facture->lire','$conf->facture->enabled && $conf->banque->enabled',2,'2013-02-24 18:29:15'),(89321,'smartphone',1,NULL,'left','accountancy',87427,NULL,NULL,3,'/commande/list.php?leftmenu=orders&amp;viewstatut=3','','MenuOrdersToBill','orders',0,'','$user->rights->commande->lire','$conf->commande->enabled',0,'2013-02-24 18:29:15'),(89421,'smartphone',1,NULL,'left','accountancy',87427,NULL,NULL,4,'/compta/dons/index.php?leftmenu=donations&amp;mainmenu=accountancy','','Donations','donations',0,'','$user->rights->don->lire','$conf->don->enabled',2,'2013-02-24 18:29:15'),(89422,'smartphone',1,NULL,'left','accountancy',89421,NULL,NULL,0,'/compta/dons/card.php?leftmenu=donations&amp;mainmenu=accountancy&amp;action=create','','NewDonation','donations',1,'','$user->rights->don->creer','$conf->don->enabled && $leftmenu==\"donations\"',2,'2013-02-24 18:29:15'),(89423,'smartphone',1,NULL,'left','accountancy',89421,NULL,NULL,1,'/compta/dons/list.php?leftmenu=donations&amp;mainmenu=accountancy','','List','donations',1,'','$user->rights->don->lire','$conf->don->enabled && $leftmenu==\"donations\"',2,'2013-02-24 18:29:15'),(89521,'smartphone',1,NULL,'left','accountancy',87427,NULL,NULL,5,'/compta/deplacement/index.php?leftmenu=tripsandexpenses','','TripsAndExpenses','trips',0,'','$user->rights->deplacement->lire','$conf->deplacement->enabled',0,'2013-02-24 18:29:15'),(89522,'smartphone',1,NULL,'left','accountancy',89521,NULL,NULL,1,'/compta/deplacement/card.php?action=create&amp;leftmenu=tripsandexpenses','','New','trips',1,'','$user->rights->deplacement->creer','$conf->deplacement->enabled && $leftmenu==\"tripsandexpenses\"',0,'2013-02-24 18:29:15'),(89523,'smartphone',1,NULL,'left','accountancy',89521,NULL,NULL,2,'/compta/deplacement/index.php?leftmenu=tripsandexpenses','','List','trips',1,'','$user->rights->deplacement->lire','$conf->deplacement->enabled && $leftmenu==\"tripsandexpenses\"',0,'2013-02-24 18:29:15'),(89524,'smartphone',1,NULL,'left','accountancy',89521,NULL,NULL,2,'/compta/deplacement/stats/index.php?leftmenu=tripsandexpenses','','Statistics','trips',1,'','$user->rights->deplacement->lire','$conf->deplacement->enabled && $leftmenu==\"tripsandexpenses\"',0,'2013-02-24 18:29:15'),(89621,'smartphone',1,NULL,'left','accountancy',87427,NULL,NULL,6,'/compta/charges/index.php?leftmenu=tax&amp;mainmenu=accountancy','','MenuTaxAndDividends','compta',0,'','$user->rights->tax->charges->lire','$conf->tax->enabled',0,'2013-02-24 18:29:15'),(89622,'smartphone',1,NULL,'left','accountancy',89621,NULL,NULL,1,'/compta/sociales/index.php?leftmenu=tax_social','','SocialContributions','',1,'','$user->rights->tax->charges->lire','$conf->tax->enabled',0,'2013-02-24 18:29:15'),(89623,'smartphone',1,NULL,'left','accountancy',89622,NULL,NULL,2,'/compta/sociales/charges.php?leftmenu=tax_social&amp;action=create','','MenuNewSocialContribution','',2,'','$user->rights->tax->charges->creer','$conf->tax->enabled && $leftmenu==\"tax_social\"',0,'2013-02-24 18:29:15'),(89624,'smartphone',1,NULL,'left','accountancy',89622,NULL,NULL,3,'/compta/charges/index.php?leftmenu=tax_social&amp;mainmenu=accountancy&amp;mode=sconly','','Payments','',2,'','$user->rights->tax->charges->lire','$conf->tax->enabled && $leftmenu==\"tax_social\"',0,'2013-02-24 18:29:15'),(89721,'smartphone',1,NULL,'left','accountancy',89621,NULL,NULL,7,'/compta/tva/index.php?leftmenu=tax_vat&amp;mainmenu=accountancy','','VAT','companies',1,'','$user->rights->tax->charges->lire','$conf->tax->enabled && empty($conf->global->TAX_DISABLE_VAT_MENUS)',0,'2013-02-24 18:29:15'),(89722,'smartphone',1,NULL,'left','accountancy',89721,NULL,NULL,0,'/compta/tva/card.php?leftmenu=tax_vat&amp;action=create','','NewPayment','companies',2,'','$user->rights->tax->charges->creer','$conf->tax->enabled && empty($conf->global->TAX_DISABLE_VAT_MENUS) && $leftmenu==\"tax_vat\"',0,'2013-02-24 18:29:15'),(89723,'smartphone',1,NULL,'left','accountancy',89721,NULL,NULL,1,'/compta/tva/reglement.php?leftmenu=tax_vat','','Payments','companies',2,'','$user->rights->tax->charges->lire','$conf->tax->enabled && empty($conf->global->TAX_DISABLE_VAT_MENUS) && $leftmenu==\"tax_vat\"',0,'2013-02-24 18:29:15'),(89724,'smartphone',1,NULL,'left','accountancy',89721,NULL,NULL,2,'/compta/tva/clients.php?leftmenu=tax_vat','','ReportByCustomers','companies',2,'','$user->rights->tax->charges->lire','$conf->tax->enabled && empty($conf->global->TAX_DISABLE_VAT_MENUS) && $leftmenu==\"tax_vat\"',0,'2013-02-24 18:29:15'),(89725,'smartphone',1,NULL,'left','accountancy',89721,NULL,NULL,3,'/compta/tva/quadri_detail.php?leftmenu=tax_vat','','ReportByQuarter','companies',2,'','$user->rights->tax->charges->lire','$conf->tax->enabled && empty($conf->global->TAX_DISABLE_VAT_MENUS) && $leftmenu==\"tax_vat\"',0,'2013-02-24 18:29:15'),(89821,'smartphone',1,NULL,'left','accountancy',87427,NULL,NULL,8,'/compta/ventilation/index.php?leftmenu=ventil','','Ventilation','companies',0,'','$user->rights->compta->ventilation->lire','$conf->comptabilite->enabled && $conf->global->FACTURE_VENTILATION',0,'2013-02-24 18:29:15'),(89822,'smartphone',1,NULL,'left','accountancy',89821,NULL,NULL,0,'/compta/ventilation/list.php','','ToDispatch','companies',1,'','$user->rights->compta->ventilation->lire','$conf->comptabilite->enabled && $conf->global->FACTURE_VENTILATION',0,'2013-02-24 18:29:15'),(89823,'smartphone',1,NULL,'left','accountancy',89821,NULL,NULL,1,'/compta/ventilation/lignes.php','','Dispatched','companies',1,'','$user->rights->compta->ventilation->lire','$conf->comptabilite->enabled && $conf->global->FACTURE_VENTILATION',0,'2013-02-24 18:29:15'),(89824,'smartphone',1,NULL,'left','accountancy',89821,NULL,NULL,2,'/compta/param/','','Setup','companies',1,'','$user->rights->compta->ventilation->parametrer','$conf->comptabilite->enabled && $conf->global->FACTURE_VENTILATION',0,'2013-02-24 18:29:15'),(89825,'smartphone',1,NULL,'left','accountancy',89824,NULL,NULL,0,'/compta/param/comptes/list.php','','List','companies',2,'','$user->rights->compta->ventilation->parametrer','$conf->comptabilite->enabled && $conf->global->FACTURE_VENTILATION',0,'2013-02-24 18:29:15'),(89826,'smartphone',1,NULL,'left','accountancy',89824,NULL,NULL,1,'/compta/param/comptes/card.php?action=create','','New','companies',2,'','$user->rights->compta->ventilation->parametrer','$conf->comptabilite->enabled && $conf->global->FACTURE_VENTILATION',0,'2013-02-24 18:29:15'),(89827,'smartphone',1,NULL,'left','accountancy',89821,NULL,NULL,3,'/compta/export/','','Export','companies',1,'','$user->rights->compta->ventilation->lire','$conf->comptabilite->enabled && $conf->global->FACTURE_VENTILATION',0,'2013-02-24 18:29:15'),(89828,'smartphone',1,NULL,'left','accountancy',89827,NULL,NULL,0,'/compta/export/index.php','','New','companies',2,'','$user->rights->compta->ventilation->lire','$conf->comptabilite->enabled && $conf->global->FACTURE_VENTILATION',0,'2013-02-24 18:29:15'),(89829,'smartphone',1,NULL,'left','accountancy',89827,NULL,NULL,1,'/compta/export/list.php','','List','companies',2,'','$user->rights->compta->ventilation->lire','$conf->comptabilite->enabled && $conf->global->FACTURE_VENTILATION',0,'2013-02-24 18:29:15'),(89921,'smartphone',1,NULL,'left','accountancy',87435,NULL,NULL,9,'/compta/prelevement/index.php?leftmenu=withdraw&amp;mainmenu=bank','','StandingOrders','withdrawals',0,'','$user->rights->prelevement->bons->lire','$conf->prelevement->enabled',2,'2013-02-24 18:29:15'),(89922,'smartphone',1,NULL,'left','accountancy',89921,NULL,NULL,1,'/compta/prelevement/demandes.php?status=0&amp;leftmenu=withdraw','','StandingOrderToProcess','withdrawals',1,'','$user->rights->prelevement->bons->lire','$conf->prelevement->enabled && $leftmenu==\"withdraw\"',2,'2013-02-24 18:29:15'),(89923,'smartphone',1,NULL,'left','accountancy',89921,NULL,NULL,0,'/compta/prelevement/create.php?leftmenu=withdraw','','NewStandingOrder','withdrawals',1,'','$user->rights->prelevement->bons->lire','$conf->prelevement->enabled && $leftmenu==\"withdraw\"',2,'2013-02-24 18:29:15'),(89924,'smartphone',1,NULL,'left','accountancy',89921,NULL,NULL,2,'/compta/prelevement/bons.php?leftmenu=withdraw','','WithdrawalsReceipts','withdrawals',1,'','$user->rights->prelevement->bons->lire','$conf->prelevement->enabled && $leftmenu==\"withdraw\"',2,'2013-02-24 18:29:15'),(89925,'smartphone',1,NULL,'left','accountancy',89921,NULL,NULL,3,'/compta/prelevement/list.php?leftmenu=withdraw','','WithdrawalsLines','withdrawals',1,'','$user->rights->prelevement->bons->lire','$conf->prelevement->enabled && $leftmenu==\"withdraw\"',2,'2013-02-24 18:29:15'),(89927,'smartphone',1,NULL,'left','accountancy',89921,NULL,NULL,5,'/compta/prelevement/rejets.php?leftmenu=withdraw','','Rejects','withdrawals',1,'','$user->rights->prelevement->bons->lire','$conf->prelevement->enabled && $leftmenu==\"withdraw\"',2,'2013-02-24 18:29:15'),(89928,'smartphone',1,NULL,'left','accountancy',89921,NULL,NULL,6,'/compta/prelevement/stats.php?leftmenu=withdraw','','Statistics','withdrawals',1,'','$user->rights->prelevement->bons->lire','$conf->prelevement->enabled && $leftmenu==\"withdraw\"',2,'2013-02-24 18:29:15'),(90021,'smartphone',1,NULL,'left','accountancy',87435,NULL,NULL,1,'/compta/bank/index.php?leftmenu=bank&amp;mainmenu=bank','','MenuBankCash','banks',0,'','$user->rights->banque->lire','$conf->banque->enabled',0,'2013-02-24 18:29:15'),(90022,'smartphone',1,NULL,'left','accountancy',90021,NULL,NULL,0,'/compta/bank/card.php?action=create&amp;leftmenu=bank','','MenuNewFinancialAccount','banks',1,'','$user->rights->banque->configurer','$conf->banque->enabled && $leftmenu==bank',0,'2013-02-24 18:29:15'),(90023,'smartphone',1,NULL,'left','accountancy',90021,NULL,NULL,1,'/compta/bank/categ.php?leftmenu=bank','','Rubriques','categories',1,'','$user->rights->banque->configurer','$conf->banque->enabled && $leftmenu==bank',0,'2013-02-24 18:29:15'),(90024,'smartphone',1,NULL,'left','accountancy',90021,NULL,NULL,2,'/compta/bank/search.php?leftmenu=bank','','ListTransactions','banks',1,'','$user->rights->banque->lire','$conf->banque->enabled && $leftmenu==bank',0,'2013-02-24 18:29:15'),(90025,'smartphone',1,NULL,'left','accountancy',90021,NULL,NULL,3,'/compta/bank/budget.php?leftmenu=bank','','ListTransactionsByCategory','banks',1,'','$user->rights->banque->lire','$conf->banque->enabled && $leftmenu==bank',0,'2013-02-24 18:29:15'),(90027,'smartphone',1,NULL,'left','accountancy',90021,NULL,NULL,5,'/compta/bank/virement.php?leftmenu=bank','','BankTransfers','banks',1,'','$user->rights->banque->transfer','$conf->banque->enabled && $leftmenu==bank',0,'2013-02-24 18:29:15'),(90121,'smartphone',1,NULL,'left','accountancy',87427,NULL,NULL,11,'/compta/resultat/index.php?leftmenu=ca&amp;mainmenu=accountancy','','Reportings','main',0,'','$user->rights->compta->resultat->lire || $user->rights->accounting->comptarapport->lire','$conf->comptabilite->enabled || $conf->accounting->enabled',0,'2013-02-24 18:29:15'),(90122,'smartphone',1,NULL,'left','accountancy',90121,NULL,NULL,0,'/compta/resultat/index.php?leftmenu=ca','','ReportInOut','main',1,'','$user->rights->compta->resultat->lire || $user->rights->accounting->comptarapport->lire','$conf->comptabilite->enabled || $conf->accounting->enabled',0,'2013-02-24 18:29:15'),(90123,'smartphone',1,NULL,'left','accountancy',90122,NULL,NULL,0,'/compta/resultat/clientfourn.php?leftmenu=ca','','ByCompanies','main',2,'','$user->rights->compta->resultat->lire || $user->rights->accounting->comptarapport->lire','$conf->comptabilite->enabled || $conf->accounting->enabled',0,'2013-02-24 18:29:15'),(90124,'smartphone',1,NULL,'left','accountancy',90121,NULL,NULL,1,'/compta/stats/index.php?leftmenu=ca','','ReportTurnover','main',1,'','$user->rights->compta->resultat->lire || $user->rights->accounting->comptarapport->lire','$conf->comptabilite->enabled || $conf->accounting->enabled',0,'2013-02-24 18:29:15'),(90125,'smartphone',1,NULL,'left','accountancy',90124,NULL,NULL,0,'/compta/stats/casoc.php?leftmenu=ca','','ByCompanies','main',2,'','$user->rights->compta->resultat->lire || $user->rights->accounting->comptarapport->lire','$conf->comptabilite->enabled || $conf->accounting->enabled',0,'2013-02-24 18:29:15'),(90126,'smartphone',1,NULL,'left','accountancy',90124,NULL,NULL,1,'/compta/stats/cabyuser.php?leftmenu=ca','','ByUsers','main',2,'','$user->rights->compta->resultat->lire || $user->rights->accounting->comptarapport->lire','$conf->comptabilite->enabled || $conf->accounting->enabled',0,'2013-02-24 18:29:15'),(90221,'smartphone',1,NULL,'left','products',87424,NULL,NULL,0,'/product/index.php?leftmenu=product&amp;type=0','','Products','products',0,'','$user->rights->produit->lire','$conf->product->enabled',2,'2013-02-24 18:29:15'),(90222,'smartphone',1,NULL,'left','products',90221,NULL,NULL,0,'/product/card.php?leftmenu=product&amp;action=create&amp;type=0','','NewProduct','products',1,'','$user->rights->produit->creer','$conf->product->enabled',2,'2013-02-24 18:29:15'),(90223,'smartphone',1,NULL,'left','products',90221,NULL,NULL,1,'/product/list.php?leftmenu=product&amp;type=0','','List','products',1,'','$user->rights->produit->lire','$conf->product->enabled',2,'2013-02-24 18:29:15'),(90224,'smartphone',1,NULL,'left','products',90221,NULL,NULL,4,'/product/reassort.php?type=0','','Stocks','products',1,'','$user->rights->produit->lire && $user->rights->stock->lire','$conf->product->enabled',2,'2013-02-24 18:29:15'),(90321,'smartphone',1,NULL,'left','products',87424,NULL,NULL,1,'/product/index.php?leftmenu=service&amp;type=1','','Services','products',0,'','$user->rights->service->lire','$conf->service->enabled',2,'2013-02-24 18:29:15'),(90322,'smartphone',1,NULL,'left','products',90321,NULL,NULL,0,'/product/card.php?leftmenu=service&amp;action=create&amp;type=1','','NewService','products',1,'','$user->rights->service->creer','$conf->service->enabled',2,'2013-02-24 18:29:15'),(90323,'smartphone',1,NULL,'left','products',90321,NULL,NULL,1,'/product/list.php?leftmenu=service&amp;type=1','','List','products',1,'','$user->rights->service->lire','$conf->service->enabled',2,'2013-02-24 18:29:15'),(90421,'smartphone',1,NULL,'left','products',87424,NULL,NULL,2,'/product/stats/index.php?leftmenu=stats','','Statistics','main',0,'','$user->rights->service->lire','$conf->product->enabled || $conf->service->enabled',2,'2013-02-24 18:29:15'),(90422,'smartphone',1,NULL,'left','products',90421,NULL,NULL,0,'/product/popuprop.php?leftmenu=stats','','Popularity','main',1,'','$user->rights->produit->lire && $user->rights->produit>lire','$conf->propal->enabled',2,'2013-02-24 18:29:15'),(90521,'smartphone',1,NULL,'left','products',87424,NULL,NULL,3,'/product/stock/index.php?leftmenu=stock','','Stock','stocks',0,'','$user->rights->stock->lire','$conf->stock->enabled',2,'2013-02-24 18:29:15'),(90522,'smartphone',1,NULL,'left','products',90521,NULL,NULL,0,'/product/stock/card.php?action=create','','MenuNewWarehouse','stocks',1,'','$user->rights->stock->creer','$conf->stock->enabled',2,'2013-02-24 18:29:15'),(90523,'smartphone',1,NULL,'left','products',90521,NULL,NULL,1,'/product/stock/list.php','','List','stocks',1,'','$user->rights->stock->lire','$conf->stock->enabled',2,'2013-02-24 18:29:15'),(90524,'smartphone',1,NULL,'left','products',90521,NULL,NULL,2,'/product/stock/valo.php','','EnhancedValue','stocks',1,'','$user->rights->stock->lire','$conf->stock->enabled',2,'2013-02-24 18:29:15'),(90525,'smartphone',1,NULL,'left','products',90521,NULL,NULL,3,'/product/stock/mouvement.php','','Movements','stocks',1,'','$user->rights->stock->mouvement->lire','$conf->stock->enabled',2,'2013-02-24 18:29:15'),(90621,'smartphone',1,NULL,'left','products',87424,NULL,NULL,4,'/categories/index.php?leftmenu=cat&amp;type=0','','Categories','categories',0,'','$user->rights->categorie->lire','$conf->categorie->enabled',2,'2013-02-24 18:29:15'),(90622,'smartphone',1,NULL,'left','products',90621,NULL,NULL,0,'/categories/card.php?action=create&amp;type=0','','NewCategory','categories',1,'','$user->rights->categorie->creer','$conf->categorie->enabled',2,'2013-02-24 18:29:15'),(91021,'smartphone',1,NULL,'left','project',87428,NULL,NULL,0,'/projet/index.php?leftmenu=projects','','Projects','projects',0,'','$user->rights->projet->lire','$conf->projet->enabled',2,'2013-02-24 18:29:15'),(91022,'smartphone',1,NULL,'left','project',91021,NULL,NULL,1,'/projet/card.php?leftmenu=projects&amp;action=create','','NewProject','projects',1,'','$user->rights->projet->creer','$conf->projet->enabled',2,'2013-02-24 18:29:15'),(91023,'smartphone',1,NULL,'left','project',91021,NULL,NULL,2,'/projet/list.php?leftmenu=projects','','List','projects',1,'','$user->rights->projet->lire','$conf->projet->enabled',2,'2013-02-24 18:29:15'),(91031,'smartphone',1,NULL,'left','project',87428,NULL,NULL,0,'/projet/index.php?leftmenu=projects&amp;mode=mine','','MyProjects','projects',0,'','$user->rights->projet->lire','$conf->projet->enabled',2,'2013-02-24 18:29:15'),(91032,'smartphone',1,NULL,'left','project',91031,NULL,NULL,1,'/projet/card.php?leftmenu=projects&amp;action=create&amp;mode=mine','','NewProject','projects',1,'','$user->rights->projet->creer','$conf->projet->enabled',2,'2013-02-24 18:29:15'),(91033,'smartphone',1,NULL,'left','project',91031,NULL,NULL,2,'/projet/list.php?leftmenu=projects&amp;mode=mine','','List','projects',1,'','$user->rights->projet->lire','$conf->projet->enabled',2,'2013-02-24 18:29:15'),(91121,'smartphone',1,NULL,'left','project',87428,NULL,NULL,0,'/projet/activity/index.php?leftmenu=projects','','Activities','projects',0,'','$user->rights->projet->lire','$conf->projet->enabled',2,'2013-02-24 18:29:15'),(91122,'smartphone',1,NULL,'left','project',91121,NULL,NULL,1,'/projet/tasks.php?leftmenu=projects&amp;action=create','','NewTask','projects',1,'','$user->rights->projet->creer','$conf->projet->enabled',2,'2013-02-24 18:29:15'),(91123,'smartphone',1,NULL,'left','project',91121,NULL,NULL,2,'/projet/tasks/index.php?leftmenu=projects','','List','projects',1,'','$user->rights->projet->lire','$conf->projet->enabled',2,'2013-02-24 18:29:15'),(91124,'smartphone',1,NULL,'left','project',91121,NULL,NULL,3,'/projet/activity/list.php?leftmenu=projects','','NewTimeSpent','projects',1,'','$user->rights->projet->lire','$conf->projet->enabled',2,'2013-02-24 18:29:15'),(91221,'smartphone',1,NULL,'left','project',87428,NULL,NULL,0,'/projet/activity/index.php?leftmenu=projects&amp;mode=mine','','MyActivities','projects',0,'','$user->rights->projet->lire','$conf->projet->enabled',2,'2013-02-24 18:29:15'),(91222,'smartphone',1,NULL,'left','project',91221,NULL,NULL,1,'/projet/tasks.php?leftmenu=projects&amp;action=create&amp;mode=mine','','NewTask','projects',1,'','$user->rights->projet->creer','$conf->projet->enabled',2,'2013-02-24 18:29:15'),(91223,'smartphone',1,NULL,'left','project',91221,NULL,NULL,2,'/projet/tasks/index.php?leftmenu=projects&amp;mode=mine','','List','projects',1,'','$user->rights->projet->lire','$conf->projet->enabled',2,'2013-02-24 18:29:15'),(91224,'smartphone',1,NULL,'left','project',91221,NULL,NULL,3,'/projet/activity/list.php?leftmenu=projects&amp;mode=mine','','NewTimeSpent','projects',1,'','$user->rights->projet->lire','$conf->projet->enabled',2,'2013-02-24 18:29:15'),(91321,'smartphone',1,NULL,'left','tools',87429,NULL,NULL,0,'/comm/mailing/index.php?leftmenu=mailing','','EMailings','mails',0,'','$user->rights->mailing->lire','$conf->mailing->enabled',0,'2013-02-24 18:29:15'),(91322,'smartphone',1,NULL,'left','tools',91321,NULL,NULL,0,'/comm/mailing/card.php?leftmenu=mailing&amp;action=create','','NewMailing','mails',1,'','$user->rights->mailing->creer','$conf->mailing->enabled',0,'2013-02-24 18:29:15'),(91323,'smartphone',1,NULL,'left','tools',91321,NULL,NULL,1,'/comm/mailing/list.php?leftmenu=mailing','','List','mails',1,'','$user->rights->mailing->lire','$conf->mailing->enabled',0,'2013-02-24 18:29:15'),(91521,'smartphone',1,NULL,'left','tools',87429,NULL,NULL,2,'/exports/index.php?leftmenu=export','','FormatedExport','exports',0,'','$user->rights->export->lire','$conf->export->enabled',2,'2013-02-24 18:29:15'),(91522,'smartphone',1,NULL,'left','tools',91521,NULL,NULL,0,'/exports/export.php?leftmenu=export','','NewExport','exports',1,'','$user->rights->export->creer','$conf->export->enabled',2,'2013-02-24 18:29:15'),(91551,'smartphone',1,NULL,'left','tools',87429,NULL,NULL,2,'/imports/index.php?leftmenu=import','','FormatedImport','exports',0,'','$user->rights->import->run','$conf->import->enabled',2,'2013-02-24 18:29:15'),(91552,'smartphone',1,NULL,'left','tools',91551,NULL,NULL,0,'/imports/import.php?leftmenu=import','','NewImport','exports',1,'','$user->rights->import->run','$conf->import->enabled',2,'2013-02-24 18:29:15'),(91621,'smartphone',1,NULL,'left','members',87434,NULL,NULL,0,'/adherents/index.php?leftmenu=members&amp;mainmenu=members','','Members','members',0,'','$user->rights->adherent->lire','$conf->adherent->enabled',2,'2013-02-24 18:29:15'),(91622,'smartphone',1,NULL,'left','members',91621,NULL,NULL,0,'/adherents/card.php?action=create','','NewMember','members',1,'','$user->rights->adherent->creer','$conf->adherent->enabled',2,'2013-02-24 18:29:15'),(91623,'smartphone',1,NULL,'left','members',91621,NULL,NULL,1,'/adherents/list.php','','List','members',1,'','$user->rights->adherent->lire','$conf->adherent->enabled',2,'2013-02-24 18:29:15'),(91624,'smartphone',1,NULL,'left','members',91623,NULL,NULL,2,'/adherents/list.php?statut=-1','','MenuMembersToValidate','members',2,'','$user->rights->adherent->lire','$conf->adherent->enabled',2,'2013-02-24 18:29:15'),(91625,'smartphone',1,NULL,'left','members',91623,NULL,NULL,3,'/adherents/list.php?statut=1','','MenuMembersValidated','members',2,'','$user->rights->adherent->lire','$conf->adherent->enabled',2,'2013-02-24 18:29:15'),(91626,'smartphone',1,NULL,'left','members',91623,NULL,NULL,4,'/adherents/list.php?statut=1&amp;filter=outofdate','','MenuMembersNotUpToDate','members',2,'','$user->rights->adherent->lire','$conf->adherent->enabled',2,'2013-02-24 18:29:15'),(91627,'smartphone',1,NULL,'left','members',91623,NULL,NULL,5,'/adherents/list.php?statut=1&amp;filter=uptodate','','MenuMembersUpToDate','members',2,'','$user->rights->adherent->lire','$conf->adherent->enabled',2,'2013-02-24 18:29:15'),(91628,'smartphone',1,NULL,'left','members',91623,NULL,NULL,6,'/adherents/list.php?statut=0','','MenuMembersResiliated','members',2,'','$user->rights->adherent->lire','$conf->adherent->enabled',2,'2013-02-24 18:29:15'),(91721,'smartphone',1,NULL,'left','members',87434,NULL,NULL,1,'/adherents/index.php?leftmenu=accountancy&amp;mainmenu=members','','Subscriptions','compta',0,'','$user->rights->adherent->cotisation->lire','$conf->adherent->enabled',2,'2013-02-24 18:29:15'),(91722,'smartphone',1,NULL,'left','members',91721,NULL,NULL,0,'/adherents/list.php?statut=-1&amp;leftmenu=accountancy&amp;mainmenu=members','','NewSubscription','compta',1,'','$user->rights->adherent->cotisation->creer','$conf->adherent->enabled',2,'2013-02-24 18:29:15'),(91723,'smartphone',1,NULL,'left','members',91721,NULL,NULL,1,'/adherents/cotisations.php?leftmenu=accountancy','','List','compta',1,'','$user->rights->adherent->cotisation->lire','$conf->adherent->enabled',2,'2013-02-24 18:29:15'),(91921,'smartphone',1,NULL,'left','members',87434,NULL,NULL,3,'/adherents/index.php?leftmenu=export&amp;mainmenu=members','','Exports','members',0,'','$user->rights->adherent->export','$conf->adherent->enabled',2,'2013-02-24 18:29:15'),(91922,'smartphone',1,NULL,'left','members',91921,NULL,NULL,0,'/exports/index.php?leftmenu=export','','Datas','members',1,'','$user->rights->adherent->export','$conf->adherent->enabled && $conf->export->enabled',2,'2013-02-24 18:29:15'),(91923,'smartphone',1,NULL,'left','members',91921,NULL,NULL,1,'/adherents/htpasswd.php?leftmenu=export','','Filehtpasswd','members',1,'','$user->rights->adherent->export','$conf->adherent->enabled',2,'2013-02-24 18:29:15'),(91924,'smartphone',1,NULL,'left','members',91921,NULL,NULL,2,'/adherents/cartes/carte.php?leftmenu=export','','MembersCards','members',1,'','$user->rights->adherent->export','$conf->adherent->enabled',2,'2013-02-24 18:29:15'),(92121,'smartphone',1,NULL,'left','members',87434,NULL,NULL,5,'/adherents/index.php?leftmenu=setup&amp;mainmenu=members','','Setup','members',0,'','$user->rights->adherent->configurer','$conf->adherent->enabled',2,'2013-02-24 18:29:15'),(92122,'smartphone',1,NULL,'left','members',92121,NULL,NULL,0,'/adherents/type.php?leftmenu=setup','','MembersTypes','members',1,'','$user->rights->adherent->configurer','$conf->adherent->enabled',2,'2013-02-24 18:29:15'),(92123,'smartphone',1,NULL,'left','members',92121,NULL,NULL,1,'/adherents/options.php?leftmenu=setup','','MembersAttributes','members',1,'','$user->rights->adherent->configurer','$conf->adherent->enabled',2,'2013-02-24 18:29:15'),(92421,'smartphone',1,NULL,'left','commercial',87426,NULL,NULL,0,'/compta/index.php?leftmenu=suppliers','','Suppliers','companies',0,'','$user->rights->societe->lire && $user->rights->fournisseur->lire','$conf->fournisseur->enabled',2,'2013-02-24 18:29:15'),(92422,'smartphone',1,NULL,'left','commercial',92421,NULL,NULL,0,'/societe/soc.php?leftmenu=suppliers&amp;action=create&amp;type=f','','NewSupplier','companies',1,'','$user->rights->societe->creer && $user->rights->fournisseur->lire','$conf->fournisseur->enabled',2,'2013-02-24 18:29:15'),(92423,'smartphone',1,NULL,'left','commercial',92421,NULL,NULL,1,'/fourn/list.php?leftmenu=suppliers','','List','companies',1,'','$user->rights->societe->lire && $user->rights->fournisseur->lire','$conf->fournisseur->enabled',2,'2013-02-24 18:29:15'),(92424,'smartphone',1,NULL,'left','commercial',92421,NULL,NULL,2,'/contact/list.php?leftmenu=suppliers&amp;type=f','','Contacts','companies',1,'','$user->rights->societe->lire && $user->rights->fournisseur->lire','$conf->fournisseur->enabled',2,'2013-02-24 18:29:15'),(92521,'smartphone',1,NULL,'left','commercial',87426,NULL,NULL,6,'/fourn/commande/index.php?leftmenu=orders_suppliers','','SuppliersOrders','orders',0,'','$user->rights->fournisseur->commande->lire','$conf->commande->enabled',2,'2013-02-24 18:29:15'),(92522,'smartphone',1,NULL,'left','commercial',92521,NULL,NULL,0,'/societe/societe.php?leftmenu=orders_suppliers','','NewOrder','orders',1,'','$user->rights->fournisseur->commande->creer','$conf->commande->enabled && $leftmenu==\"orders_suppliers\"',2,'2013-02-24 18:29:15'),(92523,'smartphone',1,NULL,'left','commercial',92521,NULL,NULL,1,'/fourn/commande/list.php?leftmenu=orders_suppliers&amp;viewstatut=0','','List','orders',1,'','$user->rights->fournisseur->commande->lire','$conf->commande->enabled && $leftmenu==\"orders_suppliers\"',2,'2013-02-24 18:29:15'),(92529,'smartphone',1,NULL,'left','commercial',92521,NULL,NULL,7,'/commande/stats/index.php?leftmenu=orders_suppliers&amp;mode=supplier','','Statistics','orders',1,'','$user->rights->fournisseur->commande->lire','$conf->commande->enabled && $leftmenu==\"orders_suppliers\"',2,'2013-02-24 18:29:15'),(92621,'smartphone',1,NULL,'left','members',87434,NULL,NULL,3,'/categories/index.php?leftmenu=cat&amp;type=3','','MembersCategoriesShort','categories',0,'','$user->rights->categorie->lire','$conf->adherent->enabled && $conf->categorie->enabled',2,'2013-02-24 18:29:15'),(92622,'smartphone',1,NULL,'left','members',92621,NULL,NULL,0,'/categories/card.php?action=create&amp;type=3','','NewCategory','categories',1,'','$user->rights->categorie->creer','$conf->adherent->enabled && $conf->categorie->enabled',2,'2013-02-24 18:29:15'),(103094,'all',2,'agenda','top','agenda',0,NULL,NULL,100,'/comm/action/index.php','','Agenda','agenda',NULL,NULL,'$user->rights->agenda->myactions->read','$conf->agenda->enabled',2,'2013-03-13 15:29:19'),(103095,'all',2,'agenda','left','agenda',103094,NULL,NULL,100,'/comm/action/index.php?mainmenu=agenda&amp;leftmenu=agenda','','Actions','agenda',NULL,NULL,'$user->rights->agenda->myactions->read','$conf->agenda->enabled',2,'2013-03-13 15:29:19'),(103096,'all',2,'agenda','left','agenda',103095,NULL,NULL,101,'/comm/action/card.php?mainmenu=agenda&amp;leftmenu=agenda&amp;action=create','','NewAction','commercial',NULL,NULL,'($user->rights->agenda->myactions->create||$user->rights->agenda->allactions->create)','$conf->agenda->enabled',2,'2013-03-13 15:29:19'),(103097,'all',2,'agenda','left','agenda',103095,NULL,NULL,102,'/comm/action/index.php?mainmenu=agenda&amp;leftmenu=agenda','','Calendar','agenda',NULL,NULL,'$user->rights->agenda->myactions->read','$conf->agenda->enabled',2,'2013-03-13 15:29:19'),(103098,'all',2,'agenda','left','agenda',103097,NULL,NULL,103,'/comm/action/index.php?mainmenu=agenda&amp;leftmenu=agenda&amp;status=todo&amp;filter=mine','','MenuToDoMyActions','agenda',NULL,NULL,'$user->rights->agenda->myactions->read','$conf->agenda->enabled',2,'2013-03-13 15:29:19'),(103099,'all',2,'agenda','left','agenda',103097,NULL,NULL,104,'/comm/action/index.php?mainmenu=agenda&amp;leftmenu=agenda&amp;status=done&amp;filter=mine','','MenuDoneMyActions','agenda',NULL,NULL,'$user->rights->agenda->myactions->read','$conf->agenda->enabled',2,'2013-03-13 15:29:19'),(103100,'all',2,'agenda','left','agenda',103097,NULL,NULL,105,'/comm/action/index.php?mainmenu=agenda&amp;leftmenu=agenda&amp;status=todo','','MenuToDoActions','agenda',NULL,NULL,'$user->rights->agenda->allactions->read','$user->rights->agenda->allactions->read',2,'2013-03-13 15:29:19'),(103101,'all',2,'agenda','left','agenda',103097,NULL,NULL,106,'/comm/action/index.php?mainmenu=agenda&amp;leftmenu=agenda&amp;status=done','','MenuDoneActions','agenda',NULL,NULL,'$user->rights->agenda->allactions->read','$user->rights->agenda->allactions->read',2,'2013-03-13 15:29:19'),(103102,'all',2,'agenda','left','agenda',103095,NULL,NULL,112,'/comm/action/listactions.php?mainmenu=agenda&amp;leftmenu=agenda','','List','agenda',NULL,NULL,'$user->rights->agenda->myactions->read','$conf->agenda->enabled',2,'2013-03-13 15:29:19'),(103103,'all',2,'agenda','left','agenda',103102,NULL,NULL,113,'/comm/action/listactions.php?mainmenu=agenda&amp;leftmenu=agenda&amp;status=todo&amp;filter=mine','','MenuToDoMyActions','agenda',NULL,NULL,'$user->rights->agenda->myactions->read','$conf->agenda->enabled',2,'2013-03-13 15:29:19'),(103104,'all',2,'agenda','left','agenda',103102,NULL,NULL,114,'/comm/action/listactions.php?mainmenu=agenda&amp;leftmenu=agenda&amp;status=done&amp;filter=mine','','MenuDoneMyActions','agenda',NULL,NULL,'$user->rights->agenda->myactions->read','$conf->agenda->enabled',2,'2013-03-13 15:29:19'),(103105,'all',2,'agenda','left','agenda',103102,NULL,NULL,115,'/comm/action/listactions.php?mainmenu=agenda&amp;leftmenu=agenda&amp;status=todo','','MenuToDoActions','agenda',NULL,NULL,'$user->rights->agenda->allactions->read','$user->rights->agenda->allactions->read',2,'2013-03-13 15:29:19'),(103106,'all',2,'agenda','left','agenda',103102,NULL,NULL,116,'/comm/action/listactions.php?mainmenu=agenda&amp;leftmenu=agenda&amp;status=done','','MenuDoneActions','agenda',NULL,NULL,'$user->rights->agenda->allactions->read','$user->rights->agenda->allactions->read',2,'2013-03-13 15:29:19'),(103107,'all',2,'agenda','left','agenda',103095,NULL,NULL,120,'/comm/action/rapport/index.php?mainmenu=agenda&amp;leftmenu=agenda','','Reportings','agenda',NULL,NULL,'$user->rights->agenda->allactions->read','$conf->agenda->enabled',2,'2013-03-13 15:29:19'),(103108,'all',2,'pos','top','pos',0,NULL,NULL,100,'/pos/backend/listefac.php','','POS','pos@pos',NULL,'1','1','1',2,'2013-03-13 20:33:09'),(103109,'all',2,'pos','left','pos',103108,NULL,NULL,100,'/pos/backend/list.php','','Tickets','pos@pos',NULL,NULL,'$user->rights->pos->backend','$conf->global->POS_USE_TICKETS',0,'2013-03-13 20:33:09'),(103110,'all',2,'pos','left','pos',103109,NULL,NULL,100,'/pos/backend/list.php','','List','main',NULL,NULL,'$user->rights->pos->backend','$conf->global->POS_USE_TICKETS',0,'2013-03-13 20:33:09'),(103111,'all',2,'pos','left','pos',103110,NULL,NULL,100,'/pos/backend/list.php?viewstatut=0','','StatusTicketDraft','pos@pos',NULL,NULL,'$user->rights->pos->backend','$conf->global->POS_USE_TICKETS',0,'2013-03-13 20:33:09'),(103112,'all',2,'pos','left','@pos',103110,NULL,NULL,100,'/pos/backend/list.php?viewstatut=1','','StatusTicketClosed','main',NULL,NULL,'$user->rights->pos->backend','$conf->global->POS_USE_TICKETS',0,'2013-03-13 20:33:09'),(103113,'all',2,'pos','left','@pos',103110,NULL,NULL,100,'/pos/backend/list.php?viewstatut=2','','StatusTicketProcessed','main',NULL,NULL,'$user->rights->pos->backend','$conf->global->POS_USE_TICKETS',0,'2013-03-13 20:33:09'),(103114,'all',2,'pos','left','@pos',103110,NULL,NULL,100,'/pos/backend/list.php?viewtype=1','','StatusTicketReturned','main',NULL,NULL,'$user->rights->pos->backend','$conf->global->POS_USE_TICKETS',0,'2013-03-13 20:33:09'),(103115,'all',2,'pos','left','pos',103108,NULL,NULL,100,'/pos/backend/listefac.php','','Factures','pos@pos',NULL,NULL,'$user->rights->pos->backend','1',0,'2013-03-13 20:33:09'),(103116,'all',2,'pos','left','pos',103115,NULL,NULL,100,'/pos/backend/listefac.php','','List','main',NULL,NULL,'$user->rights->pos->backend','1',0,'2013-03-13 20:33:09'),(103117,'all',2,'pos','left','pos',103116,NULL,NULL,100,'/pos/backend/listefac.php?viewstatut=0','','BillStatusDraft','bills',NULL,NULL,'$user->rights->pos->backend','1',0,'2013-03-13 20:33:09'),(103118,'all',2,'pos','left','@pos',103116,NULL,NULL,100,'/pos/backend/listefac.php?viewstatut=1','','BillStatusValidated','bills',NULL,NULL,'$user->rights->pos->backend','1',0,'2013-03-13 20:33:09'),(103119,'all',2,'pos','left','@pos',103116,NULL,NULL,100,'/pos/backend/listefac.php?viewstatut=2&viewtype=0','','BillStatusPaid','bills',NULL,NULL,'$user->rights->pos->backend','1',0,'2013-03-13 20:33:09'),(103120,'all',2,'pos','left','@pos',103116,NULL,NULL,100,'/pos/backend/listefac.php?viewtype=2','','BillStatusReturned','main',NULL,NULL,'$user->rights->pos->backend','1',0,'2013-03-13 20:33:09'),(103121,'all',2,'pos','left','@pos',103108,NULL,NULL,100,'/pos/frontend/index.php','','POS','main',NULL,NULL,'$user->rights->pos->frontend','1',0,'2013-03-13 20:33:09'),(103122,'all',2,'pos','left','@pos',103121,NULL,NULL,100,'/pos/frontend/index.php','','NewTicket','main',NULL,NULL,'$user->rights->pos->frontend','1',0,'2013-03-13 20:33:09'),(103123,'all',2,'pos','left','@pos',103121,NULL,NULL,101,'/pos/backend/closes.php','','CloseandArching','main',NULL,NULL,'$user->rights->pos->backend','1',0,'2013-03-13 20:33:09'),(103124,'all',2,'pos','left','@pos',103108,NULL,NULL,100,'/pos/backend/terminal/cash.php','','Terminal','main',NULL,NULL,'$user->rights->pos->backend','1',0,'2013-03-13 20:33:09'),(103125,'all',2,'pos','left','@pos',103124,NULL,NULL,100,'/pos/backend/terminal/card.php?action=create','','NewCash','main',NULL,NULL,'$user->rights->pos->backend','1',0,'2013-03-13 20:33:09'),(103126,'all',2,'pos','left','@pos',103124,NULL,NULL,101,'/pos/backend/terminal/cash.php','','List','main',NULL,NULL,'$user->rights->pos->backend','1',0,'2013-03-13 20:33:09'),(103127,'all',2,'pos','left','@pos',103123,NULL,NULL,101,'/pos/backend/closes.php?viewstatut=0','','Arqueo','main',NULL,NULL,'$user->rights->pos->backend','1',0,'2013-03-13 20:33:09'),(103128,'all',2,'pos','left','@pos',103123,NULL,NULL,102,'/pos/backend/closes.php?viewstatut=1','','Closes','main',NULL,NULL,'$user->rights->pos->backend','1',0,'2013-03-13 20:33:09'),(103129,'all',2,'pos','left','@pos',103108,NULL,NULL,102,'/pos/backend/transfers.php','','Transfer','main',NULL,NULL,'$user->rights->pos->transfer','1',0,'2013-03-13 20:33:09'),(103130,'all',2,'pos','left','@pos',103108,NULL,NULL,102,'/pos/backend/resultat/index.php','','Rapport','main',NULL,NULL,'$user->rights->pos->stats','1',0,'2013-03-13 20:33:09'),(103131,'all',2,'pos','left','@pos',103130,NULL,NULL,102,'/pos/backend/resultat/casoc.php','','ReportsCustomer','main',NULL,NULL,'$user->rights->pos->stats','1',0,'2013-03-13 20:33:09'),(103132,'all',2,'pos','left','@pos',103130,NULL,NULL,102,'/pos/backend/resultat/causer.php','','ReportsUser','main',NULL,NULL,'$user->rights->pos->stats','1',0,'2013-03-13 20:33:09'),(103133,'all',2,'pos','left','@pos',103130,NULL,NULL,102,'/pos/backend/resultat/sellsjournal.php','','ReportsSells','main',NULL,NULL,'$user->rights->pos->stats','1',0,'2013-03-13 20:33:09'),(103134,'all',2,'opensurvey','top','opensurvey',0,NULL,NULL,200,'/opensurvey/index.php','','Surveys','opensurvey',NULL,NULL,'$user->rights->opensurvey->survey->read','$conf->opensurvey->enabled',0,'2013-03-13 20:33:42'),(103135,'all',2,'opensurvey','left','opensurvey',-1,NULL,'opensurvey',200,'/opensurvey/index.php?mainmenu=opensurvey&leftmenu=opensurvey','','Survey','opensurvey@opensurvey',NULL,'opensurvey','','$conf->opensurvey->enabled',0,'2013-03-13 20:33:42'),(103136,'all',2,'opensurvey','left','opensurvey',-1,'opensurvey','opensurvey',210,'/opensurvey/public/index.php','_blank','NewSurvey','opensurvey@opensurvey',NULL,'opensurvey_new','','$conf->opensurvey->enabled',0,'2013-03-13 20:33:42'),(103137,'all',2,'opensurvey','left','opensurvey',-1,'opensurvey','opensurvey',220,'/opensurvey/list.php','','List','opensurvey@opensurvey',NULL,'opensurvey_list','','$conf->opensurvey->enabled',0,'2013-03-13 20:33:42'),(124179,'all',1,'cashdesk','top','cashdesk',0,NULL,NULL,100,'/cashdesk/index.php?user=__LOGIN__','pointofsale','CashDeskMenu','cashdesk',NULL,NULL,'$user->rights->cashdesk->use','$conf->cashdesk->enabled',0,'2015-11-15 22:38:33'),(124197,'all',1,'expensereport','left','hrm',-1,NULL,'hrm',100,'/expensereport/index.php','','TripsAndExpenses','trips',NULL,'expensereport','$user->rights->expensereport->lire','$conf->expensereport->enabled',2,'2015-11-15 22:39:05'),(124198,'all',1,'expensereport','left','hrm',-1,'expensereport','hrm',100,'/expensereport/card.php?action=create','','New','trips',NULL,'expensereport_detailnew','$user->rights->expensereport->creer','$conf->expensereport->enabled',2,'2015-11-15 22:39:05'),(124199,'all',1,'expensereport','left','hrm',-1,'expensereport','hrm',100,'/expensereport/list.php','','List','trips',NULL,'expensereport_detaillist','$user->rights->expensereport->lire','$conf->expensereport->enabled',2,'2015-11-15 22:39:05'),(124200,'all',1,'expensereport','left','hrm',-1,'expensereport_detaillist','hrm',100,'/expensereport/list.php?search_status=2','','ListToApprove','trips',NULL,'expensereport_detaillist_approve','$user->rights->expensereport->approve','$conf->expensereport->enabled',2,'2015-11-15 22:39:05'),(124201,'all',1,'expensereport','left','hrm',-1,'expensereport','hrm',100,'/expensereport/stats/index.php','','Statistics','trips',NULL,'expensereport_detail','$user->rights->expensereport->lire','$conf->expensereport->enabled',2,'2015-11-15 22:39:05'),(124202,'all',1,'expensereport','left','hrm',-1,'expensereport','hrm',100,'/expensereport/export_csv.php','','ExportTripCSV','expensereport',NULL,'expensereport_detail','$user->rights->expensereport->lire','$conf->global->DEPLACEMENT_TO_CLEAN',2,'2015-11-15 22:39:05'),(124203,'all',1,'expensereport','left','hrm',-1,'expensereport','hrm',100,'/expensereport/synchro_compta.php','','Synchro_Compta','expensereport',NULL,'expensereport_detail','$user->rights->expensereport->lire','$conf->global->DEPLACEMENT_TO_CLEAN',2,'2015-11-15 22:39:05'),(124210,'all',1,'margins','left','accountancy',-1,NULL,'accountancy',100,'/margin/index.php','','Margins','margins',NULL,'margins','$user->rights->margins->liretous','$conf->margin->enabled',2,'2015-11-15 22:41:47'),(134659,'all',1,'agenda','top','agenda',0,NULL,NULL,100,'/comm/action/index.php','','Agenda','agenda',NULL,NULL,'$user->rights->agenda->myactions->read','$conf->agenda->enabled',2,'2016-01-22 17:26:42'),(134660,'all',1,'agenda','left','agenda',134659,NULL,NULL,100,'/comm/action/index.php?mainmenu=agenda&amp;leftmenu=agenda','','Actions','agenda',NULL,NULL,'$user->rights->agenda->myactions->read','$conf->agenda->enabled',2,'2016-01-22 17:26:42'),(134661,'all',1,'agenda','left','agenda',134660,NULL,NULL,101,'/comm/action/card.php?mainmenu=agenda&amp;leftmenu=agenda&amp;action=create','','NewAction','commercial',NULL,NULL,'($user->rights->agenda->myactions->create||$user->rights->agenda->allactions->create)','$conf->agenda->enabled',2,'2016-01-22 17:26:42'),(134662,'all',1,'agenda','left','agenda',134660,NULL,NULL,102,'/comm/action/index.php?mainmenu=agenda&amp;leftmenu=agenda','','Agenda','agenda',NULL,NULL,'$user->rights->agenda->myactions->read','$conf->agenda->enabled',2,'2016-01-22 17:26:42'),(134663,'all',1,'agenda','left','agenda',134662,NULL,NULL,103,'/comm/action/index.php?mainmenu=agenda&amp;leftmenu=agenda&amp;status=todo&amp;filter=mine','','MenuToDoMyActions','agenda',NULL,NULL,'$user->rights->agenda->myactions->read','$conf->agenda->enabled',2,'2016-01-22 17:26:42'),(134664,'all',1,'agenda','left','agenda',134662,NULL,NULL,104,'/comm/action/index.php?mainmenu=agenda&amp;leftmenu=agenda&amp;status=done&amp;filter=mine','','MenuDoneMyActions','agenda',NULL,NULL,'$user->rights->agenda->myactions->read','$conf->agenda->enabled',2,'2016-01-22 17:26:42'),(134665,'all',1,'agenda','left','agenda',134662,NULL,NULL,105,'/comm/action/index.php?mainmenu=agenda&amp;leftmenu=agenda&amp;status=todo','','MenuToDoActions','agenda',NULL,NULL,'$user->rights->agenda->allactions->read','$user->rights->agenda->allactions->read',2,'2016-01-22 17:26:42'),(134666,'all',1,'agenda','left','agenda',134662,NULL,NULL,106,'/comm/action/index.php?mainmenu=agenda&amp;leftmenu=agenda&amp;status=done','','MenuDoneActions','agenda',NULL,NULL,'$user->rights->agenda->allactions->read','$user->rights->agenda->allactions->read',2,'2016-01-22 17:26:42'),(134667,'all',1,'agenda','left','agenda',134660,NULL,NULL,112,'/comm/action/listactions.php?mainmenu=agenda&amp;leftmenu=agenda','','List','agenda',NULL,NULL,'$user->rights->agenda->myactions->read','$conf->agenda->enabled',2,'2016-01-22 17:26:42'),(134668,'all',1,'agenda','left','agenda',134667,NULL,NULL,113,'/comm/action/listactions.php?mainmenu=agenda&amp;leftmenu=agenda&amp;status=todo&amp;filter=mine','','MenuToDoMyActions','agenda',NULL,NULL,'$user->rights->agenda->myactions->read','$conf->agenda->enabled',2,'2016-01-22 17:26:42'),(134669,'all',1,'agenda','left','agenda',134667,NULL,NULL,114,'/comm/action/listactions.php?mainmenu=agenda&amp;leftmenu=agenda&amp;status=done&amp;filter=mine','','MenuDoneMyActions','agenda',NULL,NULL,'$user->rights->agenda->myactions->read','$conf->agenda->enabled',2,'2016-01-22 17:26:42'),(134670,'all',1,'agenda','left','agenda',134667,NULL,NULL,115,'/comm/action/listactions.php?mainmenu=agenda&amp;leftmenu=agenda&amp;status=todo','','MenuToDoActions','agenda',NULL,NULL,'$user->rights->agenda->allactions->read','$user->rights->agenda->allactions->read',2,'2016-01-22 17:26:42'),(134671,'all',1,'agenda','left','agenda',134667,NULL,NULL,116,'/comm/action/listactions.php?mainmenu=agenda&amp;leftmenu=agenda&amp;status=done','','MenuDoneActions','agenda',NULL,NULL,'$user->rights->agenda->allactions->read','$user->rights->agenda->allactions->read',2,'2016-01-22 17:26:42'),(134672,'all',1,'agenda','left','agenda',134660,NULL,NULL,120,'/comm/action/rapport/index.php?mainmenu=agenda&amp;leftmenu=agenda','','Reportings','agenda',NULL,NULL,'$user->rights->agenda->allactions->read','$conf->agenda->enabled',2,'2016-01-22 17:26:42'),(134673,'all',1,'barcode','left','tools',-1,NULL,'tools',200,'/barcode/printsheet.php?mainmenu=tools&leftmenu=barcodeprint','','BarCodePrintsheet','products',NULL,'barcodeprint','($conf->global->MAIN_USE_ADVANCED_PERMS && $user->rights->barcode->lire_advance) || (! $conf->global->MAIN_USE_ADVANCED_PERMS)','$conf->barcode->enabled',2,'2016-01-22 17:26:42'),(134674,'all',1,'barcode','left','home',-1,'modulesadmintools','home',300,'/barcode/codeinit.php?mainmenu=home&leftmenu=modulesadmintools','','MassBarcodeInit','products',NULL,NULL,'($conf->global->MAIN_USE_ADVANCED_PERMS && $user->rights->barcode->creer_advance) || (! $conf->global->MAIN_USE_ADVANCED_PERMS)','$conf->barcode->enabled && $leftmenu==\"modulesadmintools\"',0,'2016-01-22 17:26:42'),(134675,'all',1,'ecm','top','ecm',0,NULL,NULL,100,'/ecm/index.php','','MenuECM','ecm',NULL,NULL,'$user->rights->ecm->read || $user->rights->ecm->upload || $user->rights->ecm->setup','$conf->ecm->enabled',2,'2016-01-22 17:26:43'),(134676,'all',1,'ecm','left','ecm',-1,NULL,'ecm',101,'/ecm/index.php?mainmenu=ecm&leftmenu=ecm','','ECMArea','ecm',NULL,'ecm','$user->rights->ecm->read || $user->rights->ecm->upload','$user->rights->ecm->read || $user->rights->ecm->upload',2,'2016-01-22 17:26:43'),(134677,'all',1,'ecm','left','ecm',-1,'ecm','ecm',102,'/ecm/index.php?action=file_manager&mainmenu=ecm&leftmenu=ecm','','ECMSectionsManual','ecm',NULL,'ecm_manual','$user->rights->ecm->read || $user->rights->ecm->upload','$user->rights->ecm->read || $user->rights->ecm->upload',2,'2016-01-22 17:26:43'),(134678,'all',1,'ecm','left','ecm',-1,'ecm','ecm',103,'/ecm/index_auto.php?action=file_manager&mainmenu=ecm&leftmenu=ecm','','ECMSectionsAuto','ecm',NULL,NULL,'$user->rights->ecm->read || $user->rights->ecm->upload','$user->rights->ecm->read || $user->rights->ecm->upload',2,'2016-01-22 17:26:43'),(134679,'all',1,'opensurvey','left','tools',-1,NULL,'tools',200,'/opensurvey/index.php?mainmenu=tools&leftmenu=opensurvey','','Survey','opensurvey',NULL,'opensurvey','','$conf->opensurvey->enabled',0,'2016-01-22 17:26:43'),(134680,'all',1,'opensurvey','left','tools',-1,'opensurvey','tools',210,'/opensurvey/wizard/index.php','','NewSurvey','opensurvey',NULL,'opensurvey_new','$user->rights->opensurvey->write','$conf->opensurvey->enabled',0,'2016-01-22 17:26:43'),(134681,'all',1,'opensurvey','left','tools',-1,'opensurvey','tools',220,'/opensurvey/list.php','','List','opensurvey',NULL,'opensurvey_list','','$conf->opensurvey->enabled',0,'2016-01-22 17:26:43'),(134682,'auguria',1,'','top','home',0,NULL,NULL,10,'/index.php?mainmenu=home&amp;leftmenu=','','Home','',-1,'','','1',2,'2016-01-22 17:26:44'),(134683,'auguria',1,'societe|fournisseur','top','companies',0,NULL,NULL,20,'/societe/index.php?mainmenu=companies&amp;leftmenu=','','ThirdParties','companies',-1,'','$user->rights->societe->lire || $user->rights->societe->contact->lire','( ! empty($conf->societe->enabled) && (empty($conf->global->SOCIETE_DISABLE_PROSPECTS) || empty($conf->global->SOCIETE_DISABLE_CUSTOMERS))) || ! empty($conf->fournisseur->enabled)',2,'2016-01-22 17:26:44'),(134684,'auguria',1,'product|service','top','products',0,NULL,NULL,30,'/product/index.php?mainmenu=products&amp;leftmenu=','','Products/Services','products',-1,'','$user->rights->produit->lire||$user->rights->service->lire','$conf->product->enabled || $conf->service->enabled',0,'2016-01-22 17:26:44'),(134686,'auguria',1,'propal|commande|fournisseur|contrat|ficheinter','top','commercial',0,NULL,NULL,40,'/comm/index.php?mainmenu=commercial&amp;leftmenu=','','Commercial','commercial',-1,'','$user->rights->societe->lire || $user->rights->societe->contact->lire','$conf->propal->enabled || $conf->commande->enabled || $conf->fournisseur->enabled || $conf->contrat->enabled || $conf->ficheinter->enabled',2,'2016-01-22 17:26:44'),(134687,'auguria',1,'comptabilite|accounting|facture|deplacement|don|tax|salaries|loa','top','accountancy',0,NULL,NULL,50,'/compta/index.php?mainmenu=accountancy&amp;leftmenu=','','MenuFinancial','compta',-1,'','$user->rights->compta->resultat->lire || $user->rights->accounting->plancompte->lire || $user->rights->facture->lire|| $user->rights->deplacement->lire || $user->rights->don->lire || $user->rights->tax->charges->lire || $user->rights->salaries->read || $u','$conf->comptabilite->enabled || $conf->accounting->enabled || $conf->facture->enabled || $conf->deplacement->enabled || $conf->don->enabled  || $conf->tax->enabled || $conf->salaries->enabled || $conf->loan->enabled',2,'2016-01-22 17:26:44'),(134688,'auguria',1,'projet','top','project',0,NULL,NULL,70,'/projet/index.php?mainmenu=project&amp;leftmenu=','','Projects','projects',-1,'','$user->rights->projet->lire','$conf->projet->enabled',2,'2016-01-22 17:26:44'),(134689,'auguria',1,'mailing|export|import|opensurvey','top','tools',0,NULL,NULL,90,'/core/tools.php?mainmenu=tools&amp;leftmenu=','','Tools','other',-1,'','$user->rights->mailing->lire || $user->rights->export->lire || $user->rights->import->run || $user->rights->opensurvey->read','$conf->mailing->enabled || $conf->export->enabled || $conf->import->enabled || $conf->opensurvey->enabled',2,'2016-01-22 17:26:44'),(134694,'auguria',1,'adherent','top','members',0,NULL,NULL,110,'/adherents/index.php?mainmenu=members&amp;leftmenu=','','Members','members',-1,'','$user->rights->adherent->lire','$conf->adherent->enabled',2,'2016-01-22 17:26:44'),(134695,'auguria',1,'banque|prelevement','top','bank',0,NULL,NULL,60,'/compta/bank/index.php?mainmenu=bank&amp;leftmenu=bank','','MenuBankCash','banks',-1,'','$user->rights->banque->lire || $user->rights->prelevement->bons->lire','$conf->banque->enabled || $conf->prelevement->enabled',0,'2016-01-22 17:26:44'),(134696,'auguria',1,'hrm','top','hrm',0,NULL,NULL,80,'/compta/hrm.php?mainmenu=hrm&amp;leftmenu=','','HRM','holiday',-1,'','$user->rights->holiday->write || $user->rights->deplacement->lire || $user->rights->expensereport->lire','$conf->holiday->enabled || $conf->deplacement->enabled || $conf->expensereport->enabled',0,'2016-01-22 17:26:44'),(134781,'auguria',1,'','left','home',134682,NULL,NULL,0,'/admin/index.php?leftmenu=setup','','Setup','admin',0,'setup','','$user->admin',2,'2016-01-22 17:26:44'),(134782,'auguria',1,'','left','home',134781,NULL,NULL,1,'/admin/company.php?leftmenu=setup','','MenuCompanySetup','admin',1,'','','$leftmenu==\"setup\"',2,'2016-01-22 17:26:44'),(134783,'auguria',1,'','left','home',134781,NULL,NULL,4,'/admin/ihm.php?leftmenu=setup','','GUISetup','admin',1,'','','$leftmenu==\"setup\"',2,'2016-01-22 17:26:44'),(134784,'auguria',1,'','left','home',134781,NULL,NULL,2,'/admin/modules.php?leftmenu=setup','','Modules','admin',1,'','','$leftmenu==\"setup\"',2,'2016-01-22 17:26:44'),(134785,'auguria',1,'','left','home',134781,NULL,NULL,6,'/admin/boxes.php?leftmenu=setup','','Boxes','admin',1,'','','$leftmenu==\"setup\"',2,'2016-01-22 17:26:44'),(134786,'auguria',1,'','left','home',134781,NULL,NULL,3,'/admin/menus.php?leftmenu=setup','','Menus','admin',1,'','','$leftmenu==\"setup\"',2,'2016-01-22 17:26:44'),(134787,'auguria',1,'','left','home',134781,NULL,NULL,7,'/admin/delais.php?leftmenu=setup','','Alerts','admin',1,'','','$leftmenu==\"setup\"',2,'2016-01-22 17:26:44'),(134788,'auguria',1,'','left','home',134781,NULL,NULL,10,'/admin/pdf.php?leftmenu=setup','','PDF','admin',1,'','','$leftmenu==\"setup\"',2,'2016-01-22 17:26:44'),(134789,'auguria',1,'','left','home',134781,NULL,NULL,8,'/admin/security_other.php?leftmenu=setup','','Security','admin',1,'','','$leftmenu==\"setup\"',2,'2016-01-22 17:26:44'),(134790,'auguria',1,'','left','home',134781,NULL,NULL,11,'/admin/mails.php?leftmenu=setup','','Emails','admin',1,'','','$leftmenu==\"setup\"',2,'2016-01-22 17:26:44'),(134791,'auguria',1,'','left','home',134781,NULL,NULL,9,'/admin/limits.php?leftmenu=setup','','MenuLimits','admin',1,'','','$leftmenu==\"setup\"',2,'2016-01-22 17:26:44'),(134792,'auguria',1,'','left','home',134781,NULL,NULL,13,'/admin/dict.php?leftmenu=setup','','Dictionary','admin',1,'','','$leftmenu==\"setup\"',2,'2016-01-22 17:26:44'),(134793,'auguria',1,'','left','home',134781,NULL,NULL,14,'/admin/const.php?leftmenu=setup','','OtherSetup','admin',1,'','','$leftmenu==\"setup\"',2,'2016-01-22 17:26:44'),(134794,'auguria',1,'','left','home',134781,NULL,NULL,12,'/admin/sms.php?leftmenu=setup','','SMS','admin',1,'','','$leftmenu==\"setup\"',2,'2016-01-22 17:26:44'),(134795,'auguria',1,'','left','home',134781,NULL,NULL,4,'/admin/translation.php?leftmenu=setup','','Translation','admin',1,'','','$leftmenu==\"setup\"',2,'2016-01-22 17:26:44'),(134882,'auguria',1,'','left','home',134981,NULL,NULL,0,'/admin/system/dolibarr.php?leftmenu=admintools','','InfoDolibarr','admin',1,'','','$leftmenu==\"admintools\"',2,'2016-01-22 17:26:44'),(134883,'auguria',1,'','left','home',134882,NULL,NULL,2,'/admin/system/modules.php?leftmenu=admintools','','Modules','admin',2,'','','$leftmenu==\"admintools\"',2,'2016-01-22 17:26:44'),(134884,'auguria',1,'','left','home',134882,NULL,NULL,3,'/admin/triggers.php?leftmenu=admintools','','Triggers','admin',2,'','','$leftmenu==\"admintools\"',2,'2016-01-22 17:26:44'),(134886,'auguria',1,'','left','home',134981,NULL,NULL,1,'/admin/system/browser.php?leftmenu=admintools','','InfoBrowser','admin',1,'','','$leftmenu==\"admintools\"',2,'2016-01-22 17:26:44'),(134887,'auguria',1,'','left','home',134981,NULL,NULL,2,'/admin/system/os.php?leftmenu=admintools','','InfoOS','admin',1,'','','$leftmenu==\"admintools\"',2,'2016-01-22 17:26:44'),(134888,'auguria',1,'','left','home',134981,NULL,NULL,3,'/admin/system/web.php?leftmenu=admintools','','InfoWebServer','admin',1,'','','$leftmenu==\"admintools\"',2,'2016-01-22 17:26:44'),(134889,'auguria',1,'','left','home',134981,NULL,NULL,4,'/admin/system/phpinfo.php?leftmenu=admintools','','InfoPHP','admin',1,'','','$leftmenu==\"admintools\"',2,'2016-01-22 17:26:44'),(134891,'auguria',1,'','left','home',134981,NULL,NULL,5,'/admin/system/database.php?leftmenu=admintools','','InfoDatabase','admin',1,'','','$leftmenu==\"admintools\"',2,'2016-01-22 17:26:44'),(134981,'auguria',1,'','left','home',134682,NULL,NULL,2,'/admin/tools/index.php?leftmenu=admintools','','SystemTools','admin',0,'admintools','','$user->admin',2,'2016-01-22 17:26:44'),(134982,'auguria',1,'','left','home',134981,NULL,NULL,6,'/admin/tools/dolibarr_export.php?leftmenu=admintools','','Backup','admin',1,'','','$leftmenu==\"admintools\"',2,'2016-01-22 17:26:44'),(134983,'auguria',1,'','left','home',134981,NULL,NULL,7,'/admin/tools/dolibarr_import.php?leftmenu=admintools','','Restore','admin',1,'','','$leftmenu==\"admintools\"',2,'2016-01-22 17:26:44'),(134986,'auguria',1,'','left','home',134981,NULL,NULL,8,'/admin/tools/update.php?leftmenu=admintools','','MenuUpgrade','admin',1,'','','$leftmenu==\"admintools\"',2,'2016-01-22 17:26:44'),(134987,'auguria',1,'','left','home',134981,NULL,NULL,9,'/admin/tools/eaccelerator.php?leftmenu=admintools','','EAccelerator','admin',1,'','','$leftmenu==\"admintools\" && function_exists(\"eaccelerator_info\")',2,'2016-01-22 17:26:44'),(134988,'auguria',1,'','left','home',134981,NULL,NULL,10,'/admin/tools/listevents.php?leftmenu=admintools','','Audit','admin',1,'','','$leftmenu==\"admintools\"',2,'2016-01-22 17:26:44'),(134989,'auguria',1,'','left','home',134981,NULL,NULL,11,'/admin/tools/listsessions.php?leftmenu=admintools','','Sessions','admin',1,'','','$leftmenu==\"admintools\"',2,'2016-01-22 17:26:44'),(134990,'auguria',1,'','left','home',134981,NULL,NULL,12,'/admin/tools/purge.php?leftmenu=admintools','','Purge','admin',1,'','','$leftmenu==\"admintools\"',2,'2016-01-22 17:26:44'),(134991,'auguria',1,'','left','home',134981,NULL,NULL,13,'/support/index.php?leftmenu=admintools','_blank','HelpCenter','help',1,'','','$leftmenu==\"admintools\"',2,'2016-01-22 17:26:44'),(134992,'auguria',1,'','left','home',134981,NULL,NULL,14,'/admin/system/about.php?leftmenu=admintools','','About','admin',1,'','','$leftmenu==\"admintools\"',2,'2016-01-22 17:26:44'),(135081,'auguria',1,'','left','home',134682,NULL,NULL,4,'/user/home.php?leftmenu=users','','MenuUsersAndGroups','users',0,'users','','1',2,'2016-01-22 17:26:44'),(135082,'auguria',1,'','left','home',135081,NULL,NULL,0,'/user/index.php?leftmenu=users','','Users','users',1,'','$user->rights->user->user->lire || $user->admin','$leftmenu==\"users\"',2,'2016-01-22 17:26:44'),(135083,'auguria',1,'','left','home',135082,NULL,NULL,0,'/user/card.php?leftmenu=users&amp;action=create','','NewUser','users',2,'','$user->rights->user->user->creer || $user->admin','$leftmenu==\"users\"',2,'2016-01-22 17:26:44'),(135084,'auguria',1,'','left','home',135081,NULL,NULL,1,'/user/group/index.php?leftmenu=users','','Groups','users',1,'','($conf->global->MAIN_USE_ADVANCED_PERMS?$user->rights->user->group_advance->read:$user->rights->user->user->lire) || $user->admin','$leftmenu==\"users\"',2,'2016-01-22 17:26:44'),(135085,'auguria',1,'','left','home',135084,NULL,NULL,0,'/user/group/card.php?leftmenu=users&amp;action=create','','NewGroup','users',2,'','($conf->global->MAIN_USE_ADVANCED_PERMS?$user->rights->user->group_advance->write:$user->rights->user->user->creer) || $user->admin','$leftmenu==\"users\"',2,'2016-01-22 17:26:44'),(135181,'auguria',1,'','left','companies',134683,NULL,NULL,0,'/societe/index.php?leftmenu=thirdparties','','ThirdParty','companies',0,'thirdparties','$user->rights->societe->lire','$conf->societe->enabled',2,'2016-01-22 17:26:44'),(135182,'auguria',1,'','left','companies',135181,NULL,NULL,0,'/societe/soc.php?action=create','','MenuNewThirdParty','companies',1,'','$user->rights->societe->lire','$conf->societe->enabled',2,'2016-01-22 17:26:44'),(135183,'auguria',1,'','left','companies',135181,NULL,NULL,0,'/societe/list.php?action=create','','List','companies',1,'','$user->rights->societe->lire','$conf->societe->enabled',2,'2016-01-22 17:26:44'),(135184,'auguria',1,'','left','companies',135181,NULL,NULL,5,'/fourn/list.php?leftmenu=suppliers','','ListSuppliersShort','suppliers',1,'','$user->rights->societe->lire && $user->rights->fournisseur->lire','$conf->societe->enabled && $conf->fournisseur->enabled',2,'2016-01-22 17:26:44'),(135185,'auguria',1,'','left','companies',135184,NULL,NULL,0,'/societe/soc.php?leftmenu=supplier&amp;action=create&amp;type=f','','NewSupplier','suppliers',2,'','$user->rights->societe->creer','$conf->societe->enabled && $conf->fournisseur->enabled',2,'2016-01-22 17:26:44'),(135187,'auguria',1,'','left','companies',135181,NULL,NULL,3,'/comm/prospect/list.php?leftmenu=prospects','','ListProspectsShort','companies',1,'','$user->rights->societe->lire','$conf->societe->enabled',2,'2016-01-22 17:26:44'),(135188,'auguria',1,'','left','companies',135187,NULL,NULL,0,'/societe/soc.php?leftmenu=prospects&amp;action=create&amp;type=p','','MenuNewProspect','companies',2,'','$user->rights->societe->creer','$conf->societe->enabled',2,'2016-01-22 17:26:44'),(135190,'auguria',1,'','left','companies',135181,NULL,NULL,4,'/comm/list.php?leftmenu=customers','','ListCustomersShort','companies',1,'','$user->rights->societe->lire','$conf->societe->enabled',2,'2016-01-22 17:26:44'),(135191,'auguria',1,'','left','companies',135190,NULL,NULL,0,'/societe/soc.php?leftmenu=customers&amp;action=create&amp;type=c','','MenuNewCustomer','companies',2,'','$user->rights->societe->creer','$conf->societe->enabled',2,'2016-01-22 17:26:44'),(135281,'auguria',1,'','left','companies',134683,NULL,NULL,1,'/contact/list.php?leftmenu=contacts','','ContactsAddresses','companies',0,'contacts','$user->rights->societe->lire','$conf->societe->enabled',2,'2016-01-22 17:26:44'),(135282,'auguria',1,'','left','companies',135281,NULL,NULL,0,'/contact/card.php?leftmenu=contacts&amp;action=create','','NewContactAddress','companies',1,'','$user->rights->societe->creer','$conf->societe->enabled',2,'2016-01-22 17:26:44'),(135283,'auguria',1,'','left','companies',135281,NULL,NULL,1,'/contact/list.php?leftmenu=contacts','','List','companies',1,'','$user->rights->societe->lire','$conf->societe->enabled',2,'2016-01-22 17:26:44'),(135285,'auguria',1,'','left','companies',135283,NULL,NULL,1,'/contact/list.php?leftmenu=contacts&amp;type=p','','ThirdPartyProspects','companies',2,'','$user->rights->societe->contact->lire','$conf->societe->enabled',2,'2016-01-22 17:26:44'),(135286,'auguria',1,'','left','companies',135283,NULL,NULL,2,'/contact/list.php?leftmenu=contacts&amp;type=c','','ThirdPartyCustomers','companies',2,'','$user->rights->societe->contact->lire','$conf->societe->enabled',2,'2016-01-22 17:26:44'),(135287,'auguria',1,'','left','companies',135283,NULL,NULL,3,'/contact/list.php?leftmenu=contacts&amp;type=f','','ThirdPartySuppliers','companies',2,'','$user->rights->societe->contact->lire','$conf->societe->enabled && $conf->fournisseur->enabled',2,'2016-01-22 17:26:44'),(135288,'auguria',1,'','left','companies',135283,NULL,NULL,4,'/contact/list.php?leftmenu=contacts&amp;type=o','','Others','companies',2,'','$user->rights->societe->contact->lire','$conf->societe->enabled',2,'2016-01-22 17:26:44'),(135331,'auguria',1,'','left','companies',134683,NULL,NULL,3,'/categories/index.php?leftmenu=cat&amp;type=1','','SuppliersCategoriesShort','categories',0,'cat','$user->rights->categorie->lire','$conf->societe->enabled && $conf->categorie->enabled',2,'2016-01-22 17:26:44'),(135332,'auguria',1,'','left','companies',135331,NULL,NULL,0,'/categories/card.php?action=create&amp;type=1','','NewCategory','categories',1,'','$user->rights->categorie->creer','$conf->societe->enabled && $conf->categorie->enabled',2,'2016-01-22 17:26:44'),(135341,'auguria',1,'','left','companies',134683,NULL,NULL,4,'/categories/index.php?leftmenu=cat&amp;type=2','','CustomersProspectsCategoriesShort','categories',0,'cat','$user->rights->categorie->lire','$conf->fournisseur->enabled && $conf->categorie->enabled',2,'2016-01-22 17:26:44'),(135342,'auguria',1,'','left','companies',135341,NULL,NULL,0,'/categories/card.php?action=create&amp;type=2','','NewCategory','categories',1,'','$user->rights->categorie->creer','$conf->fournisseur->enabled && $conf->categorie->enabled',2,'2016-01-22 17:26:44'),(135351,'auguria',1,'','left','companies',134683,NULL,NULL,3,'/categories/index.php?leftmenu=cat&amp;type=4','','ContactCategoriesShort','categories',0,'cat','$user->rights->categorie->lire','$conf->societe->enabled && $conf->categorie->enabled',2,'2016-01-22 17:26:44'),(135352,'auguria',1,'','left','companies',135351,NULL,NULL,0,'/categories/card.php?action=create&amp;type=4','','NewCategory','categories',1,'','$user->rights->categorie->creer','$conf->societe->enabled && $conf->categorie->enabled',2,'2016-01-22 17:26:44'),(135781,'auguria',1,'','left','commercial',134686,NULL,NULL,4,'/comm/propal/index.php?leftmenu=propals','','Prop','propal',0,'propals','$user->rights->propale->lire','$conf->propal->enabled',2,'2016-01-22 17:26:44'),(135782,'auguria',1,'','left','commercial',135781,NULL,NULL,0,'/comm/propal/card.php?action=create&amp;leftmenu=propals','','NewPropal','propal',1,'','$user->rights->propale->creer','$conf->propal->enabled',2,'2016-01-22 17:26:44'),(135783,'auguria',1,'','left','commercial',135781,NULL,NULL,1,'/comm/propal/list.php?leftmenu=propals','','List','propal',1,'','$user->rights->propale->lire','$conf->propal->enabled',2,'2016-01-22 17:26:44'),(135784,'auguria',1,'','left','commercial',135783,NULL,NULL,2,'/comm/propal/list.php?leftmenu=propals&amp;viewstatut=0','','PropalsDraft','propal',1,'','$user->rights->propale->lire','$conf->propal->enabled && $leftmenu==\"propals\"',2,'2016-01-22 17:26:44'),(135785,'auguria',1,'','left','commercial',135783,NULL,NULL,3,'/comm/propal/list.php?leftmenu=propals&amp;viewstatut=1','','PropalsOpened','propal',1,'','$user->rights->propale->lire','$conf->propal->enabled && $leftmenu==\"propals\"',2,'2016-01-22 17:26:44'),(135786,'auguria',1,'','left','commercial',135783,NULL,NULL,4,'/comm/propal/list.php?leftmenu=propals&amp;viewstatut=2','','PropalStatusSigned','propal',1,'','$user->rights->propale->lire','$conf->propal->enabled && $leftmenu==\"propals\"',2,'2016-01-22 17:26:44'),(135787,'auguria',1,'','left','commercial',135783,NULL,NULL,5,'/comm/propal/list.php?leftmenu=propals&amp;viewstatut=3','','PropalStatusNotSigned','propal',1,'','$user->rights->propale->lire','$conf->propal->enabled && $leftmenu==\"propals\"',2,'2016-01-22 17:26:44'),(135788,'auguria',1,'','left','commercial',135783,NULL,NULL,6,'/comm/propal/list.php?leftmenu=propals&amp;viewstatut=4','','PropalStatusBilled','propal',1,'','$user->rights->propale->lire','$conf->propal->enabled && $leftmenu==\"propals\"',2,'2016-01-22 17:26:44'),(135791,'auguria',1,'','left','commercial',135781,NULL,NULL,4,'/comm/propal/stats/index.php?leftmenu=propals','','Statistics','propal',1,'','$user->rights->propale->lire','$conf->propal->enabled',2,'2016-01-22 17:26:44'),(135881,'auguria',1,'','left','commercial',134686,NULL,NULL,5,'/commande/index.php?leftmenu=orders','','CustomersOrders','orders',0,'orders','$user->rights->commande->lire','$conf->commande->enabled',2,'2016-01-22 17:26:44'),(135882,'auguria',1,'','left','commercial',135881,NULL,NULL,0,'/commande/card.php?action=create&amp;leftmenu=orders','','NewOrder','orders',1,'','$user->rights->commande->creer','$conf->commande->enabled',2,'2016-01-22 17:26:44'),(135883,'auguria',1,'','left','commercial',135881,NULL,NULL,1,'/commande/list.php?leftmenu=orders','','List','orders',1,'','$user->rights->commande->lire','$conf->commande->enabled',2,'2016-01-22 17:26:44'),(135884,'auguria',1,'','left','commercial',135883,NULL,NULL,2,'/commande/list.php?leftmenu=orders&amp;viewstatut=0','','StatusOrderDraftShort','orders',1,'','$user->rights->commande->lire','$conf->commande->enabled && $leftmenu==\"orders\"',2,'2016-01-22 17:26:44'),(135885,'auguria',1,'','left','commercial',135883,NULL,NULL,3,'/commande/list.php?leftmenu=orders&amp;viewstatut=1','','StatusOrderValidated','orders',1,'','$user->rights->commande->lire','$conf->commande->enabled && $leftmenu==\"orders\"',2,'2016-01-22 17:26:44'),(135886,'auguria',1,'','left','commercial',135883,NULL,NULL,4,'/commande/list.php?leftmenu=orders&amp;viewstatut=2','','StatusOrderOnProcessShort','orders',1,'','$user->rights->commande->lire','$conf->commande->enabled && $leftmenu==\"orders\"',2,'2016-01-22 17:26:44'),(135887,'auguria',1,'','left','commercial',135883,NULL,NULL,5,'/commande/list.php?leftmenu=orders&amp;viewstatut=3','','StatusOrderToBill','orders',1,'','$user->rights->commande->lire','$conf->commande->enabled && $leftmenu==\"orders\"',2,'2016-01-22 17:26:44'),(135888,'auguria',1,'','left','commercial',135883,NULL,NULL,6,'/commande/list.php?leftmenu=orders&amp;viewstatut=4','','StatusOrderProcessed','orders',1,'','$user->rights->commande->lire','$conf->commande->enabled && $leftmenu==\"orders\"',2,'2016-01-22 17:26:44'),(135889,'auguria',1,'','left','commercial',135883,NULL,NULL,7,'/commande/list.php?leftmenu=orders&amp;viewstatut=-1','','StatusOrderCanceledShort','orders',1,'','$user->rights->commande->lire','$conf->commande->enabled && $leftmenu==\"orders\"',2,'2016-01-22 17:26:44'),(135890,'auguria',1,'','left','commercial',135881,NULL,NULL,4,'/commande/stats/index.php?leftmenu=orders','','Statistics','orders',1,'','$user->rights->commande->lire','$conf->commande->enabled',2,'2016-01-22 17:26:44'),(135981,'auguria',1,'','left','commercial',134684,NULL,NULL,6,'/expedition/index.php?leftmenu=sendings','','Shipments','sendings',0,'sendings','$user->rights->expedition->lire','$conf->expedition->enabled',2,'2016-01-22 17:26:44'),(135982,'auguria',1,'','left','commercial',135981,NULL,NULL,0,'/expedition/card.php?action=create2&leftmenu=sendings','','NewSending','sendings',1,'','$user->rights->expedition->creer','$conf->expedition->enabled && $leftmenu==\"sendings\"',2,'2016-01-22 17:26:44'),(135983,'auguria',1,'','left','commercial',135981,NULL,NULL,1,'/expedition/list.php?leftmenu=sendings','','List','sendings',1,'','$user->rights->expedition->lire','$conf->expedition->enabled && $leftmenu==\"sendings\"',2,'2016-01-22 17:26:44'),(135984,'auguria',1,'','left','commercial',135981,NULL,NULL,2,'/expedition/stats/index.php?leftmenu=sendings','','Statistics','sendings',1,'','$user->rights->expedition->lire','$conf->expedition->enabled && $leftmenu==\"sendings\"',2,'2016-01-22 17:26:44'),(136081,'auguria',1,'','left','commercial',134686,NULL,NULL,7,'/contrat/index.php?leftmenu=contracts','','Contracts','contracts',0,'contracts','$user->rights->contrat->lire','$conf->contrat->enabled',2,'2016-01-22 17:26:44'),(136082,'auguria',1,'','left','commercial',136081,NULL,NULL,0,'/contrat/card.php?&action=create&amp;leftmenu=contracts','','NewContract','contracts',1,'','$user->rights->contrat->creer','$conf->contrat->enabled',2,'2016-01-22 17:26:44'),(136083,'auguria',1,'','left','commercial',136081,NULL,NULL,1,'/contrat/list.php?leftmenu=contracts','','List','contracts',1,'','$user->rights->contrat->lire','$conf->contrat->enabled',2,'2016-01-22 17:26:44'),(136084,'auguria',1,'','left','commercial',136081,NULL,NULL,2,'/contrat/services.php?leftmenu=contracts','','MenuServices','contracts',1,'','$user->rights->contrat->lire','$conf->contrat->enabled',2,'2016-01-22 17:26:44'),(136085,'auguria',1,'','left','commercial',136084,NULL,NULL,0,'/contrat/services.php?leftmenu=contracts&amp;mode=0','','MenuInactiveServices','contracts',2,'','$user->rights->contrat->lire','$conf->contrat->enabled&&$leftmenu==\"contracts\"',2,'2016-01-22 17:26:44'),(136086,'auguria',1,'','left','commercial',136084,NULL,NULL,1,'/contrat/services.php?leftmenu=contracts&amp;mode=4','','MenuRunningServices','contracts',2,'','$user->rights->contrat->lire','$conf->contrat->enabled&&$leftmenu==\"contracts\"',2,'2016-01-22 17:26:44'),(136087,'auguria',1,'','left','commercial',136084,NULL,NULL,2,'/contrat/services.php?leftmenu=contracts&amp;mode=4&amp;filter=expired','','MenuExpiredServices','contracts',2,'','$user->rights->contrat->lire','$conf->contrat->enabled&&$leftmenu==\"contracts\"',2,'2016-01-22 17:26:44'),(136088,'auguria',1,'','left','commercial',136084,NULL,NULL,3,'/contrat/services.php?leftmenu=contracts&amp;mode=5','','MenuClosedServices','contracts',2,'','$user->rights->contrat->lire','$conf->contrat->enabled&&$leftmenu==\"contracts\"',2,'2016-01-22 17:26:44'),(136181,'auguria',1,'','left','commercial',134686,NULL,NULL,8,'/fichinter/list.php?leftmenu=ficheinter','','Interventions','interventions',0,'ficheinter','$user->rights->ficheinter->lire','$conf->ficheinter->enabled',2,'2016-01-22 17:26:44'),(136182,'auguria',1,'','left','commercial',136181,NULL,NULL,0,'/fichinter/card.php?action=create&amp;leftmenu=ficheinter','','NewIntervention','interventions',1,'','$user->rights->ficheinter->creer','$conf->ficheinter->enabled',2,'2016-01-22 17:26:44'),(136183,'auguria',1,'','left','commercial',136181,NULL,NULL,1,'/fichinter/list.php?leftmenu=ficheinter','','List','interventions',1,'','$user->rights->ficheinter->lire','$conf->ficheinter->enabled',2,'2016-01-22 17:26:44'),(136281,'auguria',1,'','left','accountancy',134687,NULL,NULL,3,'/fourn/facture/list.php?leftmenu=suppliers_bills','','BillsSuppliers','bills',0,'supplier_bills','$user->rights->fournisseur->facture->lire','$conf->fournisseur->enabled',2,'2016-01-22 17:26:44'),(136282,'auguria',1,'','left','accountancy',136281,NULL,NULL,0,'/fourn/facture/card.php?action=create&amp;leftmenu=suppliers_bills','','NewBill','bills',1,'','$user->rights->fournisseur->facture->creer','$conf->fournisseur->enabled',2,'2016-01-22 17:26:44'),(136283,'auguria',1,'','left','accountancy',136281,NULL,NULL,1,'/fourn/facture/impayees.php?leftmenu=suppliers_bills','','Unpaid','bills',1,'','$user->rights->fournisseur->facture->lire','$conf->fournisseur->enabled',2,'2016-01-22 17:26:44'),(136284,'auguria',1,'','left','accountancy',136281,NULL,NULL,2,'/fourn/facture/paiement.php?leftmenu=suppliers_bills','','Payments','bills',1,'','$user->rights->fournisseur->facture->lire','$conf->fournisseur->enabled',2,'2016-01-22 17:26:44'),(136285,'auguria',1,'','left','accountancy',136281,NULL,NULL,8,'/compta/facture/stats/index.php?leftmenu=customers_bills&mode=supplier','','Statistics','bills',1,'','$user->rights->fournisseur->facture->lire','$conf->fournisseur->enabled',2,'2016-01-22 17:26:44'),(136381,'auguria',1,'','left','accountancy',134687,NULL,NULL,3,'/compta/facture/list.php?leftmenu=customers_bills','','BillsCustomers','bills',0,'customer_bills','$user->rights->facture->lire','$conf->facture->enabled',2,'2016-01-22 17:26:44'),(136382,'auguria',1,'','left','accountancy',136381,NULL,NULL,3,'/compta/facture.php?action=create&amp;leftmenu=customers_bills','','NewBill','bills',1,'','$user->rights->facture->creer','$conf->facture->enabled',2,'2016-01-22 17:26:44'),(136383,'auguria',1,'','left','accountancy',136381,NULL,NULL,5,'/compta/facture/fiche-rec.php?leftmenu=customers_bills','','ListOfTemplates','bills',1,'','$user->rights->facture->lire','$conf->facture->enabled',2,'2016-01-22 17:26:44'),(136384,'auguria',1,'','left','accountancy',136381,NULL,NULL,7,'/compta/facture/mergepdftool.php?action=facturer&amp;leftmenu=customers_bills','','MergingPDFTool','bills',1,'','$user->rights->facture->lire','$conf->facture->enabled',2,'2016-01-22 17:26:44'),(136385,'auguria',1,'','left','accountancy',136381,NULL,NULL,6,'/compta/paiement/list.php?leftmenu=customers_bills','','Payments','bills',1,'','$user->rights->facture->lire','$conf->facture->enabled',2,'2016-01-22 17:26:44'),(136386,'auguria',1,'','left','accountancy',136381,NULL,NULL,4,'/compta/facture/list.php?leftmenu=customers_bills','','List','bills',1,'','$user->rights->facture->lire','$conf->facture->enabled',2,'2016-01-22 17:26:44'),(136391,'auguria',1,'','left','accountancy',136385,NULL,NULL,1,'/compta/paiement/rapport.php?leftmenu=customers_bills','','Reportings','bills',2,'','$user->rights->facture->lire','$conf->facture->enabled',2,'2016-01-22 17:26:44'),(136392,'auguria',1,'','left','accountancy',134695,NULL,NULL,9,'/compta/paiement/cheque/index.php?leftmenu=checks&amp;mainmenu=bank','','MenuChequeDeposits','bills',0,'checks','$user->rights->banque->lire','! empty($conf->banque->enabled) && (! empty($conf->facture->enabled)) || ! empty($conf->global->MAIN_MENU_CHEQUE_DEPOSIT_ON)',2,'2016-01-22 17:26:44'),(136393,'auguria',1,'','left','accountancy',136392,NULL,NULL,0,'/compta/paiement/cheque/card.php?leftmenu=checks&amp;action=new','','NewCheckDeposit','compta',1,'','$user->rights->banque->lire','! empty($conf->banque->enabled) && (! empty($conf->facture->enabled)) || ! empty($conf->global->MAIN_MENU_CHEQUE_DEPOSIT_ON)',2,'2016-01-22 17:26:44'),(136394,'auguria',1,'','left','accountancy',136392,NULL,NULL,1,'/compta/paiement/cheque/list.php?leftmenu=checks','','List','bills',1,'','$user->rights->banque->lire','! empty($conf->banque->enabled) && (! empty($conf->facture->enabled)) || ! empty($conf->global->MAIN_MENU_CHEQUE_DEPOSIT_ON)',2,'2016-01-22 17:26:44'),(136395,'auguria',1,'','left','accountancy',136381,NULL,NULL,8,'/compta/facture/stats/index.php?leftmenu=customers_bills','','Statistics','bills',1,'','$user->rights->facture->lire','$conf->facture->enabled',2,'2016-01-22 17:26:44'),(136401,'auguria',1,'','left','accountancy',136386,NULL,NULL,1,'/compta/facture/list.php?leftmenu=customers_bills&amp;search_status=0','','BillShortStatusDraft','bills',2,'','$user->rights->facture->lire','$conf->facture->enabled',2,'2016-01-22 17:26:44'),(136402,'auguria',1,'','left','accountancy',136386,NULL,NULL,2,'/compta/facture/list.php?leftmenu=customers_bills&amp;search_status=1','','BillShortStatusNotPaid','bills',2,'','$user->rights->facture->lire','$conf->facture->enabled',2,'2016-01-22 17:26:44'),(136403,'auguria',1,'','left','accountancy',136386,NULL,NULL,3,'/compta/facture/list.php?leftmenu=customers_bills&amp;search_status=2','','BillShortStatusPaid','bills',2,'','$user->rights->facture->lire','$conf->facture->enabled',2,'2016-01-22 17:26:44'),(136404,'auguria',1,'','left','accountancy',136386,NULL,NULL,4,'/compta/facture/list.php?leftmenu=customers_bills&amp;search_status=3','','BillShortStatusCanceled','bills',2,'','$user->rights->facture->lire','$conf->facture->enabled',2,'2016-01-22 17:26:44'),(136581,'auguria',1,'','left','accountancy',134687,NULL,NULL,3,'/commande/list.php?leftmenu=orders&amp;viewstatut=3','','MenuOrdersToBill','orders',0,'orders','$user->rights->commande->lire','$conf->commande->enabled',0,'2016-01-22 17:26:44'),(136681,'auguria',1,'','left','accountancy',134687,NULL,NULL,4,'/don/index.php?leftmenu=donations&amp;mainmenu=accountancy','','Donations','donations',0,'donations','$user->rights->don->lire','$conf->don->enabled',2,'2016-01-22 17:26:44'),(136682,'auguria',1,'','left','accountancy',136681,NULL,NULL,0,'/don/card.php?leftmenu=donations&amp;mainmenu=accountancy&amp;action=create','','NewDonation','donations',1,'','$user->rights->don->creer','$conf->don->enabled && $leftmenu==\"donations\"',2,'2016-01-22 17:26:44'),(136683,'auguria',1,'','left','accountancy',136681,NULL,NULL,1,'/don/list.php?leftmenu=donations&amp;mainmenu=accountancy','','List','donations',1,'','$user->rights->don->lire','$conf->don->enabled && $leftmenu==\"donations\"',2,'2016-01-22 17:26:44'),(136781,'auguria',1,'','left','accountancy',134696,NULL,NULL,5,'/compta/deplacement/index.php?leftmenu=tripsandexpenses','','TripsAndExpenses','trips',0,'tripsandexpenses','$user->rights->deplacement->lire','$conf->deplacement->enabled',0,'2016-01-22 17:26:44'),(136782,'auguria',1,'','left','accountancy',136781,NULL,NULL,1,'/compta/deplacement/card.php?action=create&amp;leftmenu=tripsandexpenses','','New','trips',1,'','$user->rights->deplacement->creer','$conf->deplacement->enabled',0,'2016-01-22 17:26:44'),(136783,'auguria',1,'','left','accountancy',136781,NULL,NULL,2,'/compta/deplacement/list.php?leftmenu=tripsandexpenses','','List','trips',1,'','$user->rights->deplacement->lire','$conf->deplacement->enabled',0,'2016-01-22 17:26:44'),(136784,'auguria',1,'','left','accountancy',136781,NULL,NULL,2,'/compta/deplacement/stats/index.php?leftmenu=tripsandexpenses','','Statistics','trips',1,'','$user->rights->deplacement->lire','$conf->deplacement->enabled',0,'2016-01-22 17:26:44'),(136881,'auguria',1,'','left','accountancy',134687,NULL,NULL,6,'/compta/charges/index.php?leftmenu=tax&amp;mainmenu=accountancy','','MenuSpecialExpenses','compta',0,'tax','(! empty($conf->tax->enabled) && $user->rights->tax->charges->lire) || (! empty($conf->salaries->enabled) && $user->rights->salaries->read)','$conf->tax->enabled || $conf->salaries->enabled',0,'2016-01-22 17:26:44'),(136891,'auguria',1,'','left','accountancy',136881,NULL,NULL,1,'/compta/salaries/index.php?leftmenu=tax_salary&amp;mainmenu=accountancy','','Salaries','salaries',1,'tax_sal','$user->rights->salaries->read','$conf->salaries->enabled',0,'2016-01-22 17:26:44'),(136892,'auguria',1,'','left','accountancy',136891,NULL,NULL,2,'/compta/salaries/card.php?leftmenu=tax_salary&amp;action=create','','NewPayment','companies',2,'','$user->rights->salaries->write','$conf->salaries->enabled && $leftmenu==\"tax_salary\"',0,'2016-01-22 17:26:44'),(136893,'auguria',1,'','left','accountancy',136891,NULL,NULL,3,'/compta/salaries/index.php?leftmenu=tax_salary','','Payments','companies',2,'','$user->rights->salaries->read','$conf->salaries->enabled && $leftmenu==\"tax_salary\"',0,'2016-01-22 17:26:44'),(136901,'auguria',1,'','left','accountancy',136881,NULL,NULL,1,'/loan/index.php?leftmenu=tax_loan&amp;mainmenu=accountancy','','Loans','loan',1,'tax_loan','$user->rights->loan->read','$conf->loan->enabled',0,'2016-01-22 17:26:44'),(136902,'auguria',1,'','left','accountancy',136901,NULL,NULL,2,'/loan/card.php?leftmenu=tax_loan&amp;action=create','','NewLoan','loan',2,'','$user->rights->loan->write','$conf->loan->enabled && $leftmenu==\"tax_loan\"',0,'2016-01-22 17:26:44'),(136903,'auguria',1,'','left','accountancy',136901,NULL,NULL,3,'/loan/index.php?leftmenu=tax_loan','','Payments','companies',2,'','$user->rights->loan->read','$conf->loan->enabled && $leftmenu==\"tax_loan\"',0,'2016-01-22 17:26:44'),(136904,'auguria',1,'','left','accountancy',136901,NULL,NULL,4,'/loan/calc.php?leftmenu=tax_loan','','Calculator','companies',2,'','$user->rights->loan->calc','$conf->loan->enabled && $leftmenu==\"tax_loan\"',0,'2016-01-22 17:26:44'),(136931,'auguria',1,'','left','accountancy',136881,NULL,NULL,1,'/compta/sociales/index.php?leftmenu=tax_social','','SocialContributions','',1,'tax_social','$user->rights->tax->charges->lire','$conf->tax->enabled',0,'2016-01-22 17:26:44'),(136932,'auguria',1,'','left','accountancy',136931,NULL,NULL,2,'/compta/sociales/charges.php?leftmenu=tax_social&amp;action=create','','MenuNewSocialContribution','',2,'','$user->rights->tax->charges->creer','$conf->tax->enabled && $leftmenu==\"tax_social\"',0,'2016-01-22 17:26:44'),(136933,'auguria',1,'','left','accountancy',136931,NULL,NULL,3,'/compta/charges/index.php?leftmenu=tax_social&amp;mainmenu=accountancy&amp;mode=sconly','','Payments','',2,'','$user->rights->tax->charges->lire','$conf->tax->enabled && $leftmenu==\"tax_social\"',0,'2016-01-22 17:26:44'),(136981,'auguria',1,'','left','accountancy',136881,NULL,NULL,7,'/compta/tva/index.php?leftmenu=tax_vat&amp;mainmenu=accountancy','','VAT','companies',1,'tax_vat','$user->rights->tax->charges->lire','$conf->tax->enabled && empty($conf->global->TAX_DISABLE_VAT_MENUS)',0,'2016-01-22 17:26:44'),(136982,'auguria',1,'','left','accountancy',136981,NULL,NULL,0,'/compta/tva/card.php?leftmenu=tax_vat&amp;action=create','','NewPayment','companies',2,'','$user->rights->tax->charges->creer','$conf->tax->enabled && empty($conf->global->TAX_DISABLE_VAT_MENUS) && $leftmenu==\"tax_vat\"',0,'2016-01-22 17:26:44'),(136983,'auguria',1,'','left','accountancy',136981,NULL,NULL,1,'/compta/tva/reglement.php?leftmenu=tax_vat','','Payments','companies',2,'','$user->rights->tax->charges->lire','$conf->tax->enabled && empty($conf->global->TAX_DISABLE_VAT_MENUS) && $leftmenu==\"tax_vat\"',0,'2016-01-22 17:26:44'),(136984,'auguria',1,'','left','accountancy',136981,NULL,NULL,2,'/compta/tva/clients.php?leftmenu=tax_vat','','ReportByCustomers','companies',2,'','$user->rights->tax->charges->lire','$conf->tax->enabled && empty($conf->global->TAX_DISABLE_VAT_MENUS) && $leftmenu==\"tax_vat\"',0,'2016-01-22 17:26:44'),(136985,'auguria',1,'','left','accountancy',136981,NULL,NULL,3,'/compta/tva/quadri_detail.php?leftmenu=tax_vat','','ReportByQuarter','companies',2,'','$user->rights->tax->charges->lire','$conf->tax->enabled && empty($conf->global->TAX_DISABLE_VAT_MENUS) && $leftmenu==\"tax_vat\"',0,'2016-01-22 17:26:44'),(137081,'auguria',1,'','left','accountancy',134687,NULL,NULL,8,'/accountancy/customer/index.php?leftmenu=ventil_customer','','CustomersVentilation','accountancy',0,'ventil_customer','$user->rights->accounting->ventilation->read','$conf->accounting->enabled',0,'2016-01-22 17:26:44'),(137082,'auguria',1,'','left','accountancy',137081,NULL,NULL,0,'/accountancy/customer/list.php','','ToDispatch','accountancy',1,'','$user->rights->accounting->ventilation->dispatch','$conf->accounting->enabled && $leftmenu==\"ventil_customer\"',0,'2016-01-22 17:26:44'),(137083,'auguria',1,'','left','accountancy',137081,NULL,NULL,1,'/accountancy/customer/lines.php','','Dispatched','accountancy',1,'','$user->rights->accounting->ventilation->read','$conf->accounting->enabled && $leftmenu==\"ventil_customer\"',0,'2016-01-22 17:26:44'),(137091,'auguria',1,'','left','accountancy',134687,NULL,NULL,9,'/accountancy/supplier/index.php?leftmenu=ventil_supplier','','SuppliersVentilation','accountancy',0,'ventil_supplier','$user->rights->accounting->ventilation->read','$conf->accounting->enabled && $conf->fournisseur->enabled',0,'2016-01-22 17:26:44'),(137092,'auguria',1,'','left','accountancy',137091,NULL,NULL,0,'/accountancy/supplier/list.php','','ToDispatch','accountancy',1,'','$user->rights->accounting->ventilation->dispatch','$conf->accounting->enabled && $conf->fournisseur->enabled && $leftmenu==\"ventil_supplier\"',0,'2016-01-22 17:26:44'),(137093,'auguria',1,'','left','accountancy',137091,NULL,NULL,1,'/accountancy/supplier/lines.php','','Dispatched','accountancy',1,'','$user->rights->accounting->ventilation->read','$conf->accounting->enabled && $conf->fournisseur->enabled && $leftmenu==\"ventil_supplier\"',0,'2016-01-22 17:26:44'),(137181,'auguria',1,'','left','accountancy',134695,NULL,NULL,9,'/compta/prelevement/index.php?leftmenu=withdraw&amp;mainmenu=bank','','StandingOrders','withdrawals',0,'withdraw','$user->rights->prelevement->bons->lire','$conf->prelevement->enabled',2,'2016-01-22 17:26:44'),(137183,'auguria',1,'','left','accountancy',137181,NULL,NULL,0,'/compta/prelevement/create.php?leftmenu=withdraw','','NewStandingOrder','withdrawals',1,'','$user->rights->prelevement->bons->lire','$conf->prelevement->enabled && $leftmenu==\"withdraw\"',2,'2016-01-22 17:26:44'),(137184,'auguria',1,'','left','accountancy',137181,NULL,NULL,2,'/compta/prelevement/bons.php?leftmenu=withdraw','','WithdrawalsReceipts','withdrawals',1,'','$user->rights->prelevement->bons->lire','$conf->prelevement->enabled && $leftmenu==\"withdraw\"',2,'2016-01-22 17:26:44'),(137185,'auguria',1,'','left','accountancy',137181,NULL,NULL,3,'/compta/prelevement/list.php?leftmenu=withdraw','','WithdrawalsLines','withdrawals',1,'','$user->rights->prelevement->bons->lire','$conf->prelevement->enabled && $leftmenu==\"withdraw\"',2,'2016-01-22 17:26:44'),(137187,'auguria',1,'','left','accountancy',137181,NULL,NULL,5,'/compta/prelevement/rejets.php?leftmenu=withdraw','','Rejects','withdrawals',1,'','$user->rights->prelevement->bons->lire','$conf->prelevement->enabled && $leftmenu==\"withdraw\"',2,'2016-01-22 17:26:44'),(137188,'auguria',1,'','left','accountancy',137181,NULL,NULL,6,'/compta/prelevement/stats.php?leftmenu=withdraw','','Statistics','withdrawals',1,'','$user->rights->prelevement->bons->lire','$conf->prelevement->enabled && $leftmenu==\"withdraw\"',2,'2016-01-22 17:26:44'),(137281,'auguria',1,'','left','accountancy',134695,NULL,NULL,1,'/compta/bank/index.php?leftmenu=bank&amp;mainmenu=bank','','MenuBankCash','banks',0,'bank','$user->rights->banque->lire','$conf->banque->enabled',0,'2016-01-22 17:26:44'),(137282,'auguria',1,'','left','accountancy',137281,NULL,NULL,0,'/compta/bank/card.php?action=create&amp;leftmenu=bank','','MenuNewFinancialAccount','banks',1,'','$user->rights->banque->configurer','$conf->banque->enabled && ($leftmenu==\"bank\" || $leftmenu==\"checks\" || $leftmenu==\"withdraw\")',0,'2016-01-22 17:26:44'),(137283,'auguria',1,'','left','accountancy',137281,NULL,NULL,1,'/compta/bank/categ.php?leftmenu=bank','','Rubriques','categories',1,'','$user->rights->banque->configurer','$conf->banque->enabled && ($leftmenu==\"bank\" || $leftmenu==\"checks\" || $leftmenu==\"withdraw\")',0,'2016-01-22 17:26:44'),(137284,'auguria',1,'','left','accountancy',137281,NULL,NULL,2,'/compta/bank/search.php?leftmenu=bank','','ListTransactions','banks',1,'','$user->rights->banque->lire','$conf->banque->enabled && ($leftmenu==\"bank\" || $leftmenu==\"checks\" || $leftmenu==\"withdraw\")',0,'2016-01-22 17:26:44'),(137285,'auguria',1,'','left','accountancy',137281,NULL,NULL,3,'/compta/bank/budget.php?leftmenu=bank','','ListTransactionsByCategory','banks',1,'','$user->rights->banque->lire','$conf->banque->enabled && ($leftmenu==\"bank\" || $leftmenu==\"checks\" || $leftmenu==\"withdraw\")',0,'2016-01-22 17:26:44'),(137287,'auguria',1,'','left','accountancy',137281,NULL,NULL,5,'/compta/bank/virement.php?leftmenu=bank','','BankTransfers','banks',1,'','$user->rights->banque->transfer','$conf->banque->enabled && ($leftmenu==\"bank\" || $leftmenu==\"checks\" || $leftmenu==\"withdraw\")',0,'2016-01-22 17:26:44'),(137381,'auguria',1,'','left','accountancy',134687,NULL,NULL,11,'/compta/resultat/index.php?leftmenu=ca&amp;mainmenu=accountancy','','Reportings','main',0,'ca','$user->rights->compta->resultat->lire || $user->rights->accounting->comptarapport->lire','$conf->comptabilite->enabled || $conf->accounting->enabled',0,'2016-01-22 17:26:44'),(137382,'auguria',1,'','left','accountancy',137381,NULL,NULL,0,'/compta/resultat/index.php?leftmenu=ca','','ReportInOut','main',1,'','$user->rights->compta->resultat->lire || $user->rights->accounting->comptarapport->lire','$conf->comptabilite->enabled || $conf->accounting->enabled && $leftmenu==\"ca\"',0,'2016-01-22 17:26:44'),(137383,'auguria',1,'','left','accountancy',137382,NULL,NULL,0,'/compta/resultat/clientfourn.php?leftmenu=ca','','ByCompanies','main',2,'','$user->rights->compta->resultat->lire || $user->rights->accounting->comptarapport->lire','$conf->comptabilite->enabled || $conf->accounting->enabled && $leftmenu==\"ca\"',0,'2016-01-22 17:26:44'),(137384,'auguria',1,'','left','accountancy',137381,NULL,NULL,1,'/compta/stats/index.php?leftmenu=ca','','ReportTurnover','main',1,'','$user->rights->compta->resultat->lire || $user->rights->accounting->comptarapport->lire','$conf->comptabilite->enabled || $conf->accounting->enabled && $leftmenu==\"ca\"',0,'2016-01-22 17:26:44'),(137385,'auguria',1,'','left','accountancy',137384,NULL,NULL,0,'/compta/stats/casoc.php?leftmenu=ca','','ByCompanies','main',2,'','$user->rights->compta->resultat->lire || $user->rights->accounting->comptarapport->lire','$conf->comptabilite->enabled || $conf->accounting->enabled && $leftmenu==\"ca\"',0,'2016-01-22 17:26:44'),(137386,'auguria',1,'','left','accountancy',137384,NULL,NULL,1,'/compta/stats/cabyuser.php?leftmenu=ca','','ByUsers','main',2,'','$user->rights->compta->resultat->lire || $user->rights->accounting->comptarapport->lire','$conf->comptabilite->enabled || $conf->accounting->enabled && $leftmenu==\"ca\"',0,'2016-01-22 17:26:44'),(137387,'auguria',1,'','left','accountancy',137381,NULL,NULL,1,'/compta/journal/sellsjournal.php?leftmenu=ca','','SellsJournal','main',1,'','$user->rights->compta->resultat->lire || $user->rights->accounting->comptarapport->lire','$conf->comptabilite->enabled && $leftmenu==\"ca\"',0,'2016-01-22 17:26:44'),(137388,'auguria',1,'','left','accountancy',137381,NULL,NULL,1,'/compta/journal/purchasesjournal.php?leftmenu=ca','','PurchasesJournal','main',1,'','$user->rights->compta->resultat->lire || $user->rights->accounting->comptarapport->lire','$conf->comptabilite->enabled && $leftmenu==\"ca\"',0,'2016-01-22 17:26:44'),(137389,'auguria',1,'','left','accountancy',137384,NULL,NULL,1,'/compta/stats/cabyprodserv.php?leftmenu=ca','','ByProductsAndServices','main',2,'','$user->rights->compta->resultat->lire || $user->rights->accounting->comptarapport->lire','$conf->comptabilite->enabled || $conf->accounting->enabled && $leftmenu==\"ca\"',0,'2016-01-22 17:26:44'),(137401,'auguria',1,'','left','accountancy',134687,NULL,NULL,12,'/accountancy/bookkeeping/list.php?leftmenu=bookkeeping','','Bookkeeping','accountancy',0,'bookkeeping','$user->rights->accounting->mouvements->lire','$conf->accounting->enabled',0,'2016-01-22 17:26:44'),(137402,'auguria',1,'','left','accountancy',137401,NULL,NULL,0,'/accountancy/bookkeeping/listbyyear.php','','ByYear','accountancy',1,'','$user->rights->accounting->mouvements->lire','$conf->accounting->enabled && $leftmenu==\"bookkeeping\"',0,'2016-01-22 17:26:44'),(137403,'auguria',1,'','left','accountancy',137401,NULL,NULL,1,'/accountancy/bookkeeping/balancebymonth.php','','AccountBalanceByMonth','accountancy',1,'','$user->rights->accounting->mouvements->lire','$conf->accounting->enabled && $leftmenu==\"bookkeeping\"',0,'2016-01-22 17:26:44'),(137431,'auguria',1,'','left','home',134687,NULL,NULL,20,'/accountancy/admin/fiscalyear.php?leftmenu=setup','','Fiscalyear','accountancy',1,'','$user->rights->accounting->fiscalyear','$conf->accounting->enabled',2,'2016-01-22 17:26:44'),(137432,'auguria',1,'','left','home',134687,NULL,NULL,21,'/accountancy/admin/account.php?mainmenu=accountancy','','Chartofaccounts','accountancy',1,'','$user->rights->accounting->chartofaccount','$conf->accounting->enabled',2,'2016-01-22 17:26:44'),(137481,'auguria',1,'','left','products',134684,NULL,NULL,0,'/product/index.php?leftmenu=product&amp;type=0','','Products','products',0,'product','$user->rights->produit->lire','$conf->product->enabled',2,'2016-01-22 17:26:44'),(137482,'auguria',1,'','left','products',137481,NULL,NULL,0,'/product/card.php?leftmenu=product&amp;action=create&amp;type=0','','NewProduct','products',1,'','$user->rights->produit->creer','$conf->product->enabled',2,'2016-01-22 17:26:44'),(137483,'auguria',1,'','left','products',137481,NULL,NULL,1,'/product/list.php?leftmenu=product&amp;type=0','','List','products',1,'','$user->rights->produit->lire','$conf->product->enabled',2,'2016-01-22 17:26:44'),(137484,'auguria',1,'','left','products',137481,NULL,NULL,4,'/product/reassort.php?type=0','','Stocks','products',1,'','$user->rights->produit->lire && $user->rights->stock->lire','$conf->product->enabled',2,'2016-01-22 17:26:44'),(137485,'auguria',1,'','left','products',137481,NULL,NULL,6,'/product/popuprop.php?leftmenu=stats&amp;type=0','','Statistics','main',1,'','$user->rights->produit->lire','$conf->propal->enabled',2,'2016-01-22 17:26:44'),(137486,'auguria',1,'','left','products',137481,NULL,NULL,5,'/product/reassortlot.php?type=0','','StocksByLotSerial','products',1,'','$user->rights->produit->lire && $user->rights->stock->lire','$conf->productbatch->enabled',2,'2016-01-22 17:26:44'),(137581,'auguria',1,'','left','products',134684,NULL,NULL,1,'/product/index.php?leftmenu=service&amp;type=1','','Services','products',0,'service','$user->rights->service->lire','$conf->service->enabled',2,'2016-01-22 17:26:44'),(137582,'auguria',1,'','left','products',137581,NULL,NULL,0,'/product/card.php?leftmenu=service&amp;action=create&amp;type=1','','NewService','products',1,'','$user->rights->service->creer','$conf->service->enabled',2,'2016-01-22 17:26:44'),(137583,'auguria',1,'','left','products',137581,NULL,NULL,1,'/product/list.php?leftmenu=service&amp;type=1','','List','products',1,'','$user->rights->service->lire','$conf->service->enabled',2,'2016-01-22 17:26:44'),(137584,'auguria',1,'','left','products',137581,NULL,NULL,5,'/product/popuprop.php?leftmenu=stats&amp;type=1','','Statistics','main',1,'','$user->rights->service->lire','$conf->propal->enabled',2,'2016-01-22 17:26:44'),(137781,'auguria',1,'','left','products',134684,NULL,NULL,3,'/product/stock/index.php?leftmenu=stock','','Stock','stocks',0,'stock','$user->rights->stock->lire','$conf->stock->enabled',2,'2016-01-22 17:26:44'),(137782,'auguria',1,'','left','products',137781,NULL,NULL,0,'/product/stock/card.php?action=create','','MenuNewWarehouse','stocks',1,'','$user->rights->stock->creer','$conf->stock->enabled',2,'2016-01-22 17:26:44'),(137783,'auguria',1,'','left','products',137781,NULL,NULL,1,'/product/stock/list.php','','List','stocks',1,'','$user->rights->stock->lire','$conf->stock->enabled',2,'2016-01-22 17:26:44'),(137785,'auguria',1,'','left','products',137781,NULL,NULL,3,'/product/stock/mouvement.php','','Movements','stocks',1,'','$user->rights->stock->mouvement->lire','$conf->stock->enabled',2,'2016-01-22 17:26:44'),(137786,'auguria',1,'','left','products',137781,NULL,NULL,4,'/product/stock/replenish.php','','Replenishments','stocks',1,'','$user->rights->stock->mouvement->creer && $user->rights->fournisseur->lire','$conf->stock->enabled && $conf->fournisseur->enabled',2,'2016-01-22 17:26:44'),(137787,'auguria',1,'','left','products',137781,NULL,NULL,5,'/product/stock/massstockmove.php','','StockTransfer','stocks',1,'','$user->rights->stock->mouvement->creer','$conf->stock->enabled',2,'2016-01-22 17:26:44'),(137881,'auguria',1,'','left','products',134684,NULL,NULL,4,'/categories/index.php?leftmenu=cat&amp;type=0','','Categories','categories',0,'cat','$user->rights->categorie->lire','$conf->categorie->enabled',2,'2016-01-22 17:26:44'),(137882,'auguria',1,'','left','products',137881,NULL,NULL,0,'/categories/card.php?action=create&amp;type=0','','NewCategory','categories',1,'','$user->rights->categorie->creer','$conf->categorie->enabled',2,'2016-01-22 17:26:44'),(138281,'auguria',1,'','left','project',134688,NULL,NULL,0,'/projet/index.php?leftmenu=projects','','Projects','projects',0,'projects','$user->rights->projet->lire','$conf->projet->enabled',2,'2016-01-22 17:26:44'),(138282,'auguria',1,'','left','project',138281,NULL,NULL,1,'/projet/card.php?leftmenu=projects&amp;action=create','','NewProject','projects',1,'','$user->rights->projet->creer','$conf->projet->enabled',2,'2016-01-22 17:26:44'),(138283,'auguria',1,'','left','project',138281,NULL,NULL,2,'/projet/list.php?leftmenu=projects','','List','projects',1,'','$user->rights->projet->lire','$conf->projet->enabled',2,'2016-01-22 17:26:44'),(138291,'auguria',1,'','left','project',134688,NULL,NULL,0,'/projet/index.php?leftmenu=projects&amp;mode=mine','','MyProjects','projects',0,'myprojects','$user->rights->projet->lire','$conf->projet->enabled',2,'2016-01-22 17:26:44'),(138292,'auguria',1,'','left','project',138291,NULL,NULL,1,'/projet/card.php?leftmenu=projects&amp;action=create&amp;mode=mine','','NewProject','projects',1,'','$user->rights->projet->creer','$conf->projet->enabled',2,'2016-01-22 17:26:44'),(138293,'auguria',1,'','left','project',138291,NULL,NULL,2,'/projet/list.php?leftmenu=projects&amp;mode=mine','','List','projects',1,'','$user->rights->projet->lire','$conf->projet->enabled',2,'2016-01-22 17:26:44'),(138381,'auguria',1,'','left','project',134688,NULL,NULL,0,'/projet/activity/index.php?leftmenu=projects','','Activities','projects',0,'','$user->rights->projet->lire','$conf->projet->enabled',2,'2016-01-22 17:26:44'),(138382,'auguria',1,'','left','project',138381,NULL,NULL,1,'/projet/tasks.php?leftmenu=projects&amp;action=create','','NewTask','projects',1,'','$user->rights->projet->creer','$conf->projet->enabled',2,'2016-01-22 17:26:44'),(138383,'auguria',1,'','left','project',138381,NULL,NULL,2,'/projet/tasks/index.php?leftmenu=projects','','List','projects',1,'','$user->rights->projet->lire','$conf->projet->enabled',2,'2016-01-22 17:26:44'),(138384,'auguria',1,'','left','project',138381,NULL,NULL,3,'/projet/activity/perweek.php?leftmenu=projects','','NewTimeSpent','projects',1,'','$user->rights->projet->lire','$conf->projet->enabled',2,'2016-01-22 17:26:44'),(138481,'auguria',1,'','left','project',134688,NULL,NULL,0,'/projet/activity/index.php?leftmenu=projects&amp;mode=mine','','MyActivities','projects',0,'','$user->rights->projet->lire','$conf->projet->enabled',2,'2016-01-22 17:26:44'),(138482,'auguria',1,'','left','project',138481,NULL,NULL,1,'/projet/tasks.php?leftmenu=projects&amp;action=create&amp;mode=mine','','NewTask','projects',1,'','$user->rights->projet->creer','$conf->projet->enabled',2,'2016-01-22 17:26:44'),(138483,'auguria',1,'','left','project',138481,NULL,NULL,2,'/projet/tasks/index.php?leftmenu=projects&amp;mode=mine','','List','projects',1,'','$user->rights->projet->lire','$conf->projet->enabled',2,'2016-01-22 17:26:44'),(138484,'auguria',1,'','left','project',138481,NULL,NULL,3,'/projet/activity/perweek.php?leftmenu=projects&amp;mode=mine','','NewTimeSpent','projects',1,'','$user->rights->projet->lire','$conf->projet->enabled',2,'2016-01-22 17:26:44'),(138581,'auguria',1,'','left','tools',134689,NULL,NULL,0,'/comm/mailing/index.php?leftmenu=mailing','','EMailings','mails',0,'mailing','$user->rights->mailing->lire','$conf->mailing->enabled',0,'2016-01-22 17:26:44'),(138582,'auguria',1,'','left','tools',138581,NULL,NULL,0,'/comm/mailing/card.php?leftmenu=mailing&amp;action=create','','NewMailing','mails',1,'','$user->rights->mailing->creer','$conf->mailing->enabled',0,'2016-01-22 17:26:44'),(138583,'auguria',1,'','left','tools',138581,NULL,NULL,1,'/comm/mailing/list.php?leftmenu=mailing','','List','mails',1,'','$user->rights->mailing->lire','$conf->mailing->enabled',0,'2016-01-22 17:26:44'),(138781,'auguria',1,'','left','tools',134689,NULL,NULL,2,'/exports/index.php?leftmenu=export','','FormatedExport','exports',0,'export','$user->rights->export->lire','$conf->export->enabled',2,'2016-01-22 17:26:44'),(138782,'auguria',1,'','left','tools',138781,NULL,NULL,0,'/exports/export.php?leftmenu=export','','NewExport','exports',1,'','$user->rights->export->creer','$conf->export->enabled',2,'2016-01-22 17:26:44'),(138811,'auguria',1,'','left','tools',134689,NULL,NULL,2,'/imports/index.php?leftmenu=import','','FormatedImport','exports',0,'import','$user->rights->import->run','$conf->import->enabled',2,'2016-01-22 17:26:44'),(138812,'auguria',1,'','left','tools',138811,NULL,NULL,0,'/imports/import.php?leftmenu=import','','NewImport','exports',1,'','$user->rights->import->run','$conf->import->enabled',2,'2016-01-22 17:26:44'),(138881,'auguria',1,'','left','members',134694,NULL,NULL,0,'/adherents/index.php?leftmenu=members&amp;mainmenu=members','','Members','members',0,'members','$user->rights->adherent->lire','$conf->adherent->enabled',2,'2016-01-22 17:26:44'),(138882,'auguria',1,'','left','members',138881,NULL,NULL,0,'/adherents/card.php?leftmenu=members&amp;action=create','','NewMember','members',1,'','$user->rights->adherent->creer','$conf->adherent->enabled',2,'2016-01-22 17:26:44'),(138883,'auguria',1,'','left','members',138881,NULL,NULL,1,'/adherents/list.php','','List','members',1,'','$user->rights->adherent->lire','$conf->adherent->enabled',2,'2016-01-22 17:26:44'),(138884,'auguria',1,'','left','members',138883,NULL,NULL,2,'/adherents/list.php?leftmenu=members&amp;statut=-1','','MenuMembersToValidate','members',2,'','$user->rights->adherent->lire','$conf->adherent->enabled',2,'2016-01-22 17:26:44'),(138885,'auguria',1,'','left','members',138883,NULL,NULL,3,'/adherents/list.php?leftmenu=members&amp;statut=1','','MenuMembersValidated','members',2,'','$user->rights->adherent->lire','$conf->adherent->enabled',2,'2016-01-22 17:26:44'),(138886,'auguria',1,'','left','members',138883,NULL,NULL,4,'/adherents/list.php?leftmenu=members&amp;statut=1&amp;filter=outofdate','','MenuMembersNotUpToDate','members',2,'','$user->rights->adherent->lire','$conf->adherent->enabled',2,'2016-01-22 17:26:44'),(138887,'auguria',1,'','left','members',138883,NULL,NULL,5,'/adherents/list.php?leftmenu=members&amp;statut=1&amp;filter=uptodate','','MenuMembersUpToDate','members',2,'','$user->rights->adherent->lire','$conf->adherent->enabled',2,'2016-01-22 17:26:44'),(138888,'auguria',1,'','left','members',138883,NULL,NULL,6,'/adherents/list.php?leftmenu=members&amp;statut=0','','MenuMembersResiliated','members',2,'','$user->rights->adherent->lire','$conf->adherent->enabled',2,'2016-01-22 17:26:44'),(138889,'auguria',1,'','left','members',138881,NULL,NULL,7,'/adherents/stats/geo.php?leftmenu=members&amp;mode=memberbycountry','','MenuMembersStats','members',1,'','$user->rights->adherent->lire','$conf->adherent->enabled',2,'2016-01-22 17:26:44'),(138981,'auguria',1,'','left','members',134694,NULL,NULL,1,'/adherents/index.php?leftmenu=members&amp;mainmenu=members','','Subscriptions','compta',0,'','$user->rights->adherent->cotisation->lire','$conf->adherent->enabled',2,'2016-01-22 17:26:44'),(138982,'auguria',1,'','left','members',138981,NULL,NULL,0,'/adherents/list.php?statut=-1&amp;leftmenu=accountancy&amp;mainmenu=members','','NewSubscription','compta',1,'','$user->rights->adherent->cotisation->creer','$conf->adherent->enabled',2,'2016-01-22 17:26:44'),(138983,'auguria',1,'','left','members',138981,NULL,NULL,1,'/adherents/cotisations.php?leftmenu=members','','List','compta',1,'','$user->rights->adherent->cotisation->lire','$conf->adherent->enabled',2,'2016-01-22 17:26:44'),(138984,'auguria',1,'','left','members',138981,NULL,NULL,7,'/adherents/stats/index.php?leftmenu=members','','MenuMembersStats','members',1,'','$user->rights->adherent->lire','$conf->adherent->enabled',2,'2016-01-22 17:26:44'),(139181,'auguria',1,'','left','members',134694,NULL,NULL,3,'/adherents/index.php?leftmenu=export&amp;mainmenu=members','','Exports','members',0,'export','$user->rights->adherent->export','$conf->adherent->enabled',2,'2016-01-22 17:26:44'),(139182,'auguria',1,'','left','members',139181,NULL,NULL,0,'/exports/index.php?leftmenu=export','','Datas','members',1,'','$user->rights->adherent->export','$conf->adherent->enabled && $conf->export->enabled',2,'2016-01-22 17:26:44'),(139183,'auguria',1,'','left','members',139181,NULL,NULL,1,'/adherents/htpasswd.php?leftmenu=export','','Filehtpasswd','members',1,'','$user->rights->adherent->export','$conf->adherent->enabled',2,'2016-01-22 17:26:44'),(139184,'auguria',1,'','left','members',139181,NULL,NULL,2,'/adherents/cartes/carte.php?leftmenu=export','','MembersCards','members',1,'','$user->rights->adherent->export','$conf->adherent->enabled',2,'2016-01-22 17:26:44'),(139381,'auguria',1,'','left','members',134694,NULL,NULL,5,'/adherents/type.php?leftmenu=setup&amp;mainmenu=members','','MembersTypes','members',0,'setup','$user->rights->adherent->configurer','$conf->adherent->enabled',2,'2016-01-22 17:26:44'),(139382,'auguria',1,'','left','members',139381,NULL,NULL,0,'/adherents/type.php?leftmenu=setup&amp;mainmenu=members&amp;action=create','','New','members',1,'','$user->rights->adherent->configurer','$conf->adherent->enabled',2,'2016-01-22 17:26:44'),(139383,'auguria',1,'','left','members',139381,NULL,NULL,1,'/adherents/type.php?leftmenu=setup&amp;mainmenu=members','','List','members',1,'','$user->rights->adherent->configurer','$conf->adherent->enabled',2,'2016-01-22 17:26:44'),(139681,'auguria',1,'','left','hrm',134696,NULL,NULL,1,'/holiday/list.php?&leftmenu=hrm','','CPTitreMenu','holiday',0,'hrm','$user->rights->holiday->read','$conf->holiday->enabled',0,'2016-01-22 17:26:44'),(139682,'auguria',1,'','left','hrm',139681,NULL,NULL,1,'/holiday/card.php?&action=request','','MenuAddCP','holiday',1,'','$user->rights->holiday->write','$conf->holiday->enabled',0,'2016-01-22 17:26:44'),(139683,'auguria',1,'','left','hrm',139681,NULL,NULL,1,'/holiday/list.php?&leftmenu=hrm','','List','holiday',1,'','$user->rights->holiday->read','$conf->holiday->enabled',0,'2016-01-22 17:26:44'),(139684,'auguria',1,'','left','hrm',139683,NULL,NULL,1,'/holiday/list.php?select_statut=2&leftmenu=hrm','','ListToApprove','trips',2,'','$user->rights->holiday->read','$conf->holiday->enabled',0,'2016-01-22 17:26:44'),(139685,'auguria',1,'','left','hrm',139681,NULL,NULL,2,'/holiday/define_holiday.php?&action=request','','MenuConfCP','holiday',1,'','$user->rights->holiday->define_holiday','$conf->holiday->enabled',0,'2016-01-22 17:26:44'),(139686,'auguria',1,'','left','hrm',139681,NULL,NULL,3,'/holiday/view_log.php?&action=request','','MenuLogCP','holiday',1,'','$user->rights->holiday->define_holiday','$conf->holiday->enabled',0,'2016-01-22 17:26:44'),(139687,'auguria',1,'','left','hrm',139681,NULL,NULL,4,'/holiday/month_report.php?&action=request','','MenuReportMonth','holiday',1,'','$user->rights->holiday->define_holiday','$conf->holiday->enabled',0,'2016-01-22 17:26:44'),(139781,'auguria',1,'','left','commercial',134686,NULL,NULL,6,'/fourn/commande/index.php?leftmenu=orders_suppliers','','SuppliersOrders','orders',0,'orders_suppliers','$user->rights->fournisseur->commande->lire','$conf->fournisseur->enabled',2,'2016-01-22 17:26:44'),(139782,'auguria',1,'','left','commercial',139781,NULL,NULL,0,'/fourn/commande/card.php?action=create&amp;leftmenu=orders_suppliers','','NewOrder','orders',1,'','$user->rights->fournisseur->commande->creer','$conf->fournisseur->enabled',2,'2016-01-22 17:26:44'),(139783,'auguria',1,'','left','commercial',139781,NULL,NULL,1,'/fourn/commande/list.php?leftmenu=orders_suppliers&amp;viewstatut=0','','List','orders',1,'','$user->rights->fournisseur->commande->lire','$conf->fournisseur->enabled',2,'2016-01-22 17:26:44'),(139789,'auguria',1,'','left','commercial',139781,NULL,NULL,7,'/commande/stats/index.php?leftmenu=orders_suppliers&amp;mode=supplier','','Statistics','orders',1,'','$user->rights->fournisseur->commande->lire','$conf->fournisseur->enabled',2,'2016-01-22 17:26:44'),(139881,'auguria',1,'','left','members',134694,NULL,NULL,3,'/categories/index.php?leftmenu=cat&amp;type=3','','MembersCategoriesShort','categories',0,'cat','$user->rights->categorie->lire','$conf->adherent->enabled && $conf->categorie->enabled',2,'2016-01-22 17:26:44'),(139882,'auguria',1,'','left','members',139881,NULL,NULL,0,'/categories/card.php?action=create&amp;type=3','','NewCategory','categories',1,'','$user->rights->categorie->creer','$conf->adherent->enabled && $conf->categorie->enabled',2,'2016-01-22 17:26:44');

--
-- Table structure for table `llx_milestone`
--

CREATE TABLE `llx_milestone` (
  `rowid` int(11) NOT NULL AUTO_INCREMENT,
  `fk_element` int(11) NOT NULL,
  `elementtype` varchar(16) NOT NULL,
  `label` varchar(255) NOT NULL,
  `options` varchar(255) DEFAULT NULL,
  `priority` int(11) DEFAULT '0',
  `tms` timestamp NOT NULL DEFAULT CURRENT_TIMESTAMP ON UPDATE CURRENT_TIMESTAMP,
  `fk_user_modif` int(11) DEFAULT NULL,
  PRIMARY KEY (`rowid`),
  UNIQUE KEY `uk_milestone_fk_element` (`fk_element`,`elementtype`),
  KEY `idx_milestone_fk_user_modif` (`fk_user_modif`),
  CONSTRAINT `fk_milestone_fk_user_modif` FOREIGN KEY (`fk_user_modif`) REFERENCES `llx_user` (`rowid`)
) ENGINE=InnoDB AUTO_INCREMENT=5 DEFAULT CHARSET=utf8;

--
-- Dumping data for table `llx_milestone`
--

INSERT INTO `llx_milestone` VALUES (2,779,'facture','azerty',NULL,0,'2013-03-09 12:19:30',NULL),(3,780,'facture','fsdf',NULL,0,'2013-03-09 13:01:08',NULL),(4,781,'facture','hhh',NULL,0,'2013-03-09 14:06:37',NULL);

--
-- Table structure for table `llx_notify`
--

CREATE TABLE `llx_notify` (
  `rowid` int(11) NOT NULL AUTO_INCREMENT,
  `tms` timestamp NOT NULL DEFAULT CURRENT_TIMESTAMP ON UPDATE CURRENT_TIMESTAMP,
  `daten` datetime DEFAULT NULL,
  `fk_action` int(11) NOT NULL,
  `fk_soc` int(11) DEFAULT NULL,
  `fk_contact` int(11) DEFAULT NULL,
  `fk_user` int(11) DEFAULT NULL,
  `objet_type` varchar(24) NOT NULL,
  `objet_id` int(11) NOT NULL,
  `email` varchar(255) DEFAULT NULL,
  `type` varchar(16) DEFAULT 'email',
  PRIMARY KEY (`rowid`)
) ENGINE=InnoDB DEFAULT CHARSET=utf8;

--
-- Dumping data for table `llx_notify`
--


--
-- Table structure for table `llx_notify_def`
--

CREATE TABLE `llx_notify_def` (
  `rowid` int(11) NOT NULL AUTO_INCREMENT,
  `tms` timestamp NOT NULL DEFAULT CURRENT_TIMESTAMP ON UPDATE CURRENT_TIMESTAMP,
  `datec` date DEFAULT NULL,
  `fk_action` int(11) NOT NULL,
  `fk_soc` int(11) NOT NULL,
  `fk_contact` int(11) DEFAULT NULL,
  `fk_user` int(11) DEFAULT NULL,
  `type` varchar(16) DEFAULT 'email',
  PRIMARY KEY (`rowid`)
) ENGINE=InnoDB DEFAULT CHARSET=utf8;

--
-- Dumping data for table `llx_notify_def`
--


--
-- Table structure for table `llx_opensurvey_comments`
--

CREATE TABLE `llx_opensurvey_comments` (
  `id_comment` int(10) unsigned NOT NULL AUTO_INCREMENT,
  `id_sondage` char(16) NOT NULL,
  `comment` text NOT NULL,
  `usercomment` text,
  PRIMARY KEY (`id_comment`),
  KEY `idx_id_comment` (`id_comment`),
  KEY `idx_id_sondage` (`id_sondage`)
) ENGINE=InnoDB AUTO_INCREMENT=32 DEFAULT CHARSET=utf8;

--
-- Dumping data for table `llx_opensurvey_comments`
--

INSERT INTO `llx_opensurvey_comments` VALUES (2,'434dio8rxfljs3p1','aaa','aaa'),(5,'434dio8rxfljs3p1','aaa','aaa'),(6,'434dio8rxfljs3p1','gfh','jj'),(11,'434dio8rxfljs3p1','fsdf','fdsf'),(12,'3imby4hf7joiilsu','fsdf','aa'),(16,'3imby4hf7joiilsu','gdfg','gfdg'),(17,'3imby4hf7joiilsu','gfdgd','gdfgd'),(18,'om4e7azfiurnjtqe','fds','fdsf'),(26,'qgsfrgb922rqzocy','gfdg','gfdg'),(27,'qgsfrgb922rqzocy','gfdg','gfd'),(28,'m4467s2mtk6khmxc','hgf','hgfh'),(29,'m4467s2mtk6khmxc','fgh','hgf'),(30,'ckanvbe7kt3rdb3h','hfgh','fdfds'),(31,'m4467s2mtk6khmxc','hgfh','hgf');

--
-- Table structure for table `llx_opensurvey_sondage`
--

CREATE TABLE `llx_opensurvey_sondage` (
  `id_sondage` varchar(16) NOT NULL,
  `id_sondage_admin` char(24) DEFAULT NULL,
  `commentaires` text,
  `mail_admin` varchar(128) DEFAULT NULL,
  `nom_admin` varchar(64) DEFAULT NULL,
  `fk_user_creat` int(11) NOT NULL,
  `titre` text NOT NULL,
  `date_fin` datetime NOT NULL,
  `format` varchar(2) NOT NULL,
  `mailsonde` tinyint(4) NOT NULL DEFAULT '0',
  `survey_link_visible` int(11) DEFAULT '1',
  `origin` varchar(64) DEFAULT NULL,
  `tms` timestamp NOT NULL DEFAULT CURRENT_TIMESTAMP ON UPDATE CURRENT_TIMESTAMP,
  `entity` int(11) NOT NULL DEFAULT '1',
  `allow_comments` tinyint(4) NOT NULL DEFAULT '1',
  `allow_spy` tinyint(4) NOT NULL DEFAULT '1',
  `sujet` text,
  PRIMARY KEY (`id_sondage`),
  KEY `idx_id_sondage_admin` (`id_sondage_admin`),
  KEY `idx_date_fin` (`date_fin`)
) ENGINE=InnoDB DEFAULT CHARSET=utf8;

--
-- Dumping data for table `llx_opensurvey_sondage`
--

INSERT INTO `llx_opensurvey_sondage` VALUES ('m4467s2mtk6khmxc','m4467s2mtk6khmxci2ysw682','fdffdshfghfj jhgjgh','aaa@aaa.com','fdfds',0,'fdffds','2013-03-07 00:00:00','D',1,1,'dolibarr','2015-11-04 15:23:21',1,1,1,NULL);

--
-- Table structure for table `llx_opensurvey_sujet_studs`
--

CREATE TABLE `llx_opensurvey_sujet_studs` (
  `id_sondage` char(16) NOT NULL,
  `sujet` text
) ENGINE=InnoDB DEFAULT CHARSET=utf8;

--
-- Dumping data for table `llx_opensurvey_sujet_studs`
--

INSERT INTO `llx_opensurvey_sujet_studs` VALUES ('434dio8rxfljs3p1','1362697200,1363734000'),('3eyn2drokozf3j4s','1362438000@10h,1363129200@10h'),('z2qcqjh5pm1q4p99','r&eacute;solution 1,r&eacute;solution 2,aaa,fdsfsdfsd@checkbox'),('xfwtrseu3ok1c4m6','gdfgfd@yesno,gfdgd@pourcontre,llll@pourcontre'),('om4e7azfiurnjtqe','g dfgdfdfg dfg dg dfg g fdg dfgd fg fg d@pourcontre,mmlml@checkbox'),('fubmr7n293akha5j','check@checkbox,yesno@yesno,pc@pourcontre'),('icaanayi59qto4fl','check@checkbox,yesno@yesno,pc@pourcontre'),('ipbkufzz4lr2vbpx','pc@pourcontre,fdsffd@checkbox'),('3imby4hf7joiilsu','fsdf@yesno,fsdfsd@checkbox,fsdf@pourcontre'),('q41jpgfd4ii3g9vx','fdfsd@pourcontre,fdsfs@pourcontre,fdsfsdf@checkbox'),('xm6hysvkspo7gbx6','fdfsd@pourcontre,fdsfs@pourcontre,fdsfsdf@checkbox'),('99sbps3ba3s8pq7b','fdfsd@pourcontre,fdsfs@pourcontre,fdsfsdf@checkbox'),('6wstlvu2z9kxqweh','fdfsd@pourcontre,fdsfs@pourcontre,fdsfsdf@checkbox'),('783p7f377offci4v','fdfsd@pourcontre,fdsfs@pourcontre,fdsfsdf@checkbox'),('u4umbl5yb6lpydci','fdfsd@pourcontre,fdsfs@pourcontre,fdsfsdf@checkbox'),('dn2euwlf2d4wyy6m','fdfsd@pourcontre,fdsfs@pourcontre,fdsfsdf@checkbox'),('t896ed7af3ujdprx','fdfsd@pourcontre,fdsfs@pourcontre,fdsfsdf@checkbox'),('q5c4kucbbkuxjz8g','fdsfsd@pourcontre,fdsfs@pourcontre,fdsfsd@pourcontre'),('8mcdnf2hgcntfibe','fdsfsd@pourcontre,fdsfs@pourcontre,fdsfsd@pourcontre'),('7shynoad2x4zl8sw','fdsfsd@pourcontre,fdsfs@pourcontre,fdsfsd@pourcontre'),('x82rfs19p8fa21et','fdsfsd@pourcontre,fdsfs@pourcontre,fdsfsd@pourcontre'),('qgsfrgb922rqzocy','1364338800@20H-21H,1364338800@21H-22H,1364425200@20H-21H,1364425200@21H-22H,1364511600@20H-21H,1364511600@21H-22H'),('ah9xvaqu1ajjrqse','1391295600@2h-5h,1391295600@2h-5h,1364338800@20H-21H,1364338800@21H-22H,1364425200@20H-21H,1391295600@2h-5h'),('ckanvbe7kt3rdb3h','1363734000,1363820400'),('6v9xq6f9lemjiuba','1363734000,1363820400,1363906800,1363993200'),('m4467s2mtk6khmxc','1398981600,1357081200,1363734000,1363820400,1363993200,1398981600');

--
-- Table structure for table `llx_opensurvey_user_studs`
--

CREATE TABLE `llx_opensurvey_user_studs` (
  `id_users` int(11) NOT NULL AUTO_INCREMENT,
  `nom` varchar(64) NOT NULL,
  `id_sondage` varchar(16) NOT NULL,
  `reponses` varchar(100) NOT NULL,
  PRIMARY KEY (`id_users`),
  KEY `idx_id_users` (`id_users`),
  KEY `idx_nom` (`nom`),
  KEY `idx_id_sondage` (`id_sondage`),
  KEY `idx_opensurvey_user_studs_id_users` (`id_users`),
  KEY `idx_opensurvey_user_studs_nom` (`nom`),
  KEY `idx_opensurvey_user_studs_id_sondage` (`id_sondage`)
) ENGINE=InnoDB AUTO_INCREMENT=25 DEFAULT CHARSET=utf8;

--
-- Dumping data for table `llx_opensurvey_user_studs`
--

INSERT INTO `llx_opensurvey_user_studs` VALUES (1,'gfdgdf','om4e7azfiurnjtqe','01'),(2,'aa','3imby4hf7joiilsu','210'),(3,'fsdf','z2qcqjh5pm1q4p99','0110'),(5,'hfghf','z2qcqjh5pm1q4p99','1110'),(6,'qqqq','ah9xvaqu1ajjrqse','000111'),(7,'hjgh','ah9xvaqu1ajjrqse','000010'),(8,'bcvb','qgsfrgb922rqzocy','011000'),(9,'gdfg','ah9xvaqu1ajjrqse','001000'),(10,'ggg','ah9xvaqu1ajjrqse','000100'),(11,'gfdgd','ah9xvaqu1ajjrqse','001000'),(12,'hhhh','ah9xvaqu1ajjrqse','010000'),(13,'iii','ah9xvaqu1ajjrqse','000100'),(14,'kkk','ah9xvaqu1ajjrqse','001000'),(15,'lllll','ah9xvaqu1ajjrqse','000001'),(16,'kk','ah9xvaqu1ajjrqse','000001'),(17,'gggg','ah9xvaqu1ajjrqse','001000'),(18,'mmmm','ah9xvaqu1ajjrqse','000000'),(19,'jkjkj','ah9xvaqu1ajjrqse','000001'),(20,'azerty','8mcdnf2hgcntfibe','012'),(21,'hfghfg','8mcdnf2hgcntfibe','012'),(22,'fd','ckanvbe7kt3rdb3h','10'),(23,'gfdgdf','m4467s2mtk6khmxc','00011'),(24,'hgfh','m4467s2mtk6khmxc','000111');

--
-- Table structure for table `llx_paiement`
--

CREATE TABLE `llx_paiement` (
  `rowid` int(11) NOT NULL AUTO_INCREMENT,
  `entity` int(11) NOT NULL DEFAULT '1',
  `datec` datetime DEFAULT NULL,
  `tms` timestamp NOT NULL DEFAULT CURRENT_TIMESTAMP ON UPDATE CURRENT_TIMESTAMP,
  `datep` datetime DEFAULT NULL,
  `amount` double(24,8) DEFAULT NULL,
  `fk_paiement` int(11) NOT NULL,
  `num_paiement` varchar(50) DEFAULT NULL,
  `note` text,
  `fk_bank` int(11) NOT NULL DEFAULT '0',
  `fk_user_creat` int(11) DEFAULT NULL,
  `fk_user_modif` int(11) DEFAULT NULL,
  `statut` smallint(6) NOT NULL DEFAULT '0',
  `fk_export_compta` int(11) NOT NULL DEFAULT '0',
  PRIMARY KEY (`rowid`)
) ENGINE=InnoDB AUTO_INCREMENT=34 DEFAULT CHARSET=utf8;

--
-- Dumping data for table `llx_paiement`
--

INSERT INTO `llx_paiement` VALUES (2,1,'2011-07-18 20:50:24','2011-07-18 18:50:24','2011-07-08 12:00:00',20.00000000,6,'','',5,1,NULL,0,0),(3,1,'2011-07-18 20:50:47','2011-07-18 18:50:47','2011-07-08 12:00:00',10.00000000,4,'','',6,1,NULL,0,0),(5,1,'2011-08-01 03:34:11','2011-08-01 01:34:11','2011-08-01 03:34:11',5.63000000,6,'','Payment Invoice FA1108-0003',8,1,NULL,0,0),(6,1,'2011-08-06 20:33:54','2011-08-06 18:33:54','2011-08-06 20:33:53',5.98000000,4,'','Payment Invoice FA1108-0004',13,1,NULL,0,0),(8,1,'2011-08-08 02:53:40','2011-08-08 00:53:40','2011-08-08 12:00:00',26.10000000,4,'','',14,1,NULL,0,0),(9,1,'2011-08-08 02:55:58','2011-08-08 00:55:58','2011-08-08 12:00:00',26.96000000,1,'','',15,1,NULL,0,0),(17,1,'2012-12-09 15:28:44','2012-12-09 14:28:44','2012-12-09 12:00:00',2.00000000,4,'','',16,1,NULL,0,0),(18,1,'2012-12-09 15:28:53','2012-12-09 14:28:53','2012-12-09 12:00:00',-2.00000000,4,'','',17,1,NULL,0,0),(19,1,'2012-12-09 17:35:55','2012-12-09 16:35:55','2012-12-09 12:00:00',-2.00000000,4,'','',18,1,NULL,0,0),(20,1,'2012-12-09 17:37:02','2012-12-09 16:37:02','2012-12-09 12:00:00',2.00000000,4,'','',19,1,NULL,0,0),(21,1,'2012-12-09 18:35:07','2012-12-09 17:35:07','2012-12-09 12:00:00',-2.00000000,4,'','',20,1,NULL,0,0),(23,1,'2012-12-12 18:54:33','2012-12-12 17:54:33','2012-12-12 12:00:00',1.00000000,1,'','',21,1,NULL,0,0),(24,1,'2013-03-06 16:48:16','2013-03-06 15:48:16','2013-03-06 00:00:00',20.00000000,4,'','Adhésion/cotisation 2016',22,1,NULL,0,0),(25,1,'2013-03-20 14:30:11','2013-03-20 13:30:11','2013-03-20 00:00:00',10.00000000,2,'','Adhésion/cotisation 2011',23,1,NULL,0,0),(26,1,'2014-03-02 19:57:58','2014-03-02 18:57:58','2013-07-09 12:00:00',605.00000000,2,'','',24,1,NULL,0,0),(29,1,'2014-03-02 20:01:39','2014-03-02 19:01:39','2013-03-19 12:00:00',500.00000000,4,'','',26,1,NULL,0,0),(30,1,'2014-03-02 20:02:06','2014-03-02 19:02:06','2013-03-21 12:00:00',400.00000000,2,'','',27,1,NULL,0,0),(32,1,'2014-03-03 19:22:32','2014-03-03 18:22:32','2013-10-03 12:00:00',-400.00000000,4,'','',28,1,NULL,0,0),(33,1,'2014-03-03 19:23:16','2014-03-03 18:23:16','2013-03-10 12:00:00',-300.00000000,4,'','',29,1,NULL,0,0);

--
-- Table structure for table `llx_paiement_facture`
--

CREATE TABLE `llx_paiement_facture` (
  `rowid` int(11) NOT NULL AUTO_INCREMENT,
  `fk_paiement` int(11) DEFAULT NULL,
  `fk_facture` int(11) DEFAULT NULL,
  `amount` double(24,8) DEFAULT NULL,
  PRIMARY KEY (`rowid`),
  UNIQUE KEY `uk_paiement_facture` (`fk_paiement`,`fk_facture`),
  KEY `idx_paiement_facture_fk_facture` (`fk_facture`),
  KEY `idx_paiement_facture_fk_paiement` (`fk_paiement`),
  CONSTRAINT `fk_paiement_facture_fk_facture` FOREIGN KEY (`fk_facture`) REFERENCES `llx_facture` (`rowid`),
  CONSTRAINT `fk_paiement_facture_fk_paiement` FOREIGN KEY (`fk_paiement`) REFERENCES `llx_paiement` (`rowid`)
) ENGINE=InnoDB AUTO_INCREMENT=38 DEFAULT CHARSET=utf8;

--
-- Dumping data for table `llx_paiement_facture`
--

INSERT INTO `llx_paiement_facture` VALUES (2,2,2,20.00000000),(3,3,2,10.00000000),(5,5,5,5.63000000),(6,6,6,5.98000000),(9,8,2,16.10000000),(10,8,8,10.00000000),(11,9,3,15.00000000),(12,9,9,11.96000000),(24,20,9,1.00000000),(31,26,32,600.00000000),(36,29,32,500.00000000),(37,30,32,400.00000000);

--
-- Table structure for table `llx_paiementcharge`
--

CREATE TABLE `llx_paiementcharge` (
  `rowid` int(11) NOT NULL AUTO_INCREMENT,
  `fk_charge` int(11) DEFAULT NULL,
  `datec` datetime DEFAULT NULL,
  `tms` timestamp NOT NULL DEFAULT CURRENT_TIMESTAMP ON UPDATE CURRENT_TIMESTAMP,
  `datep` datetime DEFAULT NULL,
  `amount` double DEFAULT '0',
  `fk_typepaiement` int(11) NOT NULL,
  `num_paiement` varchar(50) DEFAULT NULL,
  `note` text,
  `fk_bank` int(11) NOT NULL,
  `fk_user_creat` int(11) DEFAULT NULL,
  `fk_user_modif` int(11) DEFAULT NULL,
  PRIMARY KEY (`rowid`)
) ENGINE=InnoDB AUTO_INCREMENT=5 DEFAULT CHARSET=utf8;

--
-- Dumping data for table `llx_paiementcharge`
--

INSERT INTO `llx_paiementcharge` VALUES (4,4,'2011-08-05 23:11:37','2011-08-05 21:11:37','2011-08-05 12:00:00',10,2,'','',12,1,NULL);

--
-- Table structure for table `llx_paiementfourn`
--

CREATE TABLE `llx_paiementfourn` (
  `rowid` int(11) NOT NULL AUTO_INCREMENT,
  `tms` timestamp NOT NULL DEFAULT CURRENT_TIMESTAMP ON UPDATE CURRENT_TIMESTAMP,
  `datec` datetime DEFAULT NULL,
  `datep` datetime DEFAULT NULL,
  `amount` double DEFAULT '0',
  `fk_user_author` int(11) DEFAULT NULL,
  `fk_paiement` int(11) NOT NULL,
  `num_paiement` varchar(50) DEFAULT NULL,
  `note` text,
  `fk_bank` int(11) NOT NULL,
  `statut` smallint(6) NOT NULL DEFAULT '0',
  PRIMARY KEY (`rowid`)
) ENGINE=InnoDB AUTO_INCREMENT=2 DEFAULT CHARSET=utf8;

--
-- Dumping data for table `llx_paiementfourn`
--

INSERT INTO `llx_paiementfourn` VALUES (1,'2016-01-22 17:56:34','2016-01-22 18:56:34','2016-01-22 12:00:00',900,12,4,'','',30,0);

--
-- Table structure for table `llx_paiementfourn_facturefourn`
--

CREATE TABLE `llx_paiementfourn_facturefourn` (
  `rowid` int(11) NOT NULL AUTO_INCREMENT,
  `fk_paiementfourn` int(11) DEFAULT NULL,
  `fk_facturefourn` int(11) DEFAULT NULL,
  `amount` double DEFAULT '0',
  PRIMARY KEY (`rowid`),
  UNIQUE KEY `uk_paiementfourn_facturefourn` (`fk_paiementfourn`,`fk_facturefourn`),
  KEY `idx_paiementfourn_facturefourn_fk_facture` (`fk_facturefourn`),
  KEY `idx_paiementfourn_facturefourn_fk_paiement` (`fk_paiementfourn`)
) ENGINE=InnoDB AUTO_INCREMENT=2 DEFAULT CHARSET=utf8;

--
-- Dumping data for table `llx_paiementfourn_facturefourn`
--

INSERT INTO `llx_paiementfourn_facturefourn` VALUES (1,1,16,900);

--
-- Table structure for table `llx_payment_donation`
--

CREATE TABLE `llx_payment_donation` (
  `rowid` int(11) NOT NULL AUTO_INCREMENT,
  `fk_donation` int(11) DEFAULT NULL,
  `datec` datetime DEFAULT NULL,
  `tms` timestamp NOT NULL DEFAULT CURRENT_TIMESTAMP ON UPDATE CURRENT_TIMESTAMP,
  `datep` datetime DEFAULT NULL,
  `amount` double DEFAULT '0',
  `fk_typepayment` int(11) NOT NULL,
  `num_payment` varchar(50) DEFAULT NULL,
  `note` text,
  `fk_bank` int(11) NOT NULL,
  `fk_user_creat` int(11) DEFAULT NULL,
  `fk_user_modif` int(11) DEFAULT NULL,
  PRIMARY KEY (`rowid`)
) ENGINE=InnoDB DEFAULT CHARSET=utf8;

--
-- Dumping data for table `llx_payment_donation`
--


--
-- Table structure for table `llx_payment_expensereport`
--

CREATE TABLE `llx_payment_expensereport` (
  `rowid` int(11) NOT NULL AUTO_INCREMENT,
  `fk_expensereport` int(11) DEFAULT NULL,
  `datec` datetime DEFAULT NULL,
  `tms` timestamp NOT NULL DEFAULT CURRENT_TIMESTAMP ON UPDATE CURRENT_TIMESTAMP,
  `datep` datetime DEFAULT NULL,
  `amount` double DEFAULT '0',
  `fk_typepayment` int(11) NOT NULL,
  `num_payment` varchar(50) DEFAULT NULL,
  `note` text,
  `fk_bank` int(11) NOT NULL,
  `fk_user_creat` int(11) DEFAULT NULL,
  `fk_user_modif` int(11) DEFAULT NULL,
  PRIMARY KEY (`rowid`)
) ENGINE=InnoDB DEFAULT CHARSET=utf8;

--
-- Dumping data for table `llx_payment_expensereport`
--


--
-- Table structure for table `llx_payment_loan`
--

CREATE TABLE `llx_payment_loan` (
  `rowid` int(11) NOT NULL AUTO_INCREMENT,
  `fk_loan` int(11) DEFAULT NULL,
  `datec` datetime DEFAULT NULL,
  `tms` timestamp NOT NULL DEFAULT CURRENT_TIMESTAMP ON UPDATE CURRENT_TIMESTAMP,
  `datep` datetime DEFAULT NULL,
  `amount_capital` double DEFAULT '0',
  `amount_insurance` double DEFAULT '0',
  `amount_interest` double DEFAULT '0',
  `fk_typepayment` int(11) NOT NULL,
  `num_payment` varchar(50) DEFAULT NULL,
  `note_private` text,
  `note_public` text,
  `fk_bank` int(11) NOT NULL,
  `fk_user_creat` int(11) DEFAULT NULL,
  `fk_user_modif` int(11) DEFAULT NULL,
  PRIMARY KEY (`rowid`)
) ENGINE=InnoDB DEFAULT CHARSET=utf8;

--
-- Dumping data for table `llx_payment_loan`
--


--
-- Table structure for table `llx_payment_salary`
--

CREATE TABLE `llx_payment_salary` (
  `rowid` int(11) NOT NULL AUTO_INCREMENT,
  `tms` timestamp NOT NULL DEFAULT CURRENT_TIMESTAMP ON UPDATE CURRENT_TIMESTAMP,
  `fk_user` int(11) NOT NULL,
  `datep` date DEFAULT NULL,
  `datev` date DEFAULT NULL,
  `salary` double DEFAULT NULL,
  `amount` double NOT NULL DEFAULT '0',
  `fk_typepayment` int(11) NOT NULL,
  `num_payment` varchar(50) DEFAULT NULL,
  `label` varchar(255) DEFAULT NULL,
  `datesp` date DEFAULT NULL,
  `dateep` date DEFAULT NULL,
  `entity` int(11) NOT NULL DEFAULT '1',
  `note` text,
  `fk_bank` int(11) DEFAULT NULL,
  `fk_user_creat` int(11) DEFAULT NULL,
  `fk_user_modif` int(11) DEFAULT NULL,
  PRIMARY KEY (`rowid`),
  KEY `idx_payment_salary_ref` (`num_payment`),
  KEY `idx_payment_salary_user` (`fk_user`,`entity`),
  KEY `idx_payment_salary_datep` (`datep`),
  KEY `idx_payment_salary_datesp` (`datesp`),
  KEY `idx_payment_salary_dateep` (`dateep`),
  CONSTRAINT `fk_payment_salary_user` FOREIGN KEY (`fk_user`) REFERENCES `llx_user` (`rowid`)
) ENGINE=InnoDB DEFAULT CHARSET=utf8;

--
-- Dumping data for table `llx_payment_salary`
--


--
-- Table structure for table `llx_prelevement_bons`
--

CREATE TABLE `llx_prelevement_bons` (
  `rowid` int(11) NOT NULL AUTO_INCREMENT,
  `ref` varchar(12) DEFAULT NULL,
  `entity` int(11) NOT NULL DEFAULT '1',
  `datec` datetime DEFAULT NULL,
  `amount` double DEFAULT '0',
  `statut` smallint(6) DEFAULT '0',
  `credite` smallint(6) DEFAULT '0',
  `note` text,
  `date_trans` datetime DEFAULT NULL,
  `method_trans` smallint(6) DEFAULT NULL,
  `fk_user_trans` int(11) DEFAULT NULL,
  `date_credit` datetime DEFAULT NULL,
  `fk_user_credit` int(11) DEFAULT NULL,
  PRIMARY KEY (`rowid`),
  UNIQUE KEY `uk_prelevement_bons_ref` (`ref`,`entity`)
) ENGINE=InnoDB DEFAULT CHARSET=utf8;

--
-- Dumping data for table `llx_prelevement_bons`
--


--
-- Table structure for table `llx_prelevement_facture`
--

CREATE TABLE `llx_prelevement_facture` (
  `rowid` int(11) NOT NULL AUTO_INCREMENT,
  `fk_facture` int(11) NOT NULL,
  `fk_prelevement_lignes` int(11) NOT NULL,
  PRIMARY KEY (`rowid`),
  KEY `idx_prelevement_facture_fk_prelevement_lignes` (`fk_prelevement_lignes`),
  CONSTRAINT `fk_prelevement_facture_fk_prelevement_lignes` FOREIGN KEY (`fk_prelevement_lignes`) REFERENCES `llx_prelevement_lignes` (`rowid`)
) ENGINE=InnoDB DEFAULT CHARSET=utf8;

--
-- Dumping data for table `llx_prelevement_facture`
--


--
-- Table structure for table `llx_prelevement_facture_demande`
--

CREATE TABLE `llx_prelevement_facture_demande` (
  `rowid` int(11) NOT NULL AUTO_INCREMENT,
  `fk_facture` int(11) NOT NULL,
  `amount` double NOT NULL,
  `date_demande` datetime NOT NULL,
  `traite` smallint(6) DEFAULT '0',
  `date_traite` datetime DEFAULT NULL,
  `fk_prelevement_bons` int(11) DEFAULT NULL,
  `fk_user_demande` int(11) NOT NULL,
  `code_banque` varchar(7) DEFAULT NULL,
  `code_guichet` varchar(6) DEFAULT NULL,
  `number` varchar(255) DEFAULT NULL,
  `cle_rib` varchar(5) DEFAULT NULL,
  PRIMARY KEY (`rowid`)
) ENGINE=InnoDB DEFAULT CHARSET=utf8;

--
-- Dumping data for table `llx_prelevement_facture_demande`
--


--
-- Table structure for table `llx_prelevement_lignes`
--

CREATE TABLE `llx_prelevement_lignes` (
  `rowid` int(11) NOT NULL AUTO_INCREMENT,
  `fk_prelevement_bons` int(11) DEFAULT NULL,
  `fk_soc` int(11) NOT NULL,
  `statut` smallint(6) DEFAULT '0',
  `client_nom` varchar(255) DEFAULT NULL,
  `amount` double DEFAULT '0',
  `code_banque` varchar(7) DEFAULT NULL,
  `code_guichet` varchar(6) DEFAULT NULL,
  `number` varchar(255) DEFAULT NULL,
  `cle_rib` varchar(5) DEFAULT NULL,
  `note` text,
  PRIMARY KEY (`rowid`),
  KEY `idx_prelevement_lignes_fk_prelevement_bons` (`fk_prelevement_bons`),
  CONSTRAINT `fk_prelevement_lignes_fk_prelevement_bons` FOREIGN KEY (`fk_prelevement_bons`) REFERENCES `llx_prelevement_bons` (`rowid`)
) ENGINE=InnoDB DEFAULT CHARSET=utf8;

--
-- Dumping data for table `llx_prelevement_lignes`
--


--
-- Table structure for table `llx_prelevement_rejet`
--

CREATE TABLE `llx_prelevement_rejet` (
  `rowid` int(11) NOT NULL AUTO_INCREMENT,
  `fk_prelevement_lignes` int(11) DEFAULT NULL,
  `date_rejet` datetime DEFAULT NULL,
  `motif` int(11) DEFAULT NULL,
  `date_creation` datetime DEFAULT NULL,
  `fk_user_creation` int(11) DEFAULT NULL,
  `note` text,
  `afacturer` tinyint(4) DEFAULT '0',
  `fk_facture` int(11) DEFAULT NULL,
  PRIMARY KEY (`rowid`)
) ENGINE=InnoDB DEFAULT CHARSET=utf8;

--
-- Dumping data for table `llx_prelevement_rejet`
--


--
-- Table structure for table `llx_printing`
--

CREATE TABLE `llx_printing` (
  `rowid` int(11) NOT NULL AUTO_INCREMENT,
  `tms` timestamp NOT NULL DEFAULT CURRENT_TIMESTAMP ON UPDATE CURRENT_TIMESTAMP,
  `datec` datetime DEFAULT NULL,
  `printer_name` text NOT NULL,
  `printer_location` text NOT NULL,
  `printer_id` varchar(255) NOT NULL,
  `copy` int(11) NOT NULL DEFAULT '1',
  `module` varchar(16) NOT NULL,
  `driver` varchar(16) NOT NULL,
  `userid` int(11) DEFAULT NULL,
  PRIMARY KEY (`rowid`)
) ENGINE=InnoDB DEFAULT CHARSET=utf8;

--
-- Dumping data for table `llx_printing`
--


--
-- Table structure for table `llx_product`
--

CREATE TABLE `llx_product` (
  `rowid` int(11) NOT NULL AUTO_INCREMENT,
  `datec` datetime DEFAULT NULL,
  `tms` timestamp NOT NULL DEFAULT CURRENT_TIMESTAMP ON UPDATE CURRENT_TIMESTAMP,
  `virtual` tinyint(4) NOT NULL DEFAULT '0',
  `fk_parent` int(11) DEFAULT '0',
  `ref` varchar(128) NOT NULL,
  `entity` int(11) NOT NULL DEFAULT '1',
  `ref_ext` varchar(128) DEFAULT NULL,
  `label` varchar(255) NOT NULL,
  `description` text,
  `note` text,
  `customcode` varchar(32) DEFAULT NULL,
  `fk_country` int(11) DEFAULT NULL,
  `price` double(24,8) DEFAULT '0.00000000',
  `price_ttc` double(24,8) DEFAULT '0.00000000',
  `price_min` double(24,8) DEFAULT '0.00000000',
  `price_min_ttc` double(24,8) DEFAULT '0.00000000',
  `price_base_type` varchar(3) DEFAULT 'HT',
  `tva_tx` double(6,3) DEFAULT NULL,
  `recuperableonly` int(11) NOT NULL DEFAULT '0',
  `localtax1_tx` double(6,3) DEFAULT '0.000',
  `localtax2_tx` double(6,3) DEFAULT '0.000',
  `fk_user_author` int(11) DEFAULT NULL,
  `fk_user_modif` int(11) DEFAULT NULL,
  `tosell` tinyint(4) DEFAULT '1',
  `tobuy` tinyint(4) DEFAULT '1',
  `tobatch` tinyint(4) NOT NULL DEFAULT '0',
  `fk_product_type` int(11) DEFAULT '0',
  `duration` varchar(6) DEFAULT NULL,
  `seuil_stock_alerte` int(11) DEFAULT '0',
  `url` varchar(255) DEFAULT NULL,
  `barcode` varchar(255) DEFAULT NULL,
  `fk_barcode_type` int(11) DEFAULT NULL,
  `accountancy_code_sell` varchar(32) DEFAULT NULL,
  `accountancy_code_buy` varchar(32) DEFAULT NULL,
  `partnumber` varchar(32) DEFAULT NULL,
  `weight` float DEFAULT NULL,
  `weight_units` tinyint(4) DEFAULT NULL,
  `length` float DEFAULT NULL,
  `length_units` tinyint(4) DEFAULT NULL,
  `surface` float DEFAULT NULL,
  `surface_units` tinyint(4) DEFAULT NULL,
  `volume` float DEFAULT NULL,
  `volume_units` tinyint(4) DEFAULT NULL,
  `stock` int(11) DEFAULT NULL,
  `pmp` double(24,8) NOT NULL DEFAULT '0.00000000',
  `fifo` double(24,8) DEFAULT NULL,
  `lifo` double(24,8) DEFAULT NULL,
  `canvas` varchar(32) DEFAULT 'default@product',
  `finished` tinyint(4) DEFAULT NULL,
  `hidden` tinyint(4) DEFAULT '0',
  `import_key` varchar(14) DEFAULT NULL,
  `desiredstock` int(11) DEFAULT '0',
  `fk_price_expression` int(11) DEFAULT NULL,
  `fk_unit` int(11) DEFAULT NULL,
  PRIMARY KEY (`rowid`),
  UNIQUE KEY `uk_product_ref` (`ref`,`entity`),
  UNIQUE KEY `uk_product_barcode` (`barcode`,`fk_barcode_type`,`entity`),
  KEY `idx_product_label` (`label`),
  KEY `idx_product_barcode` (`barcode`),
  KEY `idx_product_import_key` (`import_key`),
  KEY `idx_product_fk_country` (`fk_country`),
  KEY `idx_product_fk_user_author` (`fk_user_author`),
  KEY `idx_product_fk_barcode_type` (`fk_barcode_type`),
  KEY `fk_product_fk_unit` (`fk_unit`),
  KEY `idx_product_seuil_stock_alerte` (`seuil_stock_alerte`),
  CONSTRAINT `fk_product_barcode_type` FOREIGN KEY (`fk_barcode_type`) REFERENCES `llx_c_barcode_type` (`rowid`),
  CONSTRAINT `fk_product_fk_country` FOREIGN KEY (`fk_country`) REFERENCES `llx_c_country` (`rowid`),
  CONSTRAINT `fk_product_fk_unit` FOREIGN KEY (`fk_unit`) REFERENCES `llx_c_units` (`rowid`)
) ENGINE=InnoDB AUTO_INCREMENT=12 DEFAULT CHARSET=utf8;

--
-- Dumping data for table `llx_product`
--

INSERT INTO `llx_product` VALUES (1,'2010-07-08 14:33:17','2016-01-16 16:30:35',0,0,'PINKDRESS',1,NULL,'Pink dress','A beatifull pink dress','','',NULL,100.00000000,112.50000000,90.00000000,101.25000000,'HT',12.500,0,0.000,0.000,1,NULL,1,1,0,0,'',NULL,NULL,'123456789066',2,'701PINKDRESS','601PINKDRESS',NULL,670,-3,NULL,0,NULL,0,NULL,0,2,0.00000000,NULL,NULL,NULL,1,0,NULL,NULL,NULL,NULL),(2,'2010-07-09 00:30:01','2016-01-16 16:37:14',0,0,'PEARPIE',1,NULL,'Pear Pie','','','',NULL,0.00000000,0.00000000,0.00000000,0.00000000,'HT',12.500,0,0.000,0.000,1,NULL,1,1,0,0,'',NULL,NULL,'123456789077',2,'','',NULL,NULL,0,NULL,0,NULL,0,NULL,0,998,0.00000000,NULL,NULL,NULL,NULL,0,NULL,NULL,NULL,NULL),(3,'2010-07-09 00:30:25','2016-01-16 16:40:03',0,0,'CAKECONTRIB',1,NULL,'Cake making contribution','','','',NULL,0.00000000,0.00000000,0.00000000,0.00000000,'HT',12.500,0,0.000,0.000,1,NULL,1,1,0,1,'1m',NULL,NULL,'123456789088',2,'701CAKEM','601CAKEM',NULL,NULL,NULL,NULL,NULL,NULL,NULL,NULL,NULL,NULL,0.00000000,NULL,NULL,NULL,0,0,NULL,NULL,NULL,NULL),(4,'2010-07-10 14:44:06','2016-01-16 15:58:20',0,0,'APPLEPIE',1,NULL,'Apple Pie','Nice Bio Apple Pie.<br />\r\n&nbsp;','','',NULL,5.00000000,5.62500000,0.00000000,0.00000000,'HT',12.500,0,0.000,0.000,1,NULL,1,1,0,0,'',NULL,NULL,'123456789034',2,'701','601',NULL,500,-3,NULL,0,NULL,0,NULL,0,1001,10.00000000,NULL,NULL,NULL,1,0,NULL,NULL,NULL,NULL),(5,'2011-07-20 23:11:38','2016-01-16 16:18:24',0,0,'DOLIDROID',1,NULL,'DoliDroid, Android app for Dolibarr','<strong><span style=\"font-family:roboto,uilanguagefont,arial,sans-serif; font-size:14px\">DoliDroid is the Android front-end client for Dolibarr ERP &amp; CRM web software.</span><br />\r\n<span style=\"font-family:roboto,uilanguagefont,arial,sans-serif; font-size:14px\">This application is not a standalone program. It is a front end to use a online hosted Dolibarr ERP &amp; CRM software (an Open-source web software to manage your business).</span></strong>\r\n<p><u>The advantage of DoliDroid are :</u><br />\r\n- DoliDroid is not a duplicate code of Dolibarr, but a front-end of a Dolibarr web installation, so all your online existing features are supported by this application. This is also true for external modules features.<br />\r\n- Upgrading Dolibarr will not break DoliDroid.<br />\r\n- DoliDroid use embedded image resources to reduce bandwidth usage.<br />\r\n- DoliDroid use internal cache for pages that should not change (like menu page)<br />\r\n- Connections parameters are saved. No need to enter them each time you use DoliDroid.<br />\r\n- Integration with your phone or other applications (Clicking on PDF open PDF reader, clicking onto email or phone launch your email application or launch Android dialer, ...)</p>\r\n\r\n<p><span style=\"color:#DAA520\"><strong>WARNING !&nbsp;</strong></span></p>\r\n\r\n<p>This application need Android 4.0+ and a hosted Dolibarr ERP &amp; CRM version 3.5 or newer accessible by internet<br />\r\n(For example, when hosted on any SaaS solution like DoliCloud -&nbsp;<a href=\"https://www.google.com/url?q=https://www.google.com/url?q%3Dhttp://www.dolicloud.com%26sa%3DD%26usg%3DAFQjCNGdd9htz4JDciiMtScpBwK83qIRkw&amp;sa=D&amp;usg=AFQjCNGMpCbxNnU5BiK59e368K5AR0l_pg\" style=\"text-decoration: none; color: rgb(51, 105, 30); cursor: pointer;\" target=\"_blank\">http://www.dolicloud.com</a>).</p>','','',NULL,10.00000000,11.96000000,0.00000000,0.00000000,'HT',19.600,0,0.000,0.000,1,NULL,1,1,0,0,'',NULL,'https://play.google.com/store/apps/details?id=com.nltechno.dolidroidpro','123456789023',2,'701','601',NULL,NULL,0,NULL,0,NULL,0,NULL,0,NULL,0.00000000,NULL,NULL,'',NULL,0,NULL,NULL,NULL,NULL),(10,'2008-12-31 00:00:00','2016-01-16 16:33:35',0,0,'COMP-XP4523',1,NULL,'Computer XP4523','A powerfull computer XP4523&nbsp;','This product is imported.<br />\r\nWarning: Delay to get it are not reliable.','USXP765',11,100.00000000,110.00000000,0.00000000,0.00000000,'HT',10.000,0,0.000,0.000,NULL,NULL,0,0,1,0,'',NULL,NULL,'123456789055',2,'701OLDC','601OLDC',NULL,1.7,0,NULL,0,NULL,0,NULL,0,NULL,0.00000000,NULL,NULL,NULL,NULL,0,'20110729232310',NULL,NULL,NULL),(11,'2013-01-13 20:24:42','2016-01-16 16:37:50',0,0,'ROLLUPABC',1,NULL,'Rollup Dolibarr','A nice rollup','','',NULL,0.00000000,0.00000000,0.00000000,0.00000000,'HT',0.000,0,0.000,0.000,1,NULL,1,1,0,0,'',NULL,NULL,'123456789044',2,'','',NULL,2.5,0,NULL,0,2.34,0,NULL,0,-1,0.00000000,NULL,NULL,'',1,0,NULL,NULL,NULL,NULL);

--
-- Table structure for table `llx_product_association`
--

CREATE TABLE `llx_product_association` (
  `rowid` int(11) NOT NULL AUTO_INCREMENT,
  `fk_product_pere` int(11) NOT NULL DEFAULT '0',
  `fk_product_fils` int(11) NOT NULL DEFAULT '0',
  `qty` double DEFAULT NULL,
  `incdec` int(11) DEFAULT '1',
  PRIMARY KEY (`rowid`),
  UNIQUE KEY `uk_product_association` (`fk_product_pere`,`fk_product_fils`),
  KEY `idx_product_association` (`fk_product_fils`),
  KEY `idx_product_association_fils` (`fk_product_fils`)
) ENGINE=InnoDB AUTO_INCREMENT=3 DEFAULT CHARSET=utf8;

--
-- Dumping data for table `llx_product_association`
--

INSERT INTO `llx_product_association` VALUES (1,4,1,2,1),(2,5,1,1,1);

--
-- Table structure for table `llx_product_batch`
--

CREATE TABLE `llx_product_batch` (
  `rowid` int(11) NOT NULL AUTO_INCREMENT,
  `tms` timestamp NOT NULL DEFAULT CURRENT_TIMESTAMP ON UPDATE CURRENT_TIMESTAMP,
  `fk_product_stock` int(11) NOT NULL,
  `eatby` datetime DEFAULT NULL,
  `sellby` datetime DEFAULT NULL,
  `batch` varchar(30) NOT NULL,
  `qty` double NOT NULL DEFAULT '0',
  `import_key` varchar(14) DEFAULT NULL,
  PRIMARY KEY (`rowid`),
  KEY `idx_fk_product_stock` (`fk_product_stock`),
  KEY `ix_fk_product_stock` (`fk_product_stock`),
  KEY `idx_batch` (`batch`),
  CONSTRAINT `fk_product_batch_fk_product_stock` FOREIGN KEY (`fk_product_stock`) REFERENCES `llx_product_stock` (`rowid`)
) ENGINE=InnoDB DEFAULT CHARSET=utf8;

--
-- Dumping data for table `llx_product_batch`
--


--
-- Table structure for table `llx_product_customer_price`
--

CREATE TABLE `llx_product_customer_price` (
  `rowid` int(11) NOT NULL AUTO_INCREMENT,
  `entity` int(11) NOT NULL DEFAULT '1',
  `datec` datetime DEFAULT NULL,
  `tms` timestamp NOT NULL DEFAULT CURRENT_TIMESTAMP ON UPDATE CURRENT_TIMESTAMP,
  `fk_product` int(11) NOT NULL,
  `fk_soc` int(11) NOT NULL,
  `price` double(24,8) DEFAULT '0.00000000',
  `price_ttc` double(24,8) DEFAULT '0.00000000',
  `price_min` double(24,8) DEFAULT '0.00000000',
  `price_min_ttc` double(24,8) DEFAULT '0.00000000',
  `price_base_type` varchar(3) DEFAULT 'HT',
  `tva_tx` double(6,3) DEFAULT NULL,
  `recuperableonly` int(11) NOT NULL DEFAULT '0',
  `localtax1_tx` double(6,3) DEFAULT '0.000',
  `localtax2_tx` double(6,3) DEFAULT '0.000',
  `fk_user` int(11) DEFAULT NULL,
  `import_key` varchar(14) DEFAULT NULL,
  PRIMARY KEY (`rowid`),
  UNIQUE KEY `uk_customer_price_fk_product_fk_soc` (`fk_product`,`fk_soc`),
  KEY `idx_product_customer_price_fk_user` (`fk_user`),
  KEY `fk_customer_price_fk_soc` (`fk_soc`),
  KEY `idx_product_customer_price_fk_soc` (`fk_soc`),
  CONSTRAINT `fk_customer_price_fk_product` FOREIGN KEY (`fk_product`) REFERENCES `llx_product` (`rowid`) ON DELETE CASCADE,
  CONSTRAINT `fk_customer_price_fk_soc` FOREIGN KEY (`fk_soc`) REFERENCES `llx_societe` (`rowid`) ON DELETE CASCADE,
  CONSTRAINT `fk_product_customer_price_fk_product` FOREIGN KEY (`fk_product`) REFERENCES `llx_product` (`rowid`),
  CONSTRAINT `fk_product_customer_price_fk_soc` FOREIGN KEY (`fk_soc`) REFERENCES `llx_societe` (`rowid`),
  CONSTRAINT `fk_product_customer_price_fk_user` FOREIGN KEY (`fk_user`) REFERENCES `llx_user` (`rowid`)
) ENGINE=InnoDB DEFAULT CHARSET=latin1;

--
-- Dumping data for table `llx_product_customer_price`
--


--
-- Table structure for table `llx_product_customer_price_log`
--

CREATE TABLE `llx_product_customer_price_log` (
  `rowid` int(11) NOT NULL AUTO_INCREMENT,
  `entity` int(11) NOT NULL DEFAULT '1',
  `datec` datetime DEFAULT NULL,
  `fk_product` int(11) NOT NULL,
  `fk_soc` int(11) NOT NULL,
  `price` double(24,8) DEFAULT '0.00000000',
  `price_ttc` double(24,8) DEFAULT '0.00000000',
  `price_min` double(24,8) DEFAULT '0.00000000',
  `price_min_ttc` double(24,8) DEFAULT '0.00000000',
  `price_base_type` varchar(3) DEFAULT 'HT',
  `tva_tx` double(6,3) DEFAULT NULL,
  `recuperableonly` int(11) NOT NULL DEFAULT '0',
  `localtax1_tx` double(6,3) DEFAULT '0.000',
  `localtax2_tx` double(6,3) DEFAULT '0.000',
  `fk_user` int(11) DEFAULT NULL,
  `import_key` varchar(14) DEFAULT NULL,
  PRIMARY KEY (`rowid`)
) ENGINE=InnoDB DEFAULT CHARSET=latin1;

--
-- Dumping data for table `llx_product_customer_price_log`
--


--
-- Table structure for table `llx_product_extrafields`
--

CREATE TABLE `llx_product_extrafields` (
  `rowid` int(11) NOT NULL AUTO_INCREMENT,
  `tms` timestamp NOT NULL DEFAULT CURRENT_TIMESTAMP ON UPDATE CURRENT_TIMESTAMP,
  `fk_object` int(11) NOT NULL,
  `import_key` varchar(14) DEFAULT NULL,
  PRIMARY KEY (`rowid`),
  KEY `idx_product_extrafields` (`fk_object`)
) ENGINE=InnoDB DEFAULT CHARSET=utf8;

--
-- Dumping data for table `llx_product_extrafields`
--


--
-- Table structure for table `llx_product_fournisseur_price`
--

CREATE TABLE `llx_product_fournisseur_price` (
  `rowid` int(11) NOT NULL AUTO_INCREMENT,
  `datec` datetime DEFAULT NULL,
  `tms` timestamp NOT NULL DEFAULT CURRENT_TIMESTAMP ON UPDATE CURRENT_TIMESTAMP,
  `fk_product` int(11) DEFAULT NULL,
  `fk_soc` int(11) DEFAULT NULL,
  `ref_fourn` varchar(30) DEFAULT NULL,
  `fk_availability` int(11) DEFAULT NULL,
  `price` double(24,8) DEFAULT '0.00000000',
  `quantity` double DEFAULT NULL,
  `remise_percent` double NOT NULL DEFAULT '0',
  `remise` double NOT NULL DEFAULT '0',
  `unitprice` double(24,8) DEFAULT '0.00000000',
  `charges` double(24,8) DEFAULT '0.00000000',
  `unitcharges` double(24,8) DEFAULT '0.00000000',
  `tva_tx` double(6,3) NOT NULL DEFAULT '0.000',
  `info_bits` int(11) NOT NULL DEFAULT '0',
  `fk_user` int(11) DEFAULT NULL,
  `import_key` varchar(14) DEFAULT NULL,
  `entity` int(11) NOT NULL DEFAULT '1',
  `fk_supplier_price_expression` int(11) DEFAULT NULL,
  `fk_price_expression` int(11) DEFAULT NULL,
  `delivery_time_days` int(11) DEFAULT NULL,
  PRIMARY KEY (`rowid`),
  UNIQUE KEY `uk_product_fournisseur_price_ref` (`ref_fourn`,`fk_soc`,`quantity`,`entity`),
  KEY `idx_product_fournisseur_price_fk_user` (`fk_user`),
  KEY `idx_product_fourn_price_fk_product` (`fk_product`,`entity`),
  KEY `idx_product_fourn_price_fk_soc` (`fk_soc`,`entity`),
  CONSTRAINT `fk_product_fournisseur_price_fk_product` FOREIGN KEY (`fk_product`) REFERENCES `llx_product` (`rowid`),
  CONSTRAINT `fk_product_fournisseur_price_fk_user` FOREIGN KEY (`fk_user`) REFERENCES `llx_user` (`rowid`)
) ENGINE=InnoDB AUTO_INCREMENT=2 DEFAULT CHARSET=utf8;

--
-- Dumping data for table `llx_product_fournisseur_price`
--

INSERT INTO `llx_product_fournisseur_price` VALUES (1,'2010-07-11 18:45:42','2012-12-08 13:11:08',4,1,'ABCD',NULL,10.00000000,1,0,0,10.00000000,0.00000000,0.00000000,0.000,0,1,NULL,1,NULL,NULL,NULL);

--
-- Table structure for table `llx_product_fournisseur_price_log`
--

CREATE TABLE `llx_product_fournisseur_price_log` (
  `rowid` int(11) NOT NULL AUTO_INCREMENT,
  `datec` datetime DEFAULT NULL,
  `fk_product_fournisseur` int(11) NOT NULL,
  `price` double(24,8) DEFAULT '0.00000000',
  `quantity` double DEFAULT NULL,
  `fk_user` int(11) DEFAULT NULL,
  PRIMARY KEY (`rowid`)
) ENGINE=InnoDB AUTO_INCREMENT=2 DEFAULT CHARSET=utf8;

--
-- Dumping data for table `llx_product_fournisseur_price_log`
--

INSERT INTO `llx_product_fournisseur_price_log` VALUES (1,'2010-07-11 18:45:42',1,10.00000000,1,1);

--
-- Table structure for table `llx_product_lang`
--

CREATE TABLE `llx_product_lang` (
  `rowid` int(11) NOT NULL AUTO_INCREMENT,
  `fk_product` int(11) NOT NULL DEFAULT '0',
  `lang` varchar(5) NOT NULL DEFAULT '0',
  `label` varchar(255) NOT NULL,
  `description` text,
  `note` text,
  PRIMARY KEY (`rowid`),
  UNIQUE KEY `uk_product_lang` (`fk_product`,`lang`),
  CONSTRAINT `fk_product_lang_fk_product` FOREIGN KEY (`fk_product`) REFERENCES `llx_product` (`rowid`)
) ENGINE=InnoDB AUTO_INCREMENT=14 DEFAULT CHARSET=utf8;

--
-- Dumping data for table `llx_product_lang`
--

INSERT INTO `llx_product_lang` VALUES (1,1,'en_US','Pink dress','A beatifull pink dress',''),(2,2,'en_US','Pear Pie','',''),(3,3,'en_US','Cake making contribution','',''),(4,4,'fr_FR','Decapsuleur','',''),(5,5,'en_US','DoliDroid, Android app for Dolibarr','<strong><span style=\"font-family:roboto,uilanguagefont,arial,sans-serif; font-size:14px\">DoliDroid is the Android front-end client for Dolibarr ERP &amp; CRM web software.</span><br />\r\n<span style=\"font-family:roboto,uilanguagefont,arial,sans-serif; font-size:14px\">This application is not a standalone program. It is a front end to use a online hosted Dolibarr ERP &amp; CRM software (an Open-source web software to manage your business).</span></strong>\r\n<p><u>The advantage of DoliDroid are :</u><br />\r\n- DoliDroid is not a duplicate code of Dolibarr, but a front-end of a Dolibarr web installation, so all your online existing features are supported by this application. This is also true for external modules features.<br />\r\n- Upgrading Dolibarr will not break DoliDroid.<br />\r\n- DoliDroid use embedded image resources to reduce bandwidth usage.<br />\r\n- DoliDroid use internal cache for pages that should not change (like menu page)<br />\r\n- Connections parameters are saved. No need to enter them each time you use DoliDroid.<br />\r\n- Integration with your phone or other applications (Clicking on PDF open PDF reader, clicking onto email or phone launch your email application or launch Android dialer, ...)</p>\r\n\r\n<p><span style=\"color:#DAA520\"><strong>WARNING !&nbsp;</strong></span></p>\r\n\r\n<p>This application need Android 4.0+ and a hosted Dolibarr ERP &amp; CRM version 3.5 or newer accessible by internet<br />\r\n(For example, when hosted on any SaaS solution like DoliCloud -&nbsp;<a href=\"https://www.google.com/url?q=https://www.google.com/url?q%3Dhttp://www.dolicloud.com%26sa%3DD%26usg%3DAFQjCNGdd9htz4JDciiMtScpBwK83qIRkw&amp;sa=D&amp;usg=AFQjCNGMpCbxNnU5BiK59e368K5AR0l_pg\" style=\"text-decoration: none; color: rgb(51, 105, 30); cursor: pointer;\" target=\"_blank\">http://www.dolicloud.com</a>).</p>',''),(9,11,'fr_FR','hfghf','',''),(10,2,'fr_FR','Product P1','',''),(11,4,'en_US','Apple Pie','Nice Bio Apple Pie.<br />\r\n&nbsp;',''),(12,11,'en_US','Rollup Dolibarr','A nice rollup',''),(13,10,'en_US','Computer XP4523','A powerfull computer XP4523&nbsp;','This product is imported.<br />\r\nWarning: Delay to get it are not reliable.');

--
-- Table structure for table `llx_product_price`
--

CREATE TABLE `llx_product_price` (
  `rowid` int(11) NOT NULL AUTO_INCREMENT,
  `entity` int(11) NOT NULL DEFAULT '1',
  `tms` timestamp NOT NULL DEFAULT CURRENT_TIMESTAMP ON UPDATE CURRENT_TIMESTAMP,
  `fk_product` int(11) NOT NULL,
  `date_price` datetime NOT NULL,
  `price_level` smallint(6) DEFAULT '1',
  `price` double(24,8) DEFAULT NULL,
  `price_ttc` double(24,8) DEFAULT NULL,
  `price_min` double(24,8) DEFAULT NULL,
  `price_min_ttc` double(24,8) DEFAULT NULL,
  `price_base_type` varchar(3) DEFAULT 'HT',
  `tva_tx` double(6,3) NOT NULL,
  `recuperableonly` int(11) NOT NULL DEFAULT '0',
  `localtax1_tx` double(6,3) DEFAULT '0.000',
  `localtax2_tx` double(6,3) DEFAULT '0.000',
  `fk_user_author` int(11) DEFAULT NULL,
  `tosell` tinyint(4) DEFAULT '1',
  `price_by_qty` int(11) NOT NULL DEFAULT '0',
  `import_key` varchar(14) DEFAULT NULL,
  `fk_price_expression` int(11) DEFAULT NULL,
  PRIMARY KEY (`rowid`),
  KEY `idx_product_price_fk_user_author` (`fk_user_author`),
  KEY `idx_product_price_fk_product` (`fk_product`),
  CONSTRAINT `fk_product_price_product` FOREIGN KEY (`fk_product`) REFERENCES `llx_product` (`rowid`),
  CONSTRAINT `fk_product_price_user_author` FOREIGN KEY (`fk_user_author`) REFERENCES `llx_user` (`rowid`)
) ENGINE=InnoDB AUTO_INCREMENT=14 DEFAULT CHARSET=utf8;

--
-- Dumping data for table `llx_product_price`
--

INSERT INTO `llx_product_price` VALUES (1,1,'2010-07-08 12:33:17',1,'2010-07-08 14:33:17',1,0.00000000,0.00000000,0.00000000,0.00000000,'HT',12.500,0,0.000,0.000,1,1,0,NULL,NULL),(2,1,'2010-07-08 22:30:01',2,'2010-07-09 00:30:01',1,0.00000000,0.00000000,0.00000000,0.00000000,'HT',12.500,0,0.000,0.000,1,1,0,NULL,NULL),(3,1,'2010-07-08 22:30:25',3,'2010-07-09 00:30:25',1,0.00000000,0.00000000,0.00000000,0.00000000,'HT',12.500,0,0.000,0.000,1,1,0,NULL,NULL),(4,1,'2010-07-10 12:44:06',4,'2010-07-10 14:44:06',1,0.00000000,0.00000000,0.00000000,0.00000000,'HT',12.500,0,0.000,0.000,1,1,0,NULL,NULL),(5,1,'2011-07-20 21:11:38',5,'2011-07-20 23:11:38',1,0.00000000,0.00000000,0.00000000,0.00000000,'HT',19.600,0,0.000,0.000,1,1,0,NULL,NULL),(6,1,'2011-07-27 17:02:59',5,'2011-07-27 19:02:59',1,10.00000000,11.96000000,0.00000000,0.00000000,'HT',19.600,0,0.000,0.000,1,1,0,NULL,NULL),(10,1,'2011-07-31 22:34:27',4,'2011-08-01 00:34:27',1,5.00000000,5.62500000,0.00000000,0.00000000,'HT',12.500,0,0.000,0.000,1,1,0,NULL,NULL),(12,1,'2013-01-13 19:24:59',11,'2013-01-13 20:24:59',1,0.00000000,0.00000000,0.00000000,0.00000000,'HT',0.000,0,0.000,0.000,1,1,0,NULL,NULL),(13,1,'2013-03-12 09:30:24',1,'2013-03-12 10:30:24',1,100.00000000,112.50000000,90.00000000,101.25000000,'HT',12.500,0,0.000,0.000,1,1,0,NULL,NULL);

--
-- Table structure for table `llx_product_price_by_qty`
--

CREATE TABLE `llx_product_price_by_qty` (
  `rowid` int(11) NOT NULL AUTO_INCREMENT,
  `fk_product_price` int(11) NOT NULL,
  `date_price` timestamp NOT NULL DEFAULT CURRENT_TIMESTAMP ON UPDATE CURRENT_TIMESTAMP,
  `price` double(24,8) DEFAULT '0.00000000',
  `price_ttc` double(24,8) DEFAULT '0.00000000',
  `remise_percent` double NOT NULL DEFAULT '0',
  `remise` double NOT NULL DEFAULT '0',
  `qty_min` double DEFAULT '0',
  PRIMARY KEY (`rowid`),
  UNIQUE KEY `uk_product_price_by_qty_level` (`fk_product_price`,`qty_min`),
  KEY `idx_product_price_by_qty_fk_product_price` (`fk_product_price`),
  CONSTRAINT `fk_product_price_by_qty_fk_product_price` FOREIGN KEY (`fk_product_price`) REFERENCES `llx_product_price` (`rowid`)
) ENGINE=InnoDB DEFAULT CHARSET=utf8;

--
-- Dumping data for table `llx_product_price_by_qty`
--


--
-- Table structure for table `llx_product_stock`
--

CREATE TABLE `llx_product_stock` (
  `rowid` int(11) NOT NULL AUTO_INCREMENT,
  `tms` timestamp NOT NULL DEFAULT CURRENT_TIMESTAMP ON UPDATE CURRENT_TIMESTAMP,
  `fk_product` int(11) NOT NULL,
  `fk_entrepot` int(11) NOT NULL,
  `reel` double DEFAULT NULL,
  `pmp` double(24,8) NOT NULL DEFAULT '0.00000000',
  `import_key` varchar(14) DEFAULT NULL,
  PRIMARY KEY (`rowid`),
  UNIQUE KEY `uk_product_stock` (`fk_product`,`fk_entrepot`),
  KEY `idx_product_stock_fk_product` (`fk_product`),
  KEY `idx_product_stock_fk_entrepot` (`fk_entrepot`)
) ENGINE=InnoDB AUTO_INCREMENT=8 DEFAULT CHARSET=utf8;

--
-- Dumping data for table `llx_product_stock`
--

INSERT INTO `llx_product_stock` VALUES (1,'2010-07-08 22:43:51',2,2,1000,0.00000000,NULL),(3,'2010-07-10 23:02:20',4,2,1000,0.00000000,NULL),(4,'2013-01-19 17:22:48',4,1,1,10.00000000,NULL),(5,'2013-01-19 17:22:48',1,1,2,0.00000000,NULL),(6,'2013-01-19 17:22:48',11,1,-1,0.00000000,NULL),(7,'2013-01-19 17:31:58',2,1,-2,0.00000000,NULL);

--
-- Table structure for table `llx_product_subproduct`
--

CREATE TABLE `llx_product_subproduct` (
  `rowid` int(11) NOT NULL AUTO_INCREMENT,
  `fk_product` int(11) NOT NULL,
  `fk_product_subproduct` int(11) NOT NULL,
  PRIMARY KEY (`rowid`),
  UNIQUE KEY `fk_product` (`fk_product`,`fk_product_subproduct`)
) ENGINE=InnoDB DEFAULT CHARSET=utf8;

--
-- Dumping data for table `llx_product_subproduct`
--


--
-- Table structure for table `llx_projet`
--

CREATE TABLE `llx_projet` (
  `rowid` int(11) NOT NULL AUTO_INCREMENT,
  `fk_soc` int(11) DEFAULT NULL,
  `datec` date DEFAULT NULL,
  `tms` timestamp NOT NULL DEFAULT CURRENT_TIMESTAMP ON UPDATE CURRENT_TIMESTAMP,
  `dateo` date DEFAULT NULL,
  `datee` date DEFAULT NULL,
  `ref` varchar(50) DEFAULT NULL,
  `entity` int(11) NOT NULL DEFAULT '1',
  `title` varchar(255) NOT NULL,
  `description` text,
  `fk_user_creat` int(11) NOT NULL,
  `public` int(11) DEFAULT NULL,
  `fk_statut` smallint(6) NOT NULL DEFAULT '0',
  `fk_opp_status` int(11) DEFAULT NULL,
  `note_private` text,
  `note_public` text,
  `model_pdf` varchar(255) DEFAULT NULL,
  `budget_amount` double(24,8) DEFAULT NULL,
  `date_close` datetime DEFAULT NULL,
  `fk_user_close` int(11) DEFAULT NULL,
  `opp_amount` double(24,8) DEFAULT NULL,
  PRIMARY KEY (`rowid`),
  UNIQUE KEY `uk_projet_ref` (`ref`,`entity`),
  KEY `idx_projet_fk_soc` (`fk_soc`),
  CONSTRAINT `fk_projet_fk_soc` FOREIGN KEY (`fk_soc`) REFERENCES `llx_societe` (`rowid`)
) ENGINE=InnoDB AUTO_INCREMENT=6 DEFAULT CHARSET=utf8;

--
-- Dumping data for table `llx_projet`
--

INSERT INTO `llx_projet` VALUES (1,11,'2010-07-09','2015-10-05 20:51:28','2010-07-09',NULL,'PROJ1',1,'Project One','',1,0,1,NULL,NULL,'gdfgdfg','baleine',NULL,NULL,NULL,NULL),(2,13,'2010-07-09','2015-10-05 20:51:51','2010-07-09',NULL,'PROJ2',1,'Project Two','',1,0,0,NULL,NULL,NULL,NULL,NULL,NULL,NULL,NULL),(3,1,'2010-07-09','2016-01-16 15:09:29','2010-07-09',NULL,'PROJINDIAN',1,'Project for Indian company move','',1,0,0,NULL,NULL,NULL,NULL,NULL,NULL,NULL,NULL),(4,NULL,'2010-07-09','2010-07-08 22:50:49','2010-07-09',NULL,'PROJSHARED',1,'The Global project','',1,1,1,NULL,NULL,NULL,NULL,NULL,NULL,NULL,NULL),(5,NULL,'2010-07-11','2010-07-11 14:22:49','2010-07-11','2011-07-14','RMLL',1,'Projet gestion RMLL 2011','',1,1,1,NULL,NULL,NULL,NULL,NULL,NULL,NULL,NULL);

--
-- Table structure for table `llx_projet_extrafields`
--

CREATE TABLE `llx_projet_extrafields` (
  `rowid` int(11) NOT NULL AUTO_INCREMENT,
  `tms` timestamp NOT NULL DEFAULT CURRENT_TIMESTAMP ON UPDATE CURRENT_TIMESTAMP,
  `fk_object` int(11) NOT NULL,
  `import_key` varchar(14) DEFAULT NULL,
  PRIMARY KEY (`rowid`),
  KEY `idx_projet_extrafields` (`fk_object`)
) ENGINE=InnoDB DEFAULT CHARSET=latin1;

--
-- Dumping data for table `llx_projet_extrafields`
--


--
-- Table structure for table `llx_projet_task`
--

CREATE TABLE `llx_projet_task` (
  `rowid` int(11) NOT NULL AUTO_INCREMENT,
  `ref` varchar(50) DEFAULT NULL,
  `entity` int(11) NOT NULL DEFAULT '1',
  `fk_projet` int(11) NOT NULL,
  `fk_task_parent` int(11) NOT NULL DEFAULT '0',
  `datec` datetime DEFAULT NULL,
  `tms` timestamp NOT NULL DEFAULT CURRENT_TIMESTAMP ON UPDATE CURRENT_TIMESTAMP,
  `dateo` datetime DEFAULT NULL,
  `datee` datetime DEFAULT NULL,
  `datev` datetime DEFAULT NULL,
  `label` varchar(255) NOT NULL,
  `description` text,
  `duration_effective` double DEFAULT '0',
  `planned_workload` double DEFAULT '0',
  `progress` int(11) DEFAULT '0',
  `priority` int(11) DEFAULT '0',
  `fk_user_creat` int(11) DEFAULT NULL,
  `fk_user_valid` int(11) DEFAULT NULL,
  `fk_statut` smallint(6) NOT NULL DEFAULT '0',
  `note_private` text,
  `note_public` text,
  `rang` int(11) DEFAULT '0',
  `model_pdf` varchar(255) DEFAULT NULL,
  PRIMARY KEY (`rowid`),
  KEY `idx_projet_task_fk_projet` (`fk_projet`),
  KEY `idx_projet_task_fk_user_creat` (`fk_user_creat`),
  KEY `idx_projet_task_fk_user_valid` (`fk_user_valid`),
  CONSTRAINT `fk_projet_task_fk_projet` FOREIGN KEY (`fk_projet`) REFERENCES `llx_projet` (`rowid`),
  CONSTRAINT `fk_projet_task_fk_user_creat` FOREIGN KEY (`fk_user_creat`) REFERENCES `llx_user` (`rowid`),
  CONSTRAINT `fk_projet_task_fk_user_valid` FOREIGN KEY (`fk_user_valid`) REFERENCES `llx_user` (`rowid`)
) ENGINE=InnoDB AUTO_INCREMENT=6 DEFAULT CHARSET=utf8;

--
-- Dumping data for table `llx_projet_task`
--

INSERT INTO `llx_projet_task` VALUES (1,'1',1,1,0,'2010-07-11 15:15:55','2013-09-08 23:06:14','2010-07-11 12:00:00',NULL,NULL,'Work on module','',25920000,0,0,0,1,NULL,0,NULL,NULL,0,NULL),(2,'2',1,5,0,'2010-07-11 16:23:53','2013-09-08 23:06:14','2010-07-11 12:00:00','2011-07-14 12:00:00',NULL,'Heberger site RMLL','',0,0,0,0,1,NULL,0,NULL,NULL,0,NULL),(3,'TK1007-0001',1,1,0,'2014-12-21 13:52:41','2014-12-21 13:55:08','2014-12-21 13:52:00',NULL,NULL,'azerty','',9000,36000,0,0,1,NULL,0,NULL,'gdfgdfgdf',0,NULL),(4,'TK1007-0002',1,1,0,'2014-12-21 13:55:39','2014-12-21 13:22:35','2014-12-21 13:55:00',NULL,NULL,'gdfgdfgfd','',7200,18000,25,0,1,NULL,0,NULL,NULL,0,NULL),(5,'TK1007-0003',1,1,0,'2014-12-21 14:16:58','2014-12-21 13:16:58','2014-12-21 14:16:00',NULL,NULL,'mmmm','',0,0,0,0,1,NULL,0,NULL,NULL,0,NULL);

--
-- Table structure for table `llx_projet_task_extrafields`
--

CREATE TABLE `llx_projet_task_extrafields` (
  `rowid` int(11) NOT NULL AUTO_INCREMENT,
  `tms` timestamp NOT NULL DEFAULT CURRENT_TIMESTAMP ON UPDATE CURRENT_TIMESTAMP,
  `fk_object` int(11) NOT NULL,
  `import_key` varchar(14) DEFAULT NULL,
  PRIMARY KEY (`rowid`),
  KEY `idx_projet_task_extrafields` (`fk_object`)
) ENGINE=InnoDB DEFAULT CHARSET=latin1;

--
-- Dumping data for table `llx_projet_task_extrafields`
--


--
-- Table structure for table `llx_projet_task_time`
--

CREATE TABLE `llx_projet_task_time` (
  `rowid` int(11) NOT NULL AUTO_INCREMENT,
  `fk_task` int(11) NOT NULL,
  `task_date` date DEFAULT NULL,
  `task_datehour` datetime DEFAULT NULL,
  `task_date_withhour` int(11) DEFAULT '0',
  `task_duration` double DEFAULT NULL,
  `fk_user` int(11) DEFAULT NULL,
  `thm` double(24,8) DEFAULT NULL,
  `note` text,
  PRIMARY KEY (`rowid`),
  KEY `idx_projet_task_time_task` (`fk_task`),
  KEY `idx_projet_task_time_date` (`task_date`),
  KEY `idx_projet_task_time_datehour` (`task_datehour`)
) ENGINE=InnoDB AUTO_INCREMENT=7 DEFAULT CHARSET=utf8;

--
-- Dumping data for table `llx_projet_task_time`
--

INSERT INTO `llx_projet_task_time` VALUES (1,1,'2010-07-11','2010-07-11 00:00:00',0,25920000,1,NULL,''),(2,4,'2014-12-21','2014-12-21 12:00:00',0,3600,1,NULL,''),(3,4,'2014-12-18','2014-12-18 12:00:00',0,3600,1,NULL,NULL),(4,3,'2014-12-21','2014-12-21 12:00:00',0,3600,1,NULL,NULL),(5,3,'2014-12-21','2014-12-21 12:00:00',0,1800,1,NULL,NULL),(6,3,'2014-12-21','2014-12-21 12:00:00',0,3600,1,NULL,NULL);

--
-- Table structure for table `llx_propal`
--

CREATE TABLE `llx_propal` (
  `rowid` int(11) NOT NULL AUTO_INCREMENT,
  `fk_soc` int(11) DEFAULT NULL,
  `fk_projet` int(11) DEFAULT NULL,
  `tms` timestamp NOT NULL DEFAULT CURRENT_TIMESTAMP ON UPDATE CURRENT_TIMESTAMP,
  `ref` varchar(30) NOT NULL,
  `entity` int(11) NOT NULL DEFAULT '1',
  `ref_ext` varchar(255) DEFAULT NULL,
  `ref_int` varchar(255) DEFAULT NULL,
  `ref_client` varchar(255) DEFAULT NULL,
  `datec` datetime DEFAULT NULL,
  `datep` date DEFAULT NULL,
  `fin_validite` datetime DEFAULT NULL,
  `date_valid` datetime DEFAULT NULL,
  `date_cloture` datetime DEFAULT NULL,
  `fk_user_author` int(11) DEFAULT NULL,
  `fk_user_modif` int(11) DEFAULT NULL,
  `fk_user_valid` int(11) DEFAULT NULL,
  `fk_user_cloture` int(11) DEFAULT NULL,
  `fk_statut` smallint(6) NOT NULL DEFAULT '0',
  `price` double DEFAULT '0',
  `remise_percent` double DEFAULT '0',
  `remise_absolue` double DEFAULT '0',
  `remise` double DEFAULT '0',
  `total_ht` double(24,8) DEFAULT '0.00000000',
  `tva` double(24,8) DEFAULT '0.00000000',
  `localtax1` double(24,8) DEFAULT '0.00000000',
  `localtax2` double(24,8) DEFAULT '0.00000000',
  `total` double(24,8) DEFAULT '0.00000000',
  `fk_account` int(11) DEFAULT NULL,
  `fk_currency` varchar(3) DEFAULT NULL,
  `fk_cond_reglement` int(11) DEFAULT NULL,
  `fk_mode_reglement` int(11) DEFAULT NULL,
  `note_private` text,
  `note_public` text,
  `model_pdf` varchar(255) DEFAULT NULL,
  `date_livraison` date DEFAULT NULL,
  `fk_shipping_method` int(11) DEFAULT NULL,
  `fk_availability` int(11) DEFAULT NULL,
  `fk_delivery_address` int(11) DEFAULT NULL,
  `fk_input_reason` int(11) DEFAULT NULL,
  `import_key` varchar(14) DEFAULT NULL,
  `extraparams` varchar(255) DEFAULT NULL,
  `fk_incoterms` int(11) DEFAULT NULL,
  `location_incoterms` varchar(255) DEFAULT NULL,
  PRIMARY KEY (`rowid`),
  UNIQUE KEY `uk_propal_ref` (`ref`,`entity`),
  KEY `idx_propal_fk_soc` (`fk_soc`),
  KEY `idx_propal_fk_user_author` (`fk_user_author`),
  KEY `idx_propal_fk_user_valid` (`fk_user_valid`),
  KEY `idx_propal_fk_user_cloture` (`fk_user_cloture`),
  KEY `idx_propal_fk_projet` (`fk_projet`),
  KEY `idx_propal_fk_account` (`fk_account`),
  KEY `idx_propal_fk_currency` (`fk_currency`),
  CONSTRAINT `fk_propal_fk_projet` FOREIGN KEY (`fk_projet`) REFERENCES `llx_projet` (`rowid`),
  CONSTRAINT `fk_propal_fk_soc` FOREIGN KEY (`fk_soc`) REFERENCES `llx_societe` (`rowid`),
  CONSTRAINT `fk_propal_fk_user_author` FOREIGN KEY (`fk_user_author`) REFERENCES `llx_user` (`rowid`),
  CONSTRAINT `fk_propal_fk_user_cloture` FOREIGN KEY (`fk_user_cloture`) REFERENCES `llx_user` (`rowid`),
  CONSTRAINT `fk_propal_fk_user_valid` FOREIGN KEY (`fk_user_valid`) REFERENCES `llx_user` (`rowid`)
) ENGINE=InnoDB AUTO_INCREMENT=11 DEFAULT CHARSET=utf8;

--
-- Dumping data for table `llx_propal`
--

INSERT INTO `llx_propal` VALUES (1,2,NULL,'2012-12-08 13:11:07','PR1007-0001',1,NULL,NULL,'','2010-07-09 01:33:49','2010-07-09','2010-07-24 12:00:00','2011-08-08 14:24:18',NULL,1,NULL,1,NULL,1,0,NULL,NULL,0,30.00000000,3.84000000,0.00000000,0.00000000,33.84000000,NULL,NULL,1,0,'','','azur',NULL,NULL,NULL,NULL,0,NULL,NULL,NULL,NULL),(2,1,NULL,'2012-12-08 13:11:07','PR1007-0002',1,NULL,NULL,'','2010-07-10 02:11:44','2010-07-10','2010-07-25 12:00:00','2010-07-10 02:12:55','2011-07-20 15:23:12',1,NULL,1,1,2,0,NULL,NULL,0,10.00000000,0.00000000,0.00000000,0.00000000,10.00000000,NULL,NULL,1,1,'','','azur',NULL,NULL,NULL,NULL,0,NULL,NULL,NULL,NULL),(3,4,NULL,'2012-12-08 13:11:07','PR1007-0003',1,NULL,NULL,'','2010-07-18 11:35:11','2010-07-18','2010-08-02 12:00:00','2010-07-18 11:36:18','2011-07-20 15:21:15',1,NULL,1,1,2,0,NULL,NULL,0,10.00000000,0.00000000,0.00000000,0.00000000,10.00000000,NULL,NULL,1,0,'','','azur',NULL,NULL,NULL,NULL,0,NULL,NULL,NULL,NULL),(5,19,NULL,'2015-11-15 22:27:10','PR1302-0005',1,NULL,NULL,'','2013-02-17 15:39:56','2013-02-17','2013-03-04 12:00:00','2015-11-15 23:27:10',NULL,1,NULL,12,NULL,1,0,NULL,NULL,0,10.00000000,2.00000000,0.00000000,0.00000000,12.00000000,NULL,NULL,1,0,'','','azur',NULL,NULL,0,NULL,0,NULL,NULL,NULL,NULL),(6,19,NULL,'2013-02-17 14:40:12','PR1302-0006',1,NULL,NULL,'','2013-02-17 15:40:12','2013-02-17','2013-03-04 12:00:00',NULL,NULL,1,NULL,NULL,NULL,0,0,NULL,NULL,0,0.00000000,0.00000000,0.00000000,0.00000000,0.00000000,NULL,NULL,1,0,'','','azur',NULL,NULL,0,NULL,0,NULL,NULL,NULL,NULL),(7,19,NULL,'2013-02-17 14:41:15','PR1302-0007',1,NULL,NULL,'','2013-02-17 15:41:15','2013-02-17','2013-03-04 12:00:00',NULL,NULL,1,NULL,NULL,NULL,0,0,NULL,NULL,0,0.00000000,0.00000000,0.00000000,0.00000000,0.00000000,NULL,NULL,1,0,'','','azur',NULL,NULL,0,NULL,0,NULL,NULL,NULL,NULL),(8,19,NULL,'2013-02-17 14:43:39','PR1302-0008',1,NULL,NULL,'','2013-02-17 15:43:39','2013-02-17','2013-03-04 12:00:00',NULL,NULL,1,NULL,NULL,NULL,0,0,NULL,NULL,0,0.00000000,0.00000000,0.00000000,0.00000000,0.00000000,NULL,NULL,1,0,'','','azur',NULL,NULL,0,NULL,0,NULL,NULL,NULL,NULL),(10,7,NULL,'2015-11-15 22:37:08','(PROV10)',1,NULL,NULL,'','2015-11-15 23:37:08','2015-11-15','2015-11-30 12:00:00',NULL,NULL,12,NULL,NULL,NULL,0,0,NULL,NULL,0,0.00000000,0.00000000,0.00000000,0.00000000,0.00000000,NULL,NULL,1,3,'','','azur',NULL,NULL,0,NULL,0,NULL,NULL,0,'');

--
-- Table structure for table `llx_propal_extrafields`
--

CREATE TABLE `llx_propal_extrafields` (
  `rowid` int(11) NOT NULL AUTO_INCREMENT,
  `tms` timestamp NOT NULL DEFAULT CURRENT_TIMESTAMP ON UPDATE CURRENT_TIMESTAMP,
  `fk_object` int(11) NOT NULL,
  `import_key` varchar(14) DEFAULT NULL,
  PRIMARY KEY (`rowid`),
  KEY `idx_propal_extrafields` (`fk_object`)
) ENGINE=InnoDB DEFAULT CHARSET=utf8;

--
-- Dumping data for table `llx_propal_extrafields`
--


--
-- Table structure for table `llx_propal_merge_pdf_product`
--

CREATE TABLE `llx_propal_merge_pdf_product` (
  `rowid` int(11) NOT NULL AUTO_INCREMENT,
  `fk_product` int(11) NOT NULL,
  `file_name` varchar(200) NOT NULL,
  `lang` varchar(5) DEFAULT NULL,
  `fk_user_author` int(11) DEFAULT NULL,
  `fk_user_mod` int(11) NOT NULL,
  `datec` datetime NOT NULL,
  `tms` timestamp NOT NULL DEFAULT CURRENT_TIMESTAMP ON UPDATE CURRENT_TIMESTAMP,
  `import_key` varchar(14) DEFAULT NULL,
  PRIMARY KEY (`rowid`)
) ENGINE=InnoDB DEFAULT CHARSET=utf8;

--
-- Dumping data for table `llx_propal_merge_pdf_product`
--


--
-- Table structure for table `llx_propaldet`
--

CREATE TABLE `llx_propaldet` (
  `rowid` int(11) NOT NULL AUTO_INCREMENT,
  `fk_propal` int(11) DEFAULT NULL,
  `fk_parent_line` int(11) DEFAULT NULL,
  `fk_product` int(11) DEFAULT NULL,
  `label` varchar(255) DEFAULT NULL,
  `description` text,
  `fk_remise_except` int(11) DEFAULT NULL,
  `tva_tx` double(6,3) DEFAULT '0.000',
  `localtax1_tx` double(6,3) DEFAULT '0.000',
  `localtax1_type` varchar(10) NOT NULL DEFAULT '0',
  `localtax2_tx` double(6,3) DEFAULT '0.000',
  `localtax2_type` varchar(10) NOT NULL DEFAULT '0',
  `qty` double DEFAULT NULL,
  `remise_percent` double DEFAULT '0',
  `remise` double DEFAULT '0',
  `price` double DEFAULT NULL,
  `subprice` double(24,8) DEFAULT '0.00000000',
  `total_ht` double(24,8) DEFAULT '0.00000000',
  `total_tva` double(24,8) DEFAULT '0.00000000',
  `total_localtax1` double(24,8) DEFAULT '0.00000000',
  `total_localtax2` double(24,8) DEFAULT '0.00000000',
  `total_ttc` double(24,8) DEFAULT '0.00000000',
  `product_type` int(11) DEFAULT '0',
  `date_start` datetime DEFAULT NULL,
  `date_end` datetime DEFAULT NULL,
  `info_bits` int(11) DEFAULT '0',
  `fk_product_fournisseur_price` int(11) DEFAULT NULL,
  `buy_price_ht` double(24,8) DEFAULT '0.00000000',
  `special_code` int(10) unsigned DEFAULT '0',
  `rang` int(11) DEFAULT '0',
  `fk_unit` int(11) DEFAULT NULL,
  PRIMARY KEY (`rowid`),
  KEY `idx_propaldet_fk_propal` (`fk_propal`),
  KEY `idx_propaldet_fk_product` (`fk_product`),
  KEY `fk_propaldet_fk_unit` (`fk_unit`),
  CONSTRAINT `fk_propaldet_fk_propal` FOREIGN KEY (`fk_propal`) REFERENCES `llx_propal` (`rowid`),
  CONSTRAINT `fk_propaldet_fk_unit` FOREIGN KEY (`fk_unit`) REFERENCES `llx_c_units` (`rowid`)
) ENGINE=InnoDB AUTO_INCREMENT=25 DEFAULT CHARSET=utf8;

--
-- Dumping data for table `llx_propaldet`
--

INSERT INTO `llx_propaldet` VALUES (1,1,NULL,NULL,NULL,'Une machine à café',NULL,12.500,0.000,'',0.000,'',1,0,0,NULL,10.00000000,10.00000000,1.25000000,0.00000000,0.00000000,11.25000000,0,NULL,NULL,0,NULL,0.00000000,0,1,NULL),(2,2,NULL,NULL,NULL,'Product 1',NULL,0.000,0.000,'',0.000,'',1,0,0,NULL,10.00000000,10.00000000,0.00000000,0.00000000,0.00000000,10.00000000,0,NULL,NULL,0,NULL,0.00000000,0,1,NULL),(3,2,NULL,2,NULL,'',NULL,0.000,0.000,'',0.000,'',1,0,0,NULL,NULL,0.00000000,0.00000000,0.00000000,0.00000000,0.00000000,0,NULL,NULL,0,NULL,0.00000000,0,2,NULL),(4,3,NULL,NULL,NULL,'A new marvelous product',NULL,0.000,0.000,'',0.000,'',1,0,0,NULL,10.00000000,10.00000000,0.00000000,0.00000000,0.00000000,10.00000000,0,NULL,NULL,0,NULL,0.00000000,0,1,NULL),(5,1,NULL,5,NULL,'cccc',NULL,19.600,0.000,'',0.000,'',1,0,0,NULL,10.00000000,10.00000000,1.96000000,0.00000000,0.00000000,11.96000000,0,NULL,NULL,0,NULL,0.00000000,0,2,NULL),(11,1,NULL,4,NULL,'',NULL,0.000,0.000,'',0.000,'',1,0,0,NULL,NULL,0.00000000,0.00000000,0.00000000,0.00000000,0.00000000,0,NULL,NULL,0,NULL,0.00000000,0,3,NULL),(12,1,NULL,4,NULL,'',NULL,0.000,0.000,'',0.000,'',1,0,0,NULL,5.00000000,5.00000000,0.00000000,0.00000000,0.00000000,5.00000000,0,NULL,NULL,0,NULL,0.00000000,0,4,NULL),(13,1,NULL,4,NULL,'',NULL,12.500,0.000,'',0.000,'',1,0,0,NULL,5.00000000,5.00000000,0.63000000,0.00000000,0.00000000,5.63000000,0,NULL,NULL,0,NULL,0.00000000,0,5,NULL),(24,5,NULL,NULL,NULL,'On demand Apple pie',NULL,20.000,0.000,'0',0.000,'0',1,0,0,NULL,10.00000000,10.00000000,2.00000000,0.00000000,0.00000000,12.00000000,0,NULL,NULL,0,NULL,0.00000000,0,1,NULL);

--
-- Table structure for table `llx_propaldet_extrafields`
--

CREATE TABLE `llx_propaldet_extrafields` (
  `rowid` int(11) NOT NULL AUTO_INCREMENT,
  `tms` timestamp NOT NULL DEFAULT CURRENT_TIMESTAMP ON UPDATE CURRENT_TIMESTAMP,
  `fk_object` int(11) NOT NULL,
  `import_key` varchar(14) DEFAULT NULL,
  PRIMARY KEY (`rowid`),
  KEY `idx_propaldet_extrafields` (`fk_object`)
) ENGINE=InnoDB DEFAULT CHARSET=latin1;

--
-- Dumping data for table `llx_propaldet_extrafields`
--


--
-- Table structure for table `llx_resource`
--

CREATE TABLE `llx_resource` (
  `rowid` int(11) NOT NULL AUTO_INCREMENT,
  `entity` int(11) NOT NULL DEFAULT '1',
  `ref` varchar(255) DEFAULT NULL,
  `description` text,
  `fk_code_type_resource` varchar(32) DEFAULT NULL,
  `note_public` text,
  `note_private` text,
  `tms` timestamp NOT NULL DEFAULT CURRENT_TIMESTAMP ON UPDATE CURRENT_TIMESTAMP,
  PRIMARY KEY (`rowid`),
  KEY `fk_code_type_resource_idx` (`fk_code_type_resource`)
) ENGINE=InnoDB DEFAULT CHARSET=utf8;

--
-- Dumping data for table `llx_resource`
--


--
-- Table structure for table `llx_rights_def`
--

CREATE TABLE `llx_rights_def` (
  `id` int(11) NOT NULL DEFAULT '0',
  `libelle` varchar(255) DEFAULT NULL,
  `module` varchar(64) DEFAULT NULL,
  `entity` int(11) NOT NULL DEFAULT '1',
  `perms` varchar(50) DEFAULT NULL,
  `subperms` varchar(50) DEFAULT NULL,
  `type` varchar(1) DEFAULT NULL,
  `bydefault` tinyint(4) DEFAULT '0',
  PRIMARY KEY (`id`,`entity`)
) ENGINE=InnoDB DEFAULT CHARSET=utf8;

--
-- Dumping data for table `llx_rights_def`
--



--
-- Table structure for table `llx_societe`
--

CREATE TABLE `llx_societe` (
  `rowid` int(11) NOT NULL AUTO_INCREMENT,
  `statut` tinyint(4) DEFAULT '0',
  `parent` int(11) DEFAULT NULL,
  `tms` timestamp NOT NULL DEFAULT CURRENT_TIMESTAMP ON UPDATE CURRENT_TIMESTAMP,
  `datec` datetime DEFAULT NULL,
  `nom` varchar(128) DEFAULT NULL,
  `entity` int(11) NOT NULL DEFAULT '1',
  `ref_ext` varchar(128) DEFAULT NULL,
  `ref_int` varchar(60) DEFAULT NULL,
  `code_client` varchar(24) DEFAULT NULL,
  `code_fournisseur` varchar(24) DEFAULT NULL,
  `code_compta` varchar(24) DEFAULT NULL,
  `code_compta_fournisseur` varchar(24) DEFAULT NULL,
  `address` varchar(255) DEFAULT NULL,
  `zip` varchar(25) DEFAULT NULL,
  `town` varchar(50) DEFAULT NULL,
  `fk_departement` int(11) DEFAULT '0',
  `fk_pays` int(11) DEFAULT '0',
  `phone` varchar(20) DEFAULT NULL,
  `fax` varchar(20) DEFAULT NULL,
  `url` varchar(255) DEFAULT NULL,
  `email` varchar(128) DEFAULT NULL,
  `skype` varchar(255) DEFAULT NULL,
  `fk_effectif` int(11) DEFAULT '0',
  `fk_typent` int(11) DEFAULT '0',
  `fk_forme_juridique` int(11) DEFAULT '0',
  `fk_currency` varchar(3) DEFAULT NULL,
  `siren` varchar(128) DEFAULT NULL,
  `siret` varchar(128) DEFAULT NULL,
  `ape` varchar(128) DEFAULT NULL,
  `idprof4` varchar(128) DEFAULT NULL,
  `tva_intra` varchar(20) DEFAULT NULL,
  `capital` double DEFAULT NULL,
  `fk_stcomm` int(11) NOT NULL,
  `note_private` text,
  `note_public` text,
  `prefix_comm` varchar(5) DEFAULT NULL,
  `client` tinyint(4) DEFAULT '0',
  `fournisseur` tinyint(4) DEFAULT '0',
  `supplier_account` varchar(32) DEFAULT NULL,
  `fk_prospectlevel` varchar(12) DEFAULT NULL,
  `customer_bad` tinyint(4) DEFAULT '0',
  `customer_rate` double DEFAULT '0',
  `supplier_rate` double DEFAULT '0',
  `fk_user_creat` int(11) DEFAULT NULL,
  `fk_user_modif` int(11) DEFAULT NULL,
  `remise_client` double DEFAULT '0',
  `mode_reglement` tinyint(4) DEFAULT NULL,
  `cond_reglement` tinyint(4) DEFAULT NULL,
  `mode_reglement_supplier` int(11) DEFAULT NULL,
  `outstanding_limit` double(24,8) DEFAULT NULL,
  `cond_reglement_supplier` int(11) DEFAULT NULL,
  `tva_assuj` tinyint(4) DEFAULT '1',
  `localtax1_assuj` tinyint(4) DEFAULT '0',
  `localtax1_value` double(6,3) DEFAULT NULL,
  `localtax2_assuj` tinyint(4) DEFAULT '0',
  `localtax2_value` double(6,3) DEFAULT NULL,
  `barcode` varchar(255) DEFAULT NULL,
  `price_level` int(11) DEFAULT NULL,
  `default_lang` varchar(6) DEFAULT NULL,
  `canvas` varchar(32) DEFAULT NULL,
  `import_key` varchar(14) DEFAULT NULL,
  `status` tinyint(4) DEFAULT '1',
  `logo` varchar(255) DEFAULT NULL,
  `idprof5` varchar(128) DEFAULT NULL,
  `idprof6` varchar(128) DEFAULT NULL,
  `fk_barcode_type` int(11) DEFAULT '0',
  `webservices_url` varchar(255) DEFAULT NULL,
  `webservices_key` varchar(128) DEFAULT NULL,
  `name_alias` varchar(128) DEFAULT NULL,
  `fk_incoterms` int(11) DEFAULT NULL,
  `location_incoterms` varchar(255) DEFAULT NULL,
  PRIMARY KEY (`rowid`),
  UNIQUE KEY `uk_societe_prefix_comm` (`prefix_comm`,`entity`),
  UNIQUE KEY `uk_societe_code_client` (`code_client`,`entity`),
  UNIQUE KEY `uk_societe_barcode` (`barcode`,`fk_barcode_type`,`entity`),
  UNIQUE KEY `uk_societe_code_fournisseur` (`code_fournisseur`,`entity`),
  KEY `idx_societe_user_creat` (`fk_user_creat`),
  KEY `idx_societe_user_modif` (`fk_user_modif`),
  KEY `idx_societe_barcode` (`barcode`)
) ENGINE=InnoDB AUTO_INCREMENT=26 DEFAULT CHARSET=utf8;

--
-- Dumping data for table `llx_societe`
--

INSERT INTO `llx_societe` VALUES (1,0,NULL,'2016-01-16 15:21:09','2010-07-08 14:21:44','Indian SAS',1,NULL,NULL,'CU1212-0007','SU1212-0005','7050','6050','1 alalah road',NULL,'Delhi',0,117,NULL,NULL,NULL,NULL,NULL,NULL,4,NULL,'0','','','','','',5000,1,NULL,NULL,NULL,1,1,NULL,NULL,0,0,0,1,12,0,NULL,NULL,NULL,NULL,NULL,1,NULL,0.000,NULL,0.000,NULL,NULL,'en_IN',NULL,NULL,1,'indiancompany.png','','',0,NULL,NULL,'',0,NULL),(2,0,NULL,'2016-01-16 15:25:44','2010-07-08 14:23:48','Teclib',1,NULL,NULL,'CU1108-0001','SU1108-0001',NULL,NULL,'11 rue de la paix.','75000','Paris',0,1,NULL,NULL,'www.teclib.com',NULL,NULL,NULL,3,57,'0','123456789','','ACE14','','',400000,0,NULL,NULL,NULL,3,1,NULL,NULL,0,0,0,1,12,0,NULL,NULL,NULL,NULL,NULL,1,NULL,0.000,NULL,0.000,NULL,NULL,'fr_FR',NULL,NULL,1,'teclibcompany.png','','',0,NULL,NULL,'',0,NULL),(3,0,NULL,'2016-01-16 15:28:17','2010-07-08 22:42:12','Spanish Comp',1,NULL,NULL,'SPANISHCOMP','SU1601-0009',NULL,NULL,'1 via mallere',NULL,'Madrid',123,4,NULL,NULL,NULL,NULL,NULL,3,4,408,'0','','','','','',10000,0,NULL,NULL,NULL,3,1,NULL,NULL,0,0,0,1,12,0,NULL,NULL,NULL,NULL,NULL,1,NULL,0.000,NULL,0.000,NULL,NULL,'es_AR',NULL,NULL,1,'spanishcompany.png','','',0,NULL,NULL,'',0,NULL),(4,0,NULL,'2016-01-22 17:24:53','2010-07-08 22:48:18','Prospector Vaalen',1,NULL,NULL,'CU1303-0014',NULL,NULL,NULL,'',NULL,'Bruxelles',103,2,NULL,NULL,NULL,NULL,NULL,3,4,201,'0','12345678','','','','',0,0,NULL,NULL,NULL,3,0,NULL,'PL_LOW',0,0,0,1,12,0,NULL,NULL,NULL,NULL,NULL,1,NULL,0.000,NULL,0.000,NULL,NULL,NULL,NULL,NULL,1,'valeencompany.png','','',0,NULL,NULL,'',0,NULL),(5,0,NULL,'2016-01-16 15:31:29','2010-07-08 23:22:57','NoCountry',1,NULL,NULL,NULL,NULL,NULL,NULL,'',NULL,NULL,0,0,NULL,NULL,NULL,NULL,NULL,NULL,0,NULL,'0','','','','','',0,0,NULL,NULL,NULL,0,0,NULL,NULL,0,0,0,1,12,0,NULL,NULL,NULL,NULL,NULL,1,NULL,0.000,NULL,0.000,NULL,NULL,NULL,NULL,NULL,1,'nocountrycomp.png','','',0,NULL,NULL,'',0,NULL),(6,0,NULL,'2016-01-16 15:35:56','2010-07-09 00:15:09','Swiss Touch',1,NULL,NULL,'CU1601-0018','SU1601-0010',NULL,NULL,'',NULL,'Genevia',0,6,NULL,NULL,NULL,'swisstouch@example.ch',NULL,2,2,601,'0','','','','','',56000,0,NULL,NULL,NULL,3,1,NULL,NULL,0,0,0,1,12,0,NULL,NULL,NULL,NULL,NULL,1,NULL,0.000,NULL,0.000,NULL,NULL,NULL,NULL,NULL,1,'swisstouch.png','','',0,NULL,NULL,'',0,NULL),(7,0,NULL,'2016-01-16 15:38:32','2010-07-09 01:24:26','Generic customer',1,NULL,NULL,'CU1302-0011',NULL,NULL,NULL,'',NULL,NULL,0,7,NULL,NULL,NULL,'ttt@ttt.com',NULL,NULL,8,NULL,'0','','','','','',0,0,'Generic customer to use for Point Of Sale module.<br />',NULL,NULL,1,0,NULL,NULL,0,0,0,1,12,0,NULL,NULL,NULL,NULL,NULL,1,NULL,0.000,NULL,0.000,NULL,NULL,NULL,NULL,NULL,1,'genericcustomer.png','','',0,NULL,NULL,'',0,NULL),(10,0,NULL,'2016-01-16 15:44:20','2010-07-10 15:13:08','NLTechno',1,NULL,NULL,'CU1212-0005','SU1601-0011',NULL,NULL,'',NULL,NULL,0,1,NULL,NULL,NULL,'notanemail@nltechno.com',NULL,1,4,54,'0','493861496','49386149600039','6209Z','22-01-2007','FR123456789',10000,0,NULL,NULL,NULL,1,1,NULL,NULL,0,0,0,1,12,0,NULL,NULL,NULL,NULL,NULL,1,NULL,0.000,NULL,0.000,'123456789012',NULL,'fr_FR',NULL,NULL,1,'logo_nltechno_94x100.png','','',0,NULL,NULL,'The OpenSource company',0,NULL),(11,0,NULL,'2016-01-22 17:11:20','2010-07-10 18:35:57','Company Corp 1',1,NULL,NULL,'CU1510-0017',NULL,'7051',NULL,'',NULL,NULL,0,1,NULL,NULL,NULL,NULL,NULL,NULL,0,NULL,'0','','','','','',0,0,NULL,NULL,NULL,3,0,NULL,'PL_LOW',0,0,0,1,12,0,NULL,NULL,NULL,NULL,NULL,1,NULL,0.000,NULL,0.000,NULL,NULL,NULL,NULL,NULL,1,'comapnycorp1company.png','','',0,NULL,NULL,'',0,NULL),(12,0,NULL,'2016-01-22 16:41:56','2010-07-11 16:18:08','Dupont Alain',1,NULL,NULL,'CU1601-0019',NULL,NULL,NULL,'',NULL,NULL,0,1,NULL,NULL,NULL,'dalain@example.com',NULL,NULL,0,NULL,'0','','','','','',0,0,NULL,NULL,NULL,1,0,NULL,NULL,0,0,0,1,12,0,NULL,NULL,NULL,NULL,NULL,1,NULL,0.000,NULL,0.000,NULL,NULL,NULL,NULL,NULL,1,'pierrecurie.jpg','','',0,NULL,NULL,'',0,NULL),(13,0,NULL,'2016-01-22 17:13:16','2010-07-11 17:13:20','Company Corp 2',1,NULL,NULL,NULL,'SU1510-0008',NULL,NULL,'',NULL,NULL,0,1,NULL,NULL,NULL,NULL,NULL,NULL,0,NULL,'0','','','','','',0,0,NULL,NULL,NULL,0,1,NULL,NULL,0,0,0,1,12,0,NULL,NULL,NULL,NULL,NULL,1,NULL,0.000,NULL,0.000,NULL,NULL,NULL,NULL,NULL,1,'companycorp2company.png','','',0,NULL,NULL,'',0,NULL),(17,0,NULL,'2016-01-22 17:13:46','2011-08-01 02:41:26','Book Keeping Company',1,NULL,NULL,'CU1108-0004','SU1108-0004',NULL,NULL,'The French Company',NULL,NULL,0,1,NULL,NULL,NULL,NULL,NULL,1,3,NULL,'0','','','','','',0,0,NULL,NULL,NULL,3,1,NULL,NULL,0,0,0,1,12,0,NULL,NULL,NULL,NULL,NULL,1,NULL,0.000,NULL,0.000,NULL,NULL,NULL,NULL,NULL,1,'bookkeepercompany.png','','',0,NULL,NULL,'',0,NULL),(19,0,NULL,'2016-01-22 17:18:08','2013-01-12 12:23:05','Magic Food Store',1,NULL,NULL,'CU1301-0008',NULL,NULL,NULL,'65 holdywood boulevard','123456','BigTown',0,4,NULL,'0101',NULL,'myemail@domain.com',NULL,NULL,0,NULL,'0','','','10/10/2010','','',0,0,NULL,NULL,NULL,1,0,NULL,NULL,0,0,0,1,12,0,NULL,NULL,NULL,NULL,NULL,0,NULL,0.000,NULL,0.000,NULL,NULL,'en_US','patient@cabinetmed',NULL,1,'magicfoodstore.png','','',0,NULL,NULL,'',0,NULL),(25,0,NULL,'2016-01-22 17:21:17','2013-03-10 15:47:37','Print Company',1,NULL,NULL,'CU1303-0016','SU1303-0007',NULL,NULL,'21 Gutenberg street','45600','Berlin',0,5,NULL,NULL,NULL,'printcompany@example.com',NULL,NULL,0,NULL,'0','','','','','',0,0,NULL,NULL,NULL,0,1,NULL,NULL,0,0,0,1,12,0,NULL,NULL,NULL,NULL,NULL,1,NULL,0.000,NULL,0.000,NULL,NULL,'de_DE',NULL,NULL,1,'printcompany.png','','',0,NULL,NULL,'',0,NULL);

--
-- Table structure for table `llx_societe_address`
--

CREATE TABLE `llx_societe_address` (
  `rowid` int(11) NOT NULL AUTO_INCREMENT,
  `datec` datetime DEFAULT NULL,
  `tms` timestamp NOT NULL DEFAULT CURRENT_TIMESTAMP ON UPDATE CURRENT_TIMESTAMP,
  `label` varchar(30) DEFAULT NULL,
  `fk_soc` int(11) DEFAULT '0',
  `name` varchar(60) DEFAULT NULL,
  `address` varchar(255) DEFAULT NULL,
  `zip` varchar(10) DEFAULT NULL,
  `town` varchar(50) DEFAULT NULL,
  `fk_pays` int(11) DEFAULT '0',
  `phone` varchar(20) DEFAULT NULL,
  `fax` varchar(20) DEFAULT NULL,
  `note` text,
  `fk_user_creat` int(11) DEFAULT NULL,
  `fk_user_modif` int(11) DEFAULT NULL,
  PRIMARY KEY (`rowid`)
) ENGINE=InnoDB DEFAULT CHARSET=utf8;

--
-- Dumping data for table `llx_societe_address`
--


--
-- Table structure for table `llx_societe_commerciaux`
--

CREATE TABLE `llx_societe_commerciaux` (
  `rowid` int(11) NOT NULL AUTO_INCREMENT,
  `fk_soc` int(11) DEFAULT NULL,
  `fk_user` int(11) DEFAULT NULL,
  PRIMARY KEY (`rowid`),
  UNIQUE KEY `uk_societe_commerciaux` (`fk_soc`,`fk_user`)
) ENGINE=InnoDB AUTO_INCREMENT=11 DEFAULT CHARSET=utf8;

--
-- Dumping data for table `llx_societe_commerciaux`
--

INSERT INTO `llx_societe_commerciaux` VALUES (1,2,2),(2,3,2),(9,11,16),(10,13,17),(5,17,1),(6,19,1),(8,19,3);

--
-- Table structure for table `llx_societe_extrafields`
--

CREATE TABLE `llx_societe_extrafields` (
  `rowid` int(11) NOT NULL AUTO_INCREMENT,
  `tms` timestamp NOT NULL DEFAULT CURRENT_TIMESTAMP ON UPDATE CURRENT_TIMESTAMP,
  `fk_object` int(11) NOT NULL,
  `import_key` varchar(14) DEFAULT NULL,
  `anotheraddedfield` varchar(15) DEFAULT NULL,
  PRIMARY KEY (`rowid`),
  UNIQUE KEY `uk_societe_extrafields` (`fk_object`)
) ENGINE=InnoDB AUTO_INCREMENT=90 DEFAULT CHARSET=utf8;

--
-- Dumping data for table `llx_societe_extrafields`
--

INSERT INTO `llx_societe_extrafields` VALUES (1,'2011-06-22 16:23:01',40,NULL,NULL),(2,'2011-06-22 16:23:16',41,NULL,NULL),(4,'2011-06-23 07:40:40',39,NULL,NULL),(12,'2011-06-29 13:03:12',42,NULL,NULL),(14,'2011-07-02 01:24:03',57,NULL,NULL),(16,'2011-07-02 14:11:29',60,NULL,NULL),(17,'2011-07-18 10:26:55',35,NULL,NULL),(75,'2016-01-22 16:40:03',10,NULL,NULL),(77,'2016-01-22 16:41:56',12,NULL,NULL),(78,'2016-01-22 17:11:20',11,NULL,NULL),(79,'2016-01-22 17:13:16',13,NULL,NULL),(80,'2016-01-22 17:13:46',17,NULL,NULL),(81,'2016-01-22 17:18:08',19,NULL,NULL),(82,'2016-01-22 17:21:17',25,NULL,NULL),(83,'2016-01-22 17:21:51',1,NULL,NULL),(84,'2016-01-22 17:22:09',2,NULL,NULL),(85,'2016-01-22 17:22:32',3,NULL,NULL),(86,'2016-01-22 17:24:53',4,NULL,NULL),(87,'2016-01-22 17:25:11',5,NULL,NULL),(88,'2016-01-22 17:25:26',6,NULL,NULL),(89,'2016-01-22 17:25:41',7,NULL,NULL);

--
-- Table structure for table `llx_societe_log`
--

CREATE TABLE `llx_societe_log` (
  `id` int(11) NOT NULL AUTO_INCREMENT,
  `datel` datetime DEFAULT NULL,
  `fk_soc` int(11) DEFAULT NULL,
  `fk_statut` int(11) DEFAULT NULL,
  `fk_user` int(11) DEFAULT NULL,
  `author` varchar(30) DEFAULT NULL,
  `label` varchar(128) DEFAULT NULL,
  PRIMARY KEY (`id`)
) ENGINE=InnoDB DEFAULT CHARSET=utf8;

--
-- Dumping data for table `llx_societe_log`
--


--
-- Table structure for table `llx_societe_prices`
--

CREATE TABLE `llx_societe_prices` (
  `rowid` int(11) NOT NULL AUTO_INCREMENT,
  `fk_soc` int(11) DEFAULT '0',
  `tms` timestamp NULL DEFAULT NULL,
  `datec` datetime DEFAULT NULL,
  `fk_user_author` int(11) DEFAULT NULL,
  `price_level` tinyint(4) DEFAULT '1',
  PRIMARY KEY (`rowid`)
) ENGINE=InnoDB DEFAULT CHARSET=utf8;

--
-- Dumping data for table `llx_societe_prices`
--


--
-- Table structure for table `llx_societe_remise`
--

CREATE TABLE `llx_societe_remise` (
  `rowid` int(11) NOT NULL AUTO_INCREMENT,
  `fk_soc` int(11) NOT NULL,
  `tms` timestamp NOT NULL DEFAULT CURRENT_TIMESTAMP ON UPDATE CURRENT_TIMESTAMP,
  `datec` datetime DEFAULT NULL,
  `fk_user_author` int(11) DEFAULT NULL,
  `remise_client` double(6,3) NOT NULL DEFAULT '0.000',
  `note` text,
  PRIMARY KEY (`rowid`)
) ENGINE=InnoDB DEFAULT CHARSET=utf8;

--
-- Dumping data for table `llx_societe_remise`
--


--
-- Table structure for table `llx_societe_remise_except`
--

CREATE TABLE `llx_societe_remise_except` (
  `rowid` int(11) NOT NULL AUTO_INCREMENT,
  `fk_soc` int(11) NOT NULL,
  `datec` datetime DEFAULT NULL,
  `amount_ht` double(24,8) NOT NULL,
  `amount_tva` double(24,8) NOT NULL DEFAULT '0.00000000',
  `amount_ttc` double(24,8) NOT NULL DEFAULT '0.00000000',
  `tva_tx` double(6,3) NOT NULL DEFAULT '0.000',
  `fk_user` int(11) NOT NULL,
  `fk_facture_line` int(11) DEFAULT NULL,
  `fk_facture` int(11) DEFAULT NULL,
  `fk_facture_source` int(11) DEFAULT NULL,
  `description` text NOT NULL,
  PRIMARY KEY (`rowid`),
  KEY `idx_societe_remise_except_fk_user` (`fk_user`),
  KEY `idx_societe_remise_except_fk_soc` (`fk_soc`),
  KEY `idx_societe_remise_except_fk_facture_line` (`fk_facture_line`),
  KEY `idx_societe_remise_except_fk_facture` (`fk_facture`),
  KEY `idx_societe_remise_except_fk_facture_source` (`fk_facture_source`),
  CONSTRAINT `fk_soc_remise_fk_facture_line` FOREIGN KEY (`fk_facture_line`) REFERENCES `llx_facturedet` (`rowid`),
  CONSTRAINT `fk_soc_remise_fk_soc` FOREIGN KEY (`fk_soc`) REFERENCES `llx_societe` (`rowid`),
  CONSTRAINT `fk_societe_remise_fk_facture` FOREIGN KEY (`fk_facture`) REFERENCES `llx_facture` (`rowid`),
  CONSTRAINT `fk_societe_remise_fk_facture_line` FOREIGN KEY (`fk_facture_line`) REFERENCES `llx_facturedet` (`rowid`),
  CONSTRAINT `fk_societe_remise_fk_facture_source` FOREIGN KEY (`fk_facture_source`) REFERENCES `llx_facture` (`rowid`),
  CONSTRAINT `fk_societe_remise_fk_soc` FOREIGN KEY (`fk_soc`) REFERENCES `llx_societe` (`rowid`),
  CONSTRAINT `fk_societe_remise_fk_user` FOREIGN KEY (`fk_user`) REFERENCES `llx_user` (`rowid`)
) ENGINE=InnoDB AUTO_INCREMENT=3 DEFAULT CHARSET=utf8;

--
-- Dumping data for table `llx_societe_remise_except`
--

INSERT INTO `llx_societe_remise_except` VALUES (2,19,'2013-03-19 09:36:15',10.00000000,1.25000000,11.25000000,12.500,1,NULL,NULL,NULL,'hfghgf');

--
-- Table structure for table `llx_societe_rib`
--

CREATE TABLE `llx_societe_rib` (
  `rowid` int(11) NOT NULL AUTO_INCREMENT,
  `fk_soc` int(11) NOT NULL,
  `datec` datetime DEFAULT NULL,
  `tms` timestamp NOT NULL DEFAULT CURRENT_TIMESTAMP ON UPDATE CURRENT_TIMESTAMP,
  `label` varchar(30) DEFAULT NULL,
  `bank` varchar(255) DEFAULT NULL,
  `code_banque` varchar(7) DEFAULT NULL,
  `code_guichet` varchar(6) DEFAULT NULL,
  `number` varchar(255) DEFAULT NULL,
  `cle_rib` varchar(5) DEFAULT NULL,
  `bic` varchar(20) DEFAULT NULL,
  `iban_prefix` varchar(34) DEFAULT NULL,
  `domiciliation` varchar(255) DEFAULT NULL,
  `proprio` varchar(60) DEFAULT NULL,
  `owner_address` text,
  `default_rib` tinyint(4) NOT NULL DEFAULT '0',
  `rum` varchar(32) DEFAULT NULL,
  `frstrecur` varchar(16) DEFAULT 'FRST',
  `import_key` varchar(14) DEFAULT NULL,
  PRIMARY KEY (`rowid`)
) ENGINE=InnoDB DEFAULT CHARSET=utf8;

--
-- Dumping data for table `llx_societe_rib`
--


--
-- Table structure for table `llx_socpeople`
--

CREATE TABLE `llx_socpeople` (
  `rowid` int(11) NOT NULL AUTO_INCREMENT,
  `datec` datetime DEFAULT NULL,
  `tms` timestamp NOT NULL DEFAULT CURRENT_TIMESTAMP ON UPDATE CURRENT_TIMESTAMP,
  `fk_soc` int(11) DEFAULT NULL,
  `entity` int(11) NOT NULL DEFAULT '1',
  `ref_ext` varchar(128) DEFAULT NULL,
  `civility` varchar(6) DEFAULT NULL,
  `lastname` varchar(50) DEFAULT NULL,
  `firstname` varchar(50) DEFAULT NULL,
  `address` varchar(255) DEFAULT NULL,
  `zip` varchar(10) DEFAULT NULL,
  `town` text,
  `fk_departement` int(11) DEFAULT NULL,
  `fk_pays` int(11) DEFAULT '0',
  `birthday` date DEFAULT NULL,
  `poste` varchar(80) DEFAULT NULL,
  `phone` varchar(30) DEFAULT NULL,
  `phone_perso` varchar(30) DEFAULT NULL,
  `phone_mobile` varchar(30) DEFAULT NULL,
  `fax` varchar(30) DEFAULT NULL,
  `email` varchar(255) DEFAULT NULL,
  `jabberid` varchar(255) DEFAULT NULL,
  `skype` varchar(255) DEFAULT NULL,
  `priv` smallint(6) NOT NULL DEFAULT '0',
  `no_email` smallint(6) NOT NULL DEFAULT '0',
  `fk_user_creat` int(11) DEFAULT '0',
  `fk_user_modif` int(11) DEFAULT NULL,
  `note_private` text,
  `note_public` text,
  `default_lang` varchar(6) DEFAULT NULL,
  `canvas` varchar(32) DEFAULT NULL,
  `import_key` varchar(14) DEFAULT NULL,
  `statut` tinyint(4) NOT NULL DEFAULT '1',
  PRIMARY KEY (`rowid`),
  KEY `idx_socpeople_fk_soc` (`fk_soc`),
  KEY `idx_socpeople_fk_user_creat` (`fk_user_creat`),
  CONSTRAINT `fk_socpeople_fk_soc` FOREIGN KEY (`fk_soc`) REFERENCES `llx_societe` (`rowid`),
  CONSTRAINT `fk_socpeople_user_creat_user_rowid` FOREIGN KEY (`fk_user_creat`) REFERENCES `llx_user` (`rowid`)
) ENGINE=InnoDB AUTO_INCREMENT=7 DEFAULT CHARSET=utf8;

--
-- Dumping data for table `llx_socpeople`
--

INSERT INTO `llx_socpeople` VALUES (1,'2010-07-08 14:26:14','2016-01-16 15:07:51',1,1,NULL,'MR','Indra','Mahala','','','',297,117,'2010-07-08','Project leader','','','','','','','',0,0,1,12,'Met during a congress at Dubai','',NULL,NULL,NULL,1),(2,'2010-07-08 22:44:50','2010-07-08 20:59:57',NULL,1,NULL,'MR','Freeman','Public','','','',200,11,NULL,'','','','','','','',NULL,0,0,1,1,'A friend that is a free contact not linked to any company',NULL,NULL,NULL,NULL,1),(3,'2010-07-08 22:59:02','2016-01-22 17:30:07',NULL,1,NULL,'MR','Mywife','Nicy','','','',NULL,11,'1980-10-03','','','','','','','','',1,0,1,12,'This is a private contact','',NULL,NULL,NULL,1),(4,'2010-07-09 00:16:58','2010-07-08 22:16:58',6,1,NULL,'MR','Rotchield','Evan','','','',NULL,6,NULL,'Bank director','','','','','','',NULL,0,0,1,1,'The bank director',NULL,NULL,NULL,NULL,1),(6,'2011-08-01 02:41:26','2016-01-22 17:29:53',17,1,NULL,'','Bookkeeper','Bob','99 account street','123456','BigTown',NULL,4,NULL,'book keeper','','','','','','','',0,0,1,12,'','',NULL,NULL,NULL,1);

--
-- Table structure for table `llx_socpeople_extrafields`
--

CREATE TABLE `llx_socpeople_extrafields` (
  `rowid` int(11) NOT NULL AUTO_INCREMENT,
  `tms` timestamp NOT NULL DEFAULT CURRENT_TIMESTAMP ON UPDATE CURRENT_TIMESTAMP,
  `fk_object` int(11) NOT NULL,
  `import_key` varchar(14) DEFAULT NULL,
  PRIMARY KEY (`rowid`),
  KEY `idx_socpeople_extrafields` (`fk_object`)
) ENGINE=InnoDB DEFAULT CHARSET=utf8;

--
-- Dumping data for table `llx_socpeople_extrafields`
--


--
-- Table structure for table `llx_stock_mouvement`
--

CREATE TABLE `llx_stock_mouvement` (
  `rowid` int(11) NOT NULL AUTO_INCREMENT,
  `tms` timestamp NOT NULL DEFAULT CURRENT_TIMESTAMP ON UPDATE CURRENT_TIMESTAMP,
  `datem` datetime DEFAULT NULL,
  `fk_product` int(11) NOT NULL,
  `fk_entrepot` int(11) NOT NULL,
  `value` double DEFAULT NULL,
  `price` double(24,8) DEFAULT '0.00000000',
  `type_mouvement` smallint(6) DEFAULT NULL,
  `fk_user_author` int(11) DEFAULT NULL,
  `label` varchar(255) DEFAULT NULL,
  `fk_origin` int(11) DEFAULT NULL,
  `origintype` varchar(32) DEFAULT NULL,
  `inventorycode` varchar(128) DEFAULT NULL,
  `batch` varchar(30) DEFAULT NULL,
  `eatby` date DEFAULT NULL,
  `sellby` date DEFAULT NULL,
  PRIMARY KEY (`rowid`),
  KEY `idx_stock_mouvement_fk_product` (`fk_product`),
  KEY `idx_stock_mouvement_fk_entrepot` (`fk_entrepot`)
) ENGINE=InnoDB AUTO_INCREMENT=12 DEFAULT CHARSET=utf8;

--
-- Dumping data for table `llx_stock_mouvement`
--

INSERT INTO `llx_stock_mouvement` VALUES (1,'2010-07-08 22:43:51','2010-07-09 00:43:51',2,2,1000,0.00000000,0,1,'Correct stock',NULL,NULL,NULL,NULL,NULL,NULL),(3,'2010-07-10 22:56:18','2010-07-11 00:56:18',4,2,500,0.00000000,0,1,'Init',NULL,NULL,NULL,NULL,NULL,NULL),(4,'2010-07-10 23:02:20','2010-07-11 01:02:20',4,2,500,0.00000000,0,1,'',NULL,NULL,NULL,NULL,NULL,NULL),(5,'2010-07-11 16:49:44','2010-07-11 18:49:44',4,1,2,10.00000000,3,1,'',NULL,NULL,NULL,NULL,NULL,NULL),(6,'2010-07-11 16:49:44','2010-07-11 18:49:44',1,1,4,0.00000000,3,1,'',NULL,NULL,NULL,NULL,NULL,NULL),(7,'2013-01-19 17:22:48','2013-01-19 18:22:48',11,1,-1,0.00000000,2,1,'Facture cr&eacute;&eacute;e dans DoliPOS',NULL,NULL,NULL,NULL,NULL,NULL),(8,'2013-01-19 17:22:48','2013-01-19 18:22:48',4,1,-1,5.00000000,2,1,'Facture cr&eacute;&eacute;e dans DoliPOS',NULL,NULL,NULL,NULL,NULL,NULL),(9,'2013-01-19 17:22:48','2013-01-19 18:22:48',1,1,-2,0.00000000,2,1,'Facture cr&eacute;&eacute;e dans DoliPOS',NULL,NULL,NULL,NULL,NULL,NULL),(10,'2013-01-19 17:31:10','2013-01-19 18:31:10',2,1,-1,0.00000000,2,1,'Facture cr&eacute;&eacute;e dans DoliPOS',NULL,NULL,NULL,NULL,NULL,NULL),(11,'2013-01-19 17:31:58','2013-01-19 18:31:58',2,1,-1,0.00000000,2,1,'Facture cr&eacute;&eacute;e dans DoliPOS',NULL,NULL,NULL,NULL,NULL,NULL);

--
-- Table structure for table `llx_tva`
--

CREATE TABLE `llx_tva` (
  `rowid` int(11) NOT NULL AUTO_INCREMENT,
  `tms` timestamp NOT NULL DEFAULT CURRENT_TIMESTAMP ON UPDATE CURRENT_TIMESTAMP,
  `datep` date DEFAULT NULL,
  `datev` date DEFAULT NULL,
  `amount` double NOT NULL DEFAULT '0',
  `label` varchar(255) DEFAULT NULL,
  `entity` int(11) NOT NULL DEFAULT '1',
  `note` text,
  `fk_bank` int(11) DEFAULT NULL,
  `fk_user_creat` int(11) DEFAULT NULL,
  `fk_user_modif` int(11) DEFAULT NULL,
  `fk_typepayment` int(11) DEFAULT NULL,
  `num_payment` varchar(50) DEFAULT NULL,
  PRIMARY KEY (`rowid`)
) ENGINE=InnoDB DEFAULT CHARSET=utf8;

--
-- Dumping data for table `llx_tva`
--


--
-- Table structure for table `llx_user_alert`
--

CREATE TABLE `llx_user_alert` (
  `rowid` int(11) NOT NULL AUTO_INCREMENT,
  `type` int(11) DEFAULT NULL,
  `fk_contact` int(11) DEFAULT NULL,
  `fk_user` int(11) DEFAULT NULL,
  PRIMARY KEY (`rowid`)
) ENGINE=InnoDB AUTO_INCREMENT=2 DEFAULT CHARSET=utf8;

--
-- Dumping data for table `llx_user_alert`
--

INSERT INTO `llx_user_alert` VALUES (1,1,1,1);

--
-- Table structure for table `llx_user_clicktodial`
--

CREATE TABLE `llx_user_clicktodial` (
  `fk_user` int(11) NOT NULL,
  `url` varchar(255) DEFAULT NULL,
  `login` varchar(32) DEFAULT NULL,
  `pass` varchar(64) DEFAULT NULL,
  `poste` varchar(20) DEFAULT NULL,
  PRIMARY KEY (`fk_user`)
) ENGINE=InnoDB DEFAULT CHARSET=utf8;

--
-- Dumping data for table `llx_user_clicktodial`
--


--
-- Table structure for table `llx_user_extrafields`
--

CREATE TABLE `llx_user_extrafields` (
  `rowid` int(11) NOT NULL AUTO_INCREMENT,
  `tms` timestamp NOT NULL DEFAULT CURRENT_TIMESTAMP ON UPDATE CURRENT_TIMESTAMP,
  `fk_object` int(11) NOT NULL,
  `import_key` varchar(14) DEFAULT NULL,
  PRIMARY KEY (`rowid`),
  KEY `idx_user_extrafields` (`fk_object`)
) ENGINE=InnoDB DEFAULT CHARSET=utf8;

--
-- Dumping data for table `llx_user_extrafields`
--


--
-- Table structure for table `llx_user_param`
--

CREATE TABLE `llx_user_param` (
  `fk_user` int(11) NOT NULL,
  `entity` int(11) NOT NULL DEFAULT '1',
  `param` varchar(64) NOT NULL,
  `value` varchar(255) NOT NULL,
  UNIQUE KEY `uk_user_param` (`fk_user`,`param`,`entity`)
) ENGINE=InnoDB DEFAULT CHARSET=utf8;

--
-- Dumping data for table `llx_user_param`
--

INSERT INTO `llx_user_param` VALUES (1,1,'MAIN_BOXES_0','1'),(1,1,'MAIN_THEME','eldy'),(1,3,'THEME_ELDY_ENABLE_PERSONALIZED','1'),(1,1,'THEME_ELDY_RGB','ded0ed'),(1,3,'THEME_ELDY_RGB','d0ddc3'),(11,1,'MAIN_BOXES_0','1'),(12,1,'MAIN_BOXES_0','1');

--
-- Table structure for table `llx_user_rights`
--

CREATE TABLE `llx_user_rights` (
  `rowid` int(11) NOT NULL AUTO_INCREMENT,
  `fk_user` int(11) NOT NULL,
  `fk_id` int(11) NOT NULL,
  PRIMARY KEY (`rowid`),
  UNIQUE KEY `uk_user_rights` (`fk_user`,`fk_id`),
  CONSTRAINT `fk_user_rights_fk_user_user` FOREIGN KEY (`fk_user`) REFERENCES `llx_user` (`rowid`)
) ENGINE=InnoDB AUTO_INCREMENT=14732 DEFAULT CHARSET=utf8;

--
-- Dumping data for table `llx_user_rights`
--

INSERT INTO `llx_user_rights` VALUES (12402,1,11),(12380,1,12),(12385,1,13),(12389,1,14),(12393,1,15),(12398,1,16),(12404,1,19),(9726,1,21),(9700,1,22),(9706,1,24),(9711,1,25),(9716,1,26),(9722,1,27),(9728,1,28),(9978,1,31),(9968,1,32),(9974,1,34),(1910,1,36),(9980,1,38),(11573,1,41),(11574,1,42),(11575,1,44),(11576,1,45),(7184,1,61),(7181,1,62),(7183,1,64),(7185,1,67),(7186,1,68),(1678,1,71),(1673,1,72),(1675,1,74),(1679,1,75),(1677,1,76),(1681,1,78),(1682,1,79),(12322,1,81),(12309,1,82),(12312,1,84),(12314,1,86),(12317,1,87),(12320,1,88),(12323,1,89),(11580,1,91),(11581,1,92),(11582,1,93),(11583,1,94),(10097,1,95),(10099,1,96),(10103,1,97),(10104,1,98),(7139,1,101),(7134,1,102),(7136,1,104),(7137,1,105),(7138,1,106),(7140,1,109),(10229,1,111),(10201,1,112),(10207,1,113),(10213,1,114),(10219,1,115),(10225,1,116),(10231,1,117),(12518,1,121),(12508,1,122),(12514,1,125),(12520,1,126),(11577,1,141),(11578,1,142),(11579,1,144),(2307,1,151),(2304,1,152),(2306,1,153),(2308,1,154),(10092,1,161),(10093,1,162),(10094,1,163),(10095,1,164),(10096,1,165),(1585,1,170),(12342,1,171),(12331,1,172),(12335,1,173),(12339,1,174),(12343,1,178),(10000,1,221),(9990,1,222),(9996,1,223),(10002,1,229),(10007,1,237),(10011,1,238),(10015,1,239),(1686,1,241),(1685,1,242),(1687,1,243),(12604,1,251),(12566,1,252),(12569,1,253),(12572,1,254),(12575,1,255),(12579,1,256),(1617,1,258),(12525,1,262),(12544,1,281),(12534,1,282),(12540,1,283),(12546,1,286),(12288,1,300),(12290,1,301),(11591,1,302),(1763,1,331),(1762,1,332),(1764,1,333),(12582,1,341),(12584,1,342),(12586,1,343),(12588,1,344),(12600,1,351),(12593,1,352),(12597,1,353),(12601,1,354),(12605,1,358),(12560,1,531),(12553,1,532),(12557,1,534),(1625,1,536),(12561,1,538),(12358,1,700),(12348,1,701),(12354,1,702),(12360,1,703),(1755,1,1001),(1754,1,1002),(1756,1,1003),(1758,1,1004),(1759,1,1005),(7146,1,1101),(7143,1,1102),(7145,1,1104),(7147,1,1109),(12412,1,1181),(12458,1,1182),(12417,1,1183),(12420,1,1184),(12423,1,1185),(12427,1,1186),(12431,1,1187),(12437,1,1188),(12434,1,1189),(1578,1,1201),(1579,1,1202),(12454,1,1231),(12443,1,1232),(12446,1,1233),(12449,1,1234),(12452,1,1235),(12455,1,1236),(12459,1,1237),(1736,1,1251),(12409,1,1321),(12326,1,1421),(8190,1,1791),(8187,1,1792),(8191,1,1793),(12264,1,2401),(12260,1,2402),(12266,1,2403),(12280,1,2411),(12276,1,2412),(12282,1,2413),(12286,1,2414),(1618,1,2500),(12370,1,2501),(12367,1,2503),(12371,1,2515),(9610,1,5001),(9611,1,5002),(12490,1,20001),(12468,1,20002),(12474,1,20003),(12480,1,20004),(12486,1,20005),(12492,1,20006),(12302,1,23001),(12295,1,23002),(12299,1,23003),(12303,1,23004),(7701,1,50101),(4984,1,50401),(4983,1,50402),(4985,1,50403),(4987,1,50411),(4988,1,50412),(4989,1,50415),(12498,1,55001),(12499,1,55002),(3564,1,100700),(3565,1,100701),(9596,1,101051),(9598,1,101052),(9600,1,101053),(9604,1,101060),(9605,1,101061),(7177,1,101201),(7178,1,101202),(10353,1,101250),(10355,1,101251),(8980,1,101261),(8981,1,101262),(7616,1,101331),(10030,1,101701),(10031,1,101702),(3582,1,102000),(3583,1,102001),(9819,1,400051),(9823,1,400052),(9827,1,400053),(9831,1,400055),(132,2,11),(133,2,12),(134,2,13),(135,2,14),(136,2,16),(137,2,19),(138,2,21),(139,2,22),(140,2,24),(141,2,25),(142,2,26),(143,2,27),(10359,2,31),(145,2,32),(10361,2,34),(146,2,36),(147,2,41),(148,2,42),(149,2,44),(150,2,61),(151,2,62),(152,2,64),(153,2,71),(154,2,72),(155,2,74),(156,2,75),(157,2,78),(158,2,79),(159,2,81),(160,2,82),(161,2,84),(162,2,86),(163,2,87),(164,2,88),(165,2,89),(166,2,91),(167,2,92),(168,2,93),(2475,2,95),(2476,2,96),(2477,2,97),(2478,2,98),(169,2,101),(170,2,102),(171,2,104),(172,2,109),(173,2,111),(174,2,112),(175,2,113),(176,2,114),(177,2,116),(178,2,117),(179,2,121),(180,2,122),(181,2,125),(182,2,141),(183,2,142),(184,2,144),(2479,2,151),(2480,2,152),(2481,2,153),(2482,2,154),(185,2,161),(186,2,162),(187,2,163),(188,2,164),(189,2,165),(190,2,170),(2471,2,171),(192,2,172),(2472,2,173),(193,2,221),(194,2,222),(195,2,229),(196,2,241),(197,2,242),(198,2,243),(199,2,251),(201,2,262),(202,2,281),(203,2,282),(204,2,283),(205,2,331),(2483,2,531),(207,2,532),(2484,2,534),(208,2,536),(2473,2,700),(210,2,701),(211,2,702),(2474,2,703),(212,2,1001),(213,2,1002),(214,2,1003),(215,2,1004),(216,2,1005),(217,2,1101),(218,2,1102),(219,2,1104),(220,2,1109),(221,2,1181),(222,2,1182),(223,2,1183),(224,2,1184),(225,2,1185),(226,2,1186),(227,2,1187),(228,2,1188),(229,2,1201),(230,2,1202),(231,2,1231),(232,2,1232),(233,2,1233),(234,2,1234),(235,2,1421),(236,2,2401),(237,2,2402),(238,2,2403),(239,2,2411),(240,2,2412),(241,2,2413),(242,2,2500),(2470,2,2501),(243,2,2515),(10363,2,20001),(10364,2,20002),(10365,2,20003),(10366,2,20004),(10367,2,20005),(10368,2,20006),(10362,2,50101),(10372,2,101250),(1807,3,11),(1808,3,31),(1809,3,36),(1810,3,41),(1811,3,61),(1812,3,71),(1813,3,72),(1814,3,74),(1815,3,75),(1816,3,78),(1817,3,79),(1818,3,91),(1819,3,95),(1820,3,97),(1821,3,111),(1822,3,121),(1823,3,122),(1824,3,125),(1825,3,161),(1826,3,170),(1827,3,171),(1828,3,172),(1829,3,221),(1830,3,222),(1831,3,229),(1832,3,241),(1833,3,242),(1834,3,243),(1835,3,251),(1836,3,255),(1837,3,256),(1838,3,262),(1839,3,281),(1840,3,282),(1841,3,283),(1842,3,331),(1843,3,531),(1844,3,536),(1845,3,700),(1846,3,1001),(1847,3,1002),(1848,3,1003),(1849,3,1004),(1850,3,1005),(1851,3,1181),(1852,3,1182),(1853,3,1201),(1854,3,1202),(1855,3,1231),(1856,3,2401),(1857,3,2402),(1858,3,2403),(1859,3,2411),(1860,3,2412),(1861,3,2413),(1862,3,2500),(1863,3,2515),(8026,4,11),(8027,4,21),(8028,4,31),(8029,4,41),(8030,4,61),(8031,4,71),(8032,4,72),(8033,4,74),(8034,4,75),(8035,4,78),(8036,4,79),(8037,4,81),(8038,4,91),(8039,4,95),(8040,4,97),(8041,4,101),(8042,4,111),(8043,4,121),(8044,4,151),(8045,4,161),(8046,4,171),(8047,4,221),(8048,4,222),(8049,4,229),(8050,4,241),(8051,4,242),(8052,4,243),(8146,4,251),(8147,4,253),(8053,4,262),(8054,4,281),(8055,4,331),(8056,4,341),(8057,4,342),(8058,4,343),(8059,4,344),(8060,4,531),(8061,4,700),(8062,4,1001),(8063,4,1002),(8064,4,1003),(8065,4,1004),(8066,4,1005),(8067,4,1101),(8068,4,1181),(8069,4,1182),(8070,4,1201),(8071,4,1202),(8072,4,1231),(8073,4,2401),(8074,4,2501),(8075,4,2503),(8076,4,2515),(8077,4,20001),(8078,4,50101),(8079,4,101201),(8080,4,101261),(8081,4,102000),(8082,4,400051),(8083,4,400052),(8084,4,400053),(8085,4,400055),(12608,10,11),(12609,10,21),(12610,10,31),(12611,10,41),(12612,10,61),(12613,10,71),(12614,10,72),(12615,10,74),(12616,10,75),(12617,10,78),(12618,10,79),(12619,10,81),(12620,10,91),(12621,10,95),(12622,10,97),(12623,10,101),(12624,10,111),(12625,10,121),(12626,10,151),(12627,10,161),(12628,10,171),(12629,10,221),(12630,10,222),(12631,10,229),(12632,10,241),(12633,10,242),(12634,10,243),(12635,10,262),(12636,10,281),(12637,10,300),(12638,10,331),(12639,10,341),(12640,10,342),(12641,10,343),(12642,10,344),(12643,10,531),(12644,10,700),(12645,10,1001),(12646,10,1002),(12647,10,1003),(12648,10,1004),(12649,10,1005),(12650,10,1101),(12651,10,1181),(12652,10,1182),(12653,10,1201),(12654,10,1202),(12655,10,1231),(12656,10,2401),(12657,10,2501),(12658,10,2503),(12659,10,2515),(12660,10,20001),(12661,10,20002),(12662,10,23001),(12663,10,50101),(12664,11,11),(12665,11,21),(12666,11,31),(12667,11,41),(12668,11,61),(12669,11,71),(12670,11,72),(12671,11,74),(12672,11,75),(12673,11,78),(12674,11,79),(12675,11,81),(12676,11,91),(12677,11,95),(12678,11,97),(12679,11,101),(12680,11,111),(12681,11,121),(12682,11,151),(12683,11,161),(12684,11,171),(12685,11,221),(12686,11,222),(12687,11,229),(12688,11,241),(12689,11,242),(12690,11,243),(12691,11,262),(12692,11,281),(12693,11,300),(12694,11,331),(12695,11,341),(12696,11,342),(12697,11,343),(12698,11,344),(12699,11,531),(12700,11,700),(12701,11,1001),(12702,11,1002),(12703,11,1003),(12704,11,1004),(12705,11,1005),(12706,11,1101),(12707,11,1181),(12708,11,1182),(12709,11,1201),(12710,11,1202),(12711,11,1231),(12712,11,2401),(12713,11,2501),(12714,11,2503),(12715,11,2515),(12716,11,20001),(12717,11,20002),(12718,11,23001),(12719,11,50101),(14607,12,11),(14597,12,12),(14599,12,13),(14601,12,14),(14603,12,15),(14606,12,16),(14609,12,19),(14146,12,21),(14135,12,22),(14137,12,24),(14139,12,25),(14142,12,26),(14145,12,27),(14148,12,28),(14181,12,31),(14177,12,32),(14180,12,34),(14183,12,38),(13816,12,41),(13813,12,42),(13815,12,44),(13817,12,45),(14094,12,61),(14091,12,62),(14093,12,64),(14095,12,67),(14096,12,68),(13891,12,71),(13886,12,72),(13888,12,74),(13892,12,75),(13890,12,76),(13894,12,78),(13895,12,79),(14577,12,81),(14571,12,82),(14572,12,84),(14573,12,86),(14575,12,87),(14576,12,88),(14578,12,89),(13904,12,91),(13900,12,92),(13903,12,93),(13906,12,94),(13990,12,95),(12734,12,97),(13669,12,101),(13665,12,102),(13666,12,104),(13667,12,105),(13668,12,106),(13670,12,109),(14051,12,111),(14038,12,112),(14041,12,113),(14044,12,114),(14047,12,115),(14050,12,116),(14053,12,117),(14665,12,121),(14661,12,122),(14664,12,125),(14667,12,126),(13821,12,141),(13820,12,142),(13822,12,144),(13912,12,151),(13909,12,152),(13911,12,153),(13913,12,154),(14063,12,161),(14056,12,162),(14058,12,163),(14060,12,164),(14062,12,165),(14064,12,167),(13350,12,171),(13345,12,172),(13347,12,173),(13349,12,174),(13351,12,178),(13838,12,221),(13834,12,222),(13837,12,223),(13840,12,229),(13842,12,237),(13844,12,238),(13846,12,239),(13516,12,241),(13515,12,242),(13517,12,243),(14730,12,251),(14711,12,252),(14713,12,253),(14714,12,254),(14716,12,255),(14718,12,256),(14669,12,262),(14678,12,281),(14674,12,282),(14677,12,283),(14680,12,286),(14567,12,300),(14568,12,301),(14126,12,331),(14125,12,332),(14127,12,333),(14719,12,341),(14720,12,342),(14721,12,343),(14722,12,344),(14728,12,351),(14725,12,352),(14727,12,353),(14729,12,354),(14731,12,358),(13865,12,510),(13862,12,512),(13864,12,514),(13866,12,517),(14686,12,531),(14683,12,532),(14685,12,534),(14687,12,538),(13358,12,700),(14585,12,701),(14584,12,702),(14587,12,703),(13858,12,771),(13849,12,772),(13851,12,773),(13853,12,774),(13855,12,775),(13857,12,776),(13859,12,779),(13647,12,1001),(13646,12,1002),(13648,12,1003),(13650,12,1004),(13651,12,1005),(13675,12,1101),(13673,12,1102),(13674,12,1104),(13676,12,1109),(14612,12,1181),(14635,12,1182),(14615,12,1183),(14616,12,1184),(14618,12,1185),(14620,12,1186),(14622,12,1187),(14625,12,1188),(14623,12,1189),(13827,12,1201),(13828,12,1202),(14633,12,1231),(14628,12,1232),(14629,12,1233),(14631,12,1234),(14632,12,1235),(14634,12,1236),(14636,12,1237),(13829,12,1251),(14611,12,1321),(14579,12,1421),(14555,12,2401),(14554,12,2402),(14557,12,2403),(14563,12,2411),(14562,12,2412),(14565,12,2413),(14566,12,2414),(14591,12,2501),(14590,12,2503),(14592,12,2515),(14651,12,20001),(14641,12,20002),(14644,12,20003),(14647,12,20004),(14650,12,20005),(14653,12,20006),(13330,12,23001),(13327,12,23002),(13329,12,23003),(13331,12,23004),(13712,12,50101),(14655,12,55001),(14656,12,55002),(14128,12,59001),(14129,12,59002),(14130,12,59003),(12776,13,11),(12777,13,21),(12778,13,31),(12779,13,41),(12780,13,61),(12781,13,71),(12782,13,72),(12783,13,74),(12784,13,75),(12785,13,78),(12786,13,79),(12787,13,81),(12788,13,91),(12789,13,95),(12790,13,97),(12791,13,101),(12792,13,111),(12793,13,121),(12794,13,151),(12795,13,161),(12796,13,171),(12797,13,221),(12798,13,222),(12799,13,229),(12800,13,241),(12801,13,242),(12802,13,243),(12803,13,262),(12804,13,281),(12805,13,300),(12806,13,331),(12807,13,341),(12808,13,342),(12809,13,343),(12810,13,344),(12811,13,531),(12812,13,700),(12813,13,1001),(12814,13,1002),(12815,13,1003),(12816,13,1004),(12817,13,1005),(12818,13,1101),(12819,13,1181),(12820,13,1182),(12821,13,1201),(12822,13,1202),(12823,13,1231),(12824,13,2401),(12825,13,2501),(12826,13,2503),(12827,13,2515),(12828,13,20001),(12829,13,20002),(12830,13,23001),(12831,13,50101),(12832,14,11),(12833,14,21),(12834,14,31),(12835,14,41),(12836,14,61),(12837,14,71),(12838,14,72),(12839,14,74),(12840,14,75),(12841,14,78),(12842,14,79),(12843,14,81),(12844,14,91),(12845,14,95),(12846,14,97),(12847,14,101),(12848,14,111),(12849,14,121),(12850,14,151),(12851,14,161),(12852,14,171),(12853,14,221),(12854,14,222),(12855,14,229),(12856,14,241),(12857,14,242),(12858,14,243),(12859,14,262),(12860,14,281),(12861,14,300),(12862,14,331),(12863,14,341),(12864,14,342),(12865,14,343),(12866,14,344),(12867,14,531),(12868,14,700),(12869,14,1001),(12870,14,1002),(12871,14,1003),(12872,14,1004),(12873,14,1005),(12874,14,1101),(12875,14,1181),(12876,14,1182),(12877,14,1201),(12878,14,1202),(12879,14,1231),(12880,14,2401),(12881,14,2501),(12882,14,2503),(12883,14,2515),(12884,14,20001),(12885,14,20002),(12886,14,23001),(12887,14,50101),(12944,16,11),(12945,16,21),(12946,16,31),(13056,16,41),(13057,16,42),(13058,16,44),(13059,16,45),(12948,16,61),(12949,16,71),(12950,16,72),(12951,16,74),(12952,16,75),(12953,16,78),(12954,16,79),(12955,16,81),(12956,16,91),(12957,16,95),(12958,16,97),(12959,16,101),(12960,16,111),(12961,16,121),(13060,16,141),(13061,16,142),(13062,16,144),(12962,16,151),(12963,16,161),(12964,16,171),(12965,16,221),(12966,16,222),(12967,16,229),(12968,16,241),(12969,16,242),(12970,16,243),(13128,16,251),(13064,16,262),(12972,16,281),(12973,16,300),(12974,16,331),(12975,16,341),(12976,16,342),(12977,16,343),(12978,16,344),(12979,16,531),(12980,16,700),(12981,16,1001),(12982,16,1002),(12983,16,1003),(12984,16,1004),(12985,16,1005),(12986,16,1101),(12987,16,1181),(12988,16,1182),(12989,16,1201),(12990,16,1202),(12991,16,1231),(12992,16,2401),(12993,16,2501),(12994,16,2503),(12995,16,2515),(12996,16,20001),(12997,16,20002),(12998,16,23001),(12999,16,50101),(13000,17,11),(13001,17,21),(13002,17,31),(13065,17,41),(13066,17,42),(13067,17,44),(13068,17,45),(13004,17,61),(13005,17,71),(13006,17,72),(13007,17,74),(13008,17,75),(13009,17,78),(13010,17,79),(13011,17,81),(13012,17,91),(13013,17,95),(13014,17,97),(13015,17,101),(13016,17,111),(13017,17,121),(13069,17,141),(13070,17,142),(13071,17,144),(13018,17,151),(13019,17,161),(13020,17,171),(13021,17,221),(13022,17,222),(13023,17,229),(13024,17,241),(13025,17,242),(13026,17,243),(13028,17,281),(13029,17,300),(13030,17,331),(13031,17,341),(13032,17,342),(13033,17,343),(13034,17,344),(13035,17,531),(13036,17,700),(13037,17,1001),(13038,17,1002),(13039,17,1003),(13040,17,1004),(13041,17,1005),(13042,17,1101),(13043,17,1181),(13044,17,1182),(13045,17,1201),(13046,17,1202),(13047,17,1231),(13048,17,2401),(13049,17,2501),(13050,17,2503),(13051,17,2515),(13052,17,20001),(13053,17,20002),(13054,17,23001),(13055,17,50101),(14504,18,11),(14505,18,21),(14506,18,31),(14507,18,41),(14508,18,61),(14509,18,71),(14510,18,78),(14511,18,81),(14512,18,91),(14513,18,95),(14514,18,101),(14515,18,111),(14516,18,121),(14517,18,151),(14518,18,161),(14519,18,221),(14520,18,241),(14521,18,262),(14522,18,281),(14523,18,300),(14524,18,331),(14525,18,332),(14526,18,333),(14527,18,341),(14528,18,342),(14529,18,343),(14530,18,344),(14531,18,531),(14532,18,701),(14533,18,771),(14534,18,774),(14535,18,1001),(14536,18,1004),(14537,18,1101),(14538,18,1181),(14539,18,1182),(14540,18,1201),(14541,18,1231),(14542,18,2401),(14543,18,2501),(14544,18,2503),(14545,18,2515),(14546,18,20001),(14547,18,20002),(14548,18,50101),(14549,18,59001);

--
-- Table structure for table `llx_usergroup`
--

CREATE TABLE `llx_usergroup` (
  `rowid` int(11) NOT NULL AUTO_INCREMENT,
  `nom` varchar(255) NOT NULL,
  `entity` int(11) NOT NULL DEFAULT '1',
  `datec` datetime DEFAULT NULL,
  `tms` timestamp NOT NULL DEFAULT CURRENT_TIMESTAMP ON UPDATE CURRENT_TIMESTAMP,
  `note` text,
  PRIMARY KEY (`rowid`),
  UNIQUE KEY `uk_usergroup_name` (`nom`,`entity`)
) ENGINE=InnoDB AUTO_INCREMENT=5 DEFAULT CHARSET=utf8;

--
-- Dumping data for table `llx_usergroup`
--

INSERT INTO `llx_usergroup` VALUES (1,'Sale representatives',1,'2013-01-16 20:48:08','2015-10-03 09:44:44','All sales representative users'),(2,'Management',1,'2015-10-03 11:46:25','2015-10-03 09:46:25',''),(3,'Scientists',1,'2015-10-03 11:46:46','2015-10-03 09:46:46',''),(4,'Commercial',1,'2015-10-05 21:30:13','2015-10-05 19:30:13','');

--
-- Table structure for table `llx_usergroup_extrafields`
--

CREATE TABLE `llx_usergroup_extrafields` (
  `rowid` int(11) NOT NULL AUTO_INCREMENT,
  `tms` timestamp NOT NULL DEFAULT CURRENT_TIMESTAMP ON UPDATE CURRENT_TIMESTAMP,
  `fk_object` int(11) NOT NULL,
  `import_key` varchar(14) DEFAULT NULL,
  PRIMARY KEY (`rowid`),
  KEY `idx_usergroup_extrafields` (`fk_object`)
) ENGINE=InnoDB DEFAULT CHARSET=utf8;

--
-- Dumping data for table `llx_usergroup_extrafields`
--


--
-- Table structure for table `llx_usergroup_rights`
--

CREATE TABLE `llx_usergroup_rights` (
  `rowid` int(11) NOT NULL AUTO_INCREMENT,
  `fk_usergroup` int(11) NOT NULL,
  `fk_id` int(11) NOT NULL,
  PRIMARY KEY (`rowid`),
  UNIQUE KEY `fk_usergroup` (`fk_usergroup`,`fk_id`),
  CONSTRAINT `fk_usergroup_rights_fk_usergroup` FOREIGN KEY (`fk_usergroup`) REFERENCES `llx_usergroup` (`rowid`)
) ENGINE=InnoDB AUTO_INCREMENT=200 DEFAULT CHARSET=utf8;

--
-- Dumping data for table `llx_usergroup_rights`
--

INSERT INTO `llx_usergroup_rights` VALUES (1,1,2401),(2,1,2402),(3,1,2403),(4,1,2411),(5,1,2412),(6,1,2413),(78,2,11),(79,2,12),(80,2,13),(81,2,14),(82,2,15),(83,2,16),(84,2,19),(144,2,21),(145,2,22),(146,2,24),(147,2,25),(148,2,26),(149,2,27),(150,2,28),(133,2,31),(134,2,32),(135,2,34),(136,2,38),(137,2,41),(138,2,42),(139,2,44),(140,2,45),(86,2,61),(87,2,62),(88,2,64),(89,2,67),(90,2,68),(7,2,71),(8,2,72),(9,2,74),(10,2,75),(11,2,76),(12,2,78),(13,2,79),(32,2,81),(33,2,82),(34,2,84),(35,2,86),(36,2,87),(37,2,88),(38,2,89),(173,2,91),(174,2,92),(175,2,93),(176,2,94),(40,2,95),(41,2,96),(42,2,97),(43,2,98),(66,2,101),(67,2,102),(68,2,104),(69,2,105),(70,2,106),(71,2,109),(21,2,111),(22,2,112),(23,2,113),(24,2,114),(25,2,115),(26,2,116),(27,2,117),(164,2,121),(165,2,122),(166,2,125),(167,2,126),(141,2,141),(142,2,142),(143,2,144),(129,2,151),(130,2,152),(131,2,153),(132,2,154),(44,2,161),(45,2,162),(46,2,163),(47,2,164),(48,2,165),(49,2,167),(54,2,171),(55,2,172),(56,2,173),(57,2,174),(58,2,178),(120,2,221),(121,2,222),(122,2,223),(123,2,229),(124,2,237),(125,2,238),(126,2,239),(29,2,241),(30,2,242),(31,2,243),(182,2,251),(183,2,252),(184,2,253),(185,2,254),(186,2,255),(187,2,256),(168,2,262),(169,2,281),(170,2,282),(171,2,283),(172,2,286),(197,2,331),(198,2,332),(199,2,333),(188,2,341),(189,2,342),(190,2,343),(191,2,344),(192,2,351),(193,2,352),(194,2,353),(195,2,354),(196,2,358),(151,2,531),(152,2,532),(153,2,534),(154,2,538),(59,2,700),(60,2,701),(61,2,702),(62,2,703),(177,2,1001),(178,2,1002),(179,2,1003),(180,2,1004),(181,2,1005),(72,2,1101),(73,2,1102),(74,2,1104),(75,2,1109),(91,2,1181),(92,2,1182),(93,2,1183),(94,2,1184),(95,2,1185),(96,2,1186),(97,2,1187),(98,2,1188),(99,2,1189),(76,2,1201),(77,2,1202),(100,2,1231),(101,2,1232),(102,2,1233),(103,2,1234),(104,2,1235),(105,2,1236),(106,2,1237),(113,2,1251),(85,2,1321),(39,2,1421),(14,2,2401),(15,2,2402),(16,2,2403),(17,2,2411),(18,2,2412),(19,2,2413),(20,2,2414),(63,2,2501),(64,2,2503),(65,2,2515),(114,2,20001),(115,2,20002),(116,2,20003),(117,2,20004),(118,2,20005),(119,2,20006),(50,2,23001),(51,2,23002),(52,2,23003),(53,2,23004),(28,2,50101),(127,2,55001),(128,2,55002);

--
-- Table structure for table `llx_usergroup_user`
--

CREATE TABLE `llx_usergroup_user` (
  `rowid` int(11) NOT NULL AUTO_INCREMENT,
  `entity` int(11) NOT NULL DEFAULT '1',
  `fk_user` int(11) NOT NULL,
  `fk_usergroup` int(11) NOT NULL,
  PRIMARY KEY (`rowid`),
  UNIQUE KEY `uk_usergroup_user` (`entity`,`fk_user`,`fk_usergroup`),
  KEY `fk_usergroup_user_fk_user` (`fk_user`),
  KEY `fk_usergroup_user_fk_usergroup` (`fk_usergroup`),
  CONSTRAINT `fk_usergroup_user_fk_user` FOREIGN KEY (`fk_user`) REFERENCES `llx_user` (`rowid`),
  CONSTRAINT `fk_usergroup_user_fk_usergroup` FOREIGN KEY (`fk_usergroup`) REFERENCES `llx_usergroup` (`rowid`)
) ENGINE=InnoDB AUTO_INCREMENT=12 DEFAULT CHARSET=utf8;

--
-- Dumping data for table `llx_usergroup_user`
--

INSERT INTO `llx_usergroup_user` VALUES (2,1,1,3),(3,1,3,3),(4,1,11,2),(5,1,13,4),(6,1,16,1),(7,1,17,1),(11,1,18,1),(8,1,18,2),(9,1,18,3),(10,1,18,4);


