CREATE TABLE `llx_c_stcomm` (
  `id` int(11) NOT NULL,
  `code` varchar(12) NOT NULL,
  `libelle` varchar(30) DEFAULT NULL,
  `active` tinyint(4) NOT NULL DEFAULT '1',
  `picto` varchar(128) DEFAULT NULL,
  PRIMARY KEY (`id`),
  UNIQUE KEY `uk_c_stcomm` (`code`)
) ENGINE=InnoDB DEFAULT CHARSET=utf8;

--
-- Dumping data for table `llx_c_stcomm`
--

INSERT INTO `llx_c_stcomm` VALUES (-1,'ST_NO','Do not contact',1,NULL),(0,'ST_NEVER','Never contacted',1,NULL),(1,'ST_TODO','To contact',1,NULL),(2,'ST_PEND','Contact in progress',1,NULL),(3,'ST_DONE','Contacted',1,NULL);

--
-- Table structure for table `llx_c_tva`
--

CREATE TABLE `llx_c_tva` (
  `rowid` int(11) NOT NULL AUTO_INCREMENT,
  `fk_pays` int(11) NOT NULL,
  `code` varchar(10) DEFAULT '',
  `taux` double NOT NULL,
  `localtax1` varchar(20) DEFAULT NULL,
  `localtax1_type` varchar(10) NOT NULL DEFAULT '0',
  `localtax2` varchar(20) DEFAULT NULL,
  `localtax2_type` varchar(10) NOT NULL DEFAULT '0',
  `recuperableonly` int(11) NOT NULL DEFAULT '0',
  `note` varchar(128) DEFAULT NULL,
  `active` tinyint(4) NOT NULL DEFAULT '1',
  `accountancy_code_sell` varchar(32) DEFAULT NULL,
  `accountancy_code_buy` varchar(32) DEFAULT NULL,
  PRIMARY KEY (`rowid`),
  UNIQUE KEY `uk_c_tva_id` (`fk_pays`,`code`,`taux`,`recuperableonly`)
) ENGINE=InnoDB AUTO_INCREMENT=2469 DEFAULT CHARSET=utf8;

--
-- Dumping data for table `llx_c_tva`
--

INSERT INTO `llx_c_tva` VALUES (11,1,'',20,NULL,'0',NULL,'0',0,'VAT standard rate (France hors DOM-TOM)',1,NULL,NULL),(12,1,'',8.5,NULL,'0',NULL,'0',0,'VAT standard rate (DOM sauf Guyane et Saint-Martin)',0,NULL,NULL),(13,1,'',8.5,NULL,'0',NULL,'0',1,'VAT standard rate (DOM sauf Guyane et Saint-Martin), non perçu par le vendeur mais récupérable par acheteur',0,NULL,NULL),(14,1,'',5.5,NULL,'0',NULL,'0',0,'VAT reduced rate (France hors DOM-TOM)',1,NULL,NULL),(15,1,'',0,NULL,'0',NULL,'0',0,'VAT Rate 0 ou non applicable',1,NULL,NULL),(16,1,'',2.1,NULL,'0',NULL,'0',0,'VAT super-reduced rate',1,NULL,NULL),(17,1,'',10,NULL,'0',NULL,'0',0,'VAT reduced rate',1,NULL,NULL),(21,2,'',21,NULL,'0',NULL,'0',0,'VAT standard rate',1,NULL,NULL),(22,2,'',6,NULL,'0',NULL,'0',0,'VAT reduced rate',1,NULL,NULL),(23,2,'',0,NULL,'0',NULL,'0',0,'VAT Rate 0 ou non applicable',1,NULL,NULL),(24,2,'',12,NULL,'0',NULL,'0',0,'VAT reduced rate',1,NULL,NULL),(31,3,'',21,NULL,'0',NULL,'0',0,'VAT standard rate',1,NULL,NULL),(32,3,'',10,NULL,'0',NULL,'0',0,'VAT reduced rate',1,NULL,NULL),(33,3,'',4,NULL,'0',NULL,'0',0,'VAT super-reduced rate',1,NULL,NULL),(34,3,'',0,NULL,'0',NULL,'0',0,'VAT Rate 0',1,NULL,NULL),(41,4,'',21,'5.2','3','-19:-15:-9','5',0,'VAT standard rate',1,NULL,NULL),(42,4,'',10,'1.4','3','-19:-15:-9','5',0,'VAT reduced rate',1,NULL,NULL),(43,4,'',4,'0.5','3','-19:-15:-9','5',0,'VAT super-reduced rate',1,NULL,NULL),(44,4,'',0,'0','3','-19:-15:-9','5',0,'VAT Rate 0',1,NULL,NULL),(51,5,'',19,NULL,'0',NULL,'0',0,'allgemeine Ust.',1,NULL,NULL),(52,5,'',7,NULL,'0',NULL,'0',0,'ermäßigte USt.',1,NULL,NULL),(53,5,'',0,NULL,'0',NULL,'0',0,'keine USt.',1,NULL,NULL),(54,5,'',5.5,NULL,'0',NULL,'0',0,'USt. Forst',0,NULL,NULL),(55,5,'',10.7,NULL,'0',NULL,'0',0,'USt. Landwirtschaft',0,NULL,NULL),(61,6,'',8,NULL,'0',NULL,'0',0,'VAT standard rate',1,NULL,NULL),(62,6,'',3.8,NULL,'0',NULL,'0',0,'VAT reduced rate',1,NULL,NULL),(63,6,'',2.5,NULL,'0',NULL,'0',0,'VAT super-reduced rate',1,NULL,NULL),(64,6,'',0,NULL,'0',NULL,'0',0,'VAT Rate 0',1,NULL,NULL),(71,7,'',20,NULL,'0',NULL,'0',0,'VAT standard rate',1,NULL,NULL),(72,7,'',17.5,NULL,'0',NULL,'0',0,'VAT standard rate before 2011',1,NULL,NULL),(73,7,'',5,NULL,'0',NULL,'0',0,'VAT reduced rate',1,NULL,NULL),(74,7,'',0,NULL,'0',NULL,'0',0,'VAT Rate 0',1,NULL,NULL),(81,8,'',0,NULL,'0',NULL,'0',0,'VAT Rate 0',1,NULL,NULL),(82,8,'',23,NULL,'0',NULL,'0',0,'VAT standard rate',1,NULL,NULL),(83,8,'',13.5,NULL,'0',NULL,'0',0,'VAT reduced rate',1,NULL,NULL),(84,8,'',9,NULL,'0',NULL,'0',0,'VAT reduced rate',1,NULL,NULL),(85,8,'',4.8,NULL,'0',NULL,'0',0,'VAT reduced rate',1,NULL,NULL),(91,9,'',17,NULL,'0',NULL,'0',0,'VAT standard rate',1,NULL,NULL),(92,9,'',13,NULL,'0',NULL,'0',0,'VAT reduced rate 0',1,NULL,NULL),(93,9,'',3,NULL,'0',NULL,'0',0,'VAT super reduced rate 0',1,NULL,NULL),(94,9,'',0,NULL,'0',NULL,'0',0,'VAT Rate 0',1,NULL,NULL),(101,10,'',6,'1','4','0','0',0,'VAT 6%',1,NULL,NULL),(102,10,'',12,'1','4','0','0',0,'VAT 12%',1,NULL,NULL),(103,10,'',18,'1','4','0','0',0,'VAT 18%',1,NULL,NULL),(104,10,'',7.5,'1','4','0','0',0,'VAT 6% Majoré à 25% (7.5%)',1,NULL,NULL),(105,10,'',15,'1','4','0','0',0,'VAT 12% Majoré à 25% (15%)',1,NULL,NULL),(106,10,'',22.5,'1','4','0','0',0,'VAT 18% Majoré à 25% (22.5%)',1,NULL,NULL),(107,10,'',0,'1','4','0','0',0,'VAT Rate 0',1,NULL,NULL),(111,11,'',0,NULL,'0',NULL,'0',0,'No Sales Tax',1,NULL,NULL),(112,11,'',4,NULL,'0',NULL,'0',0,'Sales Tax 4%',1,NULL,NULL),(113,11,'',6,NULL,'0',NULL,'0',0,'Sales Tax 6%',1,NULL,NULL),(121,12,'',20,NULL,'0',NULL,'0',0,'VAT standard rate',1,NULL,NULL),(122,12,'',14,NULL,'0',NULL,'0',0,'VAT reduced rate',1,NULL,NULL),(123,12,'',10,NULL,'0',NULL,'0',0,'VAT reduced rate',1,NULL,NULL),(124,12,'',7,NULL,'0',NULL,'0',0,'VAT super-reduced rate',1,NULL,NULL),(125,12,'',0,NULL,'0',NULL,'0',0,'VAT Rate 0',1,NULL,NULL),(141,14,'',7,NULL,'0',NULL,'0',0,'VAT standard rate',1,NULL,NULL),(142,14,'',0,NULL,'0',NULL,'0',0,'VAT Rate 0',1,NULL,NULL),(143,14,'',5,'9.975','1',NULL,'0',0,'GST/TPS and PST/TVQ rate for Province',1,NULL,NULL),(171,17,'',19,NULL,'0',NULL,'0',0,'Algemeen BTW tarief',1,NULL,NULL),(172,17,'',6,NULL,'0',NULL,'0',0,'Verlaagd BTW tarief',1,NULL,NULL),(173,17,'',0,NULL,'0',NULL,'0',0,'0 BTW tarief',1,NULL,NULL),(174,17,'',21,NULL,'0',NULL,'0',0,'Algemeen BTW tarief (vanaf 1 oktober 2012)',0,NULL,NULL),(201,20,'',25,NULL,'0',NULL,'0',0,'VAT standard rate',1,NULL,NULL),(202,20,'',12,NULL,'0',NULL,'0',0,'VAT reduced rate',1,NULL,NULL),(203,20,'',6,NULL,'0',NULL,'0',0,'VAT super-reduced rate',1,NULL,NULL),(204,20,'',0,NULL,'0',NULL,'0',0,'VAT Rate 0',1,NULL,NULL),(211,21,'',0,'0','0','0','0',0,'IVA Rate 0',1,NULL,NULL),(212,21,'',18,'7.5','2','0','0',0,'IVA standard rate',1,NULL,NULL),(221,22,'',18,NULL,'0',NULL,'0',0,'VAT standard rate',1,NULL,NULL),(222,22,'',10,NULL,'0',NULL,'0',0,'VAT reduced rate',1,NULL,NULL),(223,22,'',0,NULL,'0',NULL,'0',0,'VAT Rate 0',1,NULL,NULL),(231,23,'',21,NULL,'0',NULL,'0',0,'IVA standard rate',1,NULL,NULL),(232,23,'',10.5,NULL,'0',NULL,'0',0,'IVA reduced rate',1,NULL,NULL),(233,23,'',0,NULL,'0',NULL,'0',0,'IVA Rate 0',1,NULL,NULL),(241,24,'',19.25,NULL,'0',NULL,'0',0,'VAT standard rate',1,NULL,NULL),(242,24,'',0,NULL,'0',NULL,'0',0,'VAT Rate 0',1,NULL,NULL),(251,25,'',23,NULL,'0',NULL,'0',0,'VAT standard rate',1,NULL,NULL),(252,25,'',13,NULL,'0',NULL,'0',0,'VAT reduced rate',1,NULL,NULL),(253,25,'',0,NULL,'0',NULL,'0',0,'VAT Rate 0',1,NULL,NULL),(254,25,'',6,NULL,'0',NULL,'0',0,'VAT reduced rate',1,NULL,NULL),(261,26,'',0,NULL,'0',NULL,'0',0,'VAT Rate 0',1,NULL,NULL),(271,27,'',19.6,NULL,'0',NULL,'0',0,'VAT standard rate (France hors DOM-TOM)',1,NULL,NULL),(272,27,'',8.5,NULL,'0',NULL,'0',0,'VAT standard rate (DOM sauf Guyane et Saint-Martin)',0,NULL,NULL),(273,27,'',8.5,NULL,'0',NULL,'0',1,'VAT standard rate (DOM sauf Guyane et Saint-Martin), non perçu par le vendeur mais récupérable par acheteur',0,NULL,NULL),(274,27,'',5.5,NULL,'0',NULL,'0',0,'VAT reduced rate (France hors DOM-TOM)',0,NULL,NULL),(275,27,'',0,NULL,'0',NULL,'0',0,'VAT Rate 0 ou non applicable',1,NULL,NULL),(276,27,'',2.1,NULL,'0',NULL,'0',0,'VAT super-reduced rate',1,NULL,NULL),(277,27,'',7,NULL,'0',NULL,'0',0,'VAT reduced rate',1,NULL,NULL),(281,28,'',10,NULL,'0',NULL,'0',0,'VAT standard rate',1,NULL,NULL),(282,28,'',0,NULL,'0',NULL,'0',0,'VAT Rate 0',1,NULL,NULL),(411,41,'',20,NULL,'0',NULL,'0',0,'VAT standard rate',1,NULL,NULL),(412,41,'',10,NULL,'0',NULL,'0',0,'VAT reduced rate',1,NULL,NULL),(413,41,'',0,NULL,'0',NULL,'0',0,'VAT Rate 0',1,NULL,NULL),(461,46,'',0,NULL,'0',NULL,'0',0,'No VAT',1,NULL,NULL),(462,46,'',15,NULL,'0',NULL,'0',0,'VAT 15%',1,NULL,NULL),(463,46,'',7.5,NULL,'0',NULL,'0',0,'VAT 7.5%',1,NULL,NULL),(561,56,'',0,NULL,'0',NULL,'0',0,'VAT reduced rate',1,NULL,NULL),(591,59,'',20,NULL,'0',NULL,'0',0,'VAT standard rate',1,NULL,NULL),(592,59,'',7,NULL,'0',NULL,'0',0,'VAT reduced rate',1,NULL,NULL),(593,59,'',0,NULL,'0',NULL,'0',0,'VAT Rate 0',1,NULL,NULL),(671,67,'',19,NULL,'0',NULL,'0',0,'VAT standard rate',1,NULL,NULL),(672,67,'',0,NULL,'0',NULL,'0',0,'VAT Rate 0',1,NULL,NULL),(801,80,'',25,NULL,'0',NULL,'0',0,'VAT standard rate',1,NULL,NULL),(802,80,'',0,NULL,'0',NULL,'0',0,'VAT Rate 0',1,NULL,NULL),(861,86,'',13,NULL,'0',NULL,'0',0,'IVA 13',1,NULL,NULL),(862,86,'',0,NULL,'0',NULL,'0',0,'SIN IVA',1,NULL,NULL),(1141,114,'',0,NULL,'0',NULL,'0',0,'No ISV',1,NULL,NULL),(1142,114,'',12,NULL,'0',NULL,'0',0,'ISV 12%',1,NULL,NULL),(1161,116,'',25.5,NULL,'0',NULL,'0',0,'VAT standard rate',1,NULL,NULL),(1162,116,'',7,NULL,'0',NULL,'0',0,'VAT reduced rate',1,NULL,NULL),(1163,116,'',0,NULL,'0',NULL,'0',0,'VAT rate 0',1,NULL,NULL),(1171,117,'',12.5,NULL,'0',NULL,'0',0,'VAT standard rate',1,NULL,NULL),(1172,117,'',4,NULL,'0',NULL,'0',0,'VAT reduced rate',1,NULL,NULL),(1173,117,'',1,NULL,'0',NULL,'0',0,'VAT super-reduced rate',1,NULL,NULL),(1174,117,'',0,NULL,'0',NULL,'0',0,'VAT Rate 0',1,NULL,NULL),(1231,123,'',0,NULL,'0',NULL,'0',0,'VAT Rate 0',1,NULL,NULL),(1232,123,'',5,NULL,'0',NULL,'0',0,'VAT Rate 5',1,NULL,NULL),(1401,140,'',15,NULL,'0',NULL,'0',0,'VAT standard rate',1,NULL,NULL),(1402,140,'',12,NULL,'0',NULL,'0',0,'VAT reduced rate',1,NULL,NULL),(1403,140,'',6,NULL,'0',NULL,'0',0,'VAT reduced rate',1,NULL,NULL),(1404,140,'',3,NULL,'0',NULL,'0',0,'VAT super-reduced rate',1,NULL,NULL),(1405,140,'',0,NULL,'0',NULL,'0',0,'VAT Rate 0',1,NULL,NULL),(1481,148,'',18,NULL,'0',NULL,'0',0,'VAT standard rate',1,NULL,NULL),(1482,148,'',7,NULL,'0',NULL,'0',0,'VAT reduced rate',1,NULL,NULL),(1483,148,'',5,NULL,'0',NULL,'0',0,'VAT super-reduced rate',1,NULL,NULL),(1484,148,'',0,NULL,'0',NULL,'0',0,'VAT Rate 0',1,NULL,NULL),(1511,151,'',0,NULL,'0',NULL,'0',0,'VAT Rate 0',1,NULL,NULL),(1512,151,'',14,NULL,'0',NULL,'0',0,'VAT Rate 14',1,NULL,NULL),(1521,152,'',0,NULL,'0',NULL,'0',0,'VAT Rate 0',1,NULL,NULL),(1522,152,'',15,NULL,'0',NULL,'0',0,'VAT Rate 15',1,NULL,NULL),(1541,154,'',0,NULL,'0',NULL,'0',0,'No VAT',1,NULL,NULL),(1542,154,'',16,NULL,'0',NULL,'0',0,'VAT 16%',1,NULL,NULL),(1543,154,'',10,NULL,'0',NULL,'0',0,'VAT Frontero',1,NULL,NULL),(1662,166,'',15,NULL,'0',NULL,'0',0,'VAT standard rate',1,NULL,NULL),(1663,166,'',0,NULL,'0',NULL,'0',0,'VAT Rate 0',1,NULL,NULL),(1692,169,'',5,NULL,'0',NULL,'0',0,'VAT standard rate',1,NULL,NULL),(1693,169,'',0,NULL,'0',NULL,'0',0,'VAT Rate 0',1,NULL,NULL),(1731,173,'',25,NULL,'0',NULL,'0',0,'VAT standard rate',1,NULL,NULL),(1732,173,'',14,NULL,'0',NULL,'0',0,'VAT reduced rate',1,NULL,NULL),(1733,173,'',8,NULL,'0',NULL,'0',0,'VAT reduced rate',1,NULL,NULL),(1734,173,'',0,NULL,'0',NULL,'0',0,'VAT Rate 0',1,NULL,NULL),(1781,178,'',7,NULL,'0',NULL,'0',0,'ITBMS standard rate',1,NULL,NULL),(1782,178,'',0,NULL,'0',NULL,'0',0,'ITBMS Rate 0',1,NULL,NULL),(1811,181,'',18,NULL,'0',NULL,'0',0,'VAT standard rate',1,NULL,NULL),(1812,181,'',0,NULL,'0',NULL,'0',0,'VAT Rate 0',1,NULL,NULL),(1841,184,'',20,NULL,'0',NULL,'0',0,'VAT standard rate',1,NULL,NULL),(1842,184,'',7,NULL,'0',NULL,'0',0,'VAT reduced rate',1,NULL,NULL),(1843,184,'',3,NULL,'0',NULL,'0',0,'VAT reduced rate',1,NULL,NULL),(1844,184,'',0,NULL,'0',NULL,'0',0,'VAT Rate 0',1,NULL,NULL),(1881,188,'',24,NULL,'0',NULL,'0',0,'VAT standard rate',1,NULL,NULL),(1882,188,'',9,NULL,'0',NULL,'0',0,'VAT reduced rate',1,NULL,NULL),(1883,188,'',0,NULL,'0',NULL,'0',0,'VAT Rate 0',1,NULL,NULL),(1884,188,'',5,NULL,'0',NULL,'0',0,'VAT reduced rate',1,NULL,NULL),(1931,193,'',0,NULL,'0',NULL,'0',0,'No VAT in SPM',1,NULL,NULL),(2011,201,'',19,NULL,'0',NULL,'0',0,'VAT standard rate',1,NULL,NULL),(2012,201,'',10,NULL,'0',NULL,'0',0,'VAT reduced rate',1,NULL,NULL),(2013,201,'',0,NULL,'0',NULL,'0',0,'VAT Rate 0',1,NULL,NULL),(2021,202,'',22,NULL,'0',NULL,'0',0,'VAT standard rate',1,NULL,NULL),(2022,202,'',9.5,NULL,'0',NULL,'0',0,'VAT reduced rate',1,NULL,NULL),(2023,202,'',0,NULL,'0',NULL,'0',0,'VAT Rate 0',1,NULL,NULL),(2051,205,'',0,NULL,'0',NULL,'0',0,'No VAT',1,NULL,NULL),(2052,205,'',14,NULL,'0',NULL,'0',0,'VAT 14%',1,NULL,NULL),(2131,213,'',5,NULL,'0',NULL,'0',0,'VAT 5%',1,NULL,NULL),(2261,226,'',20,NULL,'0',NULL,'0',0,'VAT standart rate',1,NULL,NULL),(2262,226,'',0,NULL,'0',NULL,'0',0,'VAT Rate 0',1,NULL,NULL),(2321,232,'',0,NULL,'0',NULL,'0',0,'No VAT',1,NULL,NULL),(2322,232,'',12,NULL,'0',NULL,'0',0,'VAT 12%',1,NULL,NULL),(2323,232,'',8,NULL,'0',NULL,'0',0,'VAT 8%',1,NULL,NULL),(2461,246,'',0,NULL,'0',NULL,'0',0,'VAT Rate 0',1,NULL,NULL),(2462,102,'',23,'0','0','0','0',0,'Κανονικός Φ.Π.Α.',1,NULL,NULL),(2463,102,'',0,'0','0','0','0',0,'Μηδενικό Φ.Π.Α.',1,NULL,NULL),(2464,102,'',13,'0','0','0','0',0,'Μειωμένος Φ.Π.Α.',1,NULL,NULL),(2465,102,'',6.5,'0','0','0','0',0,'Υπερμειωμένος Φ.Π.Α.',1,NULL,NULL),(2466,102,'',16,'0','0','0','0',0,'Νήσων κανονικός Φ.Π.Α.',1,NULL,NULL),(2467,102,'',9,'0','0','0','0',0,'Νήσων μειωμένος Φ.Π.Α.',1,NULL,NULL),(2468,102,'',5,'0','0','0','0',0,'Νήσων υπερμειωμένος Φ.Π.Α.',1,NULL,NULL);

--
-- Table structure for table `llx_c_type_contact`
--

CREATE TABLE `llx_c_type_contact` (
  `rowid` int(11) NOT NULL,
  `element` varchar(30) NOT NULL,
  `source` varchar(8) NOT NULL DEFAULT 'external',
  `code` varchar(32) NOT NULL,
  `libelle` varchar(64) NOT NULL,
  `active` tinyint(4) NOT NULL DEFAULT '1',
  `module` varchar(32) DEFAULT NULL,
  `position` int(11) NOT NULL DEFAULT '0',
  PRIMARY KEY (`rowid`),
  UNIQUE KEY `uk_c_type_contact_id` (`element`,`source`,`code`)
) ENGINE=InnoDB DEFAULT CHARSET=utf8;

--
-- Dumping data for table `llx_c_type_contact`
--

INSERT INTO `llx_c_type_contact` VALUES (10,'contrat','internal','SALESREPSIGN','Commercial signataire du contrat',1,NULL,0),(11,'contrat','internal','SALESREPFOLL','Commercial suivi du contrat',1,NULL,0),(20,'contrat','external','BILLING','Contact client facturation contrat',1,NULL,0),(21,'contrat','external','CUSTOMER','Contact client suivi contrat',1,NULL,0),(22,'contrat','external','SALESREPSIGN','Contact client signataire contrat',1,NULL,0),(31,'propal','internal','SALESREPFOLL','Commercial à l\'origine de la propale',1,NULL,0),(40,'propal','external','BILLING','Contact client facturation propale',1,NULL,0),(41,'propal','external','CUSTOMER','Contact client suivi propale',1,NULL,0),(50,'facture','internal','SALESREPFOLL','Responsable suivi du paiement',1,NULL,0),(60,'facture','external','BILLING','Contact client facturation',1,NULL,0),(61,'facture','external','SHIPPING','Contact client livraison',1,NULL,0),(62,'facture','external','SERVICE','Contact client prestation',1,NULL,0),(70,'invoice_supplier','internal','SALESREPFOLL','Responsable suivi du paiement',1,NULL,0),(71,'invoice_supplier','external','BILLING','Contact fournisseur facturation',1,NULL,0),(72,'invoice_supplier','external','SHIPPING','Contact fournisseur livraison',1,NULL,0),(73,'invoice_supplier','external','SERVICE','Contact fournisseur prestation',1,NULL,0),(80,'agenda','internal','ACTOR','Responsable',1,NULL,0),(81,'agenda','internal','GUEST','Guest',1,NULL,0),(85,'agenda','external','ACTOR','Responsable',1,NULL,0),(86,'agenda','external','GUEST','Guest',1,NULL,0),(91,'commande','internal','SALESREPFOLL','Responsable suivi de la commande',1,NULL,0),(100,'commande','external','BILLING','Contact client facturation commande',1,NULL,0),(101,'commande','external','CUSTOMER','Contact client suivi commande',1,NULL,0),(102,'commande','external','SHIPPING','Contact client livraison commande',1,NULL,0),(120,'fichinter','internal','INTERREPFOLL','Responsable suivi de l\'intervention',1,NULL,0),(121,'fichinter','internal','INTERVENING','Intervenant',1,NULL,0),(130,'fichinter','external','BILLING','Contact client facturation intervention',1,NULL,0),(131,'fichinter','external','CUSTOMER','Contact client suivi de l\'intervention',1,NULL,0),(140,'order_supplier','internal','SALESREPFOLL','Responsable suivi de la commande',1,NULL,0),(141,'order_supplier','internal','SHIPPING','Responsable réception de la commande',1,NULL,0),(142,'order_supplier','external','BILLING','Contact fournisseur facturation commande',1,NULL,0),(143,'order_supplier','external','CUSTOMER','Contact fournisseur suivi commande',1,NULL,0),(145,'order_supplier','external','SHIPPING','Contact fournisseur livraison commande',1,NULL,0),(150,'dolresource','internal','USERINCHARGE','In charge of resource',1,NULL,0),(151,'dolresource','external','THIRDINCHARGE','In charge of resource',1,NULL,0),(160,'project','internal','PROJECTLEADER','Chef de Projet',1,NULL,0),(161,'project','internal','PROJECTCONTRIBUTOR','Intervenant',1,NULL,0),(170,'project','external','PROJECTLEADER','Chef de Projet',1,NULL,0),(171,'project','external','PROJECTCONTRIBUTOR','Intervenant',1,NULL,0),(180,'project_task','internal','TASKEXECUTIVE','Responsable',1,NULL,0),(181,'project_task','internal','TASKCONTRIBUTOR','Intervenant',1,NULL,0),(190,'project_task','external','TASKEXECUTIVE','Responsable',1,NULL,0),(191,'project_task','external','TASKCONTRIBUTOR','Intervenant',1,NULL,0),(200,'societe','external','GENERALREF','Généraliste (référent)',0,'cabinetmed',0),(201,'societe','external','GENERALISTE','Généraliste',0,'cabinetmed',0),(210,'societe','external','SPECCHIROR','Chirurgien ortho',0,'cabinetmed',0),(211,'societe','external','SPECCHIROT','Chirurgien autre',0,'cabinetmed',0),(220,'societe','external','SPECDERMA','Dermatologue',0,'cabinetmed',0),(225,'societe','external','SPECENDOC','Endocrinologue',0,'cabinetmed',0),(230,'societe','external','SPECGYNECO','Gynécologue',0,'cabinetmed',0),(240,'societe','external','SPECGASTRO','Gastroantérologue',0,'cabinetmed',0),(245,'societe','external','SPECINTERNE','Interniste',0,'cabinetmed',0),(250,'societe','external','SPECCARDIO','Cardiologue',0,'cabinetmed',0),(260,'societe','external','SPECNEPHRO','Néphrologue',0,'cabinetmed',0),(263,'societe','external','SPECPNEUMO','Pneumologue',0,'cabinetmed',0),(265,'societe','external','SPECNEURO','Neurologue',0,'cabinetmed',0),(270,'societe','external','SPECRHUMATO','Rhumatologue',0,'cabinetmed',0),(280,'societe','external','KINE','Kinésithérapeute',0,'cabinetmed',0);

--
-- Table structure for table `llx_c_type_fees`
--

CREATE TABLE `llx_c_type_fees` (
  `id` int(11) NOT NULL AUTO_INCREMENT,
  `code` varchar(12) NOT NULL,
  `label` varchar(30) DEFAULT NULL,
  `accountancy_code` varchar(32) DEFAULT NULL,
  `active` tinyint(4) NOT NULL DEFAULT '1',
  `module` varchar(32) DEFAULT NULL,
  `position` int(11) NOT NULL DEFAULT '0',
  PRIMARY KEY (`id`),
  UNIQUE KEY `uk_c_type_fees` (`code`)
) ENGINE=InnoDB AUTO_INCREMENT=4 DEFAULT CHARSET=utf8;

--
-- Dumping data for table `llx_c_type_fees`
--

INSERT INTO `llx_c_type_fees` VALUES (1,'TF_OTHER','Other','705',1,NULL,0),(2,'TF_TRIP','Trip',NULL,1,NULL,0),(3,'TF_LUNCH','Lunch',NULL,1,NULL,0);

--
-- Table structure for table `llx_c_type_resource`
--

CREATE TABLE `llx_c_type_resource` (
  `rowid` int(11) NOT NULL AUTO_INCREMENT,
  `code` varchar(32) NOT NULL,
  `label` varchar(64) NOT NULL,
  `active` tinyint(4) NOT NULL DEFAULT '1',
  PRIMARY KEY (`rowid`),
  UNIQUE KEY `uk_c_type_resource_id` (`label`,`code`)
) ENGINE=InnoDB AUTO_INCREMENT=3 DEFAULT CHARSET=utf8;

--
-- Dumping data for table `llx_c_type_resource`
--

INSERT INTO `llx_c_type_resource` VALUES (1,'RES_ROOMS','Rooms',1),(2,'RES_CARS','Cars',1);

--
-- Table structure for table `llx_c_typent`
--

CREATE TABLE `llx_c_typent` (
  `id` int(11) NOT NULL,
  `code` varchar(12) NOT NULL,
  `libelle` varchar(30) DEFAULT NULL,
  `fk_country` int(11) DEFAULT NULL,
  `active` tinyint(4) NOT NULL DEFAULT '1',
  `module` varchar(32) DEFAULT NULL,
  `position` int(11) NOT NULL DEFAULT '0',
  PRIMARY KEY (`id`),
  UNIQUE KEY `uk_c_typent` (`code`)
) ENGINE=InnoDB DEFAULT CHARSET=utf8;

--
-- Dumping data for table `llx_c_typent`
--

INSERT INTO `llx_c_typent` VALUES (0,'TE_UNKNOWN','-',NULL,1,NULL,0),(1,'TE_STARTUP','Start-up',NULL,1,NULL,0),(2,'TE_GROUP','Grand groupe',NULL,1,NULL,0),(3,'TE_MEDIUM','PME/PMI',NULL,1,NULL,0),(4,'TE_SMALL','TPE',NULL,1,NULL,0),(5,'TE_ADMIN','Administration',NULL,1,NULL,0),(6,'TE_WHOLE','Grossiste',NULL,1,NULL,0),(7,'TE_RETAIL','Revendeur',NULL,1,NULL,0),(8,'TE_PRIVATE','Particulier',NULL,1,NULL,0),(100,'TE_OTHER','Autres',NULL,1,NULL,0),(101,'TE_HOMME','Homme',NULL,0,'cabinetmed',0),(102,'TE_FEMME','Femme',NULL,0,'cabinetmed',0),(231,'TE_A_RI','Responsable Inscripto',23,1,NULL,0),(232,'TE_B_RNI','Responsable No Inscripto',23,1,NULL,0),(233,'TE_C_FE','Consumidor Final/Exento',23,1,NULL,0);

--
-- Table structure for table `llx_c_units`
--

CREATE TABLE `llx_c_units` (
  `rowid` int(11) NOT NULL AUTO_INCREMENT,
  `code` varchar(3) DEFAULT NULL,
  `label` varchar(50) DEFAULT NULL,
  `short_label` varchar(5) DEFAULT NULL,
  `active` tinyint(4) NOT NULL DEFAULT '1',
  PRIMARY KEY (`rowid`),
  UNIQUE KEY `uk_c_units_code` (`code`)
) ENGINE=InnoDB AUTO_INCREMENT=13 DEFAULT CHARSET=utf8;

--
-- Dumping data for table `llx_c_units`
--

INSERT INTO `llx_c_units` VALUES (1,'P','piece','p',1),(2,'SET','set','se',1),(3,'S','second','s',1),(4,'H','hour','h',1),(5,'D','day','d',1),(6,'KG','kilogram','kg',1),(7,'G','gram','g',1),(8,'M','meter','m',1),(9,'LM','linear meter','lm',1),(10,'M2','square meter','m2',1),(11,'M3','cubic meter','m3',1),(12,'L','liter','l',1);

--
-- Table structure for table `llx_c_ziptown`
--

CREATE TABLE `llx_c_ziptown` (
  `rowid` int(11) NOT NULL AUTO_INCREMENT,
  `code` varchar(5) DEFAULT NULL,
  `fk_county` int(11) DEFAULT NULL,
  `fk_pays` int(11) NOT NULL DEFAULT '0',
  `zip` varchar(10) NOT NULL,
  `town` varchar(255) NOT NULL,
  `active` tinyint(4) NOT NULL DEFAULT '1',
  PRIMARY KEY (`rowid`),
  UNIQUE KEY `uk_ziptown_fk_pays` (`zip`,`town`,`fk_pays`),
  KEY `idx_c_ziptown_fk_county` (`fk_county`),
  KEY `idx_c_ziptown_fk_pays` (`fk_pays`),
  KEY `idx_c_ziptown_zip` (`zip`),
  CONSTRAINT `fk_c_ziptown_fk_county` FOREIGN KEY (`fk_county`) REFERENCES `llx_c_departements` (`rowid`),
  CONSTRAINT `fk_c_ziptown_fk_pays` FOREIGN KEY (`fk_pays`) REFERENCES `llx_c_pays` (`rowid`)
) ENGINE=InnoDB DEFAULT CHARSET=utf8;

--
-- Dumping data for table `llx_c_ziptown`
--


--
-- Table structure for table `llx_cabinetmed_cons_extrafields`
--

CREATE TABLE `llx_cabinetmed_cons_extrafields` (
  `rowid` int(11) NOT NULL AUTO_INCREMENT,
  `tms` timestamp NOT NULL DEFAULT CURRENT_TIMESTAMP ON UPDATE CURRENT_TIMESTAMP,
  `fk_object` int(11) NOT NULL,
  `import_key` varchar(14) COLLATE utf8_unicode_ci DEFAULT NULL,
  PRIMARY KEY (`rowid`),
  KEY `idx_cabinetmed_cons_extrafields` (`fk_object`)
) ENGINE=InnoDB DEFAULT CHARSET=utf8 COLLATE=utf8_unicode_ci;

--
-- Dumping data for table `llx_cabinetmed_cons_extrafields`
--


--
-- Table structure for table `llx_categorie`
--

CREATE TABLE `llx_categorie` (
  `rowid` int(11) NOT NULL AUTO_INCREMENT,
  `fk_parent` int(11) NOT NULL DEFAULT '0',
  `label` varchar(255) NOT NULL,
  `type` tinyint(4) NOT NULL DEFAULT '1',
  `entity` int(11) NOT NULL DEFAULT '1',
  `description` text,
  `fk_soc` int(11) DEFAULT NULL,
  `visible` tinyint(4) NOT NULL DEFAULT '1',
  `import_key` varchar(14) DEFAULT NULL,
  `color` varchar(8) DEFAULT NULL,
  PRIMARY KEY (`rowid`),
  UNIQUE KEY `uk_categorie_ref` (`entity`,`fk_parent`,`label`,`type`),
  KEY `idx_categorie_type` (`type`),
  KEY `idx_categorie_label` (`label`)
) ENGINE=InnoDB AUTO_INCREMENT=30 DEFAULT CHARSET=utf8;

--
-- Dumping data for table `llx_categorie`
--

INSERT INTO `llx_categorie` VALUES (1,0,'Preferred Partners',1,1,'This category is used to tag suppliers that are Prefered Partners',NULL,0,NULL,'005fbf'),(2,0,'MyCategory',1,1,'This is description of MyCategory for customer and prospects<br />',NULL,0,NULL,NULL),(3,7,'Hot products',1,1,'This is description of hot products<br />',NULL,0,NULL,NULL),(4,0,'Merchant',1,1,'Category dedicated to merchant third parties',NULL,0,NULL,'bf5f00'),(5,7,'Bio Fairtrade',0,1,'',NULL,0,NULL,NULL),(6,7,'Bio AB',0,1,'',NULL,0,NULL,NULL),(7,9,'Bio',0,1,'This product is a BIO product',NULL,0,NULL,NULL),(8,7,'Bio Dynamic',0,1,'',NULL,0,NULL,NULL),(9,0,'High Quality Product',0,1,'Label dedicated for High quality products',NULL,0,NULL,'7f7f00'),(10,0,'Reserved for VIP',0,1,'Product of thi category are reserved to VIP customers',NULL,0,NULL,'7f0000'),(11,9,'ISO',0,1,'Product of this category has an ISO label',NULL,0,NULL,NULL),(12,0,'VIP',2,1,'',NULL,0,NULL,'bf5f00'),(13,0,'Region North',2,1,'Customer of North Region',NULL,0,NULL,'7f007f'),(14,0,'Regular customer',2,1,'',NULL,0,NULL,'5fbf00'),(15,13,'Region North A',2,1,'',NULL,0,NULL,'bf00bf'),(17,0,'MyTag1',4,1,'',NULL,0,NULL,NULL),(18,0,'Met during meeting',4,1,'',NULL,0,NULL,'ff7f00'),(19,17,'MySubTag1',4,1,'',NULL,0,NULL,NULL),(20,13,'Region North B',2,1,'',NULL,0,NULL,'bf005f'),(21,0,'Region South',2,1,'',NULL,0,NULL,NULL),(22,21,'Region South A',2,1,'',NULL,0,NULL,NULL),(23,21,'Region South B',2,1,'',NULL,0,NULL,NULL),(24,0,'Limited Edition',0,1,'This is a limited edition',NULL,0,NULL,'ff7f00'),(25,0,'Imported products',0,1,'For product we have to import from another country',NULL,0,NULL,NULL),(26,28,'Friends',4,1,'Category of friends contact',NULL,0,NULL,'00bf00'),(27,28,'Family',4,1,'Category of family contacts',NULL,0,NULL,'007f3f'),(28,0,'Personal contacts',4,1,'For personal contacts',NULL,0,NULL,'007f3f'),(29,0,'Online only merchant',1,1,'',NULL,0,NULL,'aaaaff');

--
-- Table structure for table `llx_categorie_account`
--

CREATE TABLE `llx_categorie_account` (
  `fk_categorie` int(11) NOT NULL,
  `fk_account` int(11) NOT NULL,
  `import_key` varchar(14) DEFAULT NULL,
  PRIMARY KEY (`fk_categorie`,`fk_account`),
  KEY `idx_categorie_account_fk_categorie` (`fk_categorie`),
  KEY `idx_categorie_account_fk_account` (`fk_account`),
  CONSTRAINT `fk_categorie_account_categorie_rowid` FOREIGN KEY (`fk_categorie`) REFERENCES `llx_categorie` (`rowid`),
  CONSTRAINT `fk_categorie_account_fk_account` FOREIGN KEY (`fk_account`) REFERENCES `llx_bank_account` (`rowid`)
) ENGINE=InnoDB DEFAULT CHARSET=utf8;

--
-- Dumping data for table `llx_categorie_account`
--


--
-- Table structure for table `llx_categorie_association`
--

CREATE TABLE `llx_categorie_association` (
  `fk_categorie_mere` int(11) NOT NULL,
  `fk_categorie_fille` int(11) NOT NULL,
  UNIQUE KEY `uk_categorie_association` (`fk_categorie_mere`,`fk_categorie_fille`),
  UNIQUE KEY `uk_categorie_association_fk_categorie_fille` (`fk_categorie_fille`)
) ENGINE=InnoDB DEFAULT CHARSET=utf8;

--
-- Dumping data for table `llx_categorie_association`
--

INSERT INTO `llx_categorie_association` VALUES (3,5),(9,11);

--
-- Table structure for table `llx_categorie_contact`
--

CREATE TABLE `llx_categorie_contact` (
  `fk_categorie` int(11) NOT NULL,
  `fk_socpeople` int(11) NOT NULL,
  `import_key` varchar(14) DEFAULT NULL,
  PRIMARY KEY (`fk_categorie`,`fk_socpeople`),
  KEY `idx_categorie_contact_fk_categorie` (`fk_categorie`),
  KEY `idx_categorie_contact_fk_socpeople` (`fk_socpeople`),
  CONSTRAINT `fk_categorie_contact_categorie_rowid` FOREIGN KEY (`fk_categorie`) REFERENCES `llx_categorie` (`rowid`),
  CONSTRAINT `fk_categorie_contact_fk_socpeople` FOREIGN KEY (`fk_socpeople`) REFERENCES `llx_socpeople` (`rowid`)
) ENGINE=InnoDB DEFAULT CHARSET=latin1;

--
-- Dumping data for table `llx_categorie_contact`
--

INSERT INTO `llx_categorie_contact` VALUES (18,3,NULL),(18,6,NULL),(19,6,NULL),(26,9,NULL),(27,7,NULL),(27,8,NULL),(27,10,NULL),(28,11,NULL);

--
-- Table structure for table `llx_categorie_fournisseur`
--

CREATE TABLE `llx_categorie_fournisseur` (
  `fk_categorie` int(11) NOT NULL,
  `fk_soc` int(11) NOT NULL,
  `import_key` varchar(14) DEFAULT NULL,
  PRIMARY KEY (`fk_categorie`,`fk_soc`),
  KEY `idx_categorie_fournisseur_fk_categorie` (`fk_categorie`),
  KEY `idx_categorie_fournisseur_fk_societe` (`fk_soc`),
  CONSTRAINT `fk_categorie_fournisseur_categorie_rowid` FOREIGN KEY (`fk_categorie`) REFERENCES `llx_categorie` (`rowid`),
  CONSTRAINT `fk_categorie_fournisseur_fk_soc` FOREIGN KEY (`fk_soc`) REFERENCES `llx_societe` (`rowid`)
) ENGINE=InnoDB DEFAULT CHARSET=utf8;

--
-- Dumping data for table `llx_categorie_fournisseur`
--

INSERT INTO `llx_categorie_fournisseur` VALUES (1,2,NULL),(1,10,NULL),(9,2,NULL);

--
-- Table structure for table `llx_categorie_lang`
--

CREATE TABLE `llx_categorie_lang` (
  `rowid` int(11) NOT NULL AUTO_INCREMENT,
  `fk_category` int(11) NOT NULL DEFAULT '0',
  `lang` varchar(5) NOT NULL DEFAULT '0',
  `label` varchar(255) NOT NULL,
  `description` text,
  PRIMARY KEY (`rowid`),
  UNIQUE KEY `uk_category_lang` (`fk_category`,`lang`),
  CONSTRAINT `fk_category_lang_fk_category` FOREIGN KEY (`fk_category`) REFERENCES `llx_categorie` (`rowid`)
) ENGINE=InnoDB DEFAULT CHARSET=utf8;

--
-- Dumping data for table `llx_categorie_lang`
--


--
-- Table structure for table `llx_categorie_member`
--

CREATE TABLE `llx_categorie_member` (
  `fk_categorie` int(11) NOT NULL,
  `fk_member` int(11) NOT NULL,
  PRIMARY KEY (`fk_categorie`,`fk_member`),
  KEY `idx_categorie_member_fk_categorie` (`fk_categorie`),
  KEY `idx_categorie_member_fk_member` (`fk_member`),
  CONSTRAINT `fk_categorie_member_categorie_rowid` FOREIGN KEY (`fk_categorie`) REFERENCES `llx_categorie` (`rowid`),
  CONSTRAINT `fk_categorie_member_member_rowid` FOREIGN KEY (`fk_member`) REFERENCES `llx_adherent` (`rowid`)
) ENGINE=InnoDB DEFAULT CHARSET=utf8;

--
-- Dumping data for table `llx_categorie_member`
--


--
-- Table structure for table `llx_categorie_product`
--

CREATE TABLE `llx_categorie_product` (
  `fk_categorie` int(11) NOT NULL,
  `fk_product` int(11) NOT NULL,
  `import_key` varchar(14) DEFAULT NULL,
  PRIMARY KEY (`fk_categorie`,`fk_product`),
  KEY `idx_categorie_product_fk_categorie` (`fk_categorie`),
  KEY `idx_categorie_product_fk_product` (`fk_product`),
  CONSTRAINT `fk_categorie_product_categorie_rowid` FOREIGN KEY (`fk_categorie`) REFERENCES `llx_categorie` (`rowid`),
  CONSTRAINT `fk_categorie_product_product_rowid` FOREIGN KEY (`fk_product`) REFERENCES `llx_product` (`rowid`)
) ENGINE=InnoDB DEFAULT CHARSET=utf8;

--
-- Dumping data for table `llx_categorie_product`
--

INSERT INTO `llx_categorie_product` VALUES (5,2,NULL),(6,2,NULL),(8,4,NULL),(9,5,NULL),(9,12,NULL),(10,3,NULL),(10,4,NULL),(24,1,NULL),(24,11,NULL),(25,10,NULL);

--
-- Table structure for table `llx_categorie_project`
--

CREATE TABLE `llx_categorie_project` (
  `fk_categorie` int(11) NOT NULL,
  `fk_project` int(11) NOT NULL,
  `import_key` varchar(14) DEFAULT NULL,
  PRIMARY KEY (`fk_categorie`,`fk_project`),
  KEY `idx_categorie_project_fk_categorie` (`fk_categorie`),
  KEY `idx_categorie_project_fk_project` (`fk_project`),
  CONSTRAINT `fk_categorie_project_categorie_rowid` FOREIGN KEY (`fk_categorie`) REFERENCES `llx_categorie` (`rowid`),
  CONSTRAINT `fk_categorie_project_fk_project` FOREIGN KEY (`fk_project`) REFERENCES `llx_projet` (`rowid`),
  CONSTRAINT `fk_categorie_project_fk_project_rowid` FOREIGN KEY (`fk_project`) REFERENCES `llx_projet` (`rowid`)
) ENGINE=InnoDB DEFAULT CHARSET=utf8;

--
-- Dumping data for table `llx_categorie_project`
--


--
-- Table structure for table `llx_categorie_societe`
--

CREATE TABLE `llx_categorie_societe` (
  `fk_categorie` int(11) NOT NULL,
  `fk_soc` int(11) NOT NULL,
  `import_key` varchar(14) DEFAULT NULL,
  PRIMARY KEY (`fk_categorie`,`fk_soc`),
  KEY `idx_categorie_societe_fk_categorie` (`fk_categorie`),
  KEY `idx_categorie_societe_fk_societe` (`fk_soc`),
  CONSTRAINT `fk_categorie_societe_categorie_rowid` FOREIGN KEY (`fk_categorie`) REFERENCES `llx_categorie` (`rowid`),
  CONSTRAINT `fk_categorie_societe_fk_soc` FOREIGN KEY (`fk_soc`) REFERENCES `llx_societe` (`rowid`)
) ENGINE=InnoDB DEFAULT CHARSET=utf8;

--
-- Dumping data for table `llx_categorie_societe`
--

INSERT INTO `llx_categorie_societe` VALUES (2,2,NULL),(2,19,NULL),(12,10,NULL),(12,11,NULL),(14,11,NULL);

--
-- Table structure for table `llx_categorie_user`
--

CREATE TABLE `llx_categorie_user` (
  `fk_categorie` int(11) NOT NULL,
  `fk_user` int(11) NOT NULL,
  `import_key` varchar(14) DEFAULT NULL,
  PRIMARY KEY (`fk_categorie`,`fk_user`),
  KEY `idx_categorie_user_fk_categorie` (`fk_categorie`),
  KEY `idx_categorie_user_fk_user` (`fk_user`),
  CONSTRAINT `fk_categorie_user_categorie_rowid` FOREIGN KEY (`fk_categorie`) REFERENCES `llx_categorie` (`rowid`),
  CONSTRAINT `fk_categorie_user_fk_user` FOREIGN KEY (`fk_user`) REFERENCES `llx_user` (`rowid`)
) ENGINE=InnoDB DEFAULT CHARSET=utf8;

--
-- Dumping data for table `llx_categorie_user`
--


--
-- Table structure for table `llx_categories_extrafields`
--

CREATE TABLE `llx_categories_extrafields` (
  `rowid` int(11) NOT NULL AUTO_INCREMENT,
  `tms` timestamp NOT NULL DEFAULT CURRENT_TIMESTAMP ON UPDATE CURRENT_TIMESTAMP,
  `fk_object` int(11) NOT NULL,
  `import_key` varchar(14) DEFAULT NULL,
  PRIMARY KEY (`rowid`),
  KEY `idx_categories_extrafields` (`fk_object`)
) ENGINE=InnoDB DEFAULT CHARSET=utf8;

--
-- Dumping data for table `llx_categories_extrafields`
--


--
-- Table structure for table `llx_chargesociales`
--

CREATE TABLE `llx_chargesociales` (
  `rowid` int(11) NOT NULL AUTO_INCREMENT,
  `date_ech` datetime NOT NULL,
  `libelle` varchar(80) NOT NULL,
  `entity` int(11) NOT NULL DEFAULT '1',
  `fk_type` int(11) NOT NULL,
  `fk_account` int(11) DEFAULT NULL,
  `fk_mode_reglement` int(11) DEFAULT NULL,
  `amount` double NOT NULL DEFAULT '0',
  `paye` smallint(6) NOT NULL DEFAULT '0',
  `periode` date DEFAULT NULL,
  `tms` timestamp NOT NULL DEFAULT CURRENT_TIMESTAMP ON UPDATE CURRENT_TIMESTAMP,
  `date_creation` datetime DEFAULT NULL,
  `date_valid` datetime DEFAULT NULL,
  `import_key` varchar(14) DEFAULT NULL,
  `fk_user_author` int(11) DEFAULT NULL,
  `fk_user_modif` int(11) DEFAULT NULL,
  `fk_user_valid` int(11) DEFAULT NULL,
  PRIMARY KEY (`rowid`)
) ENGINE=InnoDB AUTO_INCREMENT=5 DEFAULT CHARSET=utf8;

--
-- Dumping data for table `llx_chargesociales`
--

INSERT INTO `llx_chargesociales` VALUES (4,'2011-08-09 00:00:00','fff',1,60,NULL,NULL,10,1,'2011-08-01','2012-12-08 13:11:10',NULL,NULL,NULL,NULL,NULL,NULL);

--
-- Table structure for table `llx_commande`
--

CREATE TABLE `llx_commande` (
  `rowid` int(11) NOT NULL AUTO_INCREMENT,
  `tms` timestamp NOT NULL DEFAULT CURRENT_TIMESTAMP ON UPDATE CURRENT_TIMESTAMP,
  `fk_soc` int(11) NOT NULL,
  `fk_projet` int(11) DEFAULT NULL,
  `ref` varchar(30) NOT NULL,
  `entity` int(11) NOT NULL DEFAULT '1',
  `ref_ext` varchar(255) DEFAULT NULL,
  `ref_int` varchar(255) DEFAULT NULL,
  `ref_client` varchar(255) DEFAULT NULL,
  `date_creation` datetime DEFAULT NULL,
  `date_valid` datetime DEFAULT NULL,
  `date_cloture` datetime DEFAULT NULL,
  `date_commande` date DEFAULT NULL,
  `fk_user_author` int(11) DEFAULT NULL,
  `fk_user_modif` int(11) DEFAULT NULL,
  `fk_user_valid` int(11) DEFAULT NULL,
  `fk_user_cloture` int(11) DEFAULT NULL,
  `source` smallint(6) DEFAULT NULL,
  `fk_statut` smallint(6) DEFAULT '0',
  `amount_ht` double DEFAULT '0',
  `remise_percent` double DEFAULT '0',
  `remise_absolue` double DEFAULT '0',
  `remise` double DEFAULT '0',
  `tva` double(24,8) DEFAULT '0.00000000',
  `localtax1` double(24,8) DEFAULT '0.00000000',
  `localtax2` double(24,8) DEFAULT '0.00000000',
  `total_ht` double(24,8) DEFAULT '0.00000000',
  `total_ttc` double(24,8) DEFAULT '0.00000000',
  `note_private` text,
  `note_public` text,
  `model_pdf` varchar(255) DEFAULT NULL,
  `facture` tinyint(4) DEFAULT '0',
  `fk_account` int(11) DEFAULT NULL,
  `fk_currency` varchar(3) DEFAULT NULL,
  `fk_cond_reglement` int(11) DEFAULT NULL,
  `fk_mode_reglement` int(11) DEFAULT NULL,
  `date_livraison` date DEFAULT NULL,
  `fk_shipping_method` int(11) DEFAULT NULL,
  `fk_warehouse` int(11) DEFAULT NULL,
  `fk_availability` int(11) DEFAULT NULL,
  `fk_input_reason` int(11) DEFAULT NULL,
  `fk_delivery_address` int(11) DEFAULT NULL,
  `import_key` varchar(14) DEFAULT NULL,
  `extraparams` varchar(255) DEFAULT NULL,
  `fk_incoterms` int(11) DEFAULT NULL,
  `location_incoterms` varchar(255) DEFAULT NULL,
  `fk_multicurrency` int(11) DEFAULT NULL,
  `multicurrency_code` varchar(255) DEFAULT NULL,
  `multicurrency_tx` double(24,8) DEFAULT '1.00000000',
  `multicurrency_total_ht` double(24,8) DEFAULT '0.00000000',
  `multicurrency_total_tva` double(24,8) DEFAULT '0.00000000',
  `multicurrency_total_ttc` double(24,8) DEFAULT '0.00000000',
  PRIMARY KEY (`rowid`),
  UNIQUE KEY `uk_commande_ref` (`ref`,`entity`),
  KEY `idx_commande_fk_soc` (`fk_soc`),
  KEY `idx_commande_fk_user_author` (`fk_user_author`),
  KEY `idx_commande_fk_user_valid` (`fk_user_valid`),
  KEY `idx_commande_fk_user_cloture` (`fk_user_cloture`),
  KEY `idx_commande_fk_projet` (`fk_projet`),
  KEY `idx_commande_fk_account` (`fk_account`),
  KEY `idx_commande_fk_currency` (`fk_currency`),
  CONSTRAINT `fk_commande_fk_projet` FOREIGN KEY (`fk_projet`) REFERENCES `llx_projet` (`rowid`),
  CONSTRAINT `fk_commande_fk_soc` FOREIGN KEY (`fk_soc`) REFERENCES `llx_societe` (`rowid`),
  CONSTRAINT `fk_commande_fk_user_author` FOREIGN KEY (`fk_user_author`) REFERENCES `llx_user` (`rowid`),
  CONSTRAINT `fk_commande_fk_user_cloture` FOREIGN KEY (`fk_user_cloture`) REFERENCES `llx_user` (`rowid`),
  CONSTRAINT `fk_commande_fk_user_valid` FOREIGN KEY (`fk_user_valid`) REFERENCES `llx_user` (`rowid`)
) ENGINE=InnoDB AUTO_INCREMENT=93 DEFAULT CHARSET=utf8;

--
-- Dumping data for table `llx_commande`
--

INSERT INTO `llx_commande` VALUES (1,'2016-07-30 15:13:20',1,NULL,'CO1107-0002',1,NULL,NULL,'','2011-07-20 15:23:12','2016-08-08 13:59:09',NULL,'2016-07-20',1,NULL,1,NULL,NULL,1,0,0,NULL,0,0.00000000,0.00000000,0.00000000,10.00000000,10.00000000,'','','einstein',0,NULL,NULL,1,1,NULL,NULL,NULL,0,NULL,NULL,NULL,NULL,NULL,NULL,NULL,NULL,1.00000000,0.00000000,0.00000000,0.00000000),(2,'2016-07-30 15:13:20',1,NULL,'CO1107-0003',1,NULL,NULL,'','2011-07-20 23:20:12','2018-02-12 17:06:51',NULL,'2016-07-21',1,NULL,1,NULL,NULL,1,0,0,NULL,0,0.00000000,0.00000000,0.00000000,10.00000000,10.00000000,'','','einstein',0,NULL,NULL,0,NULL,NULL,NULL,NULL,0,NULL,NULL,NULL,NULL,NULL,NULL,NULL,NULL,1.00000000,0.00000000,0.00000000,0.00000000),(3,'2016-07-30 15:13:20',1,NULL,'CO1107-0004',1,NULL,NULL,'','2011-07-20 23:22:53','2018-02-17 18:27:56',NULL,'2016-07-21',1,NULL,1,NULL,NULL,1,0,0,NULL,0,0.00000000,0.00000000,0.00000000,30.00000000,30.00000000,'','','einstein',0,NULL,NULL,NULL,NULL,NULL,NULL,NULL,NULL,NULL,NULL,NULL,NULL,NULL,NULL,NULL,NULL,1.00000000,0.00000000,0.00000000,0.00000000),(5,'2016-07-30 15:12:32',1,NULL,'CO1108-0001',1,NULL,NULL,'','2011-08-08 03:04:11','2015-08-08 03:04:21',NULL,'2015-08-08',1,NULL,1,NULL,NULL,2,0,0,NULL,0,0.00000000,0.00000000,0.00000000,10.00000000,10.00000000,'','','einstein',0,NULL,NULL,NULL,NULL,NULL,NULL,NULL,NULL,NULL,NULL,NULL,NULL,NULL,NULL,NULL,NULL,1.00000000,0.00000000,0.00000000,0.00000000),(6,'2016-07-30 15:13:20',19,NULL,'(PROV6)',1,NULL,NULL,'','2013-02-17 16:22:14',NULL,NULL,'2016-02-17',1,NULL,NULL,NULL,NULL,0,0,0,NULL,0,11.76000000,0.00000000,0.00000000,60.00000000,71.76000000,'','','einstein',0,NULL,NULL,1,NULL,NULL,NULL,NULL,NULL,NULL,NULL,NULL,NULL,NULL,NULL,NULL,NULL,1.00000000,0.00000000,0.00000000,0.00000000),(17,'2017-02-15 22:50:34',4,NULL,'CO7001-0005',1,NULL,NULL,NULL,'2017-02-15 23:50:34','2017-02-15 23:50:34',NULL,'2016-05-13',12,NULL,12,NULL,1,1,0,0,NULL,0,0.00000000,0.00000000,0.00000000,509.00000000,509.00000000,'','','',0,NULL,NULL,NULL,NULL,NULL,NULL,NULL,NULL,NULL,NULL,NULL,NULL,0,'',0,'EUR',1.00000000,509.00000000,0.00000000,509.00000000),(18,'2017-02-15 23:08:58',7,4,'CO7001-0006',1,NULL,NULL,NULL,'2017-02-15 23:51:23','2017-02-15 23:51:23',NULL,'2017-02-03',12,NULL,12,NULL,1,1,0,0,NULL,0,0.00000000,0.00000000,0.00000000,900.00000000,900.00000000,'','','',0,NULL,NULL,NULL,NULL,NULL,NULL,NULL,NULL,NULL,NULL,NULL,NULL,0,'',0,'EUR',1.00000000,900.00000000,0.00000000,900.00000000),(20,'2017-02-15 23:09:04',4,NULL,'CO7001-0007',1,NULL,NULL,NULL,'2017-02-15 23:55:52','2017-02-15 23:55:52',NULL,'2016-04-03',12,NULL,12,NULL,1,1,0,0,NULL,0,0.00000000,0.00000000,0.00000000,330.00000000,330.00000000,'','','',0,NULL,NULL,2,NULL,NULL,1,NULL,NULL,NULL,NULL,NULL,NULL,0,'',0,'EUR',1.00000000,330.00000000,0.00000000,330.00000000),(29,'2017-02-15 23:08:42',4,NULL,'CO7001-0008',1,NULL,NULL,NULL,'2017-02-16 00:03:44','2017-02-16 00:03:44',NULL,'2017-02-12',12,NULL,12,NULL,1,1,0,0,NULL,0,0.00000000,0.00000000,0.00000000,457.00000000,457.00000000,'','','',0,NULL,NULL,1,NULL,NULL,2,NULL,NULL,NULL,NULL,NULL,NULL,0,'',0,'EUR',1.00000000,457.00000000,0.00000000,457.00000000),(34,'2017-02-15 23:08:47',11,NULL,'CO7001-0009',1,NULL,NULL,NULL,'2017-02-16 00:05:01','2017-02-16 00:05:01',NULL,'2017-01-03',12,NULL,12,NULL,1,1,0,0,NULL,0,0.00000000,0.00000000,0.00000000,124.00000000,124.00000000,'','','',0,NULL,NULL,2,NULL,NULL,2,NULL,NULL,NULL,NULL,NULL,NULL,0,'',0,'EUR',1.00000000,124.00000000,0.00000000,124.00000000),(38,'2017-02-15 23:08:50',3,NULL,'CO7001-0010',1,NULL,NULL,NULL,'2017-02-16 00:05:01','2017-02-16 00:05:01',NULL,'2017-02-03',12,NULL,12,NULL,1,1,0,0,NULL,0,0.00000000,0.00000000,0.00000000,200.00000000,200.00000000,'','','',0,NULL,NULL,1,NULL,NULL,2,NULL,1,NULL,NULL,NULL,NULL,0,'',0,'EUR',1.00000000,200.00000000,0.00000000,200.00000000),(40,'2017-02-15 23:08:53',11,NULL,'CO7001-0011',1,NULL,NULL,NULL,'2017-02-16 00:05:10','2017-02-16 00:05:11',NULL,'2017-01-23',12,NULL,12,NULL,1,1,0,0,NULL,0,0.00000000,0.00000000,0.00000000,1210.00000000,1210.00000000,'','','',0,NULL,NULL,1,NULL,NULL,1,NULL,NULL,NULL,NULL,NULL,NULL,0,'',0,'EUR',1.00000000,1210.00000000,0.00000000,1210.00000000),(43,'2017-02-15 23:05:11',10,NULL,'CO7001-0012',1,NULL,NULL,NULL,'2017-02-16 00:05:11','2017-02-16 00:05:11',NULL,'2017-02-13',12,NULL,12,NULL,1,1,0,0,NULL,0,0.00000000,0.00000000,0.00000000,478.00000000,478.00000000,'','','',0,NULL,NULL,2,NULL,NULL,2,NULL,NULL,NULL,NULL,NULL,NULL,0,'',0,'EUR',1.00000000,478.00000000,0.00000000,478.00000000),(47,'2017-02-15 23:09:10',1,NULL,'CO7001-0013',1,NULL,NULL,NULL,'2017-02-16 00:05:11','2017-02-16 00:05:11',NULL,'2016-11-13',12,NULL,12,NULL,1,1,0,0,NULL,0,0.00000000,0.00000000,0.00000000,55.00000000,55.00000000,'','','',0,NULL,NULL,2,NULL,NULL,1,NULL,1,NULL,NULL,NULL,NULL,0,'',0,'EUR',1.00000000,55.00000000,0.00000000,55.00000000),(48,'2017-02-15 23:09:07',4,NULL,'CO7001-0014',1,NULL,NULL,NULL,'2017-02-16 00:05:11','2017-02-16 00:05:11',NULL,'2016-07-30',12,NULL,12,NULL,1,1,0,0,NULL,0,0.00000000,0.00000000,0.00000000,540.00000000,540.00000000,'','','',0,NULL,NULL,NULL,NULL,NULL,1,NULL,NULL,NULL,NULL,NULL,NULL,0,'',0,'EUR',1.00000000,540.00000000,0.00000000,540.00000000),(50,'2017-02-15 23:05:26',1,NULL,'CO7001-0015',1,NULL,NULL,NULL,'2017-02-16 00:05:26','2017-02-16 00:05:26',NULL,'2017-12-12',12,NULL,12,NULL,1,1,0,0,NULL,0,0.00000000,0.00000000,0.00000000,118.00000000,118.00000000,'','','',0,NULL,NULL,1,NULL,NULL,1,NULL,1,NULL,NULL,NULL,NULL,0,'',0,'EUR',1.00000000,118.00000000,0.00000000,118.00000000),(54,'2017-02-15 23:06:01',12,NULL,'CO7001-0016',1,NULL,NULL,NULL,'2017-02-16 00:05:26','2017-02-16 00:05:26','2017-02-16 03:05:56','2016-06-03',12,NULL,12,12,1,3,0,0,NULL,0,0.00000000,0.00000000,0.00000000,220.00000000,220.00000000,'','','',1,NULL,NULL,NULL,NULL,NULL,1,NULL,1,NULL,NULL,NULL,NULL,0,'',0,'EUR',1.00000000,220.00000000,0.00000000,220.00000000),(58,'2017-02-15 23:09:13',1,NULL,'CO7001-0017',1,NULL,NULL,NULL,'2017-02-16 00:05:26','2017-02-16 00:05:26',NULL,'2016-07-23',12,NULL,12,NULL,1,1,0,0,NULL,0,0.00000000,0.00000000,0.00000000,436.00000000,436.00000000,'','','',0,NULL,NULL,1,NULL,NULL,2,NULL,NULL,NULL,NULL,NULL,NULL,0,'',0,'EUR',1.00000000,436.00000000,0.00000000,436.00000000),(62,'2017-02-15 23:09:16',19,NULL,'CO7001-0018',1,NULL,NULL,NULL,'2017-02-16 00:05:35','2017-02-16 00:05:35',NULL,'2016-02-23',12,NULL,12,NULL,1,1,0,0,NULL,0,0.00000000,0.00000000,0.00000000,410.00000000,410.00000000,'','','',0,NULL,NULL,2,NULL,NULL,1,NULL,1,NULL,NULL,NULL,NULL,0,'',0,'EUR',1.00000000,410.00000000,0.00000000,410.00000000),(68,'2017-02-15 23:09:19',3,NULL,'CO7001-0019',1,NULL,NULL,NULL,'2017-02-16 00:05:35','2017-02-16 00:05:35',NULL,'2016-05-19',12,NULL,12,NULL,1,1,0,0,NULL,0,0.00000000,0.00000000,0.00000000,45.00000000,45.00000000,'','','',0,NULL,NULL,NULL,NULL,NULL,1,NULL,1,NULL,NULL,NULL,NULL,0,'',0,'EUR',1.00000000,45.00000000,0.00000000,45.00000000),(72,'2017-02-15 23:09:23',6,NULL,'CO7001-0020',1,NULL,NULL,NULL,'2017-02-16 00:05:36','2017-02-16 00:05:36',NULL,'2016-11-13',12,NULL,12,NULL,1,1,0,0,NULL,0,0.00000000,0.00000000,0.00000000,610.00000000,610.00000000,'','','',0,NULL,NULL,NULL,NULL,NULL,2,NULL,1,NULL,NULL,NULL,NULL,0,'',0,'EUR',1.00000000,610.00000000,0.00000000,610.00000000),(75,'2017-02-16 00:14:20',4,NULL,'CO7001-0021',1,NULL,NULL,NULL,'2017-02-16 00:05:37','2017-02-16 04:14:20',NULL,'2016-02-13',12,NULL,12,NULL,1,1,0,0,NULL,0,25.00000000,49.88000000,0.00000000,1200.00000000,1274.88000000,'','','',0,NULL,NULL,2,NULL,NULL,1,NULL,NULL,NULL,NULL,NULL,NULL,0,'',0,'EUR',1.00000000,1200.00000000,25.00000000,1274.88000000),(78,'2017-02-15 23:05:37',12,NULL,'CO7001-0022',1,NULL,NULL,NULL,'2017-02-16 00:05:37','2017-02-16 00:05:37',NULL,'2016-10-03',12,NULL,12,NULL,1,1,0,0,NULL,0,0.00000000,0.00000000,0.00000000,928.00000000,928.00000000,'','','',0,NULL,NULL,2,NULL,NULL,2,NULL,NULL,NULL,NULL,NULL,NULL,0,'',0,'EUR',1.00000000,928.00000000,0.00000000,928.00000000),(81,'2017-02-15 23:09:30',11,NULL,'CO7001-0023',1,NULL,NULL,NULL,'2017-02-16 00:05:38','2017-02-16 00:05:38',NULL,'2016-07-03',12,NULL,12,NULL,1,1,0,0,NULL,0,0.00000000,0.00000000,0.00000000,725.00000000,725.00000000,'','','',0,NULL,NULL,2,NULL,NULL,1,NULL,1,NULL,NULL,NULL,NULL,0,'',0,'EUR',1.00000000,725.00000000,0.00000000,725.00000000),(83,'2017-02-15 23:10:24',26,NULL,'CO7001-0024',1,NULL,NULL,NULL,'2017-02-16 00:05:38','2017-02-16 00:05:38',NULL,'2016-04-03',12,NULL,12,NULL,1,-1,0,0,NULL,0,0.00000000,0.00000000,0.00000000,105.00000000,105.00000000,'','','',0,NULL,NULL,1,NULL,NULL,1,NULL,1,NULL,NULL,NULL,NULL,0,'',0,'EUR',1.00000000,105.00000000,0.00000000,105.00000000),(84,'2017-02-15 23:05:38',2,NULL,'CO7001-0025',1,NULL,NULL,NULL,'2017-02-16 00:05:38','2017-02-16 00:05:38',NULL,'2016-06-19',12,NULL,12,NULL,1,1,0,0,NULL,0,0.00000000,0.00000000,0.00000000,510.00000000,510.00000000,'','','',0,NULL,NULL,1,NULL,NULL,2,NULL,NULL,NULL,NULL,NULL,NULL,0,'',0,'EUR',1.00000000,510.00000000,0.00000000,510.00000000),(85,'2017-02-15 23:05:38',1,NULL,'CO7001-0026',1,NULL,NULL,NULL,'2017-02-16 00:05:38','2017-02-16 00:05:38',NULL,'2016-01-03',12,NULL,12,NULL,1,1,0,0,NULL,0,0.00000000,0.00000000,0.00000000,47.00000000,47.00000000,'','','',0,NULL,NULL,1,NULL,NULL,1,NULL,NULL,NULL,NULL,NULL,NULL,0,'',0,'EUR',1.00000000,47.00000000,0.00000000,47.00000000),(88,'2017-02-15 23:09:36',10,NULL,'CO7001-0027',1,NULL,NULL,NULL,'2017-02-16 00:05:38','2017-02-16 00:05:38',NULL,'2015-02-23',12,NULL,12,NULL,1,1,0,0,NULL,0,0.00000000,0.00000000,0.00000000,50.00000000,50.00000000,'','','',0,NULL,NULL,1,NULL,NULL,1,NULL,NULL,NULL,NULL,NULL,NULL,0,'',0,'EUR',1.00000000,50.00000000,0.00000000,50.00000000),(90,'2017-02-16 00:46:31',19,NULL,'(PROV90)',1,NULL,NULL,NULL,'2017-02-16 04:46:31',NULL,NULL,'2017-02-16',12,NULL,NULL,NULL,NULL,0,0,0,NULL,0,0.00000000,0.00000000,0.00000000,440.00000000,440.00000000,'','','',0,NULL,NULL,3,3,NULL,NULL,NULL,NULL,NULL,NULL,NULL,NULL,0,'',0,'EUR',1.00000000,440.00000000,0.00000000,440.00000000),(91,'2017-02-16 00:46:37',1,NULL,'(PROV91)',1,NULL,NULL,NULL,'2017-02-16 04:46:37',NULL,NULL,'2017-02-16',12,NULL,NULL,NULL,NULL,0,0,0,NULL,0,0.00000000,0.00000000,0.00000000,1000.00000000,1000.00000000,'','','',0,NULL,NULL,3,3,NULL,NULL,NULL,NULL,NULL,NULL,NULL,NULL,0,'',0,'EUR',1.00000000,1000.00000000,0.00000000,1000.00000000),(92,'2017-02-16 00:47:25',3,NULL,'(PROV92)',1,NULL,NULL,NULL,'2017-02-16 04:47:25',NULL,NULL,'2017-02-16',12,NULL,NULL,NULL,NULL,0,0,0,NULL,0,0.00000000,0.00000000,0.00000000,1018.00000000,1018.00000000,'','','',0,NULL,NULL,3,3,NULL,NULL,NULL,NULL,NULL,NULL,NULL,NULL,0,'',0,'EUR',1.00000000,1018.00000000,0.00000000,1018.00000000);

--
-- Table structure for table `llx_commande_extrafields`
--

CREATE TABLE `llx_commande_extrafields` (
  `rowid` int(11) NOT NULL AUTO_INCREMENT,
  `tms` timestamp NOT NULL DEFAULT CURRENT_TIMESTAMP ON UPDATE CURRENT_TIMESTAMP,
  `fk_object` int(11) NOT NULL,
  `import_key` varchar(14) DEFAULT NULL,
  PRIMARY KEY (`rowid`),
  KEY `idx_commande_extrafields` (`fk_object`)
) ENGINE=InnoDB DEFAULT CHARSET=latin1;

--
-- Dumping data for table `llx_commande_extrafields`
--


--
-- Table structure for table `llx_commande_fournisseur`
--

CREATE TABLE `llx_commande_fournisseur` (
  `rowid` int(11) NOT NULL AUTO_INCREMENT,
  `tms` timestamp NOT NULL DEFAULT CURRENT_TIMESTAMP ON UPDATE CURRENT_TIMESTAMP,
  `fk_soc` int(11) NOT NULL,
  `ref` varchar(255) DEFAULT NULL,
  `entity` int(11) NOT NULL DEFAULT '1',
  `ref_ext` varchar(255) DEFAULT NULL,
  `ref_supplier` varchar(255) DEFAULT NULL,
  `fk_projet` int(11) DEFAULT '0',
  `date_creation` datetime DEFAULT NULL,
  `date_valid` datetime DEFAULT NULL,
  `date_approve` datetime DEFAULT NULL,
  `date_approve2` datetime DEFAULT NULL,
  `date_commande` date DEFAULT NULL,
  `fk_user_author` int(11) DEFAULT NULL,
  `fk_user_modif` int(11) DEFAULT NULL,
  `fk_user_valid` int(11) DEFAULT NULL,
  `fk_user_approve` int(11) DEFAULT NULL,
  `fk_user_approve2` int(11) DEFAULT NULL,
  `source` smallint(6) NOT NULL,
  `fk_statut` smallint(6) DEFAULT '0',
  `billed` smallint(6) DEFAULT '0',
  `amount_ht` double DEFAULT '0',
  `remise_percent` double DEFAULT '0',
  `remise` double DEFAULT '0',
  `tva` double(24,8) DEFAULT '0.00000000',
  `localtax1` double(24,8) DEFAULT '0.00000000',
  `localtax2` double(24,8) DEFAULT '0.00000000',
  `total_ht` double(24,8) DEFAULT '0.00000000',
  `total_ttc` double(24,8) DEFAULT '0.00000000',
  `note_private` text,
  `note_public` text,
  `model_pdf` varchar(255) DEFAULT NULL,
  `fk_input_method` int(11) DEFAULT '0',
  `fk_cond_reglement` int(11) DEFAULT '0',
  `fk_mode_reglement` int(11) DEFAULT '0',
  `import_key` varchar(14) DEFAULT NULL,
  `extraparams` varchar(255) DEFAULT NULL,
  `date_livraison` datetime DEFAULT NULL,
  `fk_account` int(11) DEFAULT NULL,
  `fk_incoterms` int(11) DEFAULT NULL,
  `location_incoterms` varchar(255) DEFAULT NULL,
  `fk_multicurrency` int(11) DEFAULT NULL,
  `multicurrency_code` varchar(255) DEFAULT NULL,
  `multicurrency_tx` double(24,8) DEFAULT '1.00000000',
  `multicurrency_total_ht` double(24,8) DEFAULT '0.00000000',
  `multicurrency_total_tva` double(24,8) DEFAULT '0.00000000',
  `multicurrency_total_ttc` double(24,8) DEFAULT '0.00000000',
  PRIMARY KEY (`rowid`),
  UNIQUE KEY `uk_commande_fournisseur_ref` (`ref`,`fk_soc`,`entity`),
  KEY `idx_commande_fournisseur_fk_soc` (`fk_soc`),
  KEY `billed` (`billed`),
  CONSTRAINT `fk_commande_fournisseur_fk_soc` FOREIGN KEY (`fk_soc`) REFERENCES `llx_societe` (`rowid`)
) ENGINE=InnoDB AUTO_INCREMENT=14 DEFAULT CHARSET=utf8;

--
-- Dumping data for table `llx_commande_fournisseur`
--

INSERT INTO `llx_commande_fournisseur` VALUES (1,'2017-02-01 14:54:01',13,'CF1007-0001',1,NULL,NULL,NULL,'2016-07-11 17:13:40','2017-02-01 18:51:42','2017-02-01 18:52:04',NULL,'2017-02-01',1,NULL,12,12,NULL,0,4,0,0,0,0,39.20000000,0.00000000,0.00000000,200.00000000,239.20000000,NULL,NULL,'muscadet',2,0,0,NULL,NULL,NULL,NULL,NULL,NULL,NULL,NULL,1.00000000,0.00000000,0.00000000,0.00000000),(2,'2016-07-30 16:11:52',1,'CF1007-0002',1,NULL,NULL,NULL,'2016-07-11 18:46:28','2016-07-11 18:47:33',NULL,NULL,'2016-07-11',1,NULL,1,NULL,NULL,0,3,0,0,0,0,0.00000000,0.00000000,0.00000000,200.00000000,200.00000000,NULL,NULL,'muscadet',4,0,0,NULL,NULL,NULL,NULL,NULL,NULL,NULL,NULL,1.00000000,0.00000000,0.00000000,0.00000000),(3,'2012-12-08 13:11:07',17,'(PROV3)',1,NULL,NULL,NULL,'2011-08-04 23:00:52',NULL,NULL,NULL,NULL,1,NULL,NULL,NULL,NULL,0,0,0,0,0,0,0.00000000,0.00000000,0.00000000,0.00000000,0.00000000,NULL,NULL,'muscadet',0,0,0,NULL,NULL,NULL,NULL,NULL,NULL,NULL,NULL,1.00000000,0.00000000,0.00000000,0.00000000),(4,'2012-12-08 13:11:07',17,'(PROV4)',1,NULL,NULL,NULL,'2011-08-04 23:19:32',NULL,NULL,NULL,NULL,1,NULL,NULL,NULL,NULL,0,0,0,0,0,0,0.00000000,0.00000000,0.00000000,0.00000000,0.00000000,NULL,NULL,'muscadet',0,0,0,NULL,NULL,NULL,NULL,NULL,NULL,NULL,NULL,1.00000000,0.00000000,0.00000000,0.00000000),(13,'2017-02-01 13:35:27',1,'CF1303-0004',1,NULL,NULL,NULL,'2016-03-09 19:39:18','2016-03-09 19:39:27','2016-03-09 19:39:32',NULL,'2016-03-09',1,NULL,1,1,NULL,0,2,0,0,0,0,0.00000000,0.00000000,0.00000000,10.00000000,10.00000000,NULL,NULL,'muscadet',1,0,0,NULL,NULL,NULL,NULL,NULL,NULL,NULL,NULL,1.00000000,0.00000000,0.00000000,0.00000000);

--
-- Table structure for table `llx_commande_fournisseur_dispatch`
--

CREATE TABLE `llx_commande_fournisseur_dispatch` (
  `rowid` int(11) NOT NULL AUTO_INCREMENT,
  `fk_commande` int(11) DEFAULT NULL,
  `fk_product` int(11) DEFAULT NULL,
  `fk_commandefourndet` int(11) NOT NULL DEFAULT '0',
  `qty` float DEFAULT NULL,
  `fk_entrepot` int(11) DEFAULT NULL,
  `fk_user` int(11) DEFAULT NULL,
  `datec` datetime DEFAULT NULL,
  `comment` varchar(255) DEFAULT NULL,
  `status` int(11) DEFAULT NULL,
  `tms` timestamp NOT NULL DEFAULT CURRENT_TIMESTAMP ON UPDATE CURRENT_TIMESTAMP,
  `batch` varchar(30) DEFAULT NULL,
  `eatby` date DEFAULT NULL,
  `sellby` date DEFAULT NULL,
  PRIMARY KEY (`rowid`),
  KEY `idx_commande_fournisseur_dispatch_fk_commande` (`fk_commande`)
) ENGINE=InnoDB DEFAULT CHARSET=utf8;

--
-- Dumping data for table `llx_commande_fournisseur_dispatch`
--


--
-- Table structure for table `llx_commande_fournisseur_extrafields`
--

CREATE TABLE `llx_commande_fournisseur_extrafields` (
  `rowid` int(11) NOT NULL AUTO_INCREMENT,
  `tms` timestamp NOT NULL DEFAULT CURRENT_TIMESTAMP ON UPDATE CURRENT_TIMESTAMP,
  `fk_object` int(11) NOT NULL,
  `import_key` varchar(14) DEFAULT NULL,
  PRIMARY KEY (`rowid`),
  KEY `idx_commande_fournisseur_extrafields` (`fk_object`)
) ENGINE=InnoDB DEFAULT CHARSET=latin1;

--
-- Dumping data for table `llx_commande_fournisseur_extrafields`
--


--
-- Table structure for table `llx_commande_fournisseur_log`
--

CREATE TABLE `llx_commande_fournisseur_log` (
  `rowid` int(11) NOT NULL AUTO_INCREMENT,
  `tms` timestamp NOT NULL DEFAULT CURRENT_TIMESTAMP ON UPDATE CURRENT_TIMESTAMP,
  `datelog` datetime NOT NULL,
  `fk_commande` int(11) NOT NULL,
  `fk_statut` smallint(6) NOT NULL,
  `fk_user` int(11) NOT NULL,
  `comment` varchar(255) DEFAULT NULL,
  PRIMARY KEY (`rowid`)
) ENGINE=InnoDB AUTO_INCREMENT=34 DEFAULT CHARSET=utf8;

--
-- Dumping data for table `llx_commande_fournisseur_log`
--

INSERT INTO `llx_commande_fournisseur_log` VALUES (1,'2010-07-11 15:13:40','2010-07-11 17:13:40',1,0,1,NULL),(2,'2010-07-11 15:15:42','2010-07-11 17:15:42',1,1,1,NULL),(3,'2010-07-11 15:16:28','2010-07-11 17:16:28',1,2,1,NULL),(4,'2010-07-11 15:19:14','2010-07-11 00:00:00',1,3,1,NULL),(5,'2010-07-11 15:19:36','2010-07-11 00:00:00',1,5,1,NULL),(6,'2010-07-11 16:46:28','2010-07-11 18:46:28',2,0,1,NULL),(7,'2010-07-11 16:47:33','2010-07-11 18:47:33',2,1,1,NULL),(8,'2010-07-11 16:47:41','2010-07-11 18:47:41',2,2,1,NULL),(9,'2010-07-11 16:48:00','2010-07-11 00:00:00',2,3,1,NULL),(10,'2011-08-04 21:00:52','2011-08-04 23:00:52',3,0,1,NULL),(11,'2011-08-04 21:19:32','2011-08-04 23:19:32',4,0,1,NULL),(12,'2011-08-04 21:22:16','2011-08-04 23:22:16',5,0,1,NULL),(13,'2011-08-04 21:22:54','2011-08-04 23:22:54',6,0,1,NULL),(14,'2011-08-04 21:23:29','2011-08-04 23:23:29',7,0,1,NULL),(15,'2011-08-04 21:36:10','2011-08-04 23:36:10',8,0,1,NULL),(19,'2011-08-08 13:04:37','2011-08-08 15:04:37',6,1,1,NULL),(20,'2011-08-08 13:04:38','2011-08-08 15:04:38',6,2,1,NULL),(29,'2013-03-09 18:39:18','2013-03-09 19:39:18',13,0,1,NULL),(30,'2013-03-09 18:39:27','2013-03-09 19:39:27',13,1,1,NULL),(31,'2013-03-09 18:39:32','2013-03-09 19:39:32',13,2,1,NULL),(32,'2013-03-09 18:39:41','2013-03-09 00:00:00',13,3,1,'hf'),(33,'2013-03-22 09:26:38','2013-03-22 10:26:38',14,0,1,NULL);

--
-- Table structure for table `llx_commande_fournisseurdet`
--

CREATE TABLE `llx_commande_fournisseurdet` (
  `rowid` int(11) NOT NULL AUTO_INCREMENT,
  `fk_commande` int(11) NOT NULL,
  `fk_parent_line` int(11) DEFAULT NULL,
  `fk_product` int(11) DEFAULT NULL,
  `ref` varchar(50) DEFAULT NULL,
  `label` varchar(255) DEFAULT NULL,
  `description` text,
  `tva_tx` double(6,3) DEFAULT '0.000',
  `vat_src_code` varchar(10) DEFAULT '',
  `localtax1_tx` double(6,3) DEFAULT '0.000',
  `localtax1_type` varchar(10) NOT NULL DEFAULT '0',
  `localtax2_tx` double(6,3) DEFAULT '0.000',
  `localtax2_type` varchar(10) NOT NULL DEFAULT '0',
  `qty` double DEFAULT NULL,
  `remise_percent` double DEFAULT '0',
  `remise` double DEFAULT '0',
  `subprice` double(24,8) DEFAULT '0.00000000',
  `total_ht` double(24,8) DEFAULT '0.00000000',
  `total_tva` double(24,8) DEFAULT '0.00000000',
  `total_localtax1` double(24,8) DEFAULT '0.00000000',
  `total_localtax2` double(24,8) DEFAULT '0.00000000',
  `total_ttc` double(24,8) DEFAULT '0.00000000',
  `product_type` int(11) DEFAULT '0',
  `date_start` datetime DEFAULT NULL,
  `date_end` datetime DEFAULT NULL,
  `info_bits` int(11) DEFAULT '0',
  `import_key` varchar(14) DEFAULT NULL,
  `special_code` int(11) DEFAULT '0',
  `rang` int(11) DEFAULT '0',
  `fk_unit` int(11) DEFAULT NULL,
  `fk_multicurrency` int(11) DEFAULT NULL,
  `multicurrency_code` varchar(255) DEFAULT NULL,
  `multicurrency_subprice` double(24,8) DEFAULT '0.00000000',
  `multicurrency_total_ht` double(24,8) DEFAULT '0.00000000',
  `multicurrency_total_tva` double(24,8) DEFAULT '0.00000000',
  `multicurrency_total_ttc` double(24,8) DEFAULT '0.00000000',
  PRIMARY KEY (`rowid`),
  KEY `fk_commande_fournisseurdet_fk_unit` (`fk_unit`),
  CONSTRAINT `fk_commande_fournisseurdet_fk_unit` FOREIGN KEY (`fk_unit`) REFERENCES `llx_c_units` (`rowid`)
) ENGINE=InnoDB AUTO_INCREMENT=7 DEFAULT CHARSET=utf8;

--
-- Dumping data for table `llx_commande_fournisseurdet`
--

INSERT INTO `llx_commande_fournisseurdet` VALUES (1,1,NULL,NULL,'','','Chips',19.600,'',0.000,'',0.000,'',10,0,0,20.00000000,200.00000000,39.20000000,0.00000000,0.00000000,239.20000000,0,NULL,NULL,0,NULL,0,0,NULL,NULL,NULL,0.00000000,0.00000000,0.00000000,0.00000000),(2,2,NULL,4,'ABCD','Decapsuleur','',0.000,'',0.000,'',0.000,'',20,0,0,10.00000000,200.00000000,0.00000000,0.00000000,0.00000000,200.00000000,0,NULL,NULL,0,NULL,0,0,NULL,NULL,NULL,0.00000000,0.00000000,0.00000000,0.00000000),(6,13,NULL,NULL,'','','dfgdf',0.000,'',0.000,'0',0.000,'0',1,0,0,10.00000000,10.00000000,0.00000000,0.00000000,0.00000000,10.00000000,0,NULL,NULL,0,NULL,0,0,NULL,NULL,NULL,0.00000000,0.00000000,0.00000000,0.00000000);

--
-- Table structure for table `llx_commande_fournisseurdet_extrafields`
--

CREATE TABLE `llx_commande_fournisseurdet_extrafields` (
  `rowid` int(11) NOT NULL AUTO_INCREMENT,
  `tms` timestamp NOT NULL DEFAULT CURRENT_TIMESTAMP ON UPDATE CURRENT_TIMESTAMP,
  `fk_object` int(11) NOT NULL,
  `import_key` varchar(14) DEFAULT NULL,
  PRIMARY KEY (`rowid`),
  KEY `idx_commande_fournisseurdet_extrafields` (`fk_object`)
) ENGINE=InnoDB DEFAULT CHARSET=utf8;

--
-- Dumping data for table `llx_commande_fournisseurdet_extrafields`
--


--
-- Table structure for table `llx_commandedet`
--

CREATE TABLE `llx_commandedet` (
  `rowid` int(11) NOT NULL AUTO_INCREMENT,
  `fk_commande` int(11) DEFAULT NULL,
  `fk_parent_line` int(11) DEFAULT NULL,
  `fk_product` int(11) DEFAULT NULL,
  `label` varchar(255) DEFAULT NULL,
  `description` text,
  `tva_tx` double(6,3) DEFAULT NULL,
  `vat_src_code` varchar(10) DEFAULT '',
  `localtax1_tx` double(6,3) DEFAULT NULL,
  `localtax1_type` varchar(10) NOT NULL DEFAULT '0',
  `localtax2_tx` double(6,3) DEFAULT NULL,
  `localtax2_type` varchar(10) NOT NULL DEFAULT '0',
  `qty` double DEFAULT NULL,
  `remise_percent` double DEFAULT '0',
  `remise` double DEFAULT '0',
  `fk_remise_except` int(11) DEFAULT NULL,
  `price` double DEFAULT NULL,
  `subprice` double(24,8) DEFAULT '0.00000000',
  `total_ht` double(24,8) DEFAULT '0.00000000',
  `total_tva` double(24,8) DEFAULT '0.00000000',
  `total_localtax1` double(24,8) DEFAULT '0.00000000',
  `total_localtax2` double(24,8) DEFAULT '0.00000000',
  `total_ttc` double(24,8) DEFAULT '0.00000000',
  `product_type` int(11) DEFAULT '0',
  `date_start` datetime DEFAULT NULL,
  `date_end` datetime DEFAULT NULL,
  `info_bits` int(11) DEFAULT '0',
  `fk_product_fournisseur_price` int(11) DEFAULT NULL,
  `buy_price_ht` double(24,8) DEFAULT '0.00000000',
  `special_code` int(10) unsigned DEFAULT '0',
  `rang` int(11) DEFAULT '0',
  `import_key` varchar(14) DEFAULT NULL,
  `fk_commandefourndet` int(11) DEFAULT NULL,
  `fk_unit` int(11) DEFAULT NULL,
  `fk_multicurrency` int(11) DEFAULT NULL,
  `multicurrency_code` varchar(255) DEFAULT NULL,
  `multicurrency_subprice` double(24,8) DEFAULT '0.00000000',
  `multicurrency_total_ht` double(24,8) DEFAULT '0.00000000',
  `multicurrency_total_tva` double(24,8) DEFAULT '0.00000000',
  `multicurrency_total_ttc` double(24,8) DEFAULT '0.00000000',
  PRIMARY KEY (`rowid`),
  KEY `idx_commandedet_fk_commande` (`fk_commande`),
  KEY `idx_commandedet_fk_product` (`fk_product`),
  KEY `fk_commandedet_fk_unit` (`fk_unit`),
  CONSTRAINT `fk_commandedet_fk_commande` FOREIGN KEY (`fk_commande`) REFERENCES `llx_commande` (`rowid`),
  CONSTRAINT `fk_commandedet_fk_unit` FOREIGN KEY (`fk_unit`) REFERENCES `llx_c_units` (`rowid`)
) ENGINE=InnoDB AUTO_INCREMENT=292 DEFAULT CHARSET=utf8;

--
-- Dumping data for table `llx_commandedet`
--

INSERT INTO `llx_commandedet` VALUES (1,1,NULL,NULL,NULL,'Product 1',0.000,'',0.000,'',0.000,'',1,0,0,NULL,10,10.00000000,10.00000000,0.00000000,0.00000000,0.00000000,10.00000000,0,NULL,NULL,0,NULL,0.00000000,0,1,NULL,NULL,NULL,NULL,NULL,0.00000000,0.00000000,0.00000000,0.00000000),(2,1,NULL,2,NULL,'',0.000,'',0.000,'',0.000,'',1,0,0,NULL,NULL,NULL,0.00000000,0.00000000,0.00000000,0.00000000,0.00000000,0,NULL,NULL,0,NULL,0.00000000,0,2,NULL,NULL,NULL,NULL,NULL,0.00000000,0.00000000,0.00000000,0.00000000),(3,1,NULL,5,NULL,'cccc',0.000,'',0.000,'',0.000,'',1,0,0,NULL,0,0.00000000,0.00000000,0.00000000,0.00000000,0.00000000,0.00000000,0,NULL,NULL,0,NULL,0.00000000,0,3,NULL,NULL,NULL,NULL,NULL,0.00000000,0.00000000,0.00000000,0.00000000),(4,2,NULL,NULL,NULL,'hgf',0.000,'',0.000,'',0.000,'',1,0,0,NULL,10,10.00000000,10.00000000,0.00000000,0.00000000,0.00000000,10.00000000,0,NULL,NULL,0,NULL,0.00000000,0,1,NULL,NULL,NULL,NULL,NULL,0.00000000,0.00000000,0.00000000,0.00000000),(10,5,NULL,NULL,NULL,'gfdgdf',0.000,'',0.000,'',0.000,'',1,0,0,NULL,10,10.00000000,10.00000000,0.00000000,0.00000000,0.00000000,10.00000000,0,NULL,NULL,0,NULL,0.00000000,0,1,NULL,NULL,NULL,NULL,NULL,0.00000000,0.00000000,0.00000000,0.00000000),(11,6,NULL,NULL,NULL,'gdfg',19.600,'',0.000,'',0.000,'',1,0,0,NULL,10,10.00000000,10.00000000,1.96000000,0.00000000,0.00000000,11.96000000,0,NULL,NULL,0,NULL,0.00000000,0,1,NULL,NULL,NULL,NULL,NULL,0.00000000,0.00000000,0.00000000,0.00000000),(12,6,NULL,NULL,NULL,'gfdgd',19.600,'',0.000,'',0.000,'',1,0,0,NULL,50,50.00000000,50.00000000,9.80000000,0.00000000,0.00000000,59.80000000,1,NULL,NULL,0,NULL,0.00000000,0,2,NULL,NULL,NULL,NULL,NULL,0.00000000,0.00000000,0.00000000,0.00000000),(14,3,NULL,NULL,NULL,'gdfgdf',0.000,'',0.000,'',0.000,'',1,0,0,NULL,10,10.00000000,10.00000000,0.00000000,0.00000000,0.00000000,10.00000000,1,NULL,NULL,0,NULL,0.00000000,0,1,NULL,NULL,NULL,NULL,NULL,0.00000000,0.00000000,0.00000000,0.00000000),(15,3,NULL,NULL,NULL,'fghfgh',0.000,'',0.000,'',0.000,'',1,0,0,NULL,20,20.00000000,20.00000000,0.00000000,0.00000000,0.00000000,20.00000000,0,NULL,NULL,0,NULL,0.00000000,0,2,NULL,NULL,NULL,NULL,NULL,0.00000000,0.00000000,0.00000000,0.00000000),(16,17,NULL,2,NULL,'',0.000,'',0.000,'0',0.000,'0',3,0,0,NULL,0,0.00000000,0.00000000,0.00000000,0.00000000,0.00000000,0.00000000,0,NULL,NULL,0,NULL,0.00000000,0,1,NULL,NULL,NULL,0,'EUR',0.00000000,0.00000000,0.00000000,0.00000000),(17,17,NULL,10,NULL,'A powerfull computer XP4523&nbsp;',0.000,'',0.000,'0',0.000,'0',5,0,0,NULL,100,100.00000000,500.00000000,0.00000000,0.00000000,0.00000000,500.00000000,0,NULL,NULL,0,NULL,0.00000000,0,2,NULL,NULL,NULL,0,'EUR',100.00000000,500.00000000,0.00000000,500.00000000),(18,17,NULL,12,NULL,'Cloud hosting of Dolibarr ERP and CRM software',0.000,'',0.000,'0',0.000,'0',1,0,0,NULL,9,9.00000000,9.00000000,0.00000000,0.00000000,0.00000000,9.00000000,1,NULL,NULL,0,NULL,0.00000000,0,3,NULL,NULL,NULL,0,'EUR',9.00000000,9.00000000,0.00000000,9.00000000),(19,18,NULL,10,NULL,'A powerfull computer XP4523&nbsp;',0.000,'',0.000,'0',0.000,'0',5,0,0,NULL,100,100.00000000,500.00000000,0.00000000,0.00000000,0.00000000,500.00000000,0,NULL,NULL,0,NULL,0.00000000,0,1,NULL,NULL,NULL,0,'EUR',100.00000000,500.00000000,0.00000000,500.00000000),(20,18,NULL,3,NULL,'',0.000,'',0.000,'0',0.000,'0',1,0,0,NULL,0,0.00000000,0.00000000,0.00000000,0.00000000,0.00000000,0.00000000,1,NULL,NULL,0,NULL,0.00000000,0,2,NULL,NULL,NULL,0,'EUR',0.00000000,0.00000000,0.00000000,0.00000000),(21,18,NULL,1,NULL,'A beatifull pink dress',0.000,'',0.000,'0',0.000,'0',4,0,0,NULL,100,100.00000000,400.00000000,0.00000000,0.00000000,0.00000000,400.00000000,0,NULL,NULL,0,NULL,0.00000000,0,3,NULL,NULL,NULL,0,'EUR',100.00000000,400.00000000,0.00000000,400.00000000),(24,20,NULL,4,NULL,'Nice Bio Apple Pie.<br />\r\n&nbsp;',0.000,'',0.000,'0',0.000,'0',4,0,0,NULL,5,5.00000000,20.00000000,0.00000000,0.00000000,0.00000000,20.00000000,0,NULL,NULL,0,NULL,0.00000000,0,1,NULL,NULL,NULL,0,'EUR',5.00000000,20.00000000,0.00000000,20.00000000),(25,20,NULL,1,NULL,'A beatifull pink dress',0.000,'',0.000,'0',0.000,'0',3,0,0,NULL,100,100.00000000,300.00000000,0.00000000,0.00000000,0.00000000,300.00000000,0,NULL,NULL,0,NULL,0.00000000,0,2,NULL,NULL,NULL,0,'EUR',100.00000000,300.00000000,0.00000000,300.00000000),(26,20,NULL,4,NULL,'Nice Bio Apple Pie.<br />\r\n&nbsp;',0.000,'',0.000,'0',0.000,'0',2,0,0,NULL,5,5.00000000,10.00000000,0.00000000,0.00000000,0.00000000,10.00000000,0,NULL,NULL,0,NULL,0.00000000,0,3,NULL,NULL,NULL,0,'EUR',5.00000000,10.00000000,0.00000000,10.00000000),(55,29,NULL,2,NULL,'',0.000,'',0.000,'0',0.000,'0',2,0,0,NULL,0,0.00000000,0.00000000,0.00000000,0.00000000,0.00000000,0.00000000,0,NULL,NULL,0,NULL,0.00000000,0,1,NULL,NULL,NULL,0,'EUR',0.00000000,0.00000000,0.00000000,0.00000000),(56,29,NULL,3,NULL,'',0.000,'',0.000,'0',0.000,'0',1,0,0,NULL,0,0.00000000,0.00000000,0.00000000,0.00000000,0.00000000,0.00000000,1,NULL,NULL,0,NULL,0.00000000,0,2,NULL,NULL,NULL,0,'EUR',0.00000000,0.00000000,0.00000000,0.00000000),(57,29,NULL,10,NULL,'A powerfull computer XP4523&nbsp;',0.000,'',0.000,'0',0.000,'0',4,0,0,NULL,100,100.00000000,400.00000000,0.00000000,0.00000000,0.00000000,400.00000000,0,NULL,NULL,0,NULL,0.00000000,0,3,NULL,NULL,NULL,0,'EUR',100.00000000,400.00000000,0.00000000,400.00000000),(58,29,NULL,12,NULL,'Cloud hosting of Dolibarr ERP and CRM software',0.000,'',0.000,'0',0.000,'0',3,0,0,NULL,9,9.00000000,27.00000000,0.00000000,0.00000000,0.00000000,27.00000000,1,NULL,NULL,0,NULL,0.00000000,0,4,NULL,NULL,NULL,0,'EUR',9.00000000,27.00000000,0.00000000,27.00000000),(59,29,NULL,5,NULL,'<strong><span style=\"font-family:roboto,uilanguagefont,arial,sans-serif; font-size:14px\">DoliDroid is the Android front-end client for Dolibarr ERP &amp; CRM web software.</span><br />\r\n<span style=\"font-family:roboto,uilanguagefont,arial,sans-serif; font-size:14px\">This application is not a standalone program. It is a front end to use a online hosted Dolibarr ERP &amp; CRM software (an Open-source web software to manage your business).</span></strong>\r\n<p><u>The advantage of DoliDroid are :</u><br />\r\n- DoliDroid is not a duplicate code of Dolibarr, but a front-end of a Dolibarr web installation, so all your online existing features are supported by this application. This is also true for external modules features.<br />\r\n- Upgrading Dolibarr will not break DoliDroid.<br />\r\n- DoliDroid use embedded image resources to reduce bandwidth usage.<br />\r\n- DoliDroid use internal cache for pages that should not change (like menu page)<br />\r\n- Connections parameters are saved. No need to enter them each time you use DoliDroid.<br />\r\n- Integration with your phone or other applications (Clicking on PDF open PDF reader, clicking onto email or phone launch your email application or launch Android dialer, ...)</p>\r\n\r\n<p><span style=\"color:#DAA520\"><strong>WARNING !&nbsp;</strong></span></p>\r\n\r\n<p>This application need Android 4.0+ and a hosted Dolibarr ERP &amp; CRM version 3.5 or newer accessible by internet<br />\r\n(For example, when hosted on any SaaS solution like DoliCloud -&nbsp;<a href=\"https://www.google.com/url?q=https://www.google.com/url?q%3Dhttp://www.dolicloud.com%26sa%3DD%26usg%3DAFQjCNGdd9htz4JDciiMtScpBwK83qIRkw&amp;sa=D&amp;usg=AFQjCNGMpCbxNnU5BiK59e368K5AR0l_pg\" style=\"text-decoration: none; color: rgb(51, 105, 30); cursor: pointer;\" target=\"_blank\">http://www.dolicloud.com</a>).</p>',0.000,'',0.000,'0',0.000,'0',3,0,0,NULL,10,10.00000000,30.00000000,0.00000000,0.00000000,0.00000000,30.00000000,0,NULL,NULL,0,NULL,0.00000000,0,5,NULL,NULL,NULL,0,'EUR',10.00000000,30.00000000,0.00000000,30.00000000),(75,34,NULL,3,NULL,'',0.000,'',0.000,'0',0.000,'0',4,0,0,NULL,0,0.00000000,0.00000000,0.00000000,0.00000000,0.00000000,0.00000000,1,NULL,NULL,0,NULL,0.00000000,0,1,NULL,NULL,NULL,0,'EUR',0.00000000,0.00000000,0.00000000,0.00000000),(76,34,NULL,4,NULL,'Nice Bio Apple Pie.<br />\r\n&nbsp;',0.000,'',0.000,'0',0.000,'0',3,0,0,NULL,5,5.00000000,15.00000000,0.00000000,0.00000000,0.00000000,15.00000000,0,NULL,NULL,0,NULL,0.00000000,0,2,NULL,NULL,NULL,0,'EUR',5.00000000,15.00000000,0.00000000,15.00000000),(77,34,NULL,1,NULL,'A beatifull pink dress',0.000,'',0.000,'0',0.000,'0',1,0,0,NULL,100,100.00000000,100.00000000,0.00000000,0.00000000,0.00000000,100.00000000,0,NULL,NULL,0,NULL,0.00000000,0,3,NULL,NULL,NULL,0,'EUR',100.00000000,100.00000000,0.00000000,100.00000000),(78,34,NULL,12,NULL,'Cloud hosting of Dolibarr ERP and CRM software',0.000,'',0.000,'0',0.000,'0',1,0,0,NULL,9,9.00000000,9.00000000,0.00000000,0.00000000,0.00000000,9.00000000,1,NULL,NULL,0,NULL,0.00000000,0,4,NULL,NULL,NULL,0,'EUR',9.00000000,9.00000000,0.00000000,9.00000000),(94,38,NULL,10,NULL,'A powerfull computer XP4523&nbsp;',0.000,'',0.000,'0',0.000,'0',2,0,0,NULL,100,100.00000000,200.00000000,0.00000000,0.00000000,0.00000000,200.00000000,0,NULL,NULL,0,NULL,0.00000000,0,1,NULL,NULL,NULL,0,'EUR',100.00000000,200.00000000,0.00000000,200.00000000),(95,38,NULL,2,NULL,'',0.000,'',0.000,'0',0.000,'0',3,0,0,NULL,0,0.00000000,0.00000000,0.00000000,0.00000000,0.00000000,0.00000000,0,NULL,NULL,0,NULL,0.00000000,0,2,NULL,NULL,NULL,0,'EUR',0.00000000,0.00000000,0.00000000,0.00000000),(99,40,NULL,1,NULL,'A beatifull pink dress',0.000,'',0.000,'0',0.000,'0',4,0,0,NULL,100,100.00000000,400.00000000,0.00000000,0.00000000,0.00000000,400.00000000,0,NULL,NULL,0,NULL,0.00000000,0,1,NULL,NULL,NULL,0,'EUR',100.00000000,400.00000000,0.00000000,400.00000000),(100,40,NULL,10,NULL,'A powerfull computer XP4523&nbsp;',0.000,'',0.000,'0',0.000,'0',4,0,0,NULL,100,100.00000000,400.00000000,0.00000000,0.00000000,0.00000000,400.00000000,0,NULL,NULL,0,NULL,0.00000000,0,2,NULL,NULL,NULL,0,'EUR',100.00000000,400.00000000,0.00000000,400.00000000),(101,40,NULL,3,NULL,'',0.000,'',0.000,'0',0.000,'0',3,0,0,NULL,0,0.00000000,0.00000000,0.00000000,0.00000000,0.00000000,0.00000000,1,NULL,NULL,0,NULL,0.00000000,0,3,NULL,NULL,NULL,0,'EUR',0.00000000,0.00000000,0.00000000,0.00000000),(102,40,NULL,4,NULL,'Nice Bio Apple Pie.<br />\r\n&nbsp;',0.000,'',0.000,'0',0.000,'0',2,0,0,NULL,5,5.00000000,10.00000000,0.00000000,0.00000000,0.00000000,10.00000000,0,NULL,NULL,0,NULL,0.00000000,0,4,NULL,NULL,NULL,0,'EUR',5.00000000,10.00000000,0.00000000,10.00000000),(103,40,NULL,1,NULL,'A beatifull pink dress',0.000,'',0.000,'0',0.000,'0',4,0,0,NULL,100,100.00000000,400.00000000,0.00000000,0.00000000,0.00000000,400.00000000,0,NULL,NULL,0,NULL,0.00000000,0,5,NULL,NULL,NULL,0,'EUR',100.00000000,400.00000000,0.00000000,400.00000000),(112,43,NULL,12,NULL,'Cloud hosting of Dolibarr ERP and CRM software',0.000,'',0.000,'0',0.000,'0',2,0,0,NULL,9,9.00000000,18.00000000,0.00000000,0.00000000,0.00000000,18.00000000,1,NULL,NULL,0,NULL,0.00000000,0,1,NULL,NULL,NULL,0,'EUR',9.00000000,18.00000000,0.00000000,18.00000000),(113,43,NULL,12,NULL,'Cloud hosting of Dolibarr ERP and CRM software',0.000,'',0.000,'0',0.000,'0',5,0,0,NULL,9,9.00000000,45.00000000,0.00000000,0.00000000,0.00000000,45.00000000,1,NULL,NULL,0,NULL,0.00000000,0,2,NULL,NULL,NULL,0,'EUR',9.00000000,45.00000000,0.00000000,45.00000000),(114,43,NULL,10,NULL,'A powerfull computer XP4523&nbsp;',0.000,'',0.000,'0',0.000,'0',4,0,0,NULL,100,100.00000000,400.00000000,0.00000000,0.00000000,0.00000000,400.00000000,0,NULL,NULL,0,NULL,0.00000000,0,3,NULL,NULL,NULL,0,'EUR',100.00000000,400.00000000,0.00000000,400.00000000),(115,43,NULL,4,NULL,'Nice Bio Apple Pie.<br />\r\n&nbsp;',0.000,'',0.000,'0',0.000,'0',3,0,0,NULL,5,5.00000000,15.00000000,0.00000000,0.00000000,0.00000000,15.00000000,0,NULL,NULL,0,NULL,0.00000000,0,4,NULL,NULL,NULL,0,'EUR',5.00000000,15.00000000,0.00000000,15.00000000),(116,43,NULL,2,NULL,'',0.000,'',0.000,'0',0.000,'0',4,0,0,NULL,0,0.00000000,0.00000000,0.00000000,0.00000000,0.00000000,0.00000000,0,NULL,NULL,0,NULL,0.00000000,0,5,NULL,NULL,NULL,0,'EUR',0.00000000,0.00000000,0.00000000,0.00000000),(125,47,NULL,2,NULL,'',0.000,'',0.000,'0',0.000,'0',3,0,0,NULL,0,0.00000000,0.00000000,0.00000000,0.00000000,0.00000000,0.00000000,0,NULL,NULL,0,NULL,0.00000000,0,1,NULL,NULL,NULL,0,'EUR',0.00000000,0.00000000,0.00000000,0.00000000),(126,47,NULL,4,NULL,'Nice Bio Apple Pie.<br />\r\n&nbsp;',0.000,'',0.000,'0',0.000,'0',3,0,0,NULL,5,5.00000000,15.00000000,0.00000000,0.00000000,0.00000000,15.00000000,0,NULL,NULL,0,NULL,0.00000000,0,2,NULL,NULL,NULL,0,'EUR',5.00000000,15.00000000,0.00000000,15.00000000),(127,47,NULL,3,NULL,'',0.000,'',0.000,'0',0.000,'0',5,0,0,NULL,0,0.00000000,0.00000000,0.00000000,0.00000000,0.00000000,0.00000000,1,NULL,NULL,0,NULL,0.00000000,0,3,NULL,NULL,NULL,0,'EUR',0.00000000,0.00000000,0.00000000,0.00000000),(128,47,NULL,5,NULL,'<strong><span style=\"font-family:roboto,uilanguagefont,arial,sans-serif; font-size:14px\">DoliDroid is the Android front-end client for Dolibarr ERP &amp; CRM web software.</span><br />\r\n<span style=\"font-family:roboto,uilanguagefont,arial,sans-serif; font-size:14px\">This application is not a standalone program. It is a front end to use a online hosted Dolibarr ERP &amp; CRM software (an Open-source web software to manage your business).</span></strong>\r\n<p><u>The advantage of DoliDroid are :</u><br />\r\n- DoliDroid is not a duplicate code of Dolibarr, but a front-end of a Dolibarr web installation, so all your online existing features are supported by this application. This is also true for external modules features.<br />\r\n- Upgrading Dolibarr will not break DoliDroid.<br />\r\n- DoliDroid use embedded image resources to reduce bandwidth usage.<br />\r\n- DoliDroid use internal cache for pages that should not change (like menu page)<br />\r\n- Connections parameters are saved. No need to enter them each time you use DoliDroid.<br />\r\n- Integration with your phone or other applications (Clicking on PDF open PDF reader, clicking onto email or phone launch your email application or launch Android dialer, ...)</p>\r\n\r\n<p><span style=\"color:#DAA520\"><strong>WARNING !&nbsp;</strong></span></p>\r\n\r\n<p>This application need Android 4.0+ and a hosted Dolibarr ERP &amp; CRM version 3.5 or newer accessible by internet<br />\r\n(For example, when hosted on any SaaS solution like DoliCloud -&nbsp;<a href=\"https://www.google.com/url?q=https://www.google.com/url?q%3Dhttp://www.dolicloud.com%26sa%3DD%26usg%3DAFQjCNGdd9htz4JDciiMtScpBwK83qIRkw&amp;sa=D&amp;usg=AFQjCNGMpCbxNnU5BiK59e368K5AR0l_pg\" style=\"text-decoration: none; color: rgb(51, 105, 30); cursor: pointer;\" target=\"_blank\">http://www.dolicloud.com</a>).</p>',0.000,'',0.000,'0',0.000,'0',4,0,0,NULL,10,10.00000000,40.00000000,0.00000000,0.00000000,0.00000000,40.00000000,0,NULL,NULL,0,NULL,0.00000000,0,4,NULL,NULL,NULL,0,'EUR',10.00000000,40.00000000,0.00000000,40.00000000),(129,48,NULL,5,NULL,'<strong><span style=\"font-family:roboto,uilanguagefont,arial,sans-serif; font-size:14px\">DoliDroid is the Android front-end client for Dolibarr ERP &amp; CRM web software.</span><br />\r\n<span style=\"font-family:roboto,uilanguagefont,arial,sans-serif; font-size:14px\">This application is not a standalone program. It is a front end to use a online hosted Dolibarr ERP &amp; CRM software (an Open-source web software to manage your business).</span></strong>\r\n<p><u>The advantage of DoliDroid are :</u><br />\r\n- DoliDroid is not a duplicate code of Dolibarr, but a front-end of a Dolibarr web installation, so all your online existing features are supported by this application. This is also true for external modules features.<br />\r\n- Upgrading Dolibarr will not break DoliDroid.<br />\r\n- DoliDroid use embedded image resources to reduce bandwidth usage.<br />\r\n- DoliDroid use internal cache for pages that should not change (like menu page)<br />\r\n- Connections parameters are saved. No need to enter them each time you use DoliDroid.<br />\r\n- Integration with your phone or other applications (Clicking on PDF open PDF reader, clicking onto email or phone launch your email application or launch Android dialer, ...)</p>\r\n\r\n<p><span style=\"color:#DAA520\"><strong>WARNING !&nbsp;</strong></span></p>\r\n\r\n<p>This application need Android 4.0+ and a hosted Dolibarr ERP &amp; CRM version 3.5 or newer accessible by internet<br />\r\n(For example, when hosted on any SaaS solution like DoliCloud -&nbsp;<a href=\"https://www.google.com/url?q=https://www.google.com/url?q%3Dhttp://www.dolicloud.com%26sa%3DD%26usg%3DAFQjCNGdd9htz4JDciiMtScpBwK83qIRkw&amp;sa=D&amp;usg=AFQjCNGMpCbxNnU5BiK59e368K5AR0l_pg\" style=\"text-decoration: none; color: rgb(51, 105, 30); cursor: pointer;\" target=\"_blank\">http://www.dolicloud.com</a>).</p>',0.000,'',0.000,'0',0.000,'0',4,0,0,NULL,10,10.00000000,40.00000000,0.00000000,0.00000000,0.00000000,40.00000000,0,NULL,NULL,0,NULL,0.00000000,0,1,NULL,NULL,NULL,0,'EUR',10.00000000,40.00000000,0.00000000,40.00000000),(130,48,NULL,1,NULL,'A beatifull pink dress',0.000,'',0.000,'0',0.000,'0',5,0,0,NULL,100,100.00000000,500.00000000,0.00000000,0.00000000,0.00000000,500.00000000,0,NULL,NULL,0,NULL,0.00000000,0,2,NULL,NULL,NULL,0,'EUR',100.00000000,500.00000000,0.00000000,500.00000000),(134,50,NULL,10,NULL,'A powerfull computer XP4523&nbsp;',0.000,'',0.000,'0',0.000,'0',1,0,0,NULL,100,100.00000000,100.00000000,0.00000000,0.00000000,0.00000000,100.00000000,0,NULL,NULL,0,NULL,0.00000000,0,1,NULL,NULL,NULL,0,'EUR',100.00000000,100.00000000,0.00000000,100.00000000),(135,50,NULL,12,NULL,'Cloud hosting of Dolibarr ERP and CRM software',0.000,'',0.000,'0',0.000,'0',2,0,0,NULL,9,9.00000000,18.00000000,0.00000000,0.00000000,0.00000000,18.00000000,1,NULL,NULL,0,NULL,0.00000000,0,2,NULL,NULL,NULL,0,'EUR',9.00000000,18.00000000,0.00000000,18.00000000),(145,54,NULL,1,NULL,'A beatifull pink dress',0.000,'',0.000,'0',0.000,'0',2,0,0,NULL,100,100.00000000,200.00000000,0.00000000,0.00000000,0.00000000,200.00000000,0,NULL,NULL,0,NULL,0.00000000,0,1,NULL,NULL,NULL,0,'EUR',100.00000000,200.00000000,0.00000000,200.00000000),(146,54,NULL,5,NULL,'<strong><span style=\"font-family:roboto,uilanguagefont,arial,sans-serif; font-size:14px\">DoliDroid is the Android front-end client for Dolibarr ERP &amp; CRM web software.</span><br />\r\n<span style=\"font-family:roboto,uilanguagefont,arial,sans-serif; font-size:14px\">This application is not a standalone program. It is a front end to use a online hosted Dolibarr ERP &amp; CRM software (an Open-source web software to manage your business).</span></strong>\r\n<p><u>The advantage of DoliDroid are :</u><br />\r\n- DoliDroid is not a duplicate code of Dolibarr, but a front-end of a Dolibarr web installation, so all your online existing features are supported by this application. This is also true for external modules features.<br />\r\n- Upgrading Dolibarr will not break DoliDroid.<br />\r\n- DoliDroid use embedded image resources to reduce bandwidth usage.<br />\r\n- DoliDroid use internal cache for pages that should not change (like menu page)<br />\r\n- Connections parameters are saved. No need to enter them each time you use DoliDroid.<br />\r\n- Integration with your phone or other applications (Clicking on PDF open PDF reader, clicking onto email or phone launch your email application or launch Android dialer, ...)</p>\r\n\r\n<p><span style=\"color:#DAA520\"><strong>WARNING !&nbsp;</strong></span></p>\r\n\r\n<p>This application need Android 4.0+ and a hosted Dolibarr ERP &amp; CRM version 3.5 or newer accessible by internet<br />\r\n(For example, when hosted on any SaaS solution like DoliCloud -&nbsp;<a href=\"https://www.google.com/url?q=https://www.google.com/url?q%3Dhttp://www.dolicloud.com%26sa%3DD%26usg%3DAFQjCNGdd9htz4JDciiMtScpBwK83qIRkw&amp;sa=D&amp;usg=AFQjCNGMpCbxNnU5BiK59e368K5AR0l_pg\" style=\"text-decoration: none; color: rgb(51, 105, 30); cursor: pointer;\" target=\"_blank\">http://www.dolicloud.com</a>).</p>',0.000,'',0.000,'0',0.000,'0',2,0,0,NULL,10,10.00000000,20.00000000,0.00000000,0.00000000,0.00000000,20.00000000,0,NULL,NULL,0,NULL,0.00000000,0,2,NULL,NULL,NULL,0,'EUR',10.00000000,20.00000000,0.00000000,20.00000000),(158,58,NULL,2,NULL,'',0.000,'',0.000,'0',0.000,'0',3,0,0,NULL,0,0.00000000,0.00000000,0.00000000,0.00000000,0.00000000,0.00000000,0,NULL,NULL,0,NULL,0.00000000,0,1,NULL,NULL,NULL,0,'EUR',0.00000000,0.00000000,0.00000000,0.00000000),(159,58,NULL,10,NULL,'A powerfull computer XP4523&nbsp;',0.000,'',0.000,'0',0.000,'0',4,0,0,NULL,100,100.00000000,400.00000000,0.00000000,0.00000000,0.00000000,400.00000000,0,NULL,NULL,0,NULL,0.00000000,0,2,NULL,NULL,NULL,0,'EUR',100.00000000,400.00000000,0.00000000,400.00000000),(160,58,NULL,12,NULL,'Cloud hosting of Dolibarr ERP and CRM software',0.000,'',0.000,'0',0.000,'0',4,0,0,NULL,9,9.00000000,36.00000000,0.00000000,0.00000000,0.00000000,36.00000000,1,NULL,NULL,0,NULL,0.00000000,0,3,NULL,NULL,NULL,0,'EUR',9.00000000,36.00000000,0.00000000,36.00000000),(174,62,NULL,4,NULL,'Nice Bio Apple Pie.<br />\r\n&nbsp;',0.000,'',0.000,'0',0.000,'0',2,0,0,NULL,5,5.00000000,10.00000000,0.00000000,0.00000000,0.00000000,10.00000000,0,NULL,NULL,0,NULL,0.00000000,0,1,NULL,NULL,NULL,0,'EUR',5.00000000,10.00000000,0.00000000,10.00000000),(175,62,NULL,10,NULL,'A powerfull computer XP4523&nbsp;',0.000,'',0.000,'0',0.000,'0',2,0,0,NULL,100,100.00000000,200.00000000,0.00000000,0.00000000,0.00000000,200.00000000,0,NULL,NULL,0,NULL,0.00000000,0,2,NULL,NULL,NULL,0,'EUR',100.00000000,200.00000000,0.00000000,200.00000000),(176,62,NULL,1,NULL,'A beatifull pink dress',0.000,'',0.000,'0',0.000,'0',2,0,0,NULL,100,100.00000000,200.00000000,0.00000000,0.00000000,0.00000000,200.00000000,0,NULL,NULL,0,NULL,0.00000000,0,3,NULL,NULL,NULL,0,'EUR',100.00000000,200.00000000,0.00000000,200.00000000),(198,68,NULL,12,NULL,'Cloud hosting of Dolibarr ERP and CRM software',0.000,'',0.000,'0',0.000,'0',5,0,0,NULL,9,9.00000000,45.00000000,0.00000000,0.00000000,0.00000000,45.00000000,1,NULL,NULL,0,NULL,0.00000000,0,1,NULL,NULL,NULL,0,'EUR',9.00000000,45.00000000,0.00000000,45.00000000),(199,68,NULL,2,NULL,'',0.000,'',0.000,'0',0.000,'0',5,0,0,NULL,0,0.00000000,0.00000000,0.00000000,0.00000000,0.00000000,0.00000000,0,NULL,NULL,0,NULL,0.00000000,0,2,NULL,NULL,NULL,0,'EUR',0.00000000,0.00000000,0.00000000,0.00000000),(209,72,NULL,3,NULL,'',0.000,'',0.000,'0',0.000,'0',1,0,0,NULL,0,0.00000000,0.00000000,0.00000000,0.00000000,0.00000000,0.00000000,1,NULL,NULL,0,NULL,0.00000000,0,1,NULL,NULL,NULL,0,'EUR',0.00000000,0.00000000,0.00000000,0.00000000),(210,72,NULL,1,NULL,'A beatifull pink dress',0.000,'',0.000,'0',0.000,'0',4,0,0,NULL,100,100.00000000,400.00000000,0.00000000,0.00000000,0.00000000,400.00000000,0,NULL,NULL,0,NULL,0.00000000,0,2,NULL,NULL,NULL,0,'EUR',100.00000000,400.00000000,0.00000000,400.00000000),(211,72,NULL,5,NULL,'<strong><span style=\"font-family:roboto,uilanguagefont,arial,sans-serif; font-size:14px\">DoliDroid is the Android front-end client for Dolibarr ERP &amp; CRM web software.</span><br />\r\n<span style=\"font-family:roboto,uilanguagefont,arial,sans-serif; font-size:14px\">This application is not a standalone program. It is a front end to use a online hosted Dolibarr ERP &amp; CRM software (an Open-source web software to manage your business).</span></strong>\r\n<p><u>The advantage of DoliDroid are :</u><br />\r\n- DoliDroid is not a duplicate code of Dolibarr, but a front-end of a Dolibarr web installation, so all your online existing features are supported by this application. This is also true for external modules features.<br />\r\n- Upgrading Dolibarr will not break DoliDroid.<br />\r\n- DoliDroid use embedded image resources to reduce bandwidth usage.<br />\r\n- DoliDroid use internal cache for pages that should not change (like menu page)<br />\r\n- Connections parameters are saved. No need to enter them each time you use DoliDroid.<br />\r\n- Integration with your phone or other applications (Clicking on PDF open PDF reader, clicking onto email or phone launch your email application or launch Android dialer, ...)</p>\r\n\r\n<p><span style=\"color:#DAA520\"><strong>WARNING !&nbsp;</strong></span></p>\r\n\r\n<p>This application need Android 4.0+ and a hosted Dolibarr ERP &amp; CRM version 3.5 or newer accessible by internet<br />\r\n(For example, when hosted on any SaaS solution like DoliCloud -&nbsp;<a href=\"https://www.google.com/url?q=https://www.google.com/url?q%3Dhttp://www.dolicloud.com%26sa%3DD%26usg%3DAFQjCNGdd9htz4JDciiMtScpBwK83qIRkw&amp;sa=D&amp;usg=AFQjCNGMpCbxNnU5BiK59e368K5AR0l_pg\" style=\"text-decoration: none; color: rgb(51, 105, 30); cursor: pointer;\" target=\"_blank\">http://www.dolicloud.com</a>).</p>',0.000,'',0.000,'0',0.000,'0',1,0,0,NULL,10,10.00000000,10.00000000,0.00000000,0.00000000,0.00000000,10.00000000,0,NULL,NULL,0,NULL,0.00000000,0,3,NULL,NULL,NULL,0,'EUR',10.00000000,10.00000000,0.00000000,10.00000000),(212,72,NULL,1,NULL,'A beatifull pink dress',0.000,'',0.000,'0',0.000,'0',2,0,0,NULL,100,100.00000000,200.00000000,0.00000000,0.00000000,0.00000000,200.00000000,0,NULL,NULL,0,NULL,0.00000000,0,4,NULL,NULL,NULL,0,'EUR',100.00000000,200.00000000,0.00000000,200.00000000),(213,72,NULL,3,NULL,'',0.000,'',0.000,'0',0.000,'0',2,0,0,NULL,0,0.00000000,0.00000000,0.00000000,0.00000000,0.00000000,0.00000000,1,NULL,NULL,0,NULL,0.00000000,0,5,NULL,NULL,NULL,0,'EUR',0.00000000,0.00000000,0.00000000,0.00000000),(227,75,NULL,10,NULL,'A powerfull computer XP4523&nbsp;',0.000,'',0.000,'0',0.000,'0',4,0,0,NULL,100,100.00000000,400.00000000,0.00000000,0.00000000,0.00000000,400.00000000,0,NULL,NULL,0,NULL,0.00000000,0,1,NULL,NULL,NULL,0,'EUR',100.00000000,400.00000000,0.00000000,400.00000000),(235,78,NULL,10,NULL,'A powerfull computer XP4523&nbsp;',0.000,'',0.000,'0',0.000,'0',4,0,0,NULL,100,100.00000000,400.00000000,0.00000000,0.00000000,0.00000000,400.00000000,0,NULL,NULL,0,NULL,0.00000000,0,1,NULL,NULL,NULL,0,'EUR',100.00000000,400.00000000,0.00000000,400.00000000),(236,78,NULL,12,NULL,'Cloud hosting of Dolibarr ERP and CRM software',0.000,'',0.000,'0',0.000,'0',2,0,0,NULL,9,9.00000000,18.00000000,0.00000000,0.00000000,0.00000000,18.00000000,1,NULL,NULL,0,NULL,0.00000000,0,2,NULL,NULL,NULL,0,'EUR',9.00000000,18.00000000,0.00000000,18.00000000),(237,78,NULL,4,NULL,'Nice Bio Apple Pie.<br />\r\n&nbsp;',0.000,'',0.000,'0',0.000,'0',2,0,0,NULL,5,5.00000000,10.00000000,0.00000000,0.00000000,0.00000000,10.00000000,0,NULL,NULL,0,NULL,0.00000000,0,3,NULL,NULL,NULL,0,'EUR',5.00000000,10.00000000,0.00000000,10.00000000),(238,78,NULL,10,NULL,'A powerfull computer XP4523&nbsp;',0.000,'',0.000,'0',0.000,'0',5,0,0,NULL,100,100.00000000,500.00000000,0.00000000,0.00000000,0.00000000,500.00000000,0,NULL,NULL,0,NULL,0.00000000,0,4,NULL,NULL,NULL,0,'EUR',100.00000000,500.00000000,0.00000000,500.00000000),(246,81,NULL,10,NULL,'A powerfull computer XP4523&nbsp;',0.000,'',0.000,'0',0.000,'0',4,0,0,NULL,100,100.00000000,400.00000000,0.00000000,0.00000000,0.00000000,400.00000000,0,NULL,NULL,0,NULL,0.00000000,0,1,NULL,NULL,NULL,0,'EUR',100.00000000,400.00000000,0.00000000,400.00000000),(247,81,NULL,10,NULL,'A powerfull computer XP4523&nbsp;',0.000,'',0.000,'0',0.000,'0',3,0,0,NULL,100,100.00000000,300.00000000,0.00000000,0.00000000,0.00000000,300.00000000,0,NULL,NULL,0,NULL,0.00000000,0,2,NULL,NULL,NULL,0,'EUR',100.00000000,300.00000000,0.00000000,300.00000000),(248,81,NULL,4,NULL,'Nice Bio Apple Pie.<br />\r\n&nbsp;',0.000,'',0.000,'0',0.000,'0',5,0,0,NULL,5,5.00000000,25.00000000,0.00000000,0.00000000,0.00000000,25.00000000,0,NULL,NULL,0,NULL,0.00000000,0,3,NULL,NULL,NULL,0,'EUR',5.00000000,25.00000000,0.00000000,25.00000000),(253,83,NULL,4,NULL,'Nice Bio Apple Pie.<br />\r\n&nbsp;',0.000,'',0.000,'0',0.000,'0',1,0,0,NULL,5,5.00000000,5.00000000,0.00000000,0.00000000,0.00000000,5.00000000,0,NULL,NULL,0,NULL,0.00000000,0,1,NULL,NULL,NULL,0,'EUR',5.00000000,5.00000000,0.00000000,5.00000000),(254,83,NULL,3,NULL,'',0.000,'',0.000,'0',0.000,'0',2,0,0,NULL,0,0.00000000,0.00000000,0.00000000,0.00000000,0.00000000,0.00000000,1,NULL,NULL,0,NULL,0.00000000,0,2,NULL,NULL,NULL,0,'EUR',0.00000000,0.00000000,0.00000000,0.00000000),(255,83,NULL,5,NULL,'<strong><span style=\"font-family:roboto,uilanguagefont,arial,sans-serif; font-size:14px\">DoliDroid is the Android front-end client for Dolibarr ERP &amp; CRM web software.</span><br />\r\n<span style=\"font-family:roboto,uilanguagefont,arial,sans-serif; font-size:14px\">This application is not a standalone program. It is a front end to use a online hosted Dolibarr ERP &amp; CRM software (an Open-source web software to manage your business).</span></strong>\r\n<p><u>The advantage of DoliDroid are :</u><br />\r\n- DoliDroid is not a duplicate code of Dolibarr, but a front-end of a Dolibarr web installation, so all your online existing features are supported by this application. This is also true for external modules features.<br />\r\n- Upgrading Dolibarr will not break DoliDroid.<br />\r\n- DoliDroid use embedded image resources to reduce bandwidth usage.<br />\r\n- DoliDroid use internal cache for pages that should not change (like menu page)<br />\r\n- Connections parameters are saved. No need to enter them each time you use DoliDroid.<br />\r\n- Integration with your phone or other applications (Clicking on PDF open PDF reader, clicking onto email or phone launch your email application or launch Android dialer, ...)</p>\r\n\r\n<p><span style=\"color:#DAA520\"><strong>WARNING !&nbsp;</strong></span></p>\r\n\r\n<p>This application need Android 4.0+ and a hosted Dolibarr ERP &amp; CRM version 3.5 or newer accessible by internet<br />\r\n(For example, when hosted on any SaaS solution like DoliCloud -&nbsp;<a href=\"https://www.google.com/url?q=https://www.google.com/url?q%3Dhttp://www.dolicloud.com%26sa%3DD%26usg%3DAFQjCNGdd9htz4JDciiMtScpBwK83qIRkw&amp;sa=D&amp;usg=AFQjCNGMpCbxNnU5BiK59e368K5AR0l_pg\" style=\"text-decoration: none; color: rgb(51, 105, 30); cursor: pointer;\" target=\"_blank\">http://www.dolicloud.com</a>).</p>',0.000,'',0.000,'0',0.000,'0',5,0,0,NULL,10,10.00000000,50.00000000,0.00000000,0.00000000,0.00000000,50.00000000,0,NULL,NULL,0,NULL,0.00000000,0,3,NULL,NULL,NULL,0,'EUR',10.00000000,50.00000000,0.00000000,50.00000000),(256,83,NULL,5,NULL,'<strong><span style=\"font-family:roboto,uilanguagefont,arial,sans-serif; font-size:14px\">DoliDroid is the Android front-end client for Dolibarr ERP &amp; CRM web software.</span><br />\r\n<span style=\"font-family:roboto,uilanguagefont,arial,sans-serif; font-size:14px\">This application is not a standalone program. It is a front end to use a online hosted Dolibarr ERP &amp; CRM software (an Open-source web software to manage your business).</span></strong>\r\n<p><u>The advantage of DoliDroid are :</u><br />\r\n- DoliDroid is not a duplicate code of Dolibarr, but a front-end of a Dolibarr web installation, so all your online existing features are supported by this application. This is also true for external modules features.<br />\r\n- Upgrading Dolibarr will not break DoliDroid.<br />\r\n- DoliDroid use embedded image resources to reduce bandwidth usage.<br />\r\n- DoliDroid use internal cache for pages that should not change (like menu page)<br />\r\n- Connections parameters are saved. No need to enter them each time you use DoliDroid.<br />\r\n- Integration with your phone or other applications (Clicking on PDF open PDF reader, clicking onto email or phone launch your email application or launch Android dialer, ...)</p>\r\n\r\n<p><span style=\"color:#DAA520\"><strong>WARNING !&nbsp;</strong></span></p>\r\n\r\n<p>This application need Android 4.0+ and a hosted Dolibarr ERP &amp; CRM version 3.5 or newer accessible by internet<br />\r\n(For example, when hosted on any SaaS solution like DoliCloud -&nbsp;<a href=\"https://www.google.com/url?q=https://www.google.com/url?q%3Dhttp://www.dolicloud.com%26sa%3DD%26usg%3DAFQjCNGdd9htz4JDciiMtScpBwK83qIRkw&amp;sa=D&amp;usg=AFQjCNGMpCbxNnU5BiK59e368K5AR0l_pg\" style=\"text-decoration: none; color: rgb(51, 105, 30); cursor: pointer;\" target=\"_blank\">http://www.dolicloud.com</a>).</p>',0.000,'',0.000,'0',0.000,'0',5,0,0,NULL,10,10.00000000,50.00000000,0.00000000,0.00000000,0.00000000,50.00000000,0,NULL,NULL,0,NULL,0.00000000,0,4,NULL,NULL,NULL,0,'EUR',10.00000000,50.00000000,0.00000000,50.00000000),(257,84,NULL,10,NULL,'A powerfull computer XP4523&nbsp;',0.000,'',0.000,'0',0.000,'0',5,0,0,NULL,100,100.00000000,500.00000000,0.00000000,0.00000000,0.00000000,500.00000000,0,NULL,NULL,0,NULL,0.00000000,0,1,NULL,NULL,NULL,0,'EUR',100.00000000,500.00000000,0.00000000,500.00000000),(258,84,NULL,4,NULL,'Nice Bio Apple Pie.<br />\r\n&nbsp;',0.000,'',0.000,'0',0.000,'0',2,0,0,NULL,5,5.00000000,10.00000000,0.00000000,0.00000000,0.00000000,10.00000000,0,NULL,NULL,0,NULL,0.00000000,0,2,NULL,NULL,NULL,0,'EUR',5.00000000,10.00000000,0.00000000,10.00000000),(259,84,NULL,3,NULL,'',0.000,'',0.000,'0',0.000,'0',1,0,0,NULL,0,0.00000000,0.00000000,0.00000000,0.00000000,0.00000000,0.00000000,1,NULL,NULL,0,NULL,0.00000000,0,3,NULL,NULL,NULL,0,'EUR',0.00000000,0.00000000,0.00000000,0.00000000),(260,85,NULL,12,NULL,'Cloud hosting of Dolibarr ERP and CRM software',0.000,'',0.000,'0',0.000,'0',3,0,0,NULL,9,9.00000000,27.00000000,0.00000000,0.00000000,0.00000000,27.00000000,1,NULL,NULL,0,NULL,0.00000000,0,1,NULL,NULL,NULL,0,'EUR',9.00000000,27.00000000,0.00000000,27.00000000),(261,85,NULL,3,NULL,'',0.000,'',0.000,'0',0.000,'0',4,0,0,NULL,0,0.00000000,0.00000000,0.00000000,0.00000000,0.00000000,0.00000000,1,NULL,NULL,0,NULL,0.00000000,0,2,NULL,NULL,NULL,0,'EUR',0.00000000,0.00000000,0.00000000,0.00000000),(262,85,NULL,5,NULL,'<strong><span style=\"font-family:roboto,uilanguagefont,arial,sans-serif; font-size:14px\">DoliDroid is the Android front-end client for Dolibarr ERP &amp; CRM web software.</span><br />\r\n<span style=\"font-family:roboto,uilanguagefont,arial,sans-serif; font-size:14px\">This application is not a standalone program. It is a front end to use a online hosted Dolibarr ERP &amp; CRM software (an Open-source web software to manage your business).</span></strong>\r\n<p><u>The advantage of DoliDroid are :</u><br />\r\n- DoliDroid is not a duplicate code of Dolibarr, but a front-end of a Dolibarr web installation, so all your online existing features are supported by this application. This is also true for external modules features.<br />\r\n- Upgrading Dolibarr will not break DoliDroid.<br />\r\n- DoliDroid use embedded image resources to reduce bandwidth usage.<br />\r\n- DoliDroid use internal cache for pages that should not change (like menu page)<br />\r\n- Connections parameters are saved. No need to enter them each time you use DoliDroid.<br />\r\n- Integration with your phone or other applications (Clicking on PDF open PDF reader, clicking onto email or phone launch your email application or launch Android dialer, ...)</p>\r\n\r\n<p><span style=\"color:#DAA520\"><strong>WARNING !&nbsp;</strong></span></p>\r\n\r\n<p>This application need Android 4.0+ and a hosted Dolibarr ERP &amp; CRM version 3.5 or newer accessible by internet<br />\r\n(For example, when hosted on any SaaS solution like DoliCloud -&nbsp;<a href=\"https://www.google.com/url?q=https://www.google.com/url?q%3Dhttp://www.dolicloud.com%26sa%3DD%26usg%3DAFQjCNGdd9htz4JDciiMtScpBwK83qIRkw&amp;sa=D&amp;usg=AFQjCNGMpCbxNnU5BiK59e368K5AR0l_pg\" style=\"text-decoration: none; color: rgb(51, 105, 30); cursor: pointer;\" target=\"_blank\">http://www.dolicloud.com</a>).</p>',0.000,'',0.000,'0',0.000,'0',2,0,0,NULL,10,10.00000000,20.00000000,0.00000000,0.00000000,0.00000000,20.00000000,0,NULL,NULL,0,NULL,0.00000000,0,3,NULL,NULL,NULL,0,'EUR',10.00000000,20.00000000,0.00000000,20.00000000),(271,88,NULL,5,NULL,'<strong><span style=\"font-family:roboto,uilanguagefont,arial,sans-serif; font-size:14px\">DoliDroid is the Android front-end client for Dolibarr ERP &amp; CRM web software.</span><br />\r\n<span style=\"font-family:roboto,uilanguagefont,arial,sans-serif; font-size:14px\">This application is not a standalone program. It is a front end to use a online hosted Dolibarr ERP &amp; CRM software (an Open-source web software to manage your business).</span></strong>\r\n<p><u>The advantage of DoliDroid are :</u><br />\r\n- DoliDroid is not a duplicate code of Dolibarr, but a front-end of a Dolibarr web installation, so all your online existing features are supported by this application. This is also true for external modules features.<br />\r\n- Upgrading Dolibarr will not break DoliDroid.<br />\r\n- DoliDroid use embedded image resources to reduce bandwidth usage.<br />\r\n- DoliDroid use internal cache for pages that should not change (like menu page)<br />\r\n- Connections parameters are saved. No need to enter them each time you use DoliDroid.<br />\r\n- Integration with your phone or other applications (Clicking on PDF open PDF reader, clicking onto email or phone launch your email application or launch Android dialer, ...)</p>\r\n\r\n<p><span style=\"color:#DAA520\"><strong>WARNING !&nbsp;</strong></span></p>\r\n\r\n<p>This application need Android 4.0+ and a hosted Dolibarr ERP &amp; CRM version 3.5 or newer accessible by internet<br />\r\n(For example, when hosted on any SaaS solution like DoliCloud -&nbsp;<a href=\"https://www.google.com/url?q=https://www.google.com/url?q%3Dhttp://www.dolicloud.com%26sa%3DD%26usg%3DAFQjCNGdd9htz4JDciiMtScpBwK83qIRkw&amp;sa=D&amp;usg=AFQjCNGMpCbxNnU5BiK59e368K5AR0l_pg\" style=\"text-decoration: none; color: rgb(51, 105, 30); cursor: pointer;\" target=\"_blank\">http://www.dolicloud.com</a>).</p>',0.000,'',0.000,'0',0.000,'0',5,0,0,NULL,10,10.00000000,50.00000000,0.00000000,0.00000000,0.00000000,50.00000000,0,NULL,NULL,0,NULL,0.00000000,0,1,NULL,NULL,NULL,0,'EUR',10.00000000,50.00000000,0.00000000,50.00000000),(272,88,NULL,3,NULL,'',0.000,'',0.000,'0',0.000,'0',3,0,0,NULL,0,0.00000000,0.00000000,0.00000000,0.00000000,0.00000000,0.00000000,1,NULL,NULL,0,NULL,0.00000000,0,2,NULL,NULL,NULL,0,'EUR',0.00000000,0.00000000,0.00000000,0.00000000),(276,75,NULL,1,NULL,'A beatifull pink dress',0.000,'',0.000,'0',0.000,'0',1,0,0,NULL,100,100.00000000,100.00000000,0.00000000,0.00000000,0.00000000,100.00000000,0,NULL,NULL,0,NULL,90.00000000,0,3,NULL,NULL,NULL,0,'EUR',100.00000000,100.00000000,0.00000000,100.00000000),(278,75,NULL,13,NULL,'A powerfull computer XP4523&nbsp;<br />\r\n(Code douane: USXP765 - Pays d&#39;origine: Etats-Unis)',5.000,'',9.975,'1',0.000,'0',5,0,0,NULL,100,100.00000000,500.00000000,25.00000000,49.88000000,0.00000000,574.88000000,0,NULL,NULL,0,NULL,0.00000000,0,2,NULL,NULL,NULL,0,'EUR',100.00000000,500.00000000,25.00000000,574.88000000),(279,75,NULL,13,NULL,'A powerfull computer XP4523&nbsp;<br>\n(Code douane: USXP765 - Pays d\'origine: Etats-Unis)',0.000,'',0.000,'0',0.000,'0',2,0,0,NULL,100,100.00000000,200.00000000,0.00000000,0.00000000,0.00000000,200.00000000,0,NULL,NULL,0,NULL,0.00000000,0,4,NULL,NULL,NULL,0,'EUR',100.00000000,200.00000000,0.00000000,200.00000000),(280,90,NULL,4,NULL,'Nice Bio Apple Pie.<br />\r\n&nbsp;',0.000,'',0.000,'0',0.000,'0',2,0,0,NULL,5,5.00000000,10.00000000,0.00000000,0.00000000,0.00000000,10.00000000,0,NULL,NULL,0,NULL,0.00000000,0,1,NULL,NULL,NULL,0,'EUR',5.00000000,10.00000000,0.00000000,10.00000000),(281,90,NULL,5,NULL,'<strong><span style=\"font-family:roboto,uilanguagefont,arial,sans-serif; font-size:14px\">DoliDroid is the Android front-end client for Dolibarr ERP &amp; CRM web software.</span><br />\r\n<span style=\"font-family:roboto,uilanguagefont,arial,sans-serif; font-size:14px\">This application is not a standalone program. It is a front end to use a online hosted Dolibarr ERP &amp; CRM software (an Open-source web software to manage your business).</span></strong>\r\n<p><u>The advantage of DoliDroid are :</u><br />\r\n- DoliDroid is not a duplicate code of Dolibarr, but a front-end of a Dolibarr web installation, so all your online existing features are supported by this application. This is also true for external modules features.<br />\r\n- Upgrading Dolibarr will not break DoliDroid.<br />\r\n- DoliDroid use embedded image resources to reduce bandwidth usage.<br />\r\n- DoliDroid use internal cache for pages that should not change (like menu page)<br />\r\n- Connections parameters are saved. No need to enter them each time you use DoliDroid.<br />\r\n- Integration with your phone or other applications (Clicking on PDF open PDF reader, clicking onto email or phone launch your email application or launch Android dialer, ...)</p>\r\n\r\n<p><span style=\"color:#DAA520\"><strong>WARNING !&nbsp;</strong></span></p>\r\n\r\n<p>This application need Android 4.0+ and a hosted Dolibarr ERP &amp; CRM version 3.5 or newer accessible by internet<br />\r\n(For example, when hosted on any SaaS solution like DoliCloud -&nbsp;<a href=\"https://www.google.com/url?q=https://www.google.com/url?q%3Dhttp://www.dolicloud.com%26sa%3DD%26usg%3DAFQjCNGdd9htz4JDciiMtScpBwK83qIRkw&amp;sa=D&amp;usg=AFQjCNGMpCbxNnU5BiK59e368K5AR0l_pg\" style=\"text-decoration: none; color: rgb(51, 105, 30); cursor: pointer;\" target=\"_blank\">http://www.dolicloud.com</a>).</p>',0.000,'',0.000,'0',0.000,'0',3,0,0,NULL,10,10.00000000,30.00000000,0.00000000,0.00000000,0.00000000,30.00000000,0,NULL,NULL,0,NULL,0.00000000,0,2,NULL,NULL,NULL,0,'EUR',10.00000000,30.00000000,0.00000000,30.00000000),(282,90,NULL,2,NULL,'',0.000,'',0.000,'0',0.000,'0',5,0,0,NULL,NULL,0.00000000,0.00000000,0.00000000,0.00000000,0.00000000,0.00000000,0,NULL,NULL,0,NULL,0.00000000,0,3,NULL,NULL,NULL,0,'EUR',0.00000000,0.00000000,0.00000000,0.00000000),(283,90,NULL,1,NULL,'A beatifull pink dress',0.000,'',0.000,'0',0.000,'0',4,0,0,NULL,100,100.00000000,400.00000000,0.00000000,0.00000000,0.00000000,400.00000000,0,NULL,NULL,0,NULL,0.00000000,0,4,NULL,NULL,NULL,0,'EUR',100.00000000,400.00000000,0.00000000,400.00000000),(284,91,NULL,1,NULL,'A beatifull pink dress',0.000,'',0.000,'0',0.000,'0',3,0,0,NULL,100,100.00000000,300.00000000,0.00000000,0.00000000,0.00000000,300.00000000,0,NULL,NULL,0,NULL,0.00000000,0,1,NULL,NULL,NULL,0,'EUR',100.00000000,300.00000000,0.00000000,300.00000000),(285,91,NULL,1,NULL,'A beatifull pink dress',0.000,'',0.000,'0',0.000,'0',5,0,0,NULL,100,100.00000000,500.00000000,0.00000000,0.00000000,0.00000000,500.00000000,0,NULL,NULL,0,NULL,0.00000000,0,2,NULL,NULL,NULL,0,'EUR',100.00000000,500.00000000,0.00000000,500.00000000),(286,91,NULL,13,NULL,'A powerfull computer XP4523&nbsp;',0.000,'',0.000,'0',0.000,'0',2,0,0,NULL,100,100.00000000,200.00000000,0.00000000,0.00000000,0.00000000,200.00000000,0,NULL,NULL,0,NULL,0.00000000,0,3,NULL,NULL,NULL,0,'EUR',100.00000000,200.00000000,0.00000000,200.00000000),(287,92,NULL,10,NULL,'A powerfull computer XP4523&nbsp;',0.000,'',0.000,'0',0.000,'0',4,0,0,NULL,100,100.00000000,400.00000000,0.00000000,0.00000000,0.00000000,400.00000000,0,NULL,NULL,0,NULL,0.00000000,0,1,NULL,NULL,NULL,0,'EUR',100.00000000,400.00000000,0.00000000,400.00000000),(288,92,NULL,13,NULL,'A powerfull computer XP4523&nbsp;',0.000,'',0.000,'0',0.000,'0',3,0,0,NULL,100,100.00000000,300.00000000,0.00000000,0.00000000,0.00000000,300.00000000,0,NULL,NULL,0,NULL,0.00000000,0,2,NULL,NULL,NULL,0,'EUR',100.00000000,300.00000000,0.00000000,300.00000000),(289,92,NULL,10,NULL,'A powerfull computer XP4523&nbsp;',0.000,'',0.000,'0',0.000,'0',2,0,0,NULL,100,100.00000000,200.00000000,0.00000000,0.00000000,0.00000000,200.00000000,0,NULL,NULL,0,NULL,0.00000000,0,3,NULL,NULL,NULL,0,'EUR',100.00000000,200.00000000,0.00000000,200.00000000),(290,92,NULL,13,NULL,'A powerfull computer XP4523&nbsp;',0.000,'',0.000,'0',0.000,'0',1,0,0,NULL,100,100.00000000,100.00000000,0.00000000,0.00000000,0.00000000,100.00000000,0,NULL,NULL,0,NULL,0.00000000,0,4,NULL,NULL,NULL,0,'EUR',100.00000000,100.00000000,0.00000000,100.00000000),(291,92,NULL,12,NULL,'Cloud hosting of Dolibarr ERP and CRM software',0.000,'',0.000,'0',0.000,'0',2,0,0,NULL,9,9.00000000,18.00000000,0.00000000,0.00000000,0.00000000,18.00000000,0,NULL,NULL,0,NULL,0.00000000,0,5,NULL,NULL,NULL,0,'EUR',9.00000000,18.00000000,0.00000000,18.00000000);

--
-- Table structure for table `llx_commandedet_extrafields`
--

CREATE TABLE `llx_commandedet_extrafields` (
  `rowid` int(11) NOT NULL AUTO_INCREMENT,
  `tms` timestamp NOT NULL DEFAULT CURRENT_TIMESTAMP ON UPDATE CURRENT_TIMESTAMP,
  `fk_object` int(11) NOT NULL,
  `import_key` varchar(14) DEFAULT NULL,
  PRIMARY KEY (`rowid`),
  KEY `idx_commandedet_extrafields` (`fk_object`)
) ENGINE=InnoDB DEFAULT CHARSET=latin1;

--
-- Dumping data for table `llx_commandedet_extrafields`
--


--
-- Table structure for table `llx_const`
--

CREATE TABLE `llx_const` (
  `rowid` int(11) NOT NULL AUTO_INCREMENT,
  `name` varchar(255) NOT NULL,
  `entity` int(11) NOT NULL DEFAULT '1',
  `value` text NOT NULL,
  `type` varchar(6) DEFAULT NULL,
  `visible` tinyint(4) NOT NULL DEFAULT '1',
  `note` text,
  `tms` timestamp NOT NULL DEFAULT CURRENT_TIMESTAMP ON UPDATE CURRENT_TIMESTAMP,
  PRIMARY KEY (`rowid`),
  UNIQUE KEY `uk_const` (`name`,`entity`)
) ENGINE=InnoDB AUTO_INCREMENT=6102 DEFAULT CHARSET=utf8;

--
-- Dumping data for table `llx_const`
--

INSERT INTO `llx_const` VALUES (8,'MAIN_UPLOAD_DOC',0,'2048','chaine',0,'Max size for file upload (0 means no upload allowed)','2010-07-08 11:17:57'),(9,'MAIN_SEARCHFORM_SOCIETE',0,'1','yesno',0,'Show form for quick company search','2010-07-08 11:17:57'),(10,'MAIN_SEARCHFORM_CONTACT',0,'1','yesno',0,'Show form for quick contact search','2010-07-08 11:17:57'),(11,'MAIN_SEARCHFORM_PRODUITSERVICE',0,'1','yesno',0,'Show form for quick product search','2010-07-08 11:17:58'),(12,'MAIN_SEARCHFORM_ADHERENT',0,'1','yesno',0,'Show form for quick member search','2010-07-08 11:17:58'),(16,'MAIN_SIZE_LISTE_LIMIT',0,'25','chaine',0,'Longueur maximum des listes','2010-07-08 11:17:58'),(17,'MAIN_SHOW_WORKBOARD',0,'1','yesno',0,'Affichage tableau de bord de travail Dolibarr','2010-07-08 11:17:58'),(29,'MAIN_DELAY_NOT_ACTIVATED_SERVICES',1,'0','chaine',0,'Tolérance de retard avant alerte (en jours) sur services à activer','2010-07-08 11:17:58'),(33,'SOCIETE_NOLIST_COURRIER',0,'1','yesno',0,'Liste les fichiers du repertoire courrier','2010-07-08 11:17:58'),(36,'ADHERENT_MAIL_REQUIRED',1,'1','yesno',0,'EMail required to create a new member','2010-07-08 11:17:58'),(37,'ADHERENT_MAIL_FROM',1,'adherents@domain.com','chaine',0,'Sender EMail for automatic emails','2010-07-08 11:17:58'),(38,'ADHERENT_MAIL_RESIL',1,'Your subscription has been resiliated.\r\nWe hope to see you soon again','texte',0,'Mail resiliation','2010-07-08 11:17:58'),(39,'ADHERENT_MAIL_VALID',1,'Your subscription has been validated.\r\nThis is a remind of your personal information :\r\n\r\n%INFOS%\r\n\r\n','texte',0,'Mail de validation','2010-07-08 11:17:59'),(40,'ADHERENT_MAIL_COTIS',1,'Hello %PRENOM%,\r\nThanks for your subscription.\r\nThis email confirms that your subscription has been received and processed.\r\n\r\n','texte',0,'Mail de validation de cotisation','2010-07-08 11:17:59'),(41,'ADHERENT_MAIL_VALID_SUBJECT',1,'Your subscription has been validated','chaine',0,'Sujet du mail de validation','2010-07-08 11:17:59'),(42,'ADHERENT_MAIL_RESIL_SUBJECT',1,'Resiliating your subscription','chaine',0,'Sujet du mail de resiliation','2010-07-08 11:17:59'),(43,'ADHERENT_MAIL_COTIS_SUBJECT',1,'Receipt of your subscription','chaine',0,'Sujet du mail de validation de cotisation','2010-07-08 11:17:59'),(44,'MAILING_EMAIL_FROM',1,'dolibarr@domain.com','chaine',0,'EMail emmetteur pour les envois d emailings','2010-07-08 11:17:59'),(45,'ADHERENT_USE_MAILMAN',1,'0','yesno',0,'Utilisation de Mailman','2010-07-08 11:17:59'),(46,'ADHERENT_MAILMAN_UNSUB_URL',1,'http://lists.domain.com/cgi-bin/mailman/admin/%LISTE%/members?adminpw=%MAILMAN_ADMINPW%&user=%EMAIL%','chaine',0,'Url de desinscription aux listes mailman','2010-07-08 11:17:59'),(47,'ADHERENT_MAILMAN_URL',1,'http://lists.domain.com/cgi-bin/mailman/admin/%LISTE%/members?adminpw=%MAILMAN_ADMINPW%&send_welcome_msg_to_this_batch=1&subscribees=%EMAIL%','chaine',0,'Url pour les inscriptions mailman','2010-07-08 11:17:59'),(48,'ADHERENT_MAILMAN_LISTS',1,'test-test,test-test2','chaine',0,'Listes auxquelles inscrire les nouveaux adherents','2010-07-08 11:17:59'),(49,'ADHERENT_MAILMAN_ADMINPW',1,'','chaine',0,'Mot de passe Admin des liste mailman','2010-07-08 11:17:59'),(50,'ADHERENT_MAILMAN_SERVER',1,'lists.domain.com','chaine',0,'Serveur hebergeant les interfaces d Admin des listes mailman','2010-07-08 11:17:59'),(51,'ADHERENT_MAILMAN_LISTS_COTISANT',1,'','chaine',0,'Liste(s) auxquelles les nouveaux cotisants sont inscris automatiquement','2010-07-08 11:17:59'),(52,'ADHERENT_USE_SPIP',1,'0','yesno',0,'Utilisation de SPIP ?','2010-07-08 11:17:59'),(53,'ADHERENT_USE_SPIP_AUTO',1,'0','yesno',0,'Utilisation de SPIP automatiquement','2010-07-08 11:17:59'),(54,'ADHERENT_SPIP_USER',1,'user','chaine',0,'user spip','2010-07-08 11:17:59'),(55,'ADHERENT_SPIP_PASS',1,'pass','chaine',0,'Pass de connection','2010-07-08 11:17:59'),(56,'ADHERENT_SPIP_SERVEUR',1,'localhost','chaine',0,'serveur spip','2010-07-08 11:17:59'),(57,'ADHERENT_SPIP_DB',1,'spip','chaine',0,'db spip','2010-07-08 11:17:59'),(58,'ADHERENT_CARD_HEADER_TEXT',1,'%ANNEE%','chaine',0,'Texte imprime sur le haut de la carte adherent','2010-07-08 11:17:59'),(59,'ADHERENT_CARD_FOOTER_TEXT',1,'Association AZERTY','chaine',0,'Texte imprime sur le bas de la carte adherent','2010-07-08 11:17:59'),(61,'FCKEDITOR_ENABLE_USER',1,'1','yesno',0,'Activation fckeditor sur notes utilisateurs','2010-07-08 11:17:59'),(62,'FCKEDITOR_ENABLE_SOCIETE',1,'1','yesno',0,'Activation fckeditor sur notes societe','2010-07-08 11:17:59'),(63,'FCKEDITOR_ENABLE_PRODUCTDESC',1,'1','yesno',0,'Activation fckeditor sur notes produits','2010-07-08 11:17:59'),(64,'FCKEDITOR_ENABLE_MEMBER',1,'1','yesno',0,'Activation fckeditor sur notes adherent','2010-07-08 11:17:59'),(65,'FCKEDITOR_ENABLE_MAILING',1,'1','yesno',0,'Activation fckeditor sur emailing','2010-07-08 11:17:59'),(67,'DON_ADDON_MODEL',1,'html_cerfafr','chaine',0,'','2010-07-08 11:18:00'),(68,'PROPALE_ADDON',1,'mod_propale_marbre','chaine',0,'','2010-07-08 11:18:00'),(69,'PROPALE_ADDON_PDF',1,'azur','chaine',0,'','2010-07-08 11:18:00'),(70,'COMMANDE_ADDON',1,'mod_commande_marbre','chaine',0,'','2010-07-08 11:18:00'),(71,'COMMANDE_ADDON_PDF',1,'einstein','chaine',0,'','2010-07-08 11:18:00'),(72,'COMMANDE_SUPPLIER_ADDON',1,'mod_commande_fournisseur_muguet','chaine',0,'','2010-07-08 11:18:00'),(73,'COMMANDE_SUPPLIER_ADDON_PDF',1,'muscadet','chaine',0,'','2010-07-08 11:18:00'),(74,'EXPEDITION_ADDON',1,'enlevement','chaine',0,'','2010-07-08 11:18:00'),(76,'FICHEINTER_ADDON',1,'pacific','chaine',0,'','2010-07-08 11:18:00'),(77,'FICHEINTER_ADDON_PDF',1,'soleil','chaine',0,'','2010-07-08 11:18:00'),(79,'FACTURE_ADDON_PDF',1,'crabe','chaine',0,'','2010-07-08 11:18:00'),(80,'PROPALE_VALIDITY_DURATION',1,'15','chaine',0,'Durée de validitée des propales','2010-07-08 11:18:00'),(230,'COMPANY_ADDON_PDF_ODT_PATH',1,'DOL_DATA_ROOT/doctemplates/thirdparties','chaine',0,NULL,'2010-07-08 11:26:20'),(238,'LIVRAISON_ADDON_PDF',1,'typhon','chaine',0,'Nom du gestionnaire de generation des commandes en PDF','2010-07-08 11:26:27'),(239,'LIVRAISON_ADDON_NUMBER',1,'mod_livraison_jade','chaine',0,'Nom du gestionnaire de numerotation des bons de livraison','2013-03-20 13:17:36'),(245,'FACTURE_ADDON_PDF_ODT_PATH',1,'DOL_DATA_ROOT/doctemplates/invoices','chaine',0,NULL,'2010-07-08 11:28:53'),(249,'DON_FORM',1,'fsfe.fr.php','chaine',0,'Nom du gestionnaire de formulaire de dons','2010-07-08 11:29:00'),(253,'ADHERENT_BANK_USE_AUTO',1,'','yesno',0,'Insertion automatique des cotisation dans le compte banquaire','2010-07-08 11:29:05'),(254,'ADHERENT_BANK_ACCOUNT',1,'','chaine',0,'ID du Compte banquaire utilise','2010-07-08 11:29:05'),(255,'ADHERENT_BANK_CATEGORIE',1,'','chaine',0,'ID de la categorie banquaire des cotisations','2010-07-08 11:29:05'),(256,'ADHERENT_ETIQUETTE_TYPE',1,'L7163','chaine',0,'Type d etiquette (pour impression de planche d etiquette)','2010-07-08 11:29:05'),(269,'PROJECT_ADDON_PDF',1,'baleine','chaine',0,'Nom du gestionnaire de generation des projets en PDF','2010-07-08 11:29:33'),(270,'PROJECT_ADDON',1,'mod_project_simple','chaine',0,'Nom du gestionnaire de numerotation des projets','2010-07-08 11:29:33'),(368,'STOCK_USERSTOCK_AUTOCREATE',1,'1','chaine',0,'','2010-07-08 22:44:59'),(369,'EXPEDITION_ADDON_PDF',1,'merou','chaine',0,'','2010-07-08 22:58:07'),(377,'FACTURE_ADDON',1,'mod_facture_terre','chaine',0,'','2010-07-08 23:08:12'),(380,'ADHERENT_CARD_TEXT',1,'%TYPE% n° %ID%\r\n%PRENOM% %NOM%\r\n<%EMAIL%>\r\n%ADRESSE%\r\n%CP% %VILLE%\r\n%PAYS%','',0,'Texte imprime sur la carte adherent','2010-07-08 23:14:46'),(381,'ADHERENT_CARD_TEXT_RIGHT',1,'aaa','',0,'','2010-07-08 23:14:55'),(385,'PRODUIT_USE_SEARCH_TO_SELECT',1,'1','chaine',0,'','2010-07-08 23:22:19'),(386,'STOCK_CALCULATE_ON_SHIPMENT',1,'1','chaine',0,'','2010-07-08 23:23:21'),(387,'STOCK_CALCULATE_ON_SUPPLIER_DISPATCH_ORDER',1,'1','chaine',0,'','2010-07-08 23:23:26'),(392,'MAIN_AGENDA_XCAL_EXPORTKEY',1,'dolibarr','chaine',0,'','2010-07-08 23:27:50'),(393,'MAIN_AGENDA_EXPORT_PAST_DELAY',1,'100','chaine',0,'','2010-07-08 23:27:50'),(610,'CASHDESK_ID_THIRDPARTY',1,'7','chaine',0,'','2010-07-11 17:08:18'),(611,'CASHDESK_ID_BANKACCOUNT_CASH',1,'3','chaine',0,'','2010-07-11 17:08:18'),(612,'CASHDESK_ID_BANKACCOUNT_CHEQUE',1,'1','chaine',0,'','2010-07-11 17:08:18'),(613,'CASHDESK_ID_BANKACCOUNT_CB',1,'1','chaine',0,'','2010-07-11 17:08:18'),(614,'CASHDESK_ID_WAREHOUSE',1,'2','chaine',0,'','2010-07-11 17:08:18'),(660,'LDAP_USER_DN',1,'ou=users,dc=my-domain,dc=com','chaine',0,NULL,'2010-07-18 10:25:27'),(661,'LDAP_GROUP_DN',1,'ou=groups,dc=my-domain,dc=com','chaine',0,NULL,'2010-07-18 10:25:27'),(662,'LDAP_FILTER_CONNECTION',1,'&(objectClass=user)(objectCategory=person)','chaine',0,NULL,'2010-07-18 10:25:27'),(663,'LDAP_FIELD_LOGIN',1,'uid','chaine',0,NULL,'2010-07-18 10:25:27'),(664,'LDAP_FIELD_FULLNAME',1,'cn','chaine',0,NULL,'2010-07-18 10:25:27'),(665,'LDAP_FIELD_NAME',1,'sn','chaine',0,NULL,'2010-07-18 10:25:27'),(666,'LDAP_FIELD_FIRSTNAME',1,'givenname','chaine',0,NULL,'2010-07-18 10:25:27'),(667,'LDAP_FIELD_MAIL',1,'mail','chaine',0,NULL,'2010-07-18 10:25:27'),(668,'LDAP_FIELD_PHONE',1,'telephonenumber','chaine',0,NULL,'2010-07-18 10:25:27'),(669,'LDAP_FIELD_FAX',1,'facsimiletelephonenumber','chaine',0,NULL,'2010-07-18 10:25:27'),(670,'LDAP_FIELD_MOBILE',1,'mobile','chaine',0,NULL,'2010-07-18 10:25:27'),(671,'LDAP_SERVER_TYPE',1,'openldap','chaine',0,'','2010-07-18 10:25:46'),(672,'LDAP_SERVER_PROTOCOLVERSION',1,'3','chaine',0,'','2010-07-18 10:25:47'),(673,'LDAP_SERVER_HOST',1,'localhost','chaine',0,'','2010-07-18 10:25:47'),(674,'LDAP_SERVER_PORT',1,'389','chaine',0,'','2010-07-18 10:25:47'),(675,'LDAP_SERVER_USE_TLS',1,'0','chaine',0,'','2010-07-18 10:25:47'),(676,'LDAP_SYNCHRO_ACTIVE',1,'dolibarr2ldap','chaine',0,'','2010-07-18 10:25:47'),(677,'LDAP_CONTACT_ACTIVE',1,'1','chaine',0,'','2010-07-18 10:25:47'),(678,'LDAP_MEMBER_ACTIVE',1,'1','chaine',0,'','2010-07-18 10:25:47'),(974,'MAIN_MODULE_WORKFLOW_TRIGGERS',1,'1','chaine',0,NULL,'2011-07-18 18:02:20'),(975,'WORKFLOW_PROPAL_AUTOCREATE_ORDER',1,'1','chaine',0,'','2011-07-18 18:02:24'),(980,'PRELEVEMENT_NUMERO_NATIONAL_EMETTEUR',1,'1234567','chaine',0,'','2011-07-18 18:05:50'),(983,'FACTURE_RIB_NUMBER',1,'1','chaine',0,'','2011-07-18 18:35:14'),(984,'FACTURE_CHQ_NUMBER',1,'1','chaine',0,'','2011-07-18 18:35:14'),(1016,'GOOGLE_DUPLICATE_INTO_GCAL',1,'1','chaine',0,'','2011-07-18 21:40:20'),(1152,'SOCIETE_CODECLIENT_ADDON',1,'mod_codeclient_monkey','chaine',0,'','2011-07-29 20:50:02'),(1231,'MAIN_UPLOAD_DOC',1,'2048','chaine',0,'','2011-07-29 21:04:00'),(1234,'MAIN_UMASK',1,'0664','chaine',0,'','2011-07-29 21:04:11'),(1240,'MAIN_LOGEVENTS_USER_LOGIN',1,'1','chaine',0,'','2011-07-29 21:05:01'),(1241,'MAIN_LOGEVENTS_USER_LOGIN_FAILED',1,'1','chaine',0,'','2011-07-29 21:05:01'),(1242,'MAIN_LOGEVENTS_USER_LOGOUT',1,'1','chaine',0,'','2011-07-29 21:05:01'),(1243,'MAIN_LOGEVENTS_USER_CREATE',1,'1','chaine',0,'','2011-07-29 21:05:01'),(1244,'MAIN_LOGEVENTS_USER_MODIFY',1,'1','chaine',0,'','2011-07-29 21:05:01'),(1245,'MAIN_LOGEVENTS_USER_NEW_PASSWORD',1,'1','chaine',0,'','2011-07-29 21:05:01'),(1246,'MAIN_LOGEVENTS_USER_ENABLEDISABLE',1,'1','chaine',0,'','2011-07-29 21:05:01'),(1247,'MAIN_LOGEVENTS_USER_DELETE',1,'1','chaine',0,'','2011-07-29 21:05:01'),(1248,'MAIN_LOGEVENTS_GROUP_CREATE',1,'1','chaine',0,'','2011-07-29 21:05:01'),(1249,'MAIN_LOGEVENTS_GROUP_MODIFY',1,'1','chaine',0,'','2011-07-29 21:05:01'),(1250,'MAIN_LOGEVENTS_GROUP_DELETE',1,'1','chaine',0,'','2011-07-29 21:05:01'),(1251,'MAIN_BOXES_MAXLINES',1,'5','',0,'','2011-07-29 21:05:42'),(1482,'EXPEDITION_ADDON_NUMBER',1,'mod_expedition_safor','chaine',0,'Nom du gestionnaire de numerotation des expeditions','2011-08-05 17:53:11'),(1490,'CONTRACT_ADDON',1,'mod_contract_serpis','chaine',0,'Nom du gestionnaire de numerotation des contrats','2011-08-05 18:11:58'),(1677,'COMMANDE_ADDON_PDF_ODT_PATH',1,'DOL_DATA_ROOT/doctemplates/orders','chaine',0,NULL,'2012-12-08 13:11:02'),(1698,'PRODUCT_CODEPRODUCT_ADDON',1,'mod_codeproduct_leopard','yesno',0,'Module to control product codes','2012-12-08 13:11:25'),(1724,'PROPALE_ADDON_PDF_ODT_PATH',1,'DOL_DATA_ROOT/doctemplates/proposals','chaine',0,NULL,'2012-12-08 13:17:14'),(1730,'OPENSTREETMAP_ENABLE_MAPS',1,'1','chaine',0,'','2012-12-08 13:22:47'),(1731,'OPENSTREETMAP_ENABLE_MAPS_CONTACTS',1,'1','chaine',0,'','2012-12-08 13:22:47'),(1732,'OPENSTREETMAP_ENABLE_MAPS_MEMBERS',1,'1','chaine',0,'','2012-12-08 13:22:47'),(1733,'OPENSTREETMAP_MAPS_ZOOM_LEVEL',1,'15','chaine',0,'','2012-12-08 13:22:47'),(1742,'MAIN_MAIL_EMAIL_FROM',2,'dolibarr-robot@domain.com','chaine',0,'EMail emetteur pour les emails automatiques Dolibarr','2012-12-08 14:08:14'),(1743,'MAIN_MENU_STANDARD',2,'eldy_menu.php','chaine',0,'Module de gestion de la barre de menu du haut pour utilisateurs internes','2013-02-11 19:43:54'),(1744,'MAIN_MENUFRONT_STANDARD',2,'eldy_menu.php','chaine',0,'Module de gestion de la barre de menu du haut pour utilisateurs externes','2013-02-11 19:43:54'),(1745,'MAIN_MENU_SMARTPHONE',2,'iphone_backoffice.php','chaine',0,'Module de gestion de la barre de menu smartphone pour utilisateurs internes','2012-12-08 14:08:14'),(1746,'MAIN_MENUFRONT_SMARTPHONE',2,'iphone_frontoffice.php','chaine',0,'Module de gestion de la barre de menu smartphone pour utilisateurs externes','2012-12-08 14:08:14'),(1747,'MAIN_THEME',2,'eldy','chaine',0,'Default theme','2012-12-08 14:08:14'),(1748,'MAIN_DELAY_ACTIONS_TODO',2,'7','chaine',0,'Tolérance de retard avant alerte (en jours) sur actions planifiées non réalisées','2012-12-08 14:08:14'),(1749,'MAIN_DELAY_ORDERS_TO_PROCESS',2,'2','chaine',0,'Tolérance de retard avant alerte (en jours) sur commandes clients non traitées','2012-12-08 14:08:14'),(1750,'MAIN_DELAY_SUPPLIER_ORDERS_TO_PROCESS',2,'7','chaine',0,'Tolérance de retard avant alerte (en jours) sur commandes fournisseurs non traitées','2012-12-08 14:08:14'),(1751,'MAIN_DELAY_PROPALS_TO_CLOSE',2,'31','chaine',0,'Tolérance de retard avant alerte (en jours) sur propales à cloturer','2012-12-08 14:08:14'),(1752,'MAIN_DELAY_PROPALS_TO_BILL',2,'7','chaine',0,'Tolérance de retard avant alerte (en jours) sur propales non facturées','2012-12-08 14:08:14'),(1753,'MAIN_DELAY_CUSTOMER_BILLS_UNPAYED',2,'31','chaine',0,'Tolérance de retard avant alerte (en jours) sur factures client impayées','2012-12-08 14:08:14'),(1754,'MAIN_DELAY_SUPPLIER_BILLS_TO_PAY',2,'2','chaine',0,'Tolérance de retard avant alerte (en jours) sur factures fournisseur impayées','2012-12-08 14:08:14'),(1755,'MAIN_DELAY_NOT_ACTIVATED_SERVICES',2,'0','chaine',0,'Tolérance de retard avant alerte (en jours) sur services à activer','2012-12-08 14:08:14'),(1756,'MAIN_DELAY_RUNNING_SERVICES',2,'0','chaine',0,'Tolérance de retard avant alerte (en jours) sur services expirés','2012-12-08 14:08:14'),(1757,'MAIN_DELAY_MEMBERS',2,'31','chaine',0,'Tolérance de retard avant alerte (en jours) sur cotisations adhérent en retard','2012-12-08 14:08:14'),(1758,'MAIN_DELAY_TRANSACTIONS_TO_CONCILIATE',2,'62','chaine',0,'Tolérance de retard avant alerte (en jours) sur rapprochements bancaires à faire','2012-12-08 14:08:14'),(1759,'MAILING_EMAIL_FROM',2,'dolibarr@domain.com','chaine',0,'EMail emmetteur pour les envois d emailings','2012-12-08 14:08:14'),(1760,'MAIN_INFO_SOCIETE_COUNTRY',3,'1:FR:France','chaine',0,'','2013-02-26 21:56:28'),(1761,'MAIN_INFO_SOCIETE_NOM',3,'bbb','chaine',0,'','2012-12-08 14:08:20'),(1762,'MAIN_INFO_SOCIETE_STATE',3,'0','chaine',0,'','2013-02-27 14:20:27'),(1763,'MAIN_MONNAIE',3,'EUR','chaine',0,'','2012-12-08 14:08:20'),(1764,'MAIN_LANG_DEFAULT',3,'auto','chaine',0,'','2012-12-08 14:08:20'),(1765,'MAIN_MAIL_EMAIL_FROM',3,'dolibarr-robot@domain.com','chaine',0,'EMail emetteur pour les emails automatiques Dolibarr','2012-12-08 14:08:20'),(1766,'MAIN_MENU_STANDARD',3,'eldy_menu.php','chaine',0,'Module de gestion de la barre de menu du haut pour utilisateurs internes','2013-02-11 19:43:54'),(1767,'MAIN_MENUFRONT_STANDARD',3,'eldy_menu.php','chaine',0,'Module de gestion de la barre de menu du haut pour utilisateurs externes','2013-02-11 19:43:54'),(1768,'MAIN_MENU_SMARTPHONE',3,'iphone_backoffice.php','chaine',0,'Module de gestion de la barre de menu smartphone pour utilisateurs internes','2012-12-08 14:08:20'),(1769,'MAIN_MENUFRONT_SMARTPHONE',3,'iphone_frontoffice.php','chaine',0,'Module de gestion de la barre de menu smartphone pour utilisateurs externes','2012-12-08 14:08:20'),(1770,'MAIN_THEME',3,'eldy','chaine',0,'Default theme','2012-12-08 14:08:20'),(1771,'MAIN_DELAY_ACTIONS_TODO',3,'7','chaine',0,'Tolérance de retard avant alerte (en jours) sur actions planifiées non réalisées','2012-12-08 14:08:20'),(1772,'MAIN_DELAY_ORDERS_TO_PROCESS',3,'2','chaine',0,'Tolérance de retard avant alerte (en jours) sur commandes clients non traitées','2012-12-08 14:08:20'),(1773,'MAIN_DELAY_SUPPLIER_ORDERS_TO_PROCESS',3,'7','chaine',0,'Tolérance de retard avant alerte (en jours) sur commandes fournisseurs non traitées','2012-12-08 14:08:20'),(1774,'MAIN_DELAY_PROPALS_TO_CLOSE',3,'31','chaine',0,'Tolérance de retard avant alerte (en jours) sur propales à cloturer','2012-12-08 14:08:20'),(1775,'MAIN_DELAY_PROPALS_TO_BILL',3,'7','chaine',0,'Tolérance de retard avant alerte (en jours) sur propales non facturées','2012-12-08 14:08:20'),(1776,'MAIN_DELAY_CUSTOMER_BILLS_UNPAYED',3,'31','chaine',0,'Tolérance de retard avant alerte (en jours) sur factures client impayées','2012-12-08 14:08:20'),(1777,'MAIN_DELAY_SUPPLIER_BILLS_TO_PAY',3,'2','chaine',0,'Tolérance de retard avant alerte (en jours) sur factures fournisseur impayées','2012-12-08 14:08:20'),(1778,'MAIN_DELAY_NOT_ACTIVATED_SERVICES',3,'0','chaine',0,'Tolérance de retard avant alerte (en jours) sur services à activer','2012-12-08 14:08:20'),(1779,'MAIN_DELAY_RUNNING_SERVICES',3,'0','chaine',0,'Tolérance de retard avant alerte (en jours) sur services expirés','2012-12-08 14:08:20'),(1780,'MAIN_DELAY_MEMBERS',3,'31','chaine',0,'Tolérance de retard avant alerte (en jours) sur cotisations adhérent en retard','2012-12-08 14:08:20'),(1781,'MAIN_DELAY_TRANSACTIONS_TO_CONCILIATE',3,'62','chaine',0,'Tolérance de retard avant alerte (en jours) sur rapprochements bancaires à faire','2012-12-08 14:08:20'),(1782,'MAILING_EMAIL_FROM',3,'dolibarr@domain.com','chaine',0,'EMail emmetteur pour les envois d emailings','2012-12-08 14:08:20'),(1803,'SYSLOG_FILE',1,'DOL_DATA_ROOT/dolibarr.log','chaine',0,'','2012-12-08 14:15:08'),(1804,'SYSLOG_HANDLERS',1,'[\"mod_syslog_file\"]','chaine',0,'','2012-12-08 14:15:08'),(1805,'MAIN_MODULE_SKINCOLOREDITOR',3,'1',NULL,0,NULL,'2012-12-08 14:35:40'),(1806,'MAIN_MODULE_SKINCOLOREDITOR_TABS_0',3,'user:+tabskincoloreditors:ColorEditor:skincoloreditor@skincoloreditor:/skincoloreditor/usercolors.php?id=__ID__','chaine',0,NULL,'2012-12-08 14:35:40'),(1922,'PAYPAL_API_SANDBOX',1,'1','chaine',0,'','2012-12-12 12:11:05'),(1923,'PAYPAL_API_USER',1,'seller_1355312017_biz_api1.nltechno.com','chaine',0,'','2012-12-12 12:11:05'),(1924,'PAYPAL_API_PASSWORD',1,'1355312040','chaine',0,'','2012-12-12 12:11:05'),(1925,'PAYPAL_API_SIGNATURE',1,'AXqqdsWBzvfn0q5iNmbuiDv1y.3EAXIMWyl4C5KvDReR9HDwwAd6dQ4Q','chaine',0,'','2012-12-12 12:11:05'),(1926,'PAYPAL_API_INTEGRAL_OR_PAYPALONLY',1,'integral','chaine',0,'','2012-12-12 12:11:05'),(1927,'PAYPAL_SECURITY_TOKEN',1,'50c82fab36bb3b6aa83e2a50691803b2','chaine',0,'','2012-12-12 12:11:05'),(1928,'PAYPAL_SECURITY_TOKEN_UNIQUE',1,'0','chaine',0,'','2012-12-12 12:11:05'),(1929,'PAYPAL_ADD_PAYMENT_URL',1,'1','chaine',0,'','2012-12-12 12:11:05'),(1980,'MAIN_PDF_FORMAT',1,'EUA4','chaine',0,'','2012-12-12 19:58:05'),(1981,'MAIN_PROFID1_IN_ADDRESS',1,'0','chaine',0,'','2012-12-12 19:58:05'),(1982,'MAIN_PROFID2_IN_ADDRESS',1,'0','chaine',0,'','2012-12-12 19:58:05'),(1983,'MAIN_PROFID3_IN_ADDRESS',1,'0','chaine',0,'','2012-12-12 19:58:05'),(1984,'MAIN_PROFID4_IN_ADDRESS',1,'0','chaine',0,'','2012-12-12 19:58:05'),(1985,'MAIN_GENERATE_DOCUMENTS_WITHOUT_VAT',1,'0','chaine',0,'','2012-12-12 19:58:05'),(1990,'MAIN_SMS_SENDMODE',1,'ovh','chaine',0,'This is to enable OVH SMS engine','2012-12-17 21:19:01'),(2251,'FCKEDITOR_TEST',1,'Test<br />\r\n<img alt=\"\" src=\"/dolibarrnew/viewimage.php?modulepart=fckeditor&amp;file=image/Julien-Lavergne_reference_medium.jpg\" style=\"width: 200px; height: 172px;\" />fdfs','chaine',0,'','2012-12-19 19:12:24'),(2293,'SYSTEMTOOLS_MYSQLDUMP',1,'/usr/bin/mysqldump','chaine',0,'','2012-12-27 02:02:00'),(2835,'MAIN_USE_CONNECT_TIMEOUT',1,'10','chaine',0,'','2013-01-16 19:28:50'),(2836,'MAIN_USE_RESPONSE_TIMEOUT',1,'30','chaine',0,'','2013-01-16 19:28:50'),(2837,'MAIN_PROXY_USE',1,'0','chaine',0,'','2013-01-16 19:28:50'),(2838,'MAIN_PROXY_HOST',1,'localhost','chaine',0,'','2013-01-16 19:28:50'),(2839,'MAIN_PROXY_PORT',1,'8080','chaine',0,'','2013-01-16 19:28:50'),(2840,'MAIN_PROXY_USER',1,'aaa','chaine',0,'','2013-01-16 19:28:50'),(2841,'MAIN_PROXY_PASS',1,'bbb','chaine',0,'','2013-01-16 19:28:50'),(2848,'OVHSMS_NICK',1,'BN196-OVH','chaine',0,'','2013-01-16 19:32:36'),(2849,'OVHSMS_PASS',1,'bigone-10','chaine',0,'','2013-01-16 19:32:36'),(2850,'OVHSMS_SOAPURL',1,'https://www.ovh.com/soapi/soapi-re-1.55.wsdl','chaine',0,'','2013-01-16 19:32:36'),(2854,'THEME_ELDY_RGB',1,'bfbf00','chaine',0,'','2013-01-18 10:02:53'),(2855,'THEME_ELDY_ENABLE_PERSONALIZED',1,'0','chaine',0,'','2013-01-18 10:02:55'),(2858,'MAIN_SESSION_TIMEOUT',1,'2000','chaine',0,'','2013-01-19 17:01:53'),(2862,'TICKET_ADDON',1,'mod_ticket_avenc','chaine',0,'Nom du gestionnaire de numerotation des tickets','2013-01-19 17:16:10'),(2867,'FACSIM_ADDON',1,'mod_facsim_alcoy','chaine',0,'','2013-01-19 17:16:25'),(2868,'POS_SERVICES',1,'0','chaine',0,'','2013-01-19 17:16:51'),(2869,'POS_USE_TICKETS',1,'1','chaine',0,'','2013-01-19 17:16:51'),(2870,'POS_MAX_TTC',1,'100','chaine',0,'','2013-01-19 17:16:51'),(3190,'MAIN_MODULE_HOLIDAY',2,'1',NULL,0,NULL,'2013-02-01 08:52:34'),(3191,'MAIN_MODULE_HOLIDAY_TABS_0',2,'user:+paidholidays:CPTitreMenu:holiday:$user->rights->holiday->write:/holiday/index.php?mainmenu=holiday&id=__ID__','chaine',0,NULL,'2013-02-01 08:52:34'),(3195,'INVOICE_SUPPLIER_ADDON_PDF',1,'canelle','chaine',0,'','2013-02-10 19:50:27'),(3199,'MAIN_FORCE_RELOAD_PAGE',1,'1','chaine',0,NULL,'2013-02-12 16:22:55'),(3217,'MAIN_PDF_TITLE_BACKGROUND_COLOR',1,'240,240,240','chaine',1,'','2013-02-13 15:18:02'),(3223,'OVH_THIRDPARTY_IMPORT',1,'2','chaine',0,'','2013-02-13 16:20:18'),(3241,'COMPANY_USE_SEARCH_TO_SELECT',1,'2','chaine',0,'','2013-02-17 14:33:39'),(3409,'AGENDA_USE_EVENT_TYPE',1,'1','chaine',0,'','2013-02-27 18:12:24'),(3886,'MAIN_REMOVE_INSTALL_WARNING',1,'1','chaine',1,'','2013-03-02 18:32:50'),(4013,'MAIN_DELAY_ACTIONS_TODO',1,'7','chaine',0,'','2013-03-06 08:59:12'),(4014,'MAIN_DELAY_PROPALS_TO_CLOSE',1,'31','chaine',0,'','2013-03-06 08:59:12'),(4015,'MAIN_DELAY_PROPALS_TO_BILL',1,'7','chaine',0,'','2013-03-06 08:59:12'),(4016,'MAIN_DELAY_ORDERS_TO_PROCESS',1,'2','chaine',0,'','2013-03-06 08:59:12'),(4017,'MAIN_DELAY_CUSTOMER_BILLS_UNPAYED',1,'31','chaine',0,'','2013-03-06 08:59:12'),(4018,'MAIN_DELAY_SUPPLIER_ORDERS_TO_PROCESS',1,'7','chaine',0,'','2013-03-06 08:59:12'),(4019,'MAIN_DELAY_SUPPLIER_BILLS_TO_PAY',1,'2','chaine',0,'','2013-03-06 08:59:12'),(4020,'MAIN_DELAY_RUNNING_SERVICES',1,'-15','chaine',0,'','2013-03-06 08:59:12'),(4021,'MAIN_DELAY_TRANSACTIONS_TO_CONCILIATE',1,'62','chaine',0,'','2013-03-06 08:59:13'),(4022,'MAIN_DELAY_MEMBERS',1,'31','chaine',0,'','2013-03-06 08:59:13'),(4023,'MAIN_DISABLE_METEO',1,'0','chaine',0,'','2013-03-06 08:59:13'),(4044,'ADHERENT_VAT_FOR_SUBSCRIPTIONS',1,'0','',0,'','2013-03-06 16:06:38'),(4047,'ADHERENT_BANK_USE',1,'bankviainvoice','',0,'','2013-03-06 16:12:30'),(4049,'PHPSANE_SCANIMAGE',1,'/usr/bin/scanimage','chaine',0,'','2013-03-06 21:54:13'),(4050,'PHPSANE_PNMTOJPEG',1,'/usr/bin/pnmtojpeg','chaine',0,'','2013-03-06 21:54:13'),(4051,'PHPSANE_PNMTOTIFF',1,'/usr/bin/pnmtotiff','chaine',0,'','2013-03-06 21:54:13'),(4052,'PHPSANE_OCR',1,'/usr/bin/gocr','chaine',0,'','2013-03-06 21:54:13'),(4548,'ECM_AUTO_TREE_ENABLED',1,'1','chaine',0,'','2013-03-10 15:57:21'),(4579,'MAIN_MODULE_AGENDA',2,'1',NULL,0,NULL,'2013-03-13 15:29:19'),(4580,'MAIN_AGENDA_ACTIONAUTO_COMPANY_CREATE',2,'1','chaine',0,NULL,'2013-03-13 15:29:19'),(4581,'MAIN_AGENDA_ACTIONAUTO_CONTRACT_VALIDATE',2,'1','chaine',0,NULL,'2013-03-13 15:29:19'),(4582,'MAIN_AGENDA_ACTIONAUTO_PROPAL_VALIDATE',2,'1','chaine',0,NULL,'2013-03-13 15:29:19'),(4583,'MAIN_AGENDA_ACTIONAUTO_PROPAL_SENTBYMAIL',2,'1','chaine',0,NULL,'2013-03-13 15:29:19'),(4584,'MAIN_AGENDA_ACTIONAUTO_ORDER_VALIDATE',2,'1','chaine',0,NULL,'2013-03-13 15:29:19'),(4585,'MAIN_AGENDA_ACTIONAUTO_ORDER_SENTBYMAIL',2,'1','chaine',0,NULL,'2013-03-13 15:29:19'),(4586,'MAIN_AGENDA_ACTIONAUTO_BILL_VALIDATE',2,'1','chaine',0,NULL,'2013-03-13 15:29:19'),(4587,'MAIN_AGENDA_ACTIONAUTO_BILL_PAYED',2,'1','chaine',0,NULL,'2013-03-13 15:29:19'),(4588,'MAIN_AGENDA_ACTIONAUTO_BILL_CANCEL',2,'1','chaine',0,NULL,'2013-03-13 15:29:19'),(4589,'MAIN_AGENDA_ACTIONAUTO_BILL_SENTBYMAIL',2,'1','chaine',0,NULL,'2013-03-13 15:29:19'),(4590,'MAIN_AGENDA_ACTIONAUTO_ORDER_SUPPLIER_VALIDATE',2,'1','chaine',0,NULL,'2013-03-13 15:29:19'),(4591,'MAIN_AGENDA_ACTIONAUTO_BILL_SUPPLIER_VALIDATE',2,'1','chaine',0,NULL,'2013-03-13 15:29:19'),(4592,'MAIN_AGENDA_ACTIONAUTO_SHIPPING_VALIDATE',2,'1','chaine',0,NULL,'2013-03-13 15:29:19'),(4593,'MAIN_AGENDA_ACTIONAUTO_SHIPPING_SENTBYMAIL',2,'1','chaine',0,NULL,'2013-03-13 15:29:19'),(4594,'MAIN_AGENDA_ACTIONAUTO_BILL_UNVALIDATE',2,'1','chaine',0,NULL,'2013-03-13 15:29:19'),(4595,'MAIN_MODULE_GOOGLE',2,'1',NULL,0,NULL,'2013-03-13 15:29:47'),(4596,'MAIN_MODULE_GOOGLE_TABS_0',2,'agenda:+gcal:MenuAgendaGoogle:google@google:$conf->google->enabled && $conf->global->GOOGLE_ENABLE_AGENDA:/google/index.php','chaine',0,NULL,'2013-03-13 15:29:47'),(4597,'MAIN_MODULE_GOOGLE_TABS_1',2,'user:+gsetup:GoogleUserConf:google@google:$conf->google->enabled && $conf->global->GOOGLE_DUPLICATE_INTO_GCAL:/google/admin/google_calsync_user.php?id=__ID__','chaine',0,NULL,'2013-03-13 15:29:47'),(4598,'MAIN_MODULE_GOOGLE_TRIGGERS',2,'1','chaine',0,NULL,'2013-03-13 15:29:47'),(4599,'MAIN_MODULE_GOOGLE_HOOKS',2,'[\"toprightmenu\"]','chaine',0,NULL,'2013-03-13 15:29:47'),(4688,'GOOGLE_ENABLE_AGENDA',2,'1','chaine',0,'','2013-03-13 15:36:29'),(4689,'GOOGLE_AGENDA_NAME1',2,'eldy','chaine',0,'','2013-03-13 15:36:29'),(4690,'GOOGLE_AGENDA_SRC1',2,'eldy10@mail.com','chaine',0,'','2013-03-13 15:36:29'),(4691,'GOOGLE_AGENDA_COLOR1',2,'BE6D00','chaine',0,'','2013-03-13 15:36:29'),(4692,'GOOGLE_AGENDA_COLOR2',2,'7A367A','chaine',0,'','2013-03-13 15:36:29'),(4693,'GOOGLE_AGENDA_COLOR3',2,'7A367A','chaine',0,'','2013-03-13 15:36:29'),(4694,'GOOGLE_AGENDA_COLOR4',2,'7A367A','chaine',0,'','2013-03-13 15:36:29'),(4695,'GOOGLE_AGENDA_COLOR5',2,'7A367A','chaine',0,'','2013-03-13 15:36:29'),(4696,'GOOGLE_AGENDA_TIMEZONE',2,'Europe/Paris','chaine',0,'','2013-03-13 15:36:29'),(4697,'GOOGLE_AGENDA_NB',2,'5','chaine',0,'','2013-03-13 15:36:29'),(4711,'GOOGLE_ENABLE_AGENDA',1,'1','chaine',0,'','2013-03-13 19:37:38'),(4712,'GOOGLE_AGENDA_NAME1',1,'asso master','chaine',0,'','2013-03-13 19:37:38'),(4713,'GOOGLE_AGENDA_SRC1',1,'assodolibarr@mail.com','chaine',0,'','2013-03-13 19:37:38'),(4714,'GOOGLE_AGENDA_COLOR1',1,'1B887A','chaine',0,'','2013-03-13 19:37:38'),(4715,'GOOGLE_AGENDA_COLOR2',1,'7A367A','chaine',0,'','2013-03-13 19:37:38'),(4716,'GOOGLE_AGENDA_COLOR3',1,'7A367A','chaine',0,'','2013-03-13 19:37:38'),(4717,'GOOGLE_AGENDA_COLOR4',1,'7A367A','chaine',0,'','2013-03-13 19:37:38'),(4718,'GOOGLE_AGENDA_COLOR5',1,'7A367A','chaine',0,'','2013-03-13 19:37:38'),(4719,'GOOGLE_AGENDA_TIMEZONE',1,'Europe/Paris','chaine',0,'','2013-03-13 19:37:38'),(4720,'GOOGLE_AGENDA_NB',1,'5','chaine',0,'','2013-03-13 19:37:38'),(4725,'SOCIETE_CODECLIENT_ADDON',2,'mod_codeclient_leopard','chaine',0,'Module to control third parties codes','2013-03-13 20:21:35'),(4726,'SOCIETE_CODECOMPTA_ADDON',2,'mod_codecompta_panicum','chaine',0,'Module to control third parties codes','2013-03-13 20:21:35'),(4727,'SOCIETE_FISCAL_MONTH_START',2,'','chaine',0,'Mettre le numero du mois du debut d\\\'annee fiscale, ex: 9 pour septembre','2013-03-13 20:21:35'),(4728,'MAIN_SEARCHFORM_SOCIETE',2,'1','yesno',0,'Show form for quick company search','2013-03-13 20:21:35'),(4729,'MAIN_SEARCHFORM_CONTACT',2,'1','yesno',0,'Show form for quick contact search','2013-03-13 20:21:35'),(4730,'COMPANY_ADDON_PDF_ODT_PATH',2,'DOL_DATA_ROOT/doctemplates/thirdparties','chaine',0,NULL,'2013-03-13 20:21:35'),(4743,'MAIN_MODULE_CLICKTODIAL',2,'1',NULL,0,NULL,'2013-03-13 20:30:28'),(4744,'MAIN_MODULE_NOTIFICATION',2,'1',NULL,0,NULL,'2013-03-13 20:30:34'),(4745,'MAIN_MODULE_WEBSERVICES',2,'1',NULL,0,NULL,'2013-03-13 20:30:41'),(4746,'MAIN_MODULE_PROPALE',2,'1',NULL,0,NULL,'2013-03-13 20:32:38'),(4747,'PROPALE_ADDON_PDF',2,'azur','chaine',0,'Nom du gestionnaire de generation des propales en PDF','2013-03-13 20:32:38'),(4748,'PROPALE_ADDON',2,'mod_propale_marbre','chaine',0,'Nom du gestionnaire de numerotation des propales','2013-03-13 20:32:38'),(4749,'PROPALE_VALIDITY_DURATION',2,'15','chaine',0,'Duration of validity of business proposals','2013-03-13 20:32:38'),(4750,'PROPALE_ADDON_PDF_ODT_PATH',2,'DOL_DATA_ROOT/doctemplates/proposals','chaine',0,NULL,'2013-03-13 20:32:38'),(4752,'MAIN_MODULE_TAX',2,'1',NULL,0,NULL,'2013-03-13 20:32:47'),(4753,'MAIN_MODULE_DON',2,'1',NULL,0,NULL,'2013-03-13 20:32:54'),(4754,'DON_ADDON_MODEL',2,'html_cerfafr','chaine',0,'Nom du gestionnaire de generation de recu de dons','2013-03-13 20:32:54'),(4755,'POS_USE_TICKETS',2,'1','chaine',0,'','2013-03-13 20:33:09'),(4756,'POS_MAX_TTC',2,'100','chaine',0,'','2013-03-13 20:33:09'),(4757,'MAIN_MODULE_POS',2,'1',NULL,0,NULL,'2013-03-13 20:33:09'),(4758,'TICKET_ADDON',2,'mod_ticket_avenc','chaine',0,'Nom du gestionnaire de numerotation des tickets','2013-03-13 20:33:09'),(4759,'MAIN_MODULE_BANQUE',2,'1',NULL,0,NULL,'2013-03-13 20:33:09'),(4760,'MAIN_MODULE_FACTURE',2,'1',NULL,0,NULL,'2013-03-13 20:33:09'),(4761,'FACTURE_ADDON_PDF',2,'crabe','chaine',0,'Name of PDF model of invoice','2013-03-13 20:33:09'),(4762,'FACTURE_ADDON',2,'mod_facture_terre','chaine',0,'Name of numbering numerotation rules of invoice','2013-03-13 20:33:09'),(4763,'FACTURE_ADDON_PDF_ODT_PATH',2,'DOL_DATA_ROOT/doctemplates/invoices','chaine',0,NULL,'2013-03-13 20:33:09'),(4764,'MAIN_MODULE_SOCIETE',2,'1',NULL,0,NULL,'2013-03-13 20:33:09'),(4765,'MAIN_MODULE_PRODUCT',2,'1',NULL,0,NULL,'2013-03-13 20:33:09'),(4766,'PRODUCT_CODEPRODUCT_ADDON',2,'mod_codeproduct_leopard','chaine',0,'Module to control product codes','2013-03-13 20:33:09'),(4767,'MAIN_SEARCHFORM_PRODUITSERVICE',2,'1','yesno',0,'Show form for quick product search','2013-03-13 20:33:09'),(4772,'FACSIM_ADDON',2,'mod_facsim_alcoy','chaine',0,'','2013-03-13 20:33:32'),(4773,'MAIN_MODULE_MAILING',2,'1',NULL,0,NULL,'2013-03-13 20:33:37'),(4774,'MAIN_MODULE_OPENSURVEY',2,'1',NULL,0,NULL,'2013-03-13 20:33:42'),(4782,'AGENDA_USE_EVENT_TYPE',2,'1','chaine',0,'','2013-03-13 20:53:36'),(4884,'AGENDA_DISABLE_EXT',2,'1','chaine',0,'','2013-03-13 22:03:40'),(4928,'COMMANDE_SUPPLIER_ADDON_NUMBER',1,'mod_commande_fournisseur_muguet','chaine',0,'Nom du gestionnaire de numerotation des commandes fournisseur','2013-03-22 09:24:29'),(4929,'INVOICE_SUPPLIER_ADDON_NUMBER',1,'mod_facture_fournisseur_cactus','chaine',0,'Nom du gestionnaire de numerotation des factures fournisseur','2013-03-22 09:24:29'),(5001,'MAIN_CRON_KEY',0,'bc54582fe30d5d4a830c6f582ec28810','chaine',0,'','2013-03-23 17:54:53'),(5009,'CRON_KEY',0,'2c2e755c20be2014098f629865598006','chaine',0,'','2013-03-23 18:06:24'),(5075,'MAIN_MENU_STANDARD',1,'eldy_menu.php','chaine',0,'','2013-03-24 02:51:13'),(5076,'MAIN_MENU_SMARTPHONE',1,'eldy_menu.php','chaine',0,'','2013-03-24 02:51:13'),(5077,'MAIN_MENUFRONT_STANDARD',1,'eldy_menu.php','chaine',0,'','2013-03-24 02:51:13'),(5078,'MAIN_MENUFRONT_SMARTPHONE',1,'eldy_menu.php','chaine',0,'','2013-03-24 02:51:13'),(5139,'SOCIETE_ADD_REF_IN_LIST',1,'','yesno',0,'Display customer ref into select list','2013-09-08 23:06:08'),(5150,'PROJECT_TASK_ADDON_PDF',1,'','chaine',0,'Name of PDF/ODT tasks manager class','2013-09-08 23:06:14'),(5151,'PROJECT_TASK_ADDON',1,'mod_task_simple','chaine',0,'Name of Numbering Rule task manager class','2013-09-08 23:06:14'),(5152,'PROJECT_TASK_ADDON_PDF_ODT_PATH',1,'DOL_DATA_ROOT/doctemplates/tasks','chaine',0,'','2013-09-08 23:06:14'),(5195,'GOOGLE_DUPLICATE_INTO_THIRDPARTIES',1,'1','chaine',0,'','2013-11-07 00:02:34'),(5196,'GOOGLE_DUPLICATE_INTO_CONTACTS',1,'0','chaine',0,'','2013-11-07 00:02:34'),(5197,'GOOGLE_DUPLICATE_INTO_MEMBERS',1,'0','chaine',0,'','2013-11-07 00:02:34'),(5198,'GOOGLE_CONTACT_LOGIN',1,'eldy10@mail.com','chaine',0,'','2013-11-07 00:02:34'),(5199,'GOOGLE_CONTACT_PASSWORD',1,'bidonge','chaine',0,'','2013-11-07 00:02:34'),(5200,'GOOGLE_TAG_PREFIX',1,'Dolibarr (Thirdparties)','chaine',0,'','2013-11-07 00:02:34'),(5201,'GOOGLE_TAG_PREFIX_CONTACTS',1,'Dolibarr (Contacts/Addresses)','chaine',0,'','2013-11-07 00:02:34'),(5202,'GOOGLE_TAG_PREFIX_MEMBERS',1,'Dolibarr (Members)','chaine',0,'','2013-11-07 00:02:34'),(5239,'BOOKMARKS_SHOW_IN_MENU',1,'10','chaine',0,'','2014-03-02 15:42:26'),(5271,'DONATION_ART200',1,'','yesno',0,'Option Française - Eligibilité Art200 du CGI','2014-12-21 12:51:28'),(5272,'DONATION_ART238',1,'','yesno',0,'Option Française - Eligibilité Art238 bis du CGI','2014-12-21 12:51:28'),(5273,'DONATION_ART885',1,'','yesno',0,'Option Française - Eligibilité Art885-0 V bis du CGI','2014-12-21 12:51:28'),(5274,'DONATION_MESSAGE',1,'Thank you','chaine',0,'Message affiché sur le récépissé de versements ou dons','2014-12-21 12:51:28'),(5288,'DONATION_ACCOUNTINGACCOUNT',1,'7581','chaine',0,'Compte comptable de remise des versements ou dons','2015-07-19 13:41:21'),(5339,'MAIN_MULTILANGS',1,'1','chaine',0,'','2015-10-03 10:11:33'),(5340,'MAIN_SIZE_LISTE_LIMIT',1,'25','chaine',0,'','2015-10-03 10:11:33'),(5341,'MAIN_DISABLE_JAVASCRIPT',1,'0','chaine',0,'','2015-10-03 10:11:33'),(5342,'MAIN_BUTTON_HIDE_UNAUTHORIZED',1,'0','chaine',0,'','2015-10-03 10:11:33'),(5343,'MAIN_START_WEEK',1,'1','chaine',0,'','2015-10-03 10:11:33'),(5344,'MAIN_DEFAULT_WORKING_DAYS',1,'1-5','chaine',0,'','2015-10-03 10:11:33'),(5345,'MAIN_DEFAULT_WORKING_HOURS',1,'9-18','chaine',0,'','2015-10-03 10:11:33'),(5346,'MAIN_SHOW_LOGO',1,'1','chaine',0,'','2015-10-03 10:11:33'),(5347,'MAIN_FIRSTNAME_NAME_POSITION',1,'0','chaine',0,'','2015-10-03 10:11:33'),(5348,'MAIN_THEME',1,'eldy','chaine',0,'','2015-10-03 10:11:33'),(5349,'MAIN_SEARCHFORM_CONTACT',1,'1','chaine',0,'','2015-10-03 10:11:33'),(5351,'MAIN_SEARCHFORM_PRODUITSERVICE',1,'1','chaine',0,'','2015-10-03 10:11:33'),(5352,'MAIN_SEARCHFORM_PRODUITSERVICE_SUPPLIER',1,'0','chaine',0,'','2015-10-03 10:11:33'),(5353,'MAIN_SEARCHFORM_ADHERENT',1,'1','chaine',0,'','2015-10-03 10:11:33'),(5354,'MAIN_SEARCHFORM_PROJECT',1,'0','chaine',0,'','2015-10-03 10:11:33'),(5355,'MAIN_HELPCENTER_DISABLELINK',0,'1','chaine',0,'','2015-10-03 10:11:33'),(5356,'MAIN_HOME',1,'<span style=\"font-size:11px\">__(NoteSomeFeaturesAreDisabled)__<br />\r\n<br />\r\n__(SomeTranslationAreUncomplete)__</span>','chaine',0,'','2015-10-03 10:11:33'),(5357,'MAIN_HELP_DISABLELINK',0,'0','chaine',0,'','2015-10-03 10:11:33'),(5358,'MAIN_BUGTRACK_ENABLELINK',1,'0','chaine',0,'','2015-10-03 10:11:33'),(5359,'THEME_ELDY_USE_HOVER',1,'1','chaine',0,'','2015-10-03 10:11:33'),(5394,'FCKEDITOR_ENABLE_DETAILS',1,'1','yesno',0,'WYSIWIG for products details lines for all entities','2015-11-04 15:27:44'),(5395,'FCKEDITOR_ENABLE_USERSIGN',1,'1','yesno',0,'WYSIWIG for user signature','2015-11-04 15:27:44'),(5396,'FCKEDITOR_ENABLE_MAIL',1,'1','yesno',0,'WYSIWIG for products details lines for all entities','2015-11-04 15:27:44'),(5398,'CATEGORIE_RECURSIV_ADD',1,'','yesno',0,'Affect parent categories','2015-11-04 15:27:46'),(5403,'MAIN_MODULE_FCKEDITOR',1,'1',NULL,0,NULL,'2015-11-04 15:41:40'),(5404,'MAIN_MODULE_CATEGORIE',1,'1',NULL,0,NULL,'2015-11-04 15:41:43'),(5415,'EXPEDITION_ADDON_PDF_ODT_PATH',1,'DOL_DATA_ROOT/doctemplates/shipment','chaine',0,NULL,'2015-11-15 22:38:28'),(5416,'LIVRAISON_ADDON_PDF_ODT_PATH',1,'DOL_DATA_ROOT/doctemplates/delivery','chaine',0,NULL,'2015-11-15 22:38:28'),(5419,'MAIN_MODULE_CASHDESK',1,'1',NULL,0,NULL,'2015-11-15 22:38:33'),(5426,'MAIN_MODULE_PROJET',1,'1',NULL,0,NULL,'2015-11-15 22:38:44'),(5427,'PROJECT_ADDON_PDF_ODT_PATH',1,'DOL_DATA_ROOT/doctemplates/projects','chaine',0,NULL,'2015-11-15 22:38:44'),(5428,'PROJECT_USE_OPPORTUNIES',1,'1','chaine',0,NULL,'2015-11-15 22:38:44'),(5430,'MAIN_MODULE_EXPORT',1,'1',NULL,0,NULL,'2015-11-15 22:38:56'),(5431,'MAIN_MODULE_IMPORT',1,'1',NULL,0,NULL,'2015-11-15 22:38:58'),(5432,'MAIN_MODULE_MAILING',1,'1',NULL,0,NULL,'2015-11-15 22:39:00'),(5434,'EXPENSEREPORT_ADDON_PDF',1,'standard','chaine',0,'Name of manager to build PDF expense reports documents','2015-11-15 22:39:05'),(5435,'MAIN_MODULE_SALARIES',1,'1',NULL,0,NULL,'2015-11-15 22:39:08'),(5436,'SALARIES_ACCOUNTING_ACCOUNT_PAYMENT',1,'421','chaine',0,NULL,'2015-11-15 22:39:08'),(5437,'SALARIES_ACCOUNTING_ACCOUNT_CHARGE',1,'641','chaine',0,NULL,'2015-11-15 22:39:08'),(5441,'ADHERENT_ETIQUETTE_TEXT',1,'%FULLNAME%\n%ADDRESS%\n%ZIP% %TOWN%\n%COUNTRY%','texte',0,'Text to print on member address sheets','2015-11-15 22:39:17'),(5443,'MAIN_MODULE_PRELEVEMENT',1,'1',NULL,0,NULL,'2015-11-15 22:39:33'),(5453,'MAIN_MODULE_CONTRAT',1,'1',NULL,0,NULL,'2015-11-15 22:39:52'),(5455,'MAIN_MODULE_FICHEINTER',1,'1',NULL,0,NULL,'2015-11-15 22:39:56'),(5459,'MAIN_MODULE_PAYPAL',1,'1',NULL,0,NULL,'2015-11-15 22:41:02'),(5460,'MAIN_MODULE_MARGIN',1,'1',NULL,0,NULL,'2015-11-15 22:41:47'),(5461,'MAIN_MODULE_MARGIN_TABS_0',1,'product:+margin:Margins:margins:$user->rights->margins->liretous:/margin/tabs/productMargins.php?id=__ID__','chaine',0,NULL,'2015-11-15 22:41:47'),(5462,'MAIN_MODULE_MARGIN_TABS_1',1,'thirdparty:+margin:Margins:margins:empty($user->societe_id) && $user->rights->margins->liretous && ($object->client > 0):/margin/tabs/thirdpartyMargins.php?socid=__ID__','chaine',0,NULL,'2015-11-15 22:41:47'),(5463,'MAIN_MODULE_PROPALE',1,'1',NULL,0,NULL,'2015-11-15 22:41:47'),(5483,'GENBARCODE_BARCODETYPE_THIRDPARTY',1,'6','chaine',0,'','2016-01-16 15:49:43'),(5484,'PRODUIT_DEFAULT_BARCODE_TYPE',1,'2','chaine',0,'','2016-01-16 15:49:46'),(5539,'PRODUCT_USE_OLD_PATH_FOR_PHOTO',0,'0','chaine',1,'Use old path for products images','2016-01-22 13:34:23'),(5541,'MODULE_GOOGLE_DEBUG',1,'0','chaine',1,'','2016-01-22 13:34:57'),(5548,'MAIN_MODULE_ECM',1,'1',NULL,0,NULL,'2016-01-22 17:26:43'),(5551,'MAIN_MODULE_HOLIDAY',1,'1',NULL,0,NULL,'2016-01-22 17:26:43'),(5552,'MAIN_MODULE_HOLIDAY_TABS_0',1,'user:+paidholidays:CPTitreMenu:holiday:$user->rights->holiday->read:/holiday/list.php?mainmenu=holiday&id=__ID__','chaine',0,NULL,'2016-01-22 17:26:43'),(5555,'MAIN_MODULE_SERVICE',1,'1',NULL,0,NULL,'2016-01-22 17:26:43'),(5586,'MAIN_DELAY_EXPENSEREPORTS_TO_PAY',1,'31','chaine',0,'Tolérance de retard avant alerte (en jours) sur les notes de frais impayées','2016-01-22 17:28:18'),(5587,'MAIN_FIX_FOR_BUGGED_MTA',1,'1','chaine',1,'Set constant to fix email ending from PHP with some linux ike system','2016-01-22 17:28:18'),(5589,'MAIN_MODULE_USER',0,'1',NULL,0,NULL,'2016-01-22 17:28:42'),(5590,'MAIN_VERSION_LAST_INSTALL',0,'3.8.3','chaine',0,'Dolibarr version when install','2016-01-22 17:28:42'),(5604,'MAIN_INFO_SOCIETE_LOGO',1,'mybigcompany.png','chaine',0,'','2016-01-22 17:33:49'),(5605,'MAIN_INFO_SOCIETE_LOGO_SMALL',1,'mybigcompany_small.png','chaine',0,'','2016-01-22 17:33:49'),(5606,'MAIN_INFO_SOCIETE_LOGO_MINI',1,'mybigcompany_mini.png','chaine',0,'','2016-01-22 17:33:49'),(5612,'MAIN_ENABLE_LOG_TO_HTML',0,'0','chaine',1,'If this option is set to 1, it is possible to see log output at end of HTML sources by adding paramater logtohtml=1 on URL','2016-03-13 10:54:45'),(5614,'MAIN_SIZE_SHORTLISTE_LIMIT',1,'4','chaine',0,'Longueur maximum des listes courtes (fiche client)','2016-03-13 10:54:46'),(5626,'MAIN_MODULE_SUPPLIERPROPOSAL',1,'1',NULL,0,NULL,'2016-07-30 11:13:20'),(5627,'SUPPLIER_PROPOSAL_ADDON_PDF',1,'aurore','chaine',0,'Name of submodule to generate PDF for supplier quotation request','2016-07-30 11:13:20'),(5628,'SUPPLIER_PROPOSAL_ADDON',1,'mod_supplier_proposal_marbre','chaine',0,'Name of submodule to number supplier quotation request','2016-07-30 11:13:20'),(5629,'SUPPLIER_PROPOSAL_ADDON_PDF_ODT_PATH',1,'DOL_DATA_ROOT/doctemplates/supplier_proposal','chaine',0,NULL,'2016-07-30 11:13:20'),(5632,'MAIN_MODULE_RESOURCE',1,'1',NULL,0,NULL,'2016-07-30 11:13:32'),(5633,'MAIN_MODULE_API',1,'1',NULL,0,NULL,'2016-07-30 11:13:54'),(5634,'MAIN_MODULE_WEBSERVICES',1,'1',NULL,0,NULL,'2016-07-30 11:13:56'),(5635,'WEBSERVICES_KEY',1,'dolibarrkey','chaine',0,'','2016-07-30 11:14:04'),(5638,'MAIN_MODULE_EXTERNALRSS',1,'1',NULL,0,NULL,'2016-07-30 11:15:04'),(5639,'EXTERNAL_RSS_TITLE_1',1,'Dolibarr.org News','chaine',0,'','2016-07-30 11:15:25'),(5640,'EXTERNAL_RSS_URLRSS_1',1,'https://www.dolibarr.org/rss','chaine',0,'','2016-07-30 11:15:25'),(5641,'MAIN_MODULE_DON',1,'1',NULL,0,NULL,'2016-07-30 11:16:22'),(5642,'SOCIETE_CODECOMPTA_ADDON',1,'mod_codecompta_aquarium','chaine',0,'','2016-07-30 11:16:42'),(5707,'CASHDESK_NO_DECREASE_STOCK',1,'1','chaine',0,'','2016-07-30 13:38:11'),(5708,'MAIN_MODULE_PRODUCTBATCH',1,'1',NULL,0,NULL,'2016-07-30 13:38:11'),(5710,'MAIN_MODULE_STOCK',1,'1',NULL,0,NULL,'2016-07-30 13:38:11'),(5711,'MAIN_MODULE_PRODUCT',1,'1',NULL,0,NULL,'2016-07-30 13:38:11'),(5712,'MAIN_MODULE_EXPEDITION',1,'1',NULL,0,NULL,'2016-07-30 13:38:11'),(5713,'MAIN_MODULE_COMMANDE',1,'1',NULL,0,NULL,'2016-07-30 13:38:11'),(5715,'MAIN_MODULE_FOURNISSEUR',1,'1',NULL,0,NULL,'2016-07-30 13:38:11'),(5765,'MAIN_MODULE_AGENDA',1,'1',NULL,0,NULL,'2016-07-30 15:42:32'),(5808,'MARGIN_TYPE',1,'costprice','chaine',0,'','2016-07-30 16:32:18'),(5809,'DISPLAY_MARGIN_RATES',1,'1','chaine',0,'','2016-07-30 16:32:20'),(5810,'MAIN_FEATURES_LEVEL',0,'0','chaine',1,'Level of features to show (0=stable only, 1=stable+experimental, 2=stable+experimental+development','2016-07-30 18:36:15'),(5812,'MAIN_MODULE_OPENSURVEY',1,'1',NULL,0,NULL,'2016-07-30 19:04:07'),(5813,'USER_PASSWORD_PATTERN',1,'8;1;1;1;3;1','chaine',0,'','2016-07-31 16:04:58'),(5814,'MAIN_MODULE_EXPENSEREPORT',1,'1',NULL,0,NULL,'2016-07-31 21:14:32'),(5817,'MAIN_SIZE_SHORTLIST_LIMIT',1,'3','chaine',0,'Max length for small lists (tabs)','2016-12-12 10:54:09'),(5830,'LOAN_ACCOUNTING_ACCOUNT_CAPITAL',1,'164','chaine',0,NULL,'2017-01-29 15:11:51'),(5831,'LOAN_ACCOUNTING_ACCOUNT_INSURANCE',1,'6162','chaine',0,NULL,'2017-01-29 15:11:51'),(5833,'ACCOUNTING_EXPORT_SEPARATORCSV',1,',','string',0,NULL,'2017-01-29 15:11:56'),(5834,'ACCOUNTING_ACCOUNT_SUSPENSE',1,'471','chaine',0,NULL,'2017-01-29 15:11:56'),(5835,'ACCOUNTING_SELL_JOURNAL',1,'VTE','chaine',0,NULL,'2017-01-29 15:11:56'),(5836,'ACCOUNTING_PURCHASE_JOURNAL',1,'ACH','chaine',0,NULL,'2017-01-29 15:11:56'),(5837,'ACCOUNTING_SOCIAL_JOURNAL',1,'SOC','chaine',0,NULL,'2017-01-29 15:11:56'),(5838,'ACCOUNTING_MISCELLANEOUS_JOURNAL',1,'OD','chaine',0,NULL,'2017-01-29 15:11:56'),(5839,'ACCOUNTING_ACCOUNT_TRANSFER_CASH',1,'58','chaine',0,NULL,'2017-01-29 15:11:56'),(5840,'CHARTOFACCOUNTS',1,'2','chaine',0,NULL,'2017-01-29 15:11:56'),(5841,'ACCOUNTING_EXPORT_MODELCSV',1,'1','chaine',0,NULL,'2017-01-29 15:11:56'),(5842,'ACCOUNTING_LENGTH_GACCOUNT',1,'','chaine',0,NULL,'2017-01-29 15:11:56'),(5843,'ACCOUNTING_LENGTH_AACCOUNT',1,'','chaine',0,NULL,'2017-01-29 15:11:56'),(5844,'ACCOUNTING_LIST_SORT_VENTILATION_TODO',1,'1','yesno',0,NULL,'2017-01-29 15:11:56'),(5845,'ACCOUNTING_LIST_SORT_VENTILATION_DONE',1,'1','yesno',0,NULL,'2017-01-29 15:11:56'),(5846,'ACCOUNTING_EXPORT_DATE',1,'%d%m%Y','chaine',0,NULL,'2017-01-29 15:11:56'),(5847,'ACCOUNTING_EXPENSEREPORT_JOURNAL',1,'ER','chaine',0,NULL,'2017-01-29 15:11:56'),(5848,'ACCOUNTING_EXPORT_FORMAT',1,'csv','chaine',0,NULL,'2017-01-29 15:11:56'),(5853,'MAIN_MODULE_WORKFLOW',1,'1',NULL,0,NULL,'2017-01-29 15:12:12'),(5854,'MAIN_MODULE_NOTIFICATION',1,'1',NULL,0,NULL,'2017-01-29 15:12:35'),(5855,'MAIN_MODULE_OAUTH',1,'1',NULL,0,NULL,'2017-01-29 15:12:41'),(5856,'MAIN_MODULE_PRINTING',1,'1',NULL,0,NULL,'2017-01-29 15:12:44'),(5864,'MAIN_INFO_SOCIETE_TEL',1,'09123123','chaine',0,'','2017-01-29 15:13:51'),(5865,'MAIN_INFO_SOCIETE_FAX',1,'09123124','chaine',0,'','2017-01-29 15:13:51'),(5866,'MAIN_INFO_SOCIETE_MAIL',1,'myemail@mybigcompany.com','chaine',0,'','2017-01-29 15:13:51'),(5867,'MAIN_INFO_SOCIETE_WEB',1,'https://www.dolibarr.org','chaine',0,'','2017-01-29 15:13:51'),(5868,'MAIN_INFO_SOCIETE_NOTE',1,'This is note about my company','chaine',0,'','2017-01-29 15:13:51'),(5869,'MAIN_INFO_SOCIETE_GENCOD',1,'1234567890','chaine',0,'','2017-01-29 15:13:51'),(5870,'MAIN_INFO_SOCIETE_MANAGERS',1,'Zack Zeceo','chaine',0,'','2017-01-29 15:13:51'),(5871,'MAIN_INFO_CAPITAL',1,'10000','chaine',0,'','2017-01-29 15:13:51'),(5872,'MAIN_INFO_SOCIETE_FORME_JURIDIQUE',1,'0','chaine',0,'','2017-01-29 15:13:51'),(5873,'MAIN_INFO_SIREN',1,'123456','chaine',0,'','2017-01-29 15:13:51'),(5874,'MAIN_INFO_TVAINTRA',1,'FR1234567','chaine',0,'','2017-01-29 15:13:51'),(5875,'MAIN_INFO_SOCIETE_OBJECT',1,'A company demo to show how Dolibarr ERP CRM is wonderfull','chaine',0,'','2017-01-29 15:13:51'),(5876,'SOCIETE_FISCAL_MONTH_START',1,'1','chaine',0,'','2017-01-29 15:13:51'),(5877,'FACTURE_TVAOPTION',1,'1','chaine',0,'','2017-01-29 15:13:51'),(5878,'FACTURE_LOCAL_TAX1_OPTION',1,'localtax1on','chaine',0,'','2017-01-29 15:13:51'),(5879,'MAIN_INFO_VALUE_LOCALTAX1',1,'0','chaine',0,'','2017-01-29 15:13:51'),(5880,'MAIN_INFO_LOCALTAX_CALC1',1,'0','chaine',0,'','2017-01-29 15:13:51'),(5883,'MAILING_LIMIT_SENDBYWEB',0,'15','chaine',1,'Number of targets to defined packet size when sending mass email','2017-01-29 17:36:33'),(5884,'MAIN_MAIL_DEBUG',1,'0','chaine',1,'','2017-01-29 18:53:02'),(5885,'MAIN_SOAP_DEBUG',1,'0','chaine',1,'','2017-01-29 18:53:02'),(5887,'PROJECT_USE_OPPORTUNITIES',1,'1','chaine',0,'','2017-02-01 12:23:56'),(5888,'PROJECT_HIDE_TASKS',1,'1','chaine',0,'','2017-02-01 12:23:56'),(5889,'MAIN_AGENDA_ACTIONAUTO_COMPANY_SENTBYMAIL',1,'1','chaine',0,'','2017-02-01 14:48:55'),(5890,'MAIN_AGENDA_ACTIONAUTO_COMPANY_CREATE',1,'1','chaine',0,'','2017-02-01 14:48:55'),(5891,'MAIN_AGENDA_ACTIONAUTO_PROPAL_CLOSE_REFUSED',1,'1','chaine',0,'','2017-02-01 14:48:55'),(5892,'MAIN_AGENDA_ACTIONAUTO_PROPAL_CLOSE_SIGNED',1,'1','chaine',0,'','2017-02-01 14:48:55'),(5893,'MAIN_AGENDA_ACTIONAUTO_PROPAL_CLASSIFY_BILLED',1,'1','chaine',0,'','2017-02-01 14:48:55'),(5894,'MAIN_AGENDA_ACTIONAUTO_PROPAL_VALIDATE',1,'1','chaine',0,'','2017-02-01 14:48:55'),(5895,'MAIN_AGENDA_ACTIONAUTO_PROPAL_SENTBYMAIL',1,'1','chaine',0,'','2017-02-01 14:48:55'),(5896,'MAIN_AGENDA_ACTIONAUTO_ORDER_VALIDATE',1,'1','chaine',0,'','2017-02-01 14:48:55'),(5897,'MAIN_AGENDA_ACTIONAUTO_ORDER_CLOSE',1,'1','chaine',0,'','2017-02-01 14:48:55'),(5898,'MAIN_AGENDA_ACTIONAUTO_ORDER_CANCEL',1,'1','chaine',0,'','2017-02-01 14:48:55'),(5899,'MAIN_AGENDA_ACTIONAUTO_ORDER_SENTBYMAIL',1,'1','chaine',0,'','2017-02-01 14:48:55'),(5900,'MAIN_AGENDA_ACTIONAUTO_ORDER_CLASSIFY_BILLED',1,'1','chaine',0,'','2017-02-01 14:48:55'),(5901,'MAIN_AGENDA_ACTIONAUTO_BILL_VALIDATE',1,'1','chaine',0,'','2017-02-01 14:48:55'),(5902,'MAIN_AGENDA_ACTIONAUTO_BILL_PAYED',1,'1','chaine',0,'','2017-02-01 14:48:55'),(5903,'MAIN_AGENDA_ACTIONAUTO_BILL_CANCEL',1,'1','chaine',0,'','2017-02-01 14:48:55'),(5904,'MAIN_AGENDA_ACTIONAUTO_BILL_SENTBYMAIL',1,'1','chaine',0,'','2017-02-01 14:48:55'),(5905,'MAIN_AGENDA_ACTIONAUTO_BILL_UNVALIDATE',1,'1','chaine',0,'','2017-02-01 14:48:55'),(5906,'MAIN_AGENDA_ACTIONAUTO_ORDER_SUPPLIER_VALIDATE',1,'1','chaine',0,'','2017-02-01 14:48:55'),(5907,'MAIN_AGENDA_ACTIONAUTO_ORDER_SUPPLIER_APPROVE',1,'1','chaine',0,'','2017-02-01 14:48:55'),(5908,'MAIN_AGENDA_ACTIONAUTO_ORDER_SUPPLIER_RECEIVE',1,'1','chaine',0,'','2017-02-01 14:48:55'),(5909,'MAIN_AGENDA_ACTIONAUTO_ORDER_SUPPLIER_SUBMIT',1,'1','chaine',0,'','2017-02-01 14:48:55'),(5910,'MAIN_AGENDA_ACTIONAUTO_ORDER_SUPPLIER_REFUSE',1,'1','chaine',0,'','2017-02-01 14:48:55'),(5911,'MAIN_AGENDA_ACTIONAUTO_ORDER_SUPPLIER_CLASSIFY_BILLED',1,'1','chaine',0,'','2017-02-01 14:48:55'),(5912,'MAIN_AGENDA_ACTIONAUTO_ORDER_SUPPLIER_SENTBYMAIL',1,'1','chaine',0,'','2017-02-01 14:48:55'),(5913,'MAIN_AGENDA_ACTIONAUTO_BILL_SUPPLIER_UNVALIDATE',1,'1','chaine',0,'','2017-02-01 14:48:55'),(5914,'MAIN_AGENDA_ACTIONAUTO_BILL_SUPPLIER_VALIDATE',1,'1','chaine',0,'','2017-02-01 14:48:55'),(5915,'MAIN_AGENDA_ACTIONAUTO_BILL_SUPPLIER_PAYED',1,'1','chaine',0,'','2017-02-01 14:48:55'),(5916,'MAIN_AGENDA_ACTIONAUTO_BILL_SUPPLIER_SENTBYMAIL',1,'1','chaine',0,'','2017-02-01 14:48:55'),(5917,'MAIN_AGENDA_ACTIONAUTO_BILL_SUPPLIER_CANCELED',1,'1','chaine',0,'','2017-02-01 14:48:55'),(5918,'MAIN_AGENDA_ACTIONAUTO_CONTRACT_VALIDATE',1,'1','chaine',0,'','2017-02-01 14:48:55'),(5919,'MAIN_AGENDA_ACTIONAUTO_FICHINTER_REOPEN',1,'1','chaine',0,'','2017-02-01 14:48:55'),(5920,'MAIN_AGENDA_ACTIONAUTO_FICHINTER_SENTBYMAIL',1,'1','chaine',0,'','2017-02-01 14:48:55'),(5921,'MAIN_AGENDA_ACTIONAUTO_FICHINTER_VALIDATE',1,'1','chaine',0,'','2017-02-01 14:48:55'),(5922,'MAIN_AGENDA_ACTIONAUTO_SHIPPING_VALIDATE',1,'1','chaine',0,'','2017-02-01 14:48:55'),(5923,'MAIN_AGENDA_ACTIONAUTO_SHIPPING_SENTBYMAIL',1,'1','chaine',0,'','2017-02-01 14:48:55'),(5924,'MAIN_AGENDA_ACTIONAUTO_MEMBER_VALIDATE',1,'1','chaine',0,'','2017-02-01 14:48:55'),(5925,'MAIN_AGENDA_ACTIONAUTO_MEMBER_SUBSCRIPTION',1,'1','chaine',0,'','2017-02-01 14:48:55'),(5926,'MAIN_AGENDA_ACTIONAUTO_MEMBER_MODIFY',1,'1','chaine',0,'','2017-02-01 14:48:55'),(5927,'MAIN_AGENDA_ACTIONAUTO_MEMBER_RESILIATE',1,'1','chaine',0,'','2017-02-01 14:48:55'),(5928,'MAIN_AGENDA_ACTIONAUTO_MEMBER_DELETE',1,'1','chaine',0,'','2017-02-01 14:48:55'),(5929,'MAIN_AGENDA_ACTIONAUTO_PROJECT_CREATE',1,'1','chaine',0,'','2017-02-01 14:48:55'),(5930,'MAIN_AGENDA_ACTIONAUTO_PROJECT_DELETE',1,'1','chaine',0,'','2017-02-01 14:48:55'),(5931,'DATABASE_PWD_ENCRYPTED',1,'1','chaine',0,'','2017-02-01 15:06:04'),(5932,'MAIN_DISABLE_ALL_MAILS',1,'0','chaine',0,'','2017-02-01 15:09:09'),(5933,'MAIN_MAIL_SENDMODE',1,'mail','chaine',0,'','2017-02-01 15:09:09'),(5934,'MAIN_MAIL_SMTP_PORT',1,'465','chaine',0,'','2017-02-01 15:09:09'),(5935,'MAIN_MAIL_SMTP_SERVER',1,'smtp.mail.com','chaine',0,'','2017-02-01 15:09:09'),(5936,'MAIN_MAIL_SMTPS_ID',1,'eldy10@mail.com','chaine',0,'','2017-02-01 15:09:09'),(5937,'MAIN_MAIL_SMTPS_PW',1,'bidonge','chaine',0,'','2017-02-01 15:09:09'),(5938,'MAIN_MAIL_EMAIL_FROM',1,'robot@example.com','chaine',0,'','2017-02-01 15:09:09'),(5939,'MAIN_MAIL_DEFAULT_FROMTYPE',1,'user','chaine',0,'','2017-02-01 15:09:09'),(5940,'PRELEVEMENT_ID_BANKACCOUNT',1,'1','chaine',0,'','2017-02-06 04:04:47'),(5941,'PRELEVEMENT_ICS',1,'ICS123456','chaine',0,'','2017-02-06 04:04:47'),(5942,'PRELEVEMENT_USER',1,'1','chaine',0,'','2017-02-06 04:04:47'),(5943,'BANKADDON_PDF',1,'sepamandate','chaine',0,'','2017-02-06 04:13:52'),(5947,'CHEQUERECEIPTS_THYME_MASK',1,'CHK{yy}{mm}-{0000@1}','chaine',0,'','2017-02-06 04:16:27'),(5948,'MAIN_MODULE_LOAN',1,'1',NULL,0,NULL,'2017-02-06 19:19:05'),(5954,'MAIN_SUBMODULE_EXPEDITION',1,'1','chaine',0,'','2017-02-06 23:57:37'),(5963,'MAIN_MODULE_BANQUE',1,'1',NULL,0,NULL,'2017-02-07 18:56:12'),(5964,'MAIN_MODULE_TAX',1,'1',NULL,0,NULL,'2017-02-07 18:56:12'),(5995,'MAIN_MODULE_SOCIETE',1,'1',NULL,0,NULL,'2017-02-12 19:15:56'),(5996,'CABINETMED_RHEUMATOLOGY_ON',1,'0','texte',0,'','2017-02-12 19:20:04'),(5999,'MAIN_SEARCHFORM_SOCIETE',1,'1','texte',0,'','2017-02-12 19:20:04'),(6000,'CABINETMED_BANK_PATIENT_REQUIRED',1,'0','texte',0,'','2017-02-12 19:20:04'),(6004,'MAIN_MODULE_MULTICOMPANY_CSS',1,'[\"\\/multicompany\\/css\\/multicompany.css.php\"]','chaine',0,NULL,'2017-02-15 17:17:11'),(6019,'MAIN_INFO_SOCIETE_COUNTRY',2,'1:FR:France','chaine',0,'','2017-02-15 17:18:22'),(6020,'MAIN_INFO_SOCIETE_NOM',2,'MySecondCompany','chaine',0,'','2017-02-15 17:18:22'),(6021,'MAIN_INFO_SOCIETE_STATE',2,'0','chaine',0,'','2017-02-15 17:18:22'),(6022,'MAIN_MONNAIE',2,'EUR','chaine',0,'','2017-02-15 17:18:22'),(6023,'MAIN_LANG_DEFAULT',2,'auto','chaine',0,'','2017-02-15 17:18:22'),(6024,'MAIN_INFO_SOCIETE_COUNTRY',1,'14:CA:Canada','chaine',0,'','2017-02-15 17:18:41'),(6025,'MAIN_INFO_SOCIETE_NOM',1,'MyBigCompany','chaine',0,'','2017-02-15 17:18:41'),(6026,'MAIN_INFO_SOCIETE_ADDRESS',1,'21 Jump street','chaine',0,'','2017-02-15 17:18:41'),(6027,'MAIN_INFO_SOCIETE_TOWN',1,'MyTown','chaine',0,'','2017-02-15 17:18:41'),(6028,'MAIN_INFO_SOCIETE_ZIP',1,'75500','chaine',0,'','2017-02-15 17:18:41'),(6029,'MAIN_INFO_SOCIETE_STATE',1,'1514','chaine',0,'','2017-02-15 17:18:41'),(6030,'MAIN_MONNAIE',1,'EUR','chaine',0,'','2017-02-15 17:18:41'),(6031,'MAIN_LANG_DEFAULT',1,'auto','chaine',0,'','2017-02-15 17:18:41'),(6032,'MAIN_MODULE_MULTICURRENCY',1,'1',NULL,0,NULL,'2017-02-15 17:29:59'),(6047,'MAIN_MODULE_SYSLOG',0,'1',NULL,0,NULL,'2017-02-15 22:36:58'),(6048,'SYSLOG_FACILITY',0,'LOG_USER','chaine',0,'','2017-02-15 22:37:01'),(6049,'SYSLOG_FIREPHP_INCLUDEPATH',0,'/home/ldestailleur/git/dolibarr_5.0/htdocs/includes/firephp/firephp-core/lib/','chaine',0,'','2017-02-15 22:37:01'),(6050,'SYSLOG_FILE',0,'DOL_DATA_ROOT/dolibarr.log','chaine',0,'','2017-02-15 22:37:01'),(6051,'SYSLOG_CHROMEPHP_INCLUDEPATH',0,'/home/ldestailleur/git/dolibarr_5.0/htdocs/includes/ccampbell/chromephp/','chaine',0,'','2017-02-15 22:37:01'),(6052,'SYSLOG_HANDLERS',0,'[\"mod_syslog_file\"]','chaine',0,'','2017-02-15 22:37:01'),(6054,'SYSLOG_LEVEL',0,'7','chaine',0,'','2017-02-15 22:37:21'),(6074,'CABINETMED_DELAY_TO_LOCK_RECORD',1,'','chaine',1,'Number of days before locking edit of consultation','2017-02-21 00:04:15'),(6092,'MAIN_SIZE_SHORTLIST_LIMIT',0,'3','chaine',0,'Max length for small lists (tabs)','2017-05-12 09:02:38'),(6094,'MAIN_MODULE_BARCODE',1,'1',NULL,0,NULL,'2017-05-12 09:02:42'),(6095,'MAIN_MODULE_CRON',1,'1',NULL,0,NULL,'2017-05-12 09:02:42'),(6096,'MAIN_MODULE_FACTURE',1,'1',NULL,0,NULL,'2017-05-12 09:02:42'),(6097,'MAIN_VERSION_LAST_UPGRADE',0,'5.0.3','chaine',0,'Dolibarr version for last upgrade','2017-05-12 09:02:43'),(6099,'MAIN_MODULE_SKYPE',1,'1',NULL,0,NULL,'2017-05-12 09:03:51'),(6100,'MAIN_MODULE_GRAVATAR',1,'1',NULL,0,NULL,'2017-05-12 09:03:54'),(6101,'MAIN_MODULE_ACCOUNTING',1,'1',NULL,0,NULL,'2017-05-12 09:14:30');

--
-- Table structure for table `llx_contrat`
--

CREATE TABLE `llx_contrat` (
  `rowid` int(11) NOT NULL AUTO_INCREMENT,
  `ref` varchar(30) DEFAULT NULL,
  `ref_ext` varchar(30) DEFAULT NULL,
  `ref_supplier` varchar(30) DEFAULT NULL,
  `entity` int(11) NOT NULL DEFAULT '1',
  `tms` timestamp NOT NULL DEFAULT CURRENT_TIMESTAMP ON UPDATE CURRENT_TIMESTAMP,
  `datec` datetime DEFAULT NULL,
  `date_contrat` datetime DEFAULT NULL,
  `statut` smallint(6) DEFAULT '0',
  `mise_en_service` datetime DEFAULT NULL,
  `fin_validite` datetime DEFAULT NULL,
  `date_cloture` datetime DEFAULT NULL,
  `fk_soc` int(11) NOT NULL,
  `fk_projet` int(11) DEFAULT NULL,
  `fk_commercial_signature` int(11) DEFAULT NULL,
  `fk_commercial_suivi` int(11) DEFAULT NULL,
  `fk_user_author` int(11) NOT NULL DEFAULT '0',
  `fk_user_mise_en_service` int(11) DEFAULT NULL,
  `fk_user_cloture` int(11) DEFAULT NULL,
  `note_private` text,
  `note_public` text,
  `model_pdf` varchar(255) DEFAULT NULL,
  `import_key` varchar(14) DEFAULT NULL,
  `extraparams` varchar(255) DEFAULT NULL,
  `ref_customer` varchar(30) DEFAULT NULL,
  `fk_user_modif` int(11) DEFAULT NULL,
  PRIMARY KEY (`rowid`),
  UNIQUE KEY `uk_contrat_ref` (`ref`,`entity`),
  KEY `idx_contrat_fk_soc` (`fk_soc`),
  KEY `idx_contrat_fk_user_author` (`fk_user_author`),
  CONSTRAINT `fk_contrat_fk_soc` FOREIGN KEY (`fk_soc`) REFERENCES `llx_societe` (`rowid`),
  CONSTRAINT `fk_contrat_user_author` FOREIGN KEY (`fk_user_author`) REFERENCES `llx_user` (`rowid`)
) ENGINE=InnoDB AUTO_INCREMENT=4 DEFAULT CHARSET=utf8;

--
-- Dumping data for table `llx_contrat`
--

INSERT INTO `llx_contrat` VALUES (1,'CONTRACT1',NULL,NULL,1,'2010-07-08 23:53:55','2010-07-09 01:53:25','2010-07-09 00:00:00',1,NULL,NULL,NULL,3,NULL,2,2,1,NULL,NULL,NULL,NULL,NULL,NULL,NULL,NULL,NULL),(2,'CONTRAT1',NULL,NULL,1,'2010-07-10 16:18:16','2010-07-10 18:13:37','2010-07-10 00:00:00',1,NULL,NULL,NULL,2,NULL,2,2,1,NULL,NULL,NULL,NULL,NULL,NULL,NULL,NULL,NULL),(3,'CT1303-0001',NULL,NULL,1,'2013-03-06 09:05:07','2013-03-06 10:04:57','2013-03-06 00:00:00',1,NULL,NULL,NULL,19,NULL,1,1,1,NULL,NULL,NULL,NULL,NULL,NULL,NULL,NULL,NULL);

--
-- Table structure for table `llx_contrat_extrafields`
--

CREATE TABLE `llx_contrat_extrafields` (
  `rowid` int(11) NOT NULL AUTO_INCREMENT,
  `tms` timestamp NOT NULL DEFAULT CURRENT_TIMESTAMP ON UPDATE CURRENT_TIMESTAMP,
  `fk_object` int(11) NOT NULL,
  `import_key` varchar(14) DEFAULT NULL,
  PRIMARY KEY (`rowid`),
  KEY `idx_contrat_extrafields` (`fk_object`)
) ENGINE=InnoDB DEFAULT CHARSET=utf8;

--
-- Dumping data for table `llx_contrat_extrafields`
--


--
-- Table structure for table `llx_contratdet`
--

CREATE TABLE `llx_contratdet` (
  `rowid` int(11) NOT NULL AUTO_INCREMENT,
  `tms` timestamp NOT NULL DEFAULT CURRENT_TIMESTAMP ON UPDATE CURRENT_TIMESTAMP,
  `fk_contrat` int(11) NOT NULL,
  `fk_product` int(11) DEFAULT NULL,
  `statut` smallint(6) DEFAULT '0',
  `label` text,
  `description` text,
  `fk_remise_except` int(11) DEFAULT NULL,
  `date_commande` datetime DEFAULT NULL,
  `date_ouverture_prevue` datetime DEFAULT NULL,
  `date_ouverture` datetime DEFAULT NULL,
  `date_fin_validite` datetime DEFAULT NULL,
  `date_cloture` datetime DEFAULT NULL,
  `tva_tx` double(6,3) DEFAULT '0.000',
  `vat_src_code` varchar(10) DEFAULT '',
  `localtax1_tx` double(6,3) DEFAULT '0.000',
  `localtax1_type` varchar(10) NOT NULL DEFAULT '0',
  `localtax2_tx` double(6,3) DEFAULT '0.000',
  `localtax2_type` varchar(10) NOT NULL DEFAULT '0',
  `qty` double NOT NULL,
  `remise_percent` double DEFAULT '0',
  `subprice` double(24,8) DEFAULT '0.00000000',
  `price_ht` double DEFAULT NULL,
  `remise` double DEFAULT '0',
  `total_ht` double(24,8) DEFAULT '0.00000000',
  `total_tva` double(24,8) DEFAULT '0.00000000',
  `total_localtax1` double(24,8) DEFAULT '0.00000000',
  `total_localtax2` double(24,8) DEFAULT '0.00000000',
  `total_ttc` double(24,8) DEFAULT '0.00000000',
  `product_type` int(11) DEFAULT '1',
  `info_bits` int(11) DEFAULT '0',
  `fk_product_fournisseur_price` int(11) DEFAULT NULL,
  `buy_price_ht` double(24,8) DEFAULT '0.00000000',
  `fk_user_author` int(11) NOT NULL DEFAULT '0',
  `fk_user_ouverture` int(11) DEFAULT NULL,
  `fk_user_cloture` int(11) DEFAULT NULL,
  `commentaire` text,
  `fk_unit` int(11) DEFAULT NULL,
  `fk_multicurrency` int(11) DEFAULT NULL,
  `multicurrency_code` varchar(255) DEFAULT NULL,
  `multicurrency_subprice` double(24,8) DEFAULT '0.00000000',
  `multicurrency_total_ht` double(24,8) DEFAULT '0.00000000',
  `multicurrency_total_tva` double(24,8) DEFAULT '0.00000000',
  `multicurrency_total_ttc` double(24,8) DEFAULT '0.00000000',
  PRIMARY KEY (`rowid`),
  KEY `idx_contratdet_fk_contrat` (`fk_contrat`),
  KEY `idx_contratdet_fk_product` (`fk_product`),
  KEY `idx_contratdet_date_ouverture_prevue` (`date_ouverture_prevue`),
  KEY `idx_contratdet_date_ouverture` (`date_ouverture`),
  KEY `idx_contratdet_date_fin_validite` (`date_fin_validite`),
  KEY `fk_contratdet_fk_unit` (`fk_unit`),
  CONSTRAINT `fk_contratdet_fk_contrat` FOREIGN KEY (`fk_contrat`) REFERENCES `llx_contrat` (`rowid`),
  CONSTRAINT `fk_contratdet_fk_product` FOREIGN KEY (`fk_product`) REFERENCES `llx_product` (`rowid`),
  CONSTRAINT `fk_contratdet_fk_unit` FOREIGN KEY (`fk_unit`) REFERENCES `llx_c_units` (`rowid`)
) ENGINE=InnoDB AUTO_INCREMENT=6 DEFAULT CHARSET=utf8;

--
-- Dumping data for table `llx_contratdet`
--

INSERT INTO `llx_contratdet` VALUES (1,'2013-03-06 09:00:00',1,3,4,'','',NULL,NULL,'2010-07-09 00:00:00','2010-07-09 12:00:00','2013-03-15 00:00:00',NULL,0.000,'',0.000,'',0.000,'',1,0,0.00000000,0,NULL,0.00000000,0.00000000,0.00000000,0.00000000,0.00000000,1,0,0,0.00000000,0,1,1,'',NULL,NULL,NULL,0.00000000,0.00000000,0.00000000,0.00000000),(2,'2010-07-10 16:14:14',2,NULL,0,'','Abonnement annuel assurance',NULL,NULL,'2010-07-10 00:00:00',NULL,'2011-07-10 00:00:00',NULL,1.000,'',0.000,'',0.000,'',1,0,10.00000000,10,0,10.00000000,0.10000000,0.00000000,0.00000000,10.10000000,1,0,NULL,0.00000000,0,NULL,NULL,NULL,NULL,NULL,NULL,0.00000000,0.00000000,0.00000000,0.00000000),(3,'2013-03-05 10:20:58',2,3,5,'','gdfg',NULL,NULL,'2010-07-10 00:00:00','2010-07-10 12:00:00','2011-07-09 00:00:00','2013-03-06 12:00:00',4.000,'',0.000,'',0.000,'',1,0,0.00000000,0,NULL,0.00000000,0.00000000,0.00000000,0.00000000,0.00000000,1,0,0,0.00000000,0,1,1,'',NULL,NULL,NULL,0.00000000,0.00000000,0.00000000,0.00000000),(4,'2012-12-08 13:11:17',2,3,0,'','',NULL,NULL,'2010-07-10 00:00:00',NULL,NULL,NULL,0.000,'',0.000,'',0.000,'',1,10,40.00000000,40,NULL,36.00000000,0.00000000,0.00000000,0.00000000,36.00000000,1,0,NULL,0.00000000,0,NULL,1,'',NULL,NULL,NULL,0.00000000,0.00000000,0.00000000,0.00000000),(5,'2013-03-06 09:05:40',3,NULL,4,'','gfdg',NULL,NULL,NULL,'2013-03-06 12:00:00','2013-03-07 12:00:00',NULL,0.000,'',0.000,'',0.000,'',1,0,10.00000000,10,NULL,10.00000000,0.00000000,0.00000000,0.00000000,10.00000000,1,0,0,0.00000000,0,1,1,'',NULL,NULL,NULL,0.00000000,0.00000000,0.00000000,0.00000000);

--
-- Table structure for table `llx_contratdet_extrafields`
--

CREATE TABLE `llx_contratdet_extrafields` (
  `rowid` int(11) NOT NULL AUTO_INCREMENT,
  `tms` timestamp NOT NULL DEFAULT CURRENT_TIMESTAMP ON UPDATE CURRENT_TIMESTAMP,
  `fk_object` int(11) NOT NULL,
  `import_key` varchar(14) DEFAULT NULL,
  PRIMARY KEY (`rowid`),
  KEY `idx_contratdet_extrafields` (`fk_object`)
) ENGINE=InnoDB DEFAULT CHARSET=utf8;

--
-- Dumping data for table `llx_contratdet_extrafields`
--


--
-- Table structure for table `llx_contratdet_log`
--

CREATE TABLE `llx_contratdet_log` (
  `rowid` int(11) NOT NULL AUTO_INCREMENT,
  `tms` timestamp NOT NULL DEFAULT CURRENT_TIMESTAMP ON UPDATE CURRENT_TIMESTAMP,
  `fk_contratdet` int(11) NOT NULL,
  `date` datetime NOT NULL,
  `statut` smallint(6) NOT NULL,
  `fk_user_author` int(11) NOT NULL,
  `commentaire` text,
  PRIMARY KEY (`rowid`),
  KEY `idx_contratdet_log_fk_contratdet` (`fk_contratdet`),
  KEY `idx_contratdet_log_date` (`date`),
  CONSTRAINT `fk_contratdet_log_fk_contratdet` FOREIGN KEY (`fk_contratdet`) REFERENCES `llx_contratdet` (`rowid`)
) ENGINE=InnoDB DEFAULT CHARSET=utf8;

--
-- Dumping data for table `llx_contratdet_log`
--


--
-- Table structure for table `llx_cotisation`
--

CREATE TABLE `llx_cotisation` (
  `rowid` int(11) NOT NULL AUTO_INCREMENT,
  `tms` timestamp NOT NULL DEFAULT CURRENT_TIMESTAMP ON UPDATE CURRENT_TIMESTAMP,
  `datec` datetime DEFAULT NULL,
  `fk_adherent` int(11) DEFAULT NULL,
  `dateadh` datetime DEFAULT NULL,
  `datef` date DEFAULT NULL,
  `cotisation` double DEFAULT NULL,
  `fk_bank` int(11) DEFAULT NULL,
  `note` text,
  PRIMARY KEY (`rowid`),
  UNIQUE KEY `uk_cotisation` (`fk_adherent`,`dateadh`)
) ENGINE=InnoDB AUTO_INCREMENT=11 DEFAULT CHARSET=utf8;

--
-- Dumping data for table `llx_cotisation`
--

INSERT INTO `llx_cotisation` VALUES (1,'2010-07-10 13:05:30','2010-07-10 15:05:30',2,'2010-07-10 00:00:00','2011-07-10',20,NULL,'Adhésion/cotisation 2010'),(2,'2010-07-11 14:20:00','2010-07-11 16:20:00',2,'2011-07-11 00:00:00','2012-07-10',10,NULL,'Adhésion/cotisation 2011'),(3,'2010-07-18 10:20:33','2010-07-18 12:20:33',2,'2012-07-11 00:00:00','2013-07-17',10,NULL,'Adhésion/cotisation 2012'),(4,'2013-03-06 15:43:37','2013-03-06 16:43:37',2,'2013-07-18 00:00:00','2014-07-17',10,NULL,'Adhésion/cotisation 2013'),(5,'2013-03-06 15:44:12','2013-03-06 16:44:12',2,'2014-07-18 00:00:00','2015-07-17',11,NULL,'Adhésion/cotisation 2014'),(6,'2013-03-06 15:47:48','2013-03-06 16:47:48',2,'2015-07-18 00:00:00','2016-07-17',10,NULL,'Adhésion/cotisation 2015'),(7,'2013-03-06 15:48:16','2013-03-06 16:48:16',2,'2016-07-18 00:00:00','2017-07-17',20,22,'Adhésion/cotisation 2016'),(8,'2013-03-20 13:17:57','2013-03-20 14:17:57',1,'2010-07-10 00:00:00','2011-07-09',10,NULL,'Adhésion/cotisation 2010'),(10,'2013-03-20 13:30:11','2013-03-20 14:30:11',1,'2011-07-10 00:00:00','2012-07-09',10,23,'Adhésion/cotisation 2011');

--
-- Table structure for table `llx_cronjob`
--

CREATE TABLE `llx_cronjob` (
  `rowid` int(11) NOT NULL AUTO_INCREMENT,
  `tms` timestamp NOT NULL DEFAULT CURRENT_TIMESTAMP ON UPDATE CURRENT_TIMESTAMP,
  `datec` datetime DEFAULT NULL,
  `jobtype` varchar(10) NOT NULL,
  `label` text NOT NULL,
  `command` varchar(255) DEFAULT NULL,
  `classesname` varchar(255) DEFAULT NULL,
  `objectname` varchar(255) DEFAULT NULL,
  `methodename` varchar(255) DEFAULT NULL,
  `params` text,
  `md5params` varchar(32) DEFAULT NULL,
  `module_name` varchar(255) DEFAULT NULL,
  `priority` int(11) DEFAULT '0',
  `datelastrun` datetime DEFAULT NULL,
  `datenextrun` datetime DEFAULT NULL,
  `datestart` datetime DEFAULT NULL,
  `dateend` datetime DEFAULT NULL,
  `datelastresult` datetime DEFAULT NULL,
  `lastresult` text,
  `lastoutput` text,
  `unitfrequency` varchar(255) NOT NULL DEFAULT '3600',
  `frequency` int(11) NOT NULL DEFAULT '0',
  `nbrun` int(11) DEFAULT NULL,
  `status` int(11) NOT NULL DEFAULT '1',
  `fk_user_author` int(11) DEFAULT NULL,
  `fk_user_mod` int(11) DEFAULT NULL,
  `note` text,
  `libname` varchar(255) DEFAULT NULL,
  `entity` int(11) DEFAULT '0',
  `maxrun` int(11) NOT NULL DEFAULT '0',
  `autodelete` int(11) DEFAULT '0',
  `fk_mailing` int(11) DEFAULT NULL,
  `test` varchar(255) DEFAULT '1',
  PRIMARY KEY (`rowid`)
) ENGINE=InnoDB AUTO_INCREMENT=22 DEFAULT CHARSET=utf8;

--
-- Dumping data for table `llx_cronjob`
--

INSERT INTO `llx_cronjob` VALUES (1,'2013-03-23 18:18:39','2013-03-23 19:18:39','command','aaa','aaaa','','','','','','',0,NULL,NULL,'2013-03-23 19:18:00',NULL,NULL,NULL,NULL,'3600',3600,0,0,1,1,'',NULL,0,0,0,NULL,'1'),(19,'2017-05-12 09:02:42','2017-05-12 13:02:42','method','PurgeDeleteTemporaryFilesShort',NULL,'core/class/utils.class.php','Utils','purgeFiles',NULL,NULL,'cron',10,NULL,NULL,'2017-05-12 13:02:42',NULL,NULL,NULL,NULL,'604800',2,NULL,1,NULL,NULL,'PurgeDeleteTemporaryFiles',NULL,1,0,0,NULL,'1'),(20,'2017-05-12 09:02:42','2017-05-12 13:02:42','method','MakeLocalDatabaseDumpShort',NULL,'core/class/utils.class.php','Utils','dumpDatabase','none,auto,1,auto,10',NULL,'cron',20,NULL,NULL,'2017-05-12 13:02:42',NULL,NULL,NULL,NULL,'604800',1,NULL,0,NULL,NULL,'MakeLocalDatabaseDump',NULL,1,0,0,NULL,'1'),(21,'2017-05-12 09:02:42','2017-05-12 13:02:42','method','RecurringInvoices',NULL,'compta/facture/class/facture-rec.class.php','FactureRec','createRecurringInvoices',NULL,NULL,'facture',0,NULL,NULL,'2017-05-12 13:02:42',NULL,NULL,NULL,NULL,'86400',1,NULL,1,NULL,NULL,'Generate recurring invoices',NULL,1,0,0,NULL,'');

--
-- Table structure for table `llx_deplacement`
--

CREATE TABLE `llx_deplacement` (
  `rowid` int(11) NOT NULL AUTO_INCREMENT,
  `ref` varchar(30) DEFAULT NULL,
  `entity` int(11) NOT NULL DEFAULT '1',
  `datec` datetime NOT NULL,
  `tms` timestamp NOT NULL DEFAULT CURRENT_TIMESTAMP ON UPDATE CURRENT_TIMESTAMP,
  `dated` datetime DEFAULT NULL,
  `fk_user` int(11) NOT NULL,
  `fk_user_author` int(11) DEFAULT NULL,
  `fk_user_modif` int(11) DEFAULT NULL,
  `type` varchar(12) NOT NULL,
  `fk_statut` int(11) NOT NULL DEFAULT '1',
  `km` double DEFAULT NULL,
  `fk_soc` int(11) DEFAULT NULL,
  `fk_projet` int(11) DEFAULT '0',
  `note_private` text,
  `note_public` text,
  `extraparams` varchar(255) DEFAULT NULL,
  PRIMARY KEY (`rowid`)
) ENGINE=InnoDB AUTO_INCREMENT=2 DEFAULT CHARSET=utf8;

--
-- Dumping data for table `llx_deplacement`
--

INSERT INTO `llx_deplacement` VALUES (1,NULL,1,'2010-07-09 01:58:04','2010-07-08 23:58:18','2010-07-09 12:00:00',2,1,NULL,'TF_LUNCH',1,10,2,1,NULL,NULL,NULL);

--
-- Table structure for table `llx_document_model`
--

CREATE TABLE `llx_document_model` (
  `rowid` int(11) NOT NULL AUTO_INCREMENT,
  `nom` varchar(50) DEFAULT NULL,
  `entity` int(11) NOT NULL DEFAULT '1',
  `type` varchar(20) NOT NULL,
  `libelle` varchar(255) DEFAULT NULL,
  `description` text,
  PRIMARY KEY (`rowid`),
  UNIQUE KEY `uk_document_model` (`nom`,`type`,`entity`)
) ENGINE=InnoDB AUTO_INCREMENT=286 DEFAULT CHARSET=utf8;

--
-- Dumping data for table `llx_document_model`
--

INSERT INTO `llx_document_model` VALUES (9,'merou',1,'shipping',NULL,NULL),(15,'fsfe.fr.php',1,'donation',NULL,NULL),(181,'generic_invoice_odt',1,'invoice','ODT templates','FACTURE_ADDON_PDF_ODT_PATH'),(193,'canelle2',1,'invoice_supplier','canelle2',NULL),(195,'canelle',1,'invoice_supplier','canelle',NULL),(198,'azur',2,'propal',NULL,NULL),(199,'html_cerfafr',2,'donation',NULL,NULL),(200,'crabe',2,'invoice',NULL,NULL),(201,'generic_odt',1,'company','ODT templates','COMPANY_ADDON_PDF_ODT_PATH'),(250,'baleine',1,'project',NULL,NULL),(255,'soleil',1,'ficheinter',NULL,NULL),(256,'azur',1,'propal',NULL,NULL),(270,'aurore',1,'supplier_proposal',NULL,NULL),(272,'html_cerfafr',1,'donation',NULL,NULL),(273,'beluga',1,'project','beluga',NULL),(274,'rouget',1,'shipping',NULL,NULL),(275,'typhon',1,'delivery',NULL,NULL),(276,'einstein',1,'order',NULL,NULL),(277,'muscadet',1,'order_supplier',NULL,NULL),(278,'standard',1,'expensereport',NULL,NULL),(281,'sepamandate',1,'bankaccount','sepamandate',NULL),(285,'crabe',1,'invoice',NULL,NULL);

--
-- Table structure for table `llx_dolireport_column`
--

CREATE TABLE `llx_dolireport_column` (
  `rowid` int(11) NOT NULL AUTO_INCREMENT,
  `datec` datetime DEFAULT NULL,
  `name` varchar(255) DEFAULT NULL,
  `column_display` tinyint(1) DEFAULT NULL,
  `pdf_column_start` varchar(10) DEFAULT NULL,
  `justification` enum('left','right','center') DEFAULT NULL,
  `pdf_column_width` varchar(10) DEFAULT NULL,
  `html_column_width` varchar(10) DEFAULT NULL,
  `column_title` varchar(255) DEFAULT NULL,
  `group_header_label` varchar(255) DEFAULT NULL,
  `group_header_label_start` varchar(10) DEFAULT NULL,
  `group_header_value_start` varchar(10) DEFAULT NULL,
  `group_trailer_label` varchar(255) DEFAULT NULL,
  `fk_report` int(11) NOT NULL,
  `fk_user_author` int(11) DEFAULT NULL,
  `rang` int(11) NOT NULL DEFAULT '0',
  `import_key` varchar(14) DEFAULT NULL,
  PRIMARY KEY (`rowid`)
) ENGINE=InnoDB DEFAULT CHARSET=utf8;

--
-- Dumping data for table `llx_dolireport_column`
--

INSERT INTO `llx_dolireport_column` VALUES (-8,'2016-09-01 00:00:00','CAST(sum(charges.amount) AS DECIMAL(10,2))',1,'','left','','','montant','','','','',-4,NULL,3,NULL),(-7,'2016-09-01 00:00:00','DATE_FORMAT(charges.date_ech, &#39;%Y-%m&#39;)',1,'','left','','','Mois','','','','',-4,NULL,2,NULL),(-6,'2016-09-01 00:00:00','CAST(SUM(factures.total) AS DECIMAL(10,2))',1,'','left','','','CA','','','','',-3,NULL,3,NULL),(-5,'2016-09-01 00:00:00','societe.nom',1,'','left','','','Nom','','','','',-3,NULL,2,NULL),(-4,'2016-09-01 00:00:00','DATE_FORMAT(factures.datef, &#39;%Y-%m&#39;)',1,'','left','','','Mois','','','','',-2,NULL,3,NULL),(-3,'2016-09-01 00:00:00','CAST(SUM(factures.total_ht) AS DECIMAL(10,2))',1,'','left','','','Total_ht','','','','',-2,NULL,2,NULL),(-2,'2016-09-01 00:00:00','DATE_FORMAT(factures.datef, &#39;%Y-%m&#39;)',1,'','left','','','Mois','','','','',-1,NULL,3,NULL),(-1,'2016-09-01 00:00:00','CAST(SUM(factures.total) AS DECIMAL(10,2))',1,'','left','','','Total_ht','','','','',-1,NULL,2,NULL);

--
-- Table structure for table `llx_dolireport_criteria`
--

CREATE TABLE `llx_dolireport_criteria` (
  `rowid` int(11) NOT NULL AUTO_INCREMENT,
  `datec` datetime DEFAULT NULL,
  `name` varchar(255) DEFAULT NULL,
  `query_column_name` varchar(255) DEFAULT NULL,
  `criteria_type` varchar(10) DEFAULT NULL,
  `defaults` varchar(255) DEFAULT NULL,
  `list_values` varchar(255) DEFAULT NULL,
  `current_value` varchar(255) DEFAULT NULL,
  `status` tinyint(1) DEFAULT NULL,
  `fk_report` int(11) NOT NULL,
  `fk_user_author` int(11) DEFAULT NULL,
  `import_key` varchar(14) DEFAULT NULL,
  PRIMARY KEY (`rowid`)
) ENGINE=InnoDB DEFAULT CHARSET=utf8;

--
-- Dumping data for table `llx_dolireport_criteria`
--

INSERT INTO `llx_dolireport_criteria` VALUES (-4,'2016-09-01 00:00:00','Intervalle de date (par défaut : exercice courant)','DATE_FORMAT(charges.date_ech, &#39;%Y-%m-%d&#39;)','DATERANGE','FISCALSTART-FISCALEND','','',1,-4,NULL,NULL),(-3,'2016-09-01 00:00:00','Intervalle de date (par défaut : exercice courant)','DATE_FORMAT(factures.datef, &#39;%Y-%m-%d&#39;)','DATERANGE','FISCALSTART-FISCALEND','','',1,-3,NULL,NULL),(-2,'2016-09-01 00:00:00','Intervalle de date (par défaut : exercice courant)','DATE_FORMAT(factures.datef, &#39;%Y-%m-%d&#39;)','DATERANGE','FISCALSTART-FISCALEND','','',1,-2,NULL,NULL),(-1,'2016-09-01 00:00:00','Intervalle de date (par défaut : exercice courant)','DATE_FORMAT(factures.datef, &#39;%Y-%m-%d&#39;)','DATERANGE','FISCALSTART-FISCALEND','','',1,-1,NULL,NULL);

--
-- Table structure for table `llx_dolireport_graph`
--

CREATE TABLE `llx_dolireport_graph` (
  `rowid` int(11) NOT NULL AUTO_INCREMENT,
  `datec` datetime DEFAULT NULL,
  `name` varchar(255) DEFAULT NULL,
  `status` tinyint(1) DEFAULT '1',
  `graph_title` varchar(255) DEFAULT NULL,
  `graph_width` varchar(255) DEFAULT NULL,
  `graph_height` varchar(255) DEFAULT NULL,
  `graph_width_pdf` varchar(255) DEFAULT NULL,
  `graph_height_pdf` varchar(255) DEFAULT NULL,
  `x_axis_title` varchar(255) DEFAULT NULL,
  `y_axis_title` varchar(255) DEFAULT NULL,
  `x_grid_style` varchar(255) DEFAULT NULL,
  `y_grid_style` varchar(255) DEFAULT NULL,
  `column_for_x_label` varchar(255) DEFAULT NULL,
  `x_tick_label_interval` varchar(255) DEFAULT NULL,
  `margin_color` varchar(255) DEFAULT NULL,
  `margin_left` varchar(255) DEFAULT NULL,
  `margin_right` varchar(255) DEFAULT NULL,
  `margin_top` varchar(255) DEFAULT NULL,
  `margin_bottom` varchar(255) DEFAULT NULL,
  `fk_report` int(11) NOT NULL,
  `fk_user_author` int(11) DEFAULT NULL,
  `import_key` varchar(14) DEFAULT NULL,
  PRIMARY KEY (`rowid`)
) ENGINE=InnoDB DEFAULT CHARSET=utf8;

--
-- Dumping data for table `llx_dolireport_graph`
--

INSERT INTO `llx_dolireport_graph` VALUES (-4,'2016-09-01 00:00:00','Charges sociales',1,'Charges sociales','','','','','','','none','major','Mois','','','','','','',-4,NULL,NULL),(-3,'2016-09-01 00:00:00','Top 10 clients',1,'Top clients (sur CA facturé)','','','','','','','none','none','Nom','','','','','','',-3,NULL,NULL),(-2,'2016-09-01 00:00:00','Achats fournisseurs',1,'Achats fournisseurs','','','','','','','none','none','Mois','','','','','','',-2,NULL,NULL),(-1,'2016-09-01 00:00:00','Factures clients',1,'Factures clients (sur CA facturé)','','','','','','','none','none','Mois','','','','','','',-1,NULL,NULL);

--
-- Table structure for table `llx_dolireport_plot`
--

CREATE TABLE `llx_dolireport_plot` (
  `rowid` int(11) NOT NULL AUTO_INCREMENT,
  `datec` datetime DEFAULT NULL,
  `name` varchar(255) DEFAULT NULL,
  `status` tinyint(1) DEFAULT '1',
  `column_to_plot` varchar(255) DEFAULT NULL,
  `plot_style` varchar(255) DEFAULT NULL,
  `line_color` varchar(255) DEFAULT NULL,
  `legend` varchar(255) DEFAULT NULL,
  `fk_graph` int(11) NOT NULL,
  `fk_user_author` int(11) DEFAULT NULL,
  `import_key` varchar(14) DEFAULT NULL,
  PRIMARY KEY (`rowid`)
) ENGINE=InnoDB DEFAULT CHARSET=utf8;

--
-- Dumping data for table `llx_dolireport_plot`
--

INSERT INTO `llx_dolireport_plot` VALUES (-4,'2016-09-01 00:00:00','Montant',1,'montant','BAR','','',-4,NULL,NULL),(-3,'2016-09-01 00:00:00','CA HT',1,'CA','BAR','','',-3,NULL,NULL),(-2,'2016-09-01 00:00:00','Total',1,'Total_ht','BAR','','',-2,NULL,NULL),(-1,'2016-09-01 00:00:00','Total',1,'Total_ht','BAR','','',-1,NULL,NULL);

--
-- Table structure for table `llx_dolireport_report`
--

CREATE TABLE `llx_dolireport_report` (
  `rowid` int(11) NOT NULL AUTO_INCREMENT,
  `datec` datetime DEFAULT NULL,
  `label` varchar(255) DEFAULT NULL,
  `description` text,
  `query` text,
  `pdf_page_size` enum('B5','A6','A5','A4','A3','A2','A1','US-Letter','US-Legal','US-Ledger') DEFAULT 'A4',
  `pdf_orientation` enum('Portrait','Landscape') DEFAULT 'Portrait',
  `pdf_top_margin` varchar(6) DEFAULT NULL,
  `pdf_bottom_margin` varchar(6) DEFAULT NULL,
  `pdf_right_margin` varchar(6) DEFAULT NULL,
  `pdf_left_margin` varchar(6) DEFAULT NULL,
  `pdf_font` varchar(255) DEFAULT NULL,
  `pdf_font_size` int(3) DEFAULT '12',
  `form_style_row_separator` enum('blankline','solidline','newpage') DEFAULT 'blankline',
  `display_grid` tinyint(1) DEFAULT '0',
  `sortable_columns_in_grid` tinyint(1) DEFAULT '1',
  `grids_with_search_box` tinyint(1) DEFAULT '1',
  `grids_with_paging` tinyint(1) DEFAULT '0',
  `grids_page_size` int(11) DEFAULT '10',
  `status` tinyint(1) DEFAULT '1',
  `visible` tinyint(1) DEFAULT '1',
  `fk_user_author` int(11) DEFAULT NULL,
  `import_key` varchar(14) DEFAULT NULL,
  PRIMARY KEY (`rowid`)
) ENGINE=InnoDB DEFAULT CHARSET=utf8;

--
-- Dumping data for table `llx_dolireport_report`
--

INSERT INTO `llx_dolireport_report` VALUES (-4,'2016-09-01 00:00:00','Dolireport: Charges sociales exercice','','FROM llx_chargesociales charges\r\nWHERE 1=1\r\nGROUP BY Mois\r\nORDER BY Mois ASC','A4','Portrait','','','','','helvetica',12,NULL,1,1,1,1,10,1,0,NULL,NULL),(-3,'2016-09-01 00:00:00','Dolireport: Top 10 clients exercice','','FROM llx_facture factures\r\nJOIN llx_societe societe ON societe.rowid = factures.fk_soc\r\nWHERE 1 = 1\r\nGROUP BY factures.fk_soc, Nom\r\nORDER BY CA DESC\r\nLIMIT 10','A4','Portrait','','','','','helvetica',12,NULL,1,1,1,1,10,1,0,NULL,NULL),(-2,'2016-09-01 00:00:00','Dolireport: Factures fournisseurs exercice','&Eacute;tend les statistiques fournisseur natives de Dolibarr en int&eacute;grant une gestion &eacute;tendue des intervalles de date.','FROM llx_facture_fourn factures\r\nWHERE fk_statut != 0\r\nGROUP BY Mois\r\nORDER BY Mois ASC','A4','Portrait','','','','','helvetica',12,NULL,1,1,1,1,10,1,0,NULL,NULL),(-1,'2016-09-01 00:00:00','Dolireport: CA facture client exercice','','FROM llx_facture factures\r\nWHERE 1 = 1\r\nGROUP BY Mois\r\nORDER BY Mois ASC','A4','Portrait','','','','','helvetica',12,NULL,1,1,1,1,10,1,0,NULL,NULL);

--
-- Table structure for table `llx_don`
--

CREATE TABLE `llx_don` (
  `rowid` int(11) NOT NULL AUTO_INCREMENT,
  `ref` varchar(30) DEFAULT NULL,
  `entity` int(11) NOT NULL DEFAULT '1',
  `tms` timestamp NOT NULL DEFAULT CURRENT_TIMESTAMP ON UPDATE CURRENT_TIMESTAMP,
  `fk_statut` smallint(6) NOT NULL DEFAULT '0',
  `datec` datetime DEFAULT NULL,
  `datedon` datetime DEFAULT NULL,
  `amount` double DEFAULT '0',
  `fk_payment` int(11) DEFAULT NULL,
  `paid` smallint(6) NOT NULL DEFAULT '0',
  `firstname` varchar(50) DEFAULT NULL,
  `lastname` varchar(50) DEFAULT NULL,
  `societe` varchar(50) DEFAULT NULL,
  `address` text,
  `zip` varchar(10) DEFAULT NULL,
  `town` varchar(50) DEFAULT NULL,
  `country` varchar(50) DEFAULT NULL,
  `fk_country` int(11) NOT NULL,
  `email` varchar(255) DEFAULT NULL,
  `phone` varchar(24) DEFAULT NULL,
  `phone_mobile` varchar(24) DEFAULT NULL,
  `public` smallint(6) NOT NULL DEFAULT '1',
  `fk_projet` int(11) DEFAULT NULL,
  `fk_user_author` int(11) NOT NULL,
  `fk_user_valid` int(11) DEFAULT NULL,
  `note_private` text,
  `note_public` text,
  `model_pdf` varchar(255) DEFAULT NULL,
  `import_key` varchar(14) DEFAULT NULL,
  `date_valid` datetime DEFAULT NULL,
  PRIMARY KEY (`rowid`)
) ENGINE=InnoDB AUTO_INCREMENT=3 DEFAULT CHARSET=utf8;

--
-- Dumping data for table `llx_don`
--

INSERT INTO `llx_don` VALUES (1,NULL,1,'2010-07-08 23:57:17',1,'2010-07-09 01:55:33','2010-07-09 12:00:00',10,1,0,'Donator','','Guest company','','','','France',0,'',NULL,NULL,1,1,1,1,'',NULL,'html_cerfafr',NULL,NULL),(2,NULL,1,'2017-02-06 04:05:29',0,'2017-02-06 08:05:29','2017-02-06 12:00:00',100,NULL,0,'','','','','','',NULL,0,'','','',1,NULL,12,NULL,NULL,NULL,NULL,NULL,NULL);

--
-- Table structure for table `llx_don_extrafields`
--

CREATE TABLE `llx_don_extrafields` (
  `rowid` int(11) NOT NULL AUTO_INCREMENT,
  `tms` timestamp NOT NULL DEFAULT CURRENT_TIMESTAMP ON UPDATE CURRENT_TIMESTAMP,
  `fk_object` int(11) NOT NULL,
  `import_key` varchar(14) DEFAULT NULL,
  PRIMARY KEY (`rowid`),
  KEY `idx_don_extrafields` (`fk_object`)
) ENGINE=InnoDB DEFAULT CHARSET=utf8;

--
-- Dumping data for table `llx_don_extrafields`
--


--
-- Table structure for table `llx_ecm_directories`
--

CREATE TABLE `llx_ecm_directories` (
  `rowid` int(11) NOT NULL AUTO_INCREMENT,
  `label` varchar(64) NOT NULL,
  `entity` int(11) NOT NULL DEFAULT '1',
  `fk_parent` int(11) DEFAULT NULL,
  `description` varchar(255) NOT NULL,
  `cachenbofdoc` int(11) NOT NULL DEFAULT '0',
  `fullpath` varchar(750) DEFAULT NULL,
  `extraparams` varchar(255) DEFAULT NULL,
  `date_c` datetime DEFAULT NULL,
  `date_m` timestamp NOT NULL DEFAULT CURRENT_TIMESTAMP ON UPDATE CURRENT_TIMESTAMP,
  `fk_user_c` int(11) DEFAULT NULL,
  `fk_user_m` int(11) DEFAULT NULL,
  `acl` text,
  PRIMARY KEY (`rowid`),
  UNIQUE KEY `uk_ecm_directories` (`label`,`fk_parent`,`entity`),
  KEY `idx_ecm_directories_fk_user_c` (`fk_user_c`),
  KEY `idx_ecm_directories_fk_user_m` (`fk_user_m`),
  CONSTRAINT `fk_ecm_directories_fk_user_c` FOREIGN KEY (`fk_user_c`) REFERENCES `llx_user` (`rowid`),
  CONSTRAINT `fk_ecm_directories_fk_user_m` FOREIGN KEY (`fk_user_m`) REFERENCES `llx_user` (`rowid`)
) ENGINE=InnoDB AUTO_INCREMENT=10 DEFAULT CHARSET=utf8;

--
-- Dumping data for table `llx_ecm_directories`
--

INSERT INTO `llx_ecm_directories` VALUES (8,'Administrative documents',1,0,'Directory to store administrative contacts',0,NULL,NULL,'2016-07-30 16:54:41','2016-07-30 12:54:41',12,NULL,NULL),(9,'Images',1,0,'',34,NULL,NULL,'2016-07-30 16:55:33','2016-07-30 13:24:41',12,NULL,NULL);

--
-- Table structure for table `llx_ecm_files`
--

CREATE TABLE `llx_ecm_files` (
  `rowid` int(11) NOT NULL AUTO_INCREMENT,
  `label` varchar(64) NOT NULL,
  `entity` int(11) NOT NULL DEFAULT '1',
  `filename` varchar(255) NOT NULL,
  `fullpath` varchar(750) NOT NULL,
  `fullpath_orig` varchar(750) DEFAULT NULL,
  `description` text,
  `keywords` text,
  `cover` text,
  `gen_or_uploaded` varchar(12) DEFAULT NULL,
  `extraparams` varchar(255) DEFAULT NULL,
  `date_c` datetime DEFAULT NULL,
  `date_m` timestamp NOT NULL DEFAULT CURRENT_TIMESTAMP ON UPDATE CURRENT_TIMESTAMP,
  `fk_user_c` int(11) DEFAULT NULL,
  `fk_user_m` int(11) DEFAULT NULL,
  `acl` text,
  PRIMARY KEY (`rowid`),
  UNIQUE KEY `uk_ecm_files` (`label`,`entity`)
) ENGINE=InnoDB DEFAULT CHARSET=utf8;

--
-- Dumping data for table `llx_ecm_files`
--


--
-- Table structure for table `llx_element_contact`
--

CREATE TABLE `llx_element_contact` (
  `rowid` int(11) NOT NULL AUTO_INCREMENT,
  `datecreate` datetime DEFAULT NULL,
  `statut` smallint(6) DEFAULT '5',
  `element_id` int(11) NOT NULL,
  `fk_c_type_contact` int(11) NOT NULL,
  `fk_socpeople` int(11) NOT NULL,
  PRIMARY KEY (`rowid`),
  UNIQUE KEY `idx_element_contact_idx1` (`element_id`,`fk_c_type_contact`,`fk_socpeople`),
  KEY `fk_element_contact_fk_c_type_contact` (`fk_c_type_contact`),
  KEY `idx_element_contact_fk_socpeople` (`fk_socpeople`),
  CONSTRAINT `fk_element_contact_fk_c_type_contact` FOREIGN KEY (`fk_c_type_contact`) REFERENCES `llx_c_type_contact` (`rowid`)
) ENGINE=InnoDB AUTO_INCREMENT=29 DEFAULT CHARSET=utf8;

--
-- Dumping data for table `llx_element_contact`
--

INSERT INTO `llx_element_contact` VALUES (1,'2010-07-09 00:49:43',4,1,160,1),(2,'2010-07-09 00:49:56',4,2,160,1),(3,'2010-07-09 00:50:19',4,3,160,1),(4,'2010-07-09 00:50:42',4,4,160,1),(5,'2010-07-09 01:52:36',4,1,120,1),(6,'2010-07-09 01:53:25',4,1,10,2),(7,'2010-07-09 01:53:25',4,1,11,2),(8,'2010-07-10 18:13:37',4,2,10,2),(9,'2010-07-10 18:13:37',4,2,11,2),(11,'2010-07-11 16:22:36',4,5,160,1),(12,'2010-07-11 16:23:53',4,2,180,1),(13,'2013-01-23 15:04:27',4,19,200,5),(14,'2013-01-23 16:06:37',4,19,210,2),(15,'2013-01-23 16:12:43',4,19,220,2),(16,'2013-03-06 10:04:57',4,3,10,1),(17,'2013-03-06 10:04:57',4,3,11,1),(18,'2014-12-21 13:52:41',4,3,180,1),(19,'2014-12-21 13:55:39',4,4,180,1),(20,'2014-12-21 14:16:58',4,5,180,1),(21,'2016-07-30 15:29:07',4,6,160,12),(22,'2016-07-30 15:29:48',4,7,160,12),(23,'2016-07-30 15:30:25',4,8,160,12),(24,'2016-07-30 15:33:27',4,6,180,12),(25,'2016-07-30 15:33:39',4,7,180,12),(26,'2016-07-30 15:33:54',4,8,180,12),(27,'2016-07-30 15:34:09',4,9,180,12),(28,'2016-07-31 18:27:20',4,9,160,12);

--
-- Table structure for table `llx_element_element`
--

CREATE TABLE `llx_element_element` (
  `rowid` int(11) NOT NULL AUTO_INCREMENT,
  `fk_source` int(11) NOT NULL,
  `sourcetype` varchar(32) NOT NULL,
  `fk_target` int(11) NOT NULL,
  `targettype` varchar(32) NOT NULL,
  PRIMARY KEY (`rowid`),
  UNIQUE KEY `idx_element_element_idx1` (`fk_source`,`sourcetype`,`fk_target`,`targettype`),
  KEY `idx_element_element_fk_target` (`fk_target`)
) ENGINE=InnoDB AUTO_INCREMENT=12 DEFAULT CHARSET=utf8;

--
-- Dumping data for table `llx_element_element`
--

INSERT INTO `llx_element_element` VALUES (4,1,'order_supplier',20,'invoice_supplier'),(5,2,'cabinetmed_cabinetmedcons',216,'facture'),(1,2,'contrat',2,'facture'),(2,2,'propal',1,'commande'),(3,5,'commande',1,'shipping'),(11,25,'propal',92,'commande'),(9,28,'propal',90,'commande'),(10,29,'propal',91,'commande'),(6,75,'commande',2,'shipping');

--
-- Table structure for table `llx_element_resources`
--

CREATE TABLE `llx_element_resources` (
  `rowid` int(11) NOT NULL AUTO_INCREMENT,
  `element_id` int(11) DEFAULT NULL,
  `element_type` varchar(64) DEFAULT NULL,
  `resource_id` int(11) DEFAULT NULL,
  `resource_type` varchar(64) DEFAULT NULL,
  `busy` int(11) DEFAULT NULL,
  `mandatory` int(11) DEFAULT NULL,
  `fk_user_create` int(11) DEFAULT NULL,
  `tms` timestamp NOT NULL DEFAULT CURRENT_TIMESTAMP ON UPDATE CURRENT_TIMESTAMP,
  `duree` double DEFAULT NULL,
  PRIMARY KEY (`rowid`),
  UNIQUE KEY `idx_element_resources_idx1` (`resource_id`,`resource_type`,`element_id`,`element_type`),
  KEY `idx_element_element_element_id` (`element_id`)
) ENGINE=InnoDB DEFAULT CHARSET=utf8;

--
-- Dumping data for table `llx_element_resources`
--


--
-- Table structure for table `llx_element_tag`
--

CREATE TABLE `llx_element_tag` (
  `rowid` int(11) NOT NULL AUTO_INCREMENT,
  `entity` int(11) NOT NULL DEFAULT '1',
  `lang` varchar(5) NOT NULL,
  `tag` varchar(255) NOT NULL,
  `fk_element` int(11) NOT NULL,
  `element` varchar(64) NOT NULL,
  PRIMARY KEY (`rowid`),
  UNIQUE KEY `uk_element_tag` (`entity`,`lang`,`tag`,`fk_element`,`element`)
) ENGINE=InnoDB DEFAULT CHARSET=utf8;

--
-- Dumping data for table `llx_element_tag`
--


--
-- Table structure for table `llx_entity_extrafields`
--

CREATE TABLE `llx_entity_extrafields` (
  `rowid` int(11) NOT NULL AUTO_INCREMENT,
  `tms` timestamp NOT NULL DEFAULT CURRENT_TIMESTAMP ON UPDATE CURRENT_TIMESTAMP,
  `fk_object` int(11) NOT NULL,
  `import_key` varchar(14) COLLATE utf8_unicode_ci DEFAULT NULL,
  PRIMARY KEY (`rowid`)
) ENGINE=InnoDB DEFAULT CHARSET=utf8 COLLATE=utf8_unicode_ci;

--
-- Dumping data for table `llx_entity_extrafields`
--


--
-- Table structure for table `llx_entrepot`
--

CREATE TABLE `llx_entrepot` (
  `rowid` int(11) NOT NULL AUTO_INCREMENT,
  `datec` datetime DEFAULT NULL,
  `tms` timestamp NOT NULL DEFAULT CURRENT_TIMESTAMP ON UPDATE CURRENT_TIMESTAMP,
  `label` varchar(255) NOT NULL,
  `entity` int(11) NOT NULL DEFAULT '1',
  `description` text,
  `lieu` varchar(64) DEFAULT NULL,
  `address` varchar(255) DEFAULT NULL,
  `zip` varchar(10) DEFAULT NULL,
  `town` varchar(50) DEFAULT NULL,
  `fk_departement` int(11) DEFAULT NULL,
  `fk_pays` int(11) DEFAULT '0',
  `statut` tinyint(4) DEFAULT '1',
  `fk_user_author` int(11) DEFAULT NULL,
  `import_key` varchar(14) DEFAULT NULL,
  `fk_parent` int(11) DEFAULT '0',
  PRIMARY KEY (`rowid`),
  UNIQUE KEY `uk_entrepot_label` (`label`,`entity`)
) ENGINE=InnoDB AUTO_INCREMENT=21 DEFAULT CHARSET=utf8;

--
-- Dumping data for table `llx_entrepot`
--

INSERT INTO `llx_entrepot` VALUES (1,'2010-07-09 00:31:22','2010-07-08 22:40:36','WAREHOUSEHOUSTON',1,'Warehouse located at Houston','Warehouse houston','','','Houston',NULL,11,1,1,NULL,0),(2,'2010-07-09 00:41:03','2010-07-08 22:41:03','WAREHOUSEPARIS',1,'<br />','Warehouse Paris','','75000','Paris',NULL,1,1,1,NULL,0),(3,'2010-07-11 16:18:59','2016-07-30 13:52:08','Stock personnel Dupont',1,'Cet entrep&ocirc;t repr&eacute;sente le stock personnel de Alain Dupont','','','','',NULL,2,1,1,NULL,0),(9,'2015-10-03 11:47:41','2015-10-03 09:47:41','Personal stock Marie Curie',1,'This warehouse represents personal stock of Marie Curie','','','','',NULL,1,1,1,NULL,0),(10,'2015-10-05 09:07:52','2016-07-30 13:52:24','Personal stock Alex Theceo',1,'This warehouse represents personal stock of Alex Theceo','','','','',NULL,3,1,1,NULL,0),(12,'2015-10-05 21:29:35','2015-10-05 19:29:35','Personal stock Charly Commery',1,'This warehouse represents personal stock of Charly Commery','','','','',NULL,1,1,11,NULL,0),(13,'2015-10-05 21:33:33','2016-07-30 13:51:38','Personal stock Sam Scientol',1,'This warehouse represents personal stock of Sam Scientol','','','7500','Paris',NULL,1,0,11,NULL,0),(18,'2016-01-22 17:27:02','2016-01-22 16:27:02','Personal stock Laurent Destailleur',1,'This warehouse represents personal stock of Laurent Destailleur','','','','',NULL,1,1,12,NULL,0),(19,'2016-07-30 16:50:23','2016-07-30 12:50:23','Personal stock Eldy',1,'This warehouse represents personal stock of Eldy','','','','',NULL,14,1,12,NULL,0),(20,'2017-02-02 03:55:45','2017-02-01 23:55:45','Personal stock Alex Boston',1,'This warehouse represents personal stock of Alex Boston','','','','',NULL,14,1,12,NULL,NULL);

--
-- Table structure for table `llx_establishment`
--

CREATE TABLE `llx_establishment` (
  `rowid` int(11) NOT NULL AUTO_INCREMENT,
  `entity` int(11) NOT NULL DEFAULT '1',
  `name` varchar(50) DEFAULT NULL,
  `address` varchar(255) DEFAULT NULL,
  `zip` varchar(25) DEFAULT NULL,
  `town` varchar(50) DEFAULT NULL,
  `fk_state` int(11) DEFAULT '0',
  `fk_country` int(11) DEFAULT '0',
  `profid1` varchar(20) DEFAULT NULL,
  `profid2` varchar(20) DEFAULT NULL,
  `profid3` varchar(20) DEFAULT NULL,
  `phone` varchar(20) DEFAULT NULL,
  `fk_user_author` int(11) NOT NULL,
  `fk_user_mod` int(11) DEFAULT NULL,
  `datec` datetime NOT NULL,
  `tms` timestamp NOT NULL DEFAULT CURRENT_TIMESTAMP ON UPDATE CURRENT_TIMESTAMP,
  `status` tinyint(4) DEFAULT '1',
  PRIMARY KEY (`rowid`)
) ENGINE=InnoDB DEFAULT CHARSET=utf8;

--
-- Dumping data for table `llx_establishment`
--


--
-- Table structure for table `llx_event_element`
--

CREATE TABLE `llx_event_element` (
  `rowid` int(11) NOT NULL AUTO_INCREMENT,
  `fk_source` int(11) NOT NULL,
  `fk_target` int(11) NOT NULL,
  `targettype` varchar(32) NOT NULL,
  PRIMARY KEY (`rowid`)
) ENGINE=InnoDB DEFAULT CHARSET=utf8;

--
-- Dumping data for table `llx_event_element`
--


--
-- Table structure for table `llx_events`
--

CREATE TABLE `llx_events` (
  `rowid` int(11) NOT NULL AUTO_INCREMENT,
  `tms` timestamp NOT NULL DEFAULT CURRENT_TIMESTAMP ON UPDATE CURRENT_TIMESTAMP,
  `type` varchar(32) NOT NULL,
  `entity` int(11) NOT NULL DEFAULT '1',
  `dateevent` datetime DEFAULT NULL,
  `fk_user` int(11) DEFAULT NULL,
  `description` varchar(250) NOT NULL,
  `ip` varchar(250) DEFAULT NULL,
  `user_agent` varchar(255) DEFAULT NULL,
  `fk_object` int(11) DEFAULT NULL,
  PRIMARY KEY (`rowid`),
  KEY `idx_events_dateevent` (`dateevent`)
) ENGINE=InnoDB AUTO_INCREMENT=843 DEFAULT CHARSET=utf8;

--
-- Dumping data for table `llx_events`
--

INSERT INTO `llx_events` VALUES (30,'2011-07-18 18:23:06','USER_LOGOUT',1,'2011-07-18 20:23:06',1,'(UserLogoff,admin)','127.0.0.1','Mozilla/5.0 (X11; Linux i686; rv:5.0) Gecko/20100101 Firefox/5.0',NULL),(31,'2011-07-18 18:23:12','USER_LOGIN_FAILED',1,'2011-07-18 20:23:12',NULL,'Identifiants login ou mot de passe incorrects - login=admin','127.0.0.1','Mozilla/5.0 (X11; Linux i686; rv:5.0) Gecko/20100101 Firefox/5.0',NULL),(32,'2011-07-18 18:23:17','USER_LOGIN',1,'2011-07-18 20:23:17',1,'(UserLogged,admin)','127.0.0.1','Mozilla/5.0 (X11; Linux i686; rv:5.0) Gecko/20100101 Firefox/5.0',NULL),(33,'2011-07-18 20:10:51','USER_LOGIN_FAILED',1,'2011-07-18 22:10:51',NULL,'Identifiants login ou mot de passe incorrects - login=admin','127.0.0.1','Mozilla/5.0 (X11; Linux i686; rv:5.0) Gecko/20100101 Firefox/5.0',NULL),(34,'2011-07-18 20:10:55','USER_LOGIN',1,'2011-07-18 22:10:55',1,'(UserLogged,admin)','127.0.0.1','Mozilla/5.0 (X11; Linux i686; rv:5.0) Gecko/20100101 Firefox/5.0',NULL),(35,'2011-07-18 21:18:57','USER_LOGIN',1,'2011-07-18 23:18:57',1,'(UserLogged,admin)','127.0.0.1','Mozilla/5.0 (X11; Linux i686; rv:5.0) Gecko/20100101 Firefox/5.0',NULL),(36,'2011-07-20 10:34:10','USER_LOGIN',1,'2011-07-20 12:34:10',1,'(UserLogged,admin)','::1','Mozilla/5.0 (X11; Linux i686; rv:5.0) Gecko/20100101 Firefox/5.0',NULL),(37,'2011-07-20 12:36:44','USER_LOGIN',1,'2011-07-20 14:36:44',1,'(UserLogged,admin)','::1','Mozilla/5.0 (X11; Linux i686; rv:5.0) Gecko/20100101 Firefox/5.0',NULL),(38,'2011-07-20 13:20:51','USER_LOGIN_FAILED',1,'2011-07-20 15:20:51',NULL,'Identifiants login ou mot de passe incorrects - login=admin','127.0.0.1','Mozilla/5.0 (X11; Linux i686; rv:5.0) Gecko/20100101 Firefox/5.0',NULL),(39,'2011-07-20 13:20:54','USER_LOGIN',1,'2011-07-20 15:20:54',1,'(UserLogged,admin)','127.0.0.1','Mozilla/5.0 (X11; Linux i686; rv:5.0) Gecko/20100101 Firefox/5.0',NULL),(40,'2011-07-20 15:03:46','USER_LOGIN_FAILED',1,'2011-07-20 17:03:46',NULL,'Identifiants login ou mot de passe incorrects - login=admin','127.0.0.1','Mozilla/5.0 (X11; Linux i686; rv:5.0) Gecko/20100101 Firefox/5.0',NULL),(41,'2011-07-20 15:03:55','USER_LOGIN',1,'2011-07-20 17:03:55',1,'(UserLogged,admin)','127.0.0.1','Mozilla/5.0 (X11; Linux i686; rv:5.0) Gecko/20100101 Firefox/5.0',NULL),(42,'2011-07-20 18:05:05','USER_LOGIN_FAILED',1,'2011-07-20 20:05:05',NULL,'Identifiants login ou mot de passe incorrects - login=admin','127.0.0.1','Mozilla/5.0 (X11; Linux i686; rv:5.0) Gecko/20100101 Firefox/5.0',NULL),(43,'2011-07-20 18:05:08','USER_LOGIN',1,'2011-07-20 20:05:08',1,'(UserLogged,admin)','127.0.0.1','Mozilla/5.0 (X11; Linux i686; rv:5.0) Gecko/20100101 Firefox/5.0',NULL),(44,'2011-07-20 21:08:53','USER_LOGIN_FAILED',1,'2011-07-20 23:08:53',NULL,'Identifiants login ou mot de passe incorrects - login=admin','127.0.0.1','Mozilla/5.0 (X11; Linux i686; rv:5.0) Gecko/20100101 Firefox/5.0',NULL),(45,'2011-07-20 21:08:56','USER_LOGIN',1,'2011-07-20 23:08:56',1,'(UserLogged,admin)','127.0.0.1','Mozilla/5.0 (X11; Linux i686; rv:5.0) Gecko/20100101 Firefox/5.0',NULL),(46,'2011-07-21 01:26:12','USER_LOGIN',1,'2011-07-21 03:26:12',1,'(UserLogged,admin)','::1','Mozilla/5.0 (X11; Linux i686; rv:5.0) Gecko/20100101 Firefox/5.0',NULL),(47,'2011-07-21 22:35:45','USER_LOGIN_FAILED',1,'2011-07-22 00:35:45',NULL,'Identifiants login ou mot de passe incorrects - login=admin','127.0.0.1','Mozilla/5.0 (X11; Linux i686; rv:5.0) Gecko/20100101 Firefox/5.0',NULL),(48,'2011-07-21 22:35:49','USER_LOGIN',1,'2011-07-22 00:35:49',1,'(UserLogged,admin)','127.0.0.1','Mozilla/5.0 (X11; Linux i686; rv:5.0) Gecko/20100101 Firefox/5.0',NULL),(49,'2011-07-26 23:09:47','USER_LOGIN_FAILED',1,'2011-07-27 01:09:47',NULL,'Identifiants login ou mot de passe incorrects - login=admin','127.0.0.1','Mozilla/5.0 (X11; Linux i686; rv:5.0) Gecko/20100101 Firefox/5.0',NULL),(50,'2011-07-26 23:09:50','USER_LOGIN',1,'2011-07-27 01:09:50',1,'(UserLogged,admin)','127.0.0.1','Mozilla/5.0 (X11; Linux i686; rv:5.0) Gecko/20100101 Firefox/5.0',NULL),(51,'2011-07-27 17:02:27','USER_LOGIN_FAILED',1,'2011-07-27 19:02:27',NULL,'Identifiants login ou mot de passe incorrects - login=admin','127.0.0.1','Mozilla/5.0 (X11; Linux i686; rv:5.0) Gecko/20100101 Firefox/5.0',NULL),(52,'2011-07-27 17:02:32','USER_LOGIN',1,'2011-07-27 19:02:32',1,'(UserLogged,admin)','127.0.0.1','Mozilla/5.0 (X11; Linux i686; rv:5.0) Gecko/20100101 Firefox/5.0',NULL),(53,'2011-07-27 23:33:37','USER_LOGIN_FAILED',1,'2011-07-28 01:33:37',NULL,'Identifiants login ou mot de passe incorrects - login=admin','127.0.0.1','Mozilla/5.0 (X11; Linux i686; rv:5.0) Gecko/20100101 Firefox/5.0',NULL),(54,'2011-07-27 23:33:41','USER_LOGIN',1,'2011-07-28 01:33:41',1,'(UserLogged,admin)','127.0.0.1','Mozilla/5.0 (X11; Linux i686; rv:5.0) Gecko/20100101 Firefox/5.0',NULL),(55,'2011-07-28 18:20:36','USER_LOGIN_FAILED',1,'2011-07-28 20:20:36',NULL,'Identifiants login ou mot de passe incorrects - login=admin','127.0.0.1','Mozilla/5.0 (X11; Linux i686; rv:5.0) Gecko/20100101 Firefox/5.0',NULL),(56,'2011-07-28 18:20:38','USER_LOGIN',1,'2011-07-28 20:20:38',1,'(UserLogged,admin)','127.0.0.1','Mozilla/5.0 (X11; Linux i686; rv:5.0) Gecko/20100101 Firefox/5.0',NULL),(57,'2011-07-28 20:13:30','USER_LOGIN_FAILED',1,'2011-07-28 22:13:30',NULL,'Identifiants login ou mot de passe incorrects - login=admin','127.0.0.1','Mozilla/5.0 (X11; Linux i686; rv:5.0) Gecko/20100101 Firefox/5.0',NULL),(58,'2011-07-28 20:13:34','USER_LOGIN',1,'2011-07-28 22:13:34',1,'(UserLogged,admin)','127.0.0.1','Mozilla/5.0 (X11; Linux i686; rv:5.0) Gecko/20100101 Firefox/5.0',NULL),(59,'2011-07-28 20:22:51','USER_LOGIN',1,'2011-07-28 22:22:51',1,'(UserLogged,admin)','127.0.0.1','Mozilla/5.0 (X11; Linux i686; rv:5.0) Gecko/20100101 Firefox/5.0',NULL),(60,'2011-07-28 23:05:06','USER_LOGIN',1,'2011-07-29 01:05:06',1,'(UserLogged,admin)','::1','Mozilla/5.0 (X11; Linux i686; rv:5.0) Gecko/20100101 Firefox/5.0',NULL),(61,'2011-07-29 20:15:50','USER_LOGIN_FAILED',1,'2011-07-29 22:15:50',NULL,'Identifiants login ou mot de passe incorrects - login=admin','127.0.0.1','Mozilla/5.0 (X11; Linux i686; rv:5.0) Gecko/20100101 Firefox/5.0',NULL),(62,'2011-07-29 20:15:53','USER_LOGIN',1,'2011-07-29 22:15:53',1,'(UserLogged,admin)','127.0.0.1','Mozilla/5.0 (X11; Linux i686; rv:5.0) Gecko/20100101 Firefox/5.0',NULL),(68,'2011-07-29 20:51:01','USER_LOGOUT',1,'2011-07-29 22:51:01',1,'(UserLogoff,admin)','127.0.0.1','Mozilla/5.0 (X11; Linux i686; rv:5.0) Gecko/20100101 Firefox/5.0',NULL),(69,'2011-07-29 20:51:05','USER_LOGIN',1,'2011-07-29 22:51:05',1,'(UserLogged,admin)','127.0.0.1','Mozilla/5.0 (X11; Linux i686; rv:5.0) Gecko/20100101 Firefox/5.0',NULL),(70,'2011-07-30 08:46:20','USER_LOGIN_FAILED',1,'2011-07-30 10:46:20',NULL,'Identifiants login ou mot de passe incorrects - login=admin','127.0.0.1','Mozilla/5.0 (X11; Linux i686; rv:5.0) Gecko/20100101 Firefox/5.0',NULL),(71,'2011-07-30 08:46:38','USER_LOGIN_FAILED',1,'2011-07-30 10:46:38',NULL,'Identifiants login ou mot de passe incorrects - login=admin','127.0.0.1','Mozilla/5.0 (X11; Linux i686; rv:5.0) Gecko/20100101 Firefox/5.0',NULL),(72,'2011-07-30 08:46:42','USER_LOGIN',1,'2011-07-30 10:46:42',1,'(UserLogged,admin)','127.0.0.1','Mozilla/5.0 (X11; Linux i686; rv:5.0) Gecko/20100101 Firefox/5.0',NULL),(73,'2011-07-30 10:05:12','USER_LOGIN_FAILED',1,'2011-07-30 12:05:12',NULL,'Identifiants login ou mot de passe incorrects - login=admin','127.0.0.1','Mozilla/5.0 (X11; Linux i686; rv:5.0) Gecko/20100101 Firefox/5.0',NULL),(74,'2011-07-30 10:05:15','USER_LOGIN',1,'2011-07-30 12:05:15',1,'(UserLogged,admin)','127.0.0.1','Mozilla/5.0 (X11; Linux i686; rv:5.0) Gecko/20100101 Firefox/5.0',NULL),(75,'2011-07-30 12:15:46','USER_LOGIN',1,'2011-07-30 14:15:46',1,'(UserLogged,admin)','127.0.0.1','Mozilla/5.0 (X11; Linux i686; rv:5.0) Gecko/20100101 Firefox/5.0',NULL),(76,'2011-07-31 22:19:30','USER_LOGIN',1,'2011-08-01 00:19:30',1,'(UserLogged,admin)','::1','Mozilla/5.0 (X11; Linux i686; rv:5.0) Gecko/20100101 Firefox/5.0',NULL),(77,'2011-07-31 23:32:52','USER_LOGIN',1,'2011-08-01 01:32:52',1,'(UserLogged,admin)','::1','Mozilla/5.0 (X11; Linux i686; rv:5.0) Gecko/20100101 Firefox/5.0',NULL),(78,'2011-08-01 01:24:50','USER_LOGIN_FAILED',1,'2011-08-01 03:24:50',NULL,'Identifiants login ou mot de passe incorrects - login=admin','127.0.0.1','Mozilla/5.0 (X11; Linux i686; rv:5.0) Gecko/20100101 Firefox/5.0',NULL),(79,'2011-08-01 01:24:54','USER_LOGIN',1,'2011-08-01 03:24:54',1,'(UserLogged,admin)','127.0.0.1','Mozilla/5.0 (X11; Linux i686; rv:5.0) Gecko/20100101 Firefox/5.0',NULL),(80,'2011-08-01 19:31:36','USER_LOGIN_FAILED',1,'2011-08-01 21:31:35',NULL,'Identifiants login ou mot de passe incorrects - login=admin','127.0.0.1','Mozilla/5.0 (X11; Linux i686; rv:5.0) Gecko/20100101 Firefox/5.0',NULL),(81,'2011-08-01 19:31:39','USER_LOGIN',1,'2011-08-01 21:31:39',1,'(UserLogged,admin)','127.0.0.1','Mozilla/5.0 (X11; Linux i686; rv:5.0) Gecko/20100101 Firefox/5.0',NULL),(82,'2011-08-01 20:01:36','USER_LOGIN',1,'2011-08-01 22:01:36',1,'(UserLogged,admin)','127.0.0.1','Mozilla/5.0 (X11; Linux i686; rv:5.0) Gecko/20100101 Firefox/5.0',NULL),(83,'2011-08-01 20:52:54','USER_LOGIN_FAILED',1,'2011-08-01 22:52:54',NULL,'Identifiants login ou mot de passe incorrects - login=admin','127.0.0.1','Mozilla/5.0 (X11; Linux i686; rv:5.0) Gecko/20100101 Firefox/5.0',NULL),(84,'2011-08-01 20:52:58','USER_LOGIN',1,'2011-08-01 22:52:58',1,'(UserLogged,admin)','127.0.0.1','Mozilla/5.0 (X11; Linux i686; rv:5.0) Gecko/20100101 Firefox/5.0',NULL),(85,'2011-08-01 21:17:28','USER_LOGIN_FAILED',1,'2011-08-01 23:17:28',NULL,'Identifiants login ou mot de passe incorrects - login=admin','127.0.0.1','Mozilla/5.0 (X11; Linux i686; rv:5.0) Gecko/20100101 Firefox/5.0',NULL),(86,'2011-08-01 21:17:31','USER_LOGIN',1,'2011-08-01 23:17:31',1,'(UserLogged,admin)','127.0.0.1','Mozilla/5.0 (X11; Linux i686; rv:5.0) Gecko/20100101 Firefox/5.0',NULL),(87,'2011-08-04 11:55:17','USER_LOGIN',1,'2011-08-04 13:55:17',1,'(UserLogged,admin)','::1','Mozilla/5.0 (X11; Linux i686; rv:5.0) Gecko/20100101 Firefox/5.0',NULL),(88,'2011-08-04 20:19:03','USER_LOGIN_FAILED',1,'2011-08-04 22:19:03',NULL,'Identifiants login ou mot de passe incorrects - login=admin','127.0.0.1','Mozilla/5.0 (X11; Linux i686; rv:5.0) Gecko/20100101 Firefox/5.0',NULL),(89,'2011-08-04 20:19:07','USER_LOGIN',1,'2011-08-04 22:19:07',1,'(UserLogged,admin)','127.0.0.1','Mozilla/5.0 (X11; Linux i686; rv:5.0) Gecko/20100101 Firefox/5.0',NULL),(90,'2011-08-05 17:51:42','USER_LOGIN_FAILED',1,'2011-08-05 19:51:42',NULL,'Identifiants login ou mot de passe incorrects - login=admin','127.0.0.1','Mozilla/5.0 (X11; Linux i686; rv:5.0) Gecko/20100101 Firefox/5.0',NULL),(91,'2011-08-05 17:51:47','USER_LOGIN',1,'2011-08-05 19:51:47',1,'(UserLogged,admin)','127.0.0.1','Mozilla/5.0 (X11; Linux i686; rv:5.0) Gecko/20100101 Firefox/5.0',NULL),(92,'2011-08-05 17:56:03','USER_LOGIN',1,'2011-08-05 19:56:03',1,'(UserLogged,admin)','127.0.0.1','Mozilla/5.0 (X11; Linux i686; rv:5.0) Gecko/20100101 Firefox/5.0',NULL),(93,'2011-08-05 17:59:10','USER_LOGIN',1,'2011-08-05 19:59:10',1,'(UserLogged,admin)','127.0.0.1','Mozilla/5.0 (X11; Linux i686) AppleWebKit/534.30 (KHTML, like Gecko) Chrome/12.0.742.100 Safari/534.30',NULL),(94,'2011-08-05 18:01:58','USER_LOGIN',1,'2011-08-05 20:01:58',1,'(UserLogged,admin)','127.0.0.1','Mozilla/5.0 (X11; Linux i686) AppleWebKit/534.30 (KHTML, like Gecko) Chrome/12.0.742.100 Safari/534.30',NULL),(95,'2011-08-05 19:59:56','USER_LOGIN',1,'2011-08-05 21:59:56',1,'(UserLogged,admin)','127.0.0.1','Mozilla/5.0 (X11; Linux i686; rv:5.0) Gecko/20100101 Firefox/5.0',NULL),(96,'2011-08-06 18:33:22','USER_LOGIN',1,'2011-08-06 20:33:22',1,'(UserLogged,admin)','::1','Mozilla/5.0 (X11; Linux i686; rv:5.0) Gecko/20100101 Firefox/5.0',NULL),(97,'2011-08-07 00:56:59','USER_LOGIN',1,'2011-08-07 02:56:59',1,'(UserLogged,admin)','::1','Mozilla/5.0 (X11; Linux i686; rv:5.0) Gecko/20100101 Firefox/5.0',NULL),(98,'2011-08-07 22:49:14','USER_LOGIN',1,'2011-08-08 00:49:14',1,'(UserLogged,admin)','::1','Mozilla/5.0 (X11; Linux i686; rv:5.0) Gecko/20100101 Firefox/5.0',NULL),(99,'2011-08-07 23:05:18','USER_LOGOUT',1,'2011-08-08 01:05:18',1,'(UserLogoff,admin)','::1','Mozilla/5.0 (X11; Linux i686; rv:5.0) Gecko/20100101 Firefox/5.0',NULL),(105,'2011-08-08 00:41:09','USER_LOGIN',1,'2011-08-08 02:41:09',1,'(UserLogged,admin)','127.0.0.1','Mozilla/5.0 (X11; Linux i686; rv:5.0) Gecko/20100101 Firefox/5.0',NULL),(106,'2011-08-08 11:58:55','USER_LOGIN',1,'2011-08-08 13:58:55',1,'(UserLogged,admin)','::1','Mozilla/5.0 (X11; Linux i686; rv:5.0) Gecko/20100101 Firefox/5.0',NULL),(107,'2011-08-08 14:35:48','USER_LOGIN',1,'2011-08-08 16:35:48',1,'(UserLogged,admin)','::1','Mozilla/5.0 (X11; Linux i686; rv:5.0) Gecko/20100101 Firefox/5.0',NULL),(108,'2011-08-08 14:36:31','USER_LOGOUT',1,'2011-08-08 16:36:31',1,'(UserLogoff,admin)','::1','Mozilla/5.0 (X11; Linux i686; rv:5.0) Gecko/20100101 Firefox/5.0',NULL),(109,'2011-08-08 14:38:28','USER_LOGIN',1,'2011-08-08 16:38:28',1,'(UserLogged,admin)','::1','Mozilla/5.0 (X11; Linux i686; rv:5.0) Gecko/20100101 Firefox/5.0',NULL),(110,'2011-08-08 14:39:02','USER_LOGOUT',1,'2011-08-08 16:39:02',1,'(UserLogoff,admin)','::1','Mozilla/5.0 (X11; Linux i686; rv:5.0) Gecko/20100101 Firefox/5.0',NULL),(111,'2011-08-08 14:39:10','USER_LOGIN',1,'2011-08-08 16:39:10',1,'(UserLogged,admin)','::1','Mozilla/5.0 (X11; Linux i686; rv:5.0) Gecko/20100101 Firefox/5.0',NULL),(112,'2011-08-08 14:39:28','USER_LOGOUT',1,'2011-08-08 16:39:28',1,'(UserLogoff,admin)','::1','Mozilla/5.0 (X11; Linux i686; rv:5.0) Gecko/20100101 Firefox/5.0',NULL),(113,'2011-08-08 14:39:37','USER_LOGIN',1,'2011-08-08 16:39:37',1,'(UserLogged,admin)','::1','Mozilla/5.0 (X11; Linux i686; rv:5.0) Gecko/20100101 Firefox/5.0',NULL),(114,'2011-08-08 14:50:02','USER_LOGOUT',1,'2011-08-08 16:50:02',1,'(UserLogoff,admin)','::1','Mozilla/5.0 (X11; Linux i686; rv:5.0) Gecko/20100101 Firefox/5.0',NULL),(115,'2011-08-08 14:51:45','USER_LOGIN_FAILED',1,'2011-08-08 16:51:45',NULL,'Identifiants login ou mot de passe incorrects - login=','::1','Mozilla/5.0 (X11; Linux i686; rv:5.0) Gecko/20100101 Firefox/5.0',NULL),(116,'2011-08-08 14:51:52','USER_LOGIN',1,'2011-08-08 16:51:52',1,'(UserLogged,admin)','::1','Mozilla/5.0 (X11; Linux i686; rv:5.0) Gecko/20100101 Firefox/5.0',NULL),(117,'2011-08-08 15:09:54','USER_LOGOUT',1,'2011-08-08 17:09:54',1,'(UserLogoff,admin)','::1','Mozilla/5.0 (X11; Linux i686; rv:5.0) Gecko/20100101 Firefox/5.0',NULL),(118,'2011-08-08 15:10:19','USER_LOGIN_FAILED',1,'2011-08-08 17:10:19',NULL,'Identifiants login ou mot de passe incorrects - login=','::1','Mozilla/5.0 (X11; Linux i686; rv:5.0) Gecko/20100101 Firefox/5.0',NULL),(119,'2011-08-08 15:10:28','USER_LOGIN',1,'2011-08-08 17:10:28',1,'(UserLogged,admin)','::1','Mozilla/5.0 (X11; Linux i686; rv:5.0) Gecko/20100101 Firefox/5.0',NULL),(121,'2011-08-08 15:14:58','USER_LOGOUT',1,'2011-08-08 17:14:58',1,'(UserLogoff,admin)','::1','Mozilla/5.0 (X11; Linux i686; rv:5.0) Gecko/20100101 Firefox/5.0',NULL),(122,'2011-08-08 15:15:00','USER_LOGIN_FAILED',1,'2011-08-08 17:15:00',NULL,'Identifiants login ou mot de passe incorrects - login=','::1','Mozilla/5.0 (X11; Linux i686; rv:5.0) Gecko/20100101 Firefox/5.0',NULL),(123,'2011-08-08 15:17:57','USER_LOGIN',1,'2011-08-08 17:17:57',1,'(UserLogged,admin)','::1','Mozilla/5.0 (X11; Linux i686; rv:5.0) Gecko/20100101 Firefox/5.0',NULL),(124,'2011-08-08 15:35:56','USER_LOGOUT',1,'2011-08-08 17:35:56',1,'(UserLogoff,admin)','::1','Mozilla/5.0 (X11; Linux i686; rv:5.0) Gecko/20100101 Firefox/5.0',NULL),(125,'2011-08-08 15:36:05','USER_LOGIN',1,'2011-08-08 17:36:05',1,'(UserLogged,admin)','::1','Mozilla/5.0 (X11; Linux i686; rv:5.0) Gecko/20100101 Firefox/5.0',NULL),(126,'2011-08-08 17:32:42','USER_LOGIN',1,'2011-08-08 19:32:42',1,'(UserLogged,admin)','::1','Mozilla/5.0 (X11; Linux i686; rv:5.0) Gecko/20100101 Firefox/5.0',NULL),(127,'2012-12-08 13:49:37','USER_LOGOUT',1,'2012-12-08 14:49:37',1,'(UserLogoff,admin)','::1','Mozilla/5.0 (X11; Linux x86_64) AppleWebKit/537.11 (KHTML, like Gecko) Chrome/23.0.1271.95 Safari/537.11',NULL),(128,'2012-12-08 13:49:42','USER_LOGIN',1,'2012-12-08 14:49:42',1,'(UserLogged,admin)','::1','Mozilla/5.0 (X11; Linux x86_64) AppleWebKit/537.11 (KHTML, like Gecko) Chrome/23.0.1271.95 Safari/537.11',NULL),(129,'2012-12-08 13:50:12','USER_LOGOUT',1,'2012-12-08 14:50:12',1,'(UserLogoff,admin)','::1','Mozilla/5.0 (X11; Linux x86_64) AppleWebKit/537.11 (KHTML, like Gecko) Chrome/23.0.1271.95 Safari/537.11',NULL),(130,'2012-12-08 13:50:14','USER_LOGIN',1,'2012-12-08 14:50:14',1,'(UserLogged,admin)','::1','Mozilla/5.0 (X11; Linux x86_64) AppleWebKit/537.11 (KHTML, like Gecko) Chrome/23.0.1271.95 Safari/537.11',NULL),(131,'2012-12-08 13:50:17','USER_LOGOUT',1,'2012-12-08 14:50:17',1,'(UserLogoff,admin)','::1','Mozilla/5.0 (X11; Linux x86_64) AppleWebKit/537.11 (KHTML, like Gecko) Chrome/23.0.1271.95 Safari/537.11',NULL),(132,'2012-12-08 13:52:47','USER_LOGIN',1,'2012-12-08 14:52:47',1,'(UserLogged,admin)','::1','Mozilla/5.0 (X11; Linux x86_64) AppleWebKit/537.11 (KHTML, like Gecko) Chrome/23.0.1271.95 Safari/537.11',NULL),(133,'2012-12-08 13:53:08','USER_MODIFY',1,'2012-12-08 14:53:08',1,'User admin modified','::1','Mozilla/5.0 (X11; Linux x86_64) AppleWebKit/537.11 (KHTML, like Gecko) Chrome/23.0.1271.95 Safari/537.11',NULL),(134,'2012-12-08 14:08:45','USER_LOGOUT',1,'2012-12-08 15:08:45',1,'(UserLogoff,admin)','::1','Mozilla/5.0 (X11; Linux x86_64) AppleWebKit/537.11 (KHTML, like Gecko) Chrome/23.0.1271.95 Safari/537.11',NULL),(135,'2012-12-08 14:09:09','USER_LOGIN',1,'2012-12-08 15:09:09',1,'(UserLogged,admin)','::1','Mozilla/5.0 (X11; Linux x86_64) AppleWebKit/537.11 (KHTML, like Gecko) Chrome/23.0.1271.95 Safari/537.11',NULL),(136,'2012-12-08 14:11:43','USER_LOGOUT',1,'2012-12-08 15:11:43',1,'(UserLogoff,admin)','::1','Mozilla/5.0 (X11; Linux x86_64) AppleWebKit/537.11 (KHTML, like Gecko) Chrome/23.0.1271.95 Safari/537.11',NULL),(137,'2012-12-08 14:11:45','USER_LOGIN',1,'2012-12-08 15:11:45',1,'(UserLogged,admin)','::1','Mozilla/5.0 (X11; Linux x86_64) AppleWebKit/537.11 (KHTML, like Gecko) Chrome/23.0.1271.95 Safari/537.11',NULL),(138,'2012-12-08 14:22:53','USER_LOGOUT',1,'2012-12-08 15:22:53',1,'(UserLogoff,admin)','::1','Mozilla/5.0 (X11; Linux x86_64) AppleWebKit/537.11 (KHTML, like Gecko) Chrome/23.0.1271.95 Safari/537.11',NULL),(139,'2012-12-08 14:22:54','USER_LOGIN',1,'2012-12-08 15:22:54',1,'(UserLogged,admin)','::1','Mozilla/5.0 (X11; Linux x86_64) AppleWebKit/537.11 (KHTML, like Gecko) Chrome/23.0.1271.95 Safari/537.11',NULL),(140,'2012-12-08 14:23:10','USER_LOGOUT',1,'2012-12-08 15:23:10',1,'(UserLogoff,admin)','::1','Mozilla/5.0 (X11; Linux x86_64) AppleWebKit/537.11 (KHTML, like Gecko) Chrome/23.0.1271.95 Safari/537.11',NULL),(141,'2012-12-08 14:23:11','USER_LOGIN',1,'2012-12-08 15:23:11',1,'(UserLogged,admin)','::1','Mozilla/5.0 (X11; Linux x86_64) AppleWebKit/537.11 (KHTML, like Gecko) Chrome/23.0.1271.95 Safari/537.11',NULL),(142,'2012-12-08 14:23:49','USER_LOGOUT',1,'2012-12-08 15:23:49',1,'(UserLogoff,admin)','::1','Mozilla/5.0 (X11; Linux x86_64) AppleWebKit/537.11 (KHTML, like Gecko) Chrome/23.0.1271.95 Safari/537.11',NULL),(143,'2012-12-08 14:23:50','USER_LOGIN',1,'2012-12-08 15:23:50',1,'(UserLogged,admin)','::1','Mozilla/5.0 (X11; Linux x86_64) AppleWebKit/537.11 (KHTML, like Gecko) Chrome/23.0.1271.95 Safari/537.11',NULL),(144,'2012-12-08 14:28:08','USER_LOGOUT',1,'2012-12-08 15:28:08',1,'(UserLogoff,admin)','::1','Mozilla/5.0 (X11; Linux x86_64) AppleWebKit/537.11 (KHTML, like Gecko) Chrome/23.0.1271.95 Safari/537.11',NULL),(145,'2012-12-08 14:35:15','USER_LOGIN',1,'2012-12-08 15:35:15',1,'(UserLogged,admin)','::1','Mozilla/5.0 (X11; Linux x86_64) AppleWebKit/537.11 (KHTML, like Gecko) Chrome/23.0.1271.95 Safari/537.11',NULL),(146,'2012-12-08 14:35:18','USER_LOGOUT',1,'2012-12-08 15:35:18',1,'(UserLogoff,admin)','::1','Mozilla/5.0 (X11; Linux x86_64) AppleWebKit/537.11 (KHTML, like Gecko) Chrome/23.0.1271.95 Safari/537.11',NULL),(147,'2012-12-08 14:36:07','USER_LOGIN',1,'2012-12-08 15:36:07',1,'(UserLogged,admin)','::1','Mozilla/5.0 (X11; Linux x86_64) AppleWebKit/537.11 (KHTML, like Gecko) Chrome/23.0.1271.95 Safari/537.11',NULL),(148,'2012-12-08 14:36:09','USER_LOGOUT',1,'2012-12-08 15:36:09',1,'(UserLogoff,admin)','::1','Mozilla/5.0 (X11; Linux x86_64) AppleWebKit/537.11 (KHTML, like Gecko) Chrome/23.0.1271.95 Safari/537.11',NULL),(149,'2012-12-08 14:36:41','USER_LOGIN',1,'2012-12-08 15:36:41',1,'(UserLogged,admin)','::1','Mozilla/5.0 (X11; Linux x86_64) AppleWebKit/537.11 (KHTML, like Gecko) Chrome/23.0.1271.95 Safari/537.11',NULL),(150,'2012-12-08 15:59:13','USER_LOGIN',1,'2012-12-08 16:59:13',1,'(UserLogged,admin)','::1','Mozilla/5.0 (X11; Linux x86_64) AppleWebKit/537.11 (KHTML, like Gecko) Chrome/23.0.1271.95 Safari/537.11',NULL),(151,'2012-12-09 11:49:52','USER_LOGIN',1,'2012-12-09 12:49:52',1,'(UserLogged,admin)','::1','Mozilla/5.0 (X11; Linux x86_64) AppleWebKit/537.11 (KHTML, like Gecko) Chrome/23.0.1271.95 Safari/537.11',NULL),(152,'2012-12-09 13:46:31','USER_LOGIN',1,'2012-12-09 14:46:31',1,'(UserLogged,admin)','::1','Mozilla/5.0 (X11; Linux x86_64) AppleWebKit/537.11 (KHTML, like Gecko) Chrome/23.0.1271.95 Safari/537.11',NULL),(153,'2012-12-09 19:03:14','USER_LOGIN',1,'2012-12-09 20:03:14',1,'(UserLogged,admin)','::1','Mozilla/5.0 (X11; Linux x86_64) AppleWebKit/537.11 (KHTML, like Gecko) Chrome/23.0.1271.95 Safari/537.11',NULL),(154,'2012-12-10 00:16:31','USER_LOGIN',1,'2012-12-10 01:16:31',1,'(UserLogged,admin)','::1','Mozilla/5.0 (X11; Linux x86_64) AppleWebKit/537.11 (KHTML, like Gecko) Chrome/23.0.1271.95 Safari/537.11',NULL),(170,'2012-12-11 22:03:31','USER_LOGIN',1,'2012-12-11 23:03:31',1,'(UserLogged,admin)','::1','Mozilla/5.0 (X11; Linux x86_64) AppleWebKit/537.11 (KHTML, like Gecko) Chrome/23.0.1271.95 Safari/537.11',NULL),(171,'2012-12-12 00:32:39','USER_LOGIN',1,'2012-12-12 01:32:39',1,'(UserLogged,admin)','::1','Mozilla/5.0 (X11; Linux x86_64) AppleWebKit/537.11 (KHTML, like Gecko) Chrome/23.0.1271.95 Safari/537.11',NULL),(172,'2012-12-12 10:49:59','USER_LOGIN',1,'2012-12-12 11:49:59',1,'(UserLogged,admin)','::1','Mozilla/5.0 (X11; Linux x86_64) AppleWebKit/537.11 (KHTML, like Gecko) Chrome/23.0.1271.95 Safari/537.11',NULL),(175,'2012-12-12 10:57:40','USER_MODIFY',1,'2012-12-12 11:57:40',1,'Modification utilisateur admin','::1','Mozilla/5.0 (X11; Linux x86_64) AppleWebKit/537.11 (KHTML, like Gecko) Chrome/23.0.1271.95 Safari/537.11',NULL),(176,'2012-12-12 13:29:15','USER_LOGIN',1,'2012-12-12 14:29:15',1,'(UserLogged,admin)','::1','Mozilla/5.0 (X11; Linux x86_64) AppleWebKit/537.11 (KHTML, like Gecko) Chrome/23.0.1271.95 Safari/537.11',NULL),(177,'2012-12-12 13:30:15','USER_LOGIN',1,'2012-12-12 14:30:15',1,'(UserLogged,admin)','127.0.0.1','Mozilla/5.0 (X11; Linux x86_64) AppleWebKit/537.11 (KHTML, like Gecko) Chrome/23.0.1271.95 Safari/537.11',NULL),(178,'2012-12-12 13:40:08','USER_LOGOUT',1,'2012-12-12 14:40:08',1,'(UserLogoff,admin)','127.0.0.1','Mozilla/5.0 (X11; Linux x86_64) AppleWebKit/537.11 (KHTML, like Gecko) Chrome/23.0.1271.95 Safari/537.11',NULL),(179,'2012-12-12 13:40:10','USER_LOGIN',1,'2012-12-12 14:40:10',1,'(UserLogged,admin)','127.0.0.1','Mozilla/5.0 (X11; Linux x86_64) AppleWebKit/537.11 (KHTML, like Gecko) Chrome/23.0.1271.95 Safari/537.11',NULL),(180,'2012-12-12 13:40:26','USER_MODIFY',1,'2012-12-12 14:40:26',1,'Modification utilisateur admin','127.0.0.1','Mozilla/5.0 (X11; Linux x86_64) AppleWebKit/537.11 (KHTML, like Gecko) Chrome/23.0.1271.95 Safari/537.11',NULL),(181,'2012-12-12 13:40:34','USER_LOGOUT',1,'2012-12-12 14:40:34',1,'(UserLogoff,admin)','127.0.0.1','Mozilla/5.0 (X11; Linux x86_64) AppleWebKit/537.11 (KHTML, like Gecko) Chrome/23.0.1271.95 Safari/537.11',NULL),(182,'2012-12-12 13:42:23','USER_LOGIN',1,'2012-12-12 14:42:23',1,'(UserLogged,admin)','127.0.0.1','Mozilla/5.0 (X11; Linux x86_64) AppleWebKit/537.11 (KHTML, like Gecko) Chrome/23.0.1271.95 Safari/537.11',NULL),(183,'2012-12-12 13:43:02','USER_NEW_PASSWORD',1,'2012-12-12 14:43:02',NULL,'Changement mot de passe de admin','127.0.0.1','Mozilla/5.0 (X11; Linux x86_64) AppleWebKit/537.11 (KHTML, like Gecko) Chrome/23.0.1271.95 Safari/537.11',NULL),(184,'2012-12-12 13:43:25','USER_LOGOUT',1,'2012-12-12 14:43:25',1,'(UserLogoff,admin)','127.0.0.1','Mozilla/5.0 (X11; Linux x86_64) AppleWebKit/537.11 (KHTML, like Gecko) Chrome/23.0.1271.95 Safari/537.11',NULL),(185,'2012-12-12 13:43:27','USER_LOGIN_FAILED',1,'2012-12-12 14:43:27',NULL,'Identifiants login ou mot de passe incorrects - login=admin','127.0.0.1','Mozilla/5.0 (X11; Linux x86_64) AppleWebKit/537.11 (KHTML, like Gecko) Chrome/23.0.1271.95 Safari/537.11',NULL),(186,'2012-12-12 13:43:30','USER_LOGIN',1,'2012-12-12 14:43:30',1,'(UserLogged,admin)','127.0.0.1','Mozilla/5.0 (X11; Linux x86_64) AppleWebKit/537.11 (KHTML, like Gecko) Chrome/23.0.1271.95 Safari/537.11',NULL),(187,'2012-12-12 14:52:11','USER_LOGIN',1,'2012-12-12 15:52:11',1,'(UserLogged,admin)','127.0.0.1','Mozilla/5.0 (X11; Linux x86_64) AppleWebKit/537.11 (KHTML, like Gecko) Chrome/23.0.1271.95 Safari/537.11',NULL),(188,'2012-12-12 17:53:00','USER_LOGIN_FAILED',1,'2012-12-12 18:53:00',NULL,'Identifiants login ou mot de passe incorrects - login=admin','127.0.0.1','Mozilla/5.0 (X11; Linux x86_64) AppleWebKit/537.11 (KHTML, like Gecko) Chrome/23.0.1271.97 Safari/537.11',NULL),(189,'2012-12-12 17:53:07','USER_LOGIN_FAILED',1,'2012-12-12 18:53:07',NULL,'Identifiants login ou mot de passe incorrects - login=admin','127.0.0.1','Mozilla/5.0 (X11; Linux x86_64) AppleWebKit/537.11 (KHTML, like Gecko) Chrome/23.0.1271.97 Safari/537.11',NULL),(190,'2012-12-12 17:53:51','USER_NEW_PASSWORD',1,'2012-12-12 18:53:51',NULL,'Changement mot de passe de admin','127.0.0.1','Mozilla/5.0 (X11; Linux x86_64) AppleWebKit/537.11 (KHTML, like Gecko) Chrome/23.0.1271.97 Safari/537.11',NULL),(191,'2012-12-12 17:54:00','USER_LOGIN',1,'2012-12-12 18:54:00',1,'(UserLogged,admin)','127.0.0.1','Mozilla/5.0 (X11; Linux x86_64) AppleWebKit/537.11 (KHTML, like Gecko) Chrome/23.0.1271.97 Safari/537.11',NULL),(192,'2012-12-12 17:54:10','USER_NEW_PASSWORD',1,'2012-12-12 18:54:10',1,'Changement mot de passe de admin','127.0.0.1','Mozilla/5.0 (X11; Linux x86_64) AppleWebKit/537.11 (KHTML, like Gecko) Chrome/23.0.1271.97 Safari/537.11',NULL),(193,'2012-12-12 17:54:10','USER_MODIFY',1,'2012-12-12 18:54:10',1,'Modification utilisateur admin','127.0.0.1','Mozilla/5.0 (X11; Linux x86_64) AppleWebKit/537.11 (KHTML, like Gecko) Chrome/23.0.1271.97 Safari/537.11',NULL),(194,'2012-12-12 18:57:09','USER_LOGIN',1,'2012-12-12 19:57:09',1,'(UserLogged,admin)','127.0.0.1','Mozilla/5.0 (X11; Linux x86_64) AppleWebKit/537.11 (KHTML, like Gecko) Chrome/23.0.1271.97 Safari/537.11',NULL),(195,'2012-12-12 23:04:08','USER_LOGIN',1,'2012-12-13 00:04:08',1,'(UserLogged,admin)','127.0.0.1','Mozilla/5.0 (X11; Linux x86_64) AppleWebKit/537.11 (KHTML, like Gecko) Chrome/23.0.1271.97 Safari/537.11',NULL),(196,'2012-12-17 20:03:14','USER_LOGIN',1,'2012-12-17 21:03:14',1,'(UserLogged,admin)','::1','Mozilla/5.0 (X11; Linux x86_64) AppleWebKit/537.11 (KHTML, like Gecko) Chrome/23.0.1271.97 Safari/537.11',NULL),(197,'2012-12-17 21:18:45','USER_LOGIN',1,'2012-12-17 22:18:45',1,'(UserLogged,admin)','::1','Mozilla/5.0 (X11; Linux x86_64) AppleWebKit/537.11 (KHTML, like Gecko) Chrome/23.0.1271.97 Safari/537.11',NULL),(198,'2012-12-17 22:30:08','USER_LOGIN',1,'2012-12-17 23:30:08',1,'(UserLogged,admin)','::1','Mozilla/5.0 (X11; Linux x86_64) AppleWebKit/537.11 (KHTML, like Gecko) Chrome/23.0.1271.97 Safari/537.11',NULL),(199,'2012-12-18 23:32:03','USER_LOGIN',1,'2012-12-19 00:32:03',1,'(UserLogged,admin)','::1','Mozilla/5.0 (X11; Linux x86_64) AppleWebKit/537.11 (KHTML, like Gecko) Chrome/23.0.1271.97 Safari/537.11',NULL),(200,'2012-12-19 09:38:03','USER_LOGIN',1,'2012-12-19 10:38:03',1,'(UserLogged,admin)','::1','Mozilla/5.0 (X11; Linux x86_64) AppleWebKit/537.11 (KHTML, like Gecko) Chrome/23.0.1271.97 Safari/537.11',NULL),(201,'2012-12-19 11:23:35','USER_LOGIN',1,'2012-12-19 12:23:35',1,'(UserLogged,admin)','::1','Mozilla/5.0 (X11; Linux x86_64) AppleWebKit/537.11 (KHTML, like Gecko) Chrome/23.0.1271.97 Safari/537.11',NULL),(202,'2012-12-19 12:46:22','USER_LOGIN',1,'2012-12-19 13:46:22',1,'(UserLogged,admin)','::1','Mozilla/5.0 (X11; Linux x86_64) AppleWebKit/537.11 (KHTML, like Gecko) Chrome/23.0.1271.97 Safari/537.11',NULL),(214,'2012-12-19 19:11:31','USER_LOGIN',1,'2012-12-19 20:11:31',1,'(UserLogged,admin)','::1','Mozilla/5.0 (X11; Linux x86_64) AppleWebKit/537.11 (KHTML, like Gecko) Chrome/23.0.1271.97 Safari/537.11',NULL),(215,'2012-12-21 16:36:57','USER_LOGIN',1,'2012-12-21 17:36:57',1,'(UserLogged,admin)','::1','Mozilla/5.0 (X11; Linux x86_64) AppleWebKit/537.11 (KHTML, like Gecko) Chrome/23.0.1271.97 Safari/537.11',NULL),(216,'2012-12-21 16:38:43','USER_NEW_PASSWORD',1,'2012-12-21 17:38:43',1,'Changement mot de passe de adupont','::1','Mozilla/5.0 (X11; Linux x86_64) AppleWebKit/537.11 (KHTML, like Gecko) Chrome/23.0.1271.97 Safari/537.11',NULL),(217,'2012-12-21 16:38:43','USER_MODIFY',1,'2012-12-21 17:38:43',1,'Modification utilisateur adupont','::1','Mozilla/5.0 (X11; Linux x86_64) AppleWebKit/537.11 (KHTML, like Gecko) Chrome/23.0.1271.97 Safari/537.11',NULL),(218,'2012-12-21 16:38:51','USER_LOGOUT',1,'2012-12-21 17:38:51',1,'(UserLogoff,admin)','::1','Mozilla/5.0 (X11; Linux x86_64) AppleWebKit/537.11 (KHTML, like Gecko) Chrome/23.0.1271.97 Safari/537.11',NULL),(219,'2012-12-21 16:38:55','USER_LOGIN',1,'2012-12-21 17:38:55',3,'(UserLogged,adupont)','::1','Mozilla/5.0 (X11; Linux x86_64) AppleWebKit/537.11 (KHTML, like Gecko) Chrome/23.0.1271.97 Safari/537.11',NULL),(220,'2012-12-21 16:48:18','USER_LOGOUT',1,'2012-12-21 17:48:18',3,'(UserLogoff,adupont)','::1','Mozilla/5.0 (X11; Linux x86_64) AppleWebKit/537.11 (KHTML, like Gecko) Chrome/23.0.1271.97 Safari/537.11',NULL),(221,'2012-12-21 16:48:20','USER_LOGIN',1,'2012-12-21 17:48:20',1,'(UserLogged,admin)','::1','Mozilla/5.0 (X11; Linux x86_64) AppleWebKit/537.11 (KHTML, like Gecko) Chrome/23.0.1271.97 Safari/537.11',NULL),(222,'2012-12-26 18:28:18','USER_LOGIN',1,'2012-12-26 19:28:18',1,'(UserLogged,admin)','127.0.0.1','Mozilla/5.0 (X11; Linux x86_64) AppleWebKit/537.11 (KHTML, like Gecko) Chrome/23.0.1271.97 Safari/537.11',NULL),(223,'2012-12-26 20:00:24','USER_LOGIN',1,'2012-12-26 21:00:24',1,'(UserLogged,admin)','127.0.0.1','Mozilla/5.0 (X11; Linux x86_64) AppleWebKit/537.11 (KHTML, like Gecko) Chrome/23.0.1271.97 Safari/537.11',NULL),(224,'2012-12-27 01:10:27','USER_LOGIN',1,'2012-12-27 02:10:27',1,'(UserLogged,admin)','127.0.0.1','Mozilla/5.0 (X11; Linux x86_64) AppleWebKit/537.11 (KHTML, like Gecko) Chrome/23.0.1271.97 Safari/537.11',NULL),(225,'2012-12-28 19:12:08','USER_LOGIN',1,'2012-12-28 20:12:08',1,'(UserLogged,admin)','127.0.0.1','Mozilla/5.0 (X11; Linux x86_64) AppleWebKit/537.11 (KHTML, like Gecko) Chrome/23.0.1271.97 Safari/537.11',NULL),(226,'2012-12-28 20:16:58','USER_LOGIN',1,'2012-12-28 21:16:58',1,'(UserLogged,admin)','127.0.0.1','Mozilla/5.0 (X11; Linux x86_64) AppleWebKit/537.11 (KHTML, like Gecko) Chrome/23.0.1271.97 Safari/537.11',NULL),(227,'2012-12-29 14:35:46','USER_LOGIN',1,'2012-12-29 15:35:46',1,'(UserLogged,admin)','::1','Mozilla/5.0 (X11; Linux x86_64) AppleWebKit/537.11 (KHTML, like Gecko) Chrome/23.0.1271.97 Safari/537.11',NULL),(228,'2012-12-29 14:37:59','USER_LOGOUT',1,'2012-12-29 15:37:59',1,'(UserLogoff,admin)','::1','Mozilla/5.0 (X11; Linux x86_64) AppleWebKit/537.11 (KHTML, like Gecko) Chrome/23.0.1271.97 Safari/537.11',NULL),(229,'2012-12-29 14:38:00','USER_LOGIN',1,'2012-12-29 15:38:00',1,'(UserLogged,admin)','::1','Mozilla/5.0 (X11; Linux x86_64) AppleWebKit/537.11 (KHTML, like Gecko) Chrome/23.0.1271.97 Safari/537.11',NULL),(230,'2012-12-29 17:16:48','USER_LOGIN',1,'2012-12-29 18:16:48',1,'(UserLogged,admin)','127.0.0.1','Mozilla/5.0 (X11; Linux x86_64) AppleWebKit/537.11 (KHTML, like Gecko) Chrome/23.0.1271.97 Safari/537.11',NULL),(231,'2012-12-31 12:02:59','USER_LOGIN',1,'2012-12-31 13:02:59',1,'(UserLogged,admin)','::1','Mozilla/5.0 (X11; Linux x86_64) AppleWebKit/537.11 (KHTML, like Gecko) Chrome/23.0.1271.97 Safari/537.11',NULL),(232,'2013-01-02 20:32:51','USER_LOGIN',1,'2013-01-02 21:32:51',1,'(UserLogged,admin)','::1','Mozilla/5.0 (X11; Ubuntu; Linux x86_64; rv:17.0) Gecko/20100101 Firefox/17.0',NULL),(233,'2013-01-02 20:58:59','USER_LOGIN',1,'2013-01-02 21:58:59',1,'(UserLogged,admin)','::1','Mozilla/5.0 (X11; Linux x86_64) AppleWebKit/537.11 (KHTML, like Gecko) Chrome/23.0.1271.97 Safari/537.11',NULL),(234,'2013-01-03 09:25:07','USER_LOGIN',1,'2013-01-03 10:25:07',1,'(UserLogged,admin)','::1','Mozilla/5.0 (X11; Linux x86_64) AppleWebKit/537.11 (KHTML, like Gecko) Chrome/23.0.1271.97 Safari/537.11',NULL),(235,'2013-01-03 19:39:31','USER_LOGIN',1,'2013-01-03 20:39:31',1,'(UserLogged,admin)','::1','Mozilla/5.0 (X11; Linux x86_64) AppleWebKit/537.11 (KHTML, like Gecko) Chrome/23.0.1271.97 Safari/537.11',NULL),(236,'2013-01-04 22:40:19','USER_LOGIN',1,'2013-01-04 23:40:19',1,'(UserLogged,admin)','::1','Mozilla/5.0 (X11; Linux x86_64) AppleWebKit/537.11 (KHTML, like Gecko) Chrome/23.0.1271.97 Safari/537.11',NULL),(237,'2013-01-05 12:59:59','USER_LOGIN',1,'2013-01-05 13:59:59',1,'(UserLogged,admin)','::1','Mozilla/5.0 (X11; Linux x86_64) AppleWebKit/537.11 (KHTML, like Gecko) Chrome/23.0.1271.97 Safari/537.11',NULL),(238,'2013-01-05 15:28:52','USER_LOGIN',1,'2013-01-05 16:28:52',1,'(UserLogged,admin)','::1','Mozilla/5.0 (X11; Linux x86_64) AppleWebKit/537.11 (KHTML, like Gecko) Chrome/23.0.1271.97 Safari/537.11',NULL),(239,'2013-01-05 17:02:08','USER_LOGIN',1,'2013-01-05 18:02:08',1,'(UserLogged,admin)','::1','Mozilla/5.0 (X11; Linux x86_64) AppleWebKit/537.11 (KHTML, like Gecko) Chrome/23.0.1271.97 Safari/537.11',NULL),(240,'2013-01-06 12:13:33','USER_LOGIN',1,'2013-01-06 13:13:33',1,'(UserLogged,admin)','::1','Mozilla/5.0 (X11; Linux x86_64) AppleWebKit/537.11 (KHTML, like Gecko) Chrome/23.0.1271.97 Safari/537.11',NULL),(241,'2013-01-07 01:21:15','USER_LOGIN',1,'2013-01-07 02:21:15',1,'(UserLogged,admin)','::1','Mozilla/5.0 (X11; Linux x86_64) AppleWebKit/537.11 (KHTML, like Gecko) Chrome/23.0.1271.97 Safari/537.11',NULL),(242,'2013-01-07 01:46:31','USER_LOGOUT',1,'2013-01-07 02:46:31',1,'(UserLogoff,admin)','::1','Mozilla/5.0 (X11; Linux x86_64) AppleWebKit/537.11 (KHTML, like Gecko) Chrome/23.0.1271.97 Safari/537.11',NULL),(243,'2013-01-07 19:54:50','USER_LOGIN',1,'2013-01-07 20:54:50',1,'(UserLogged,admin)','::1','Mozilla/5.0 (X11; Linux x86_64) AppleWebKit/537.11 (KHTML, like Gecko) Chrome/23.0.1271.97 Safari/537.11',NULL),(244,'2013-01-08 21:55:01','USER_LOGIN',1,'2013-01-08 22:55:01',1,'(UserLogged,admin)','::1','Mozilla/5.0 (X11; Linux x86_64) AppleWebKit/537.11 (KHTML, like Gecko) Chrome/23.0.1271.97 Safari/537.11',NULL),(245,'2013-01-09 11:13:28','USER_LOGIN',1,'2013-01-09 12:13:28',1,'(UserLogged,admin)','::1','Mozilla/5.0 (X11; Linux x86_64) AppleWebKit/537.11 (KHTML, like Gecko) Chrome/23.0.1271.97 Safari/537.11',NULL),(246,'2013-01-10 18:30:46','USER_LOGIN',1,'2013-01-10 19:30:46',1,'(UserLogged,admin)','::1','Mozilla/5.0 (X11; Linux x86_64) AppleWebKit/537.11 (KHTML, like Gecko) Chrome/23.0.1271.97 Safari/537.11',NULL),(247,'2013-01-11 18:03:26','USER_LOGIN',1,'2013-01-11 19:03:26',1,'(UserLogged,admin)','::1','Mozilla/5.0 (X11; Linux x86_64) AppleWebKit/537.11 (KHTML, like Gecko) Chrome/23.0.1271.97 Safari/537.11',NULL),(248,'2013-01-12 11:15:04','USER_LOGIN',1,'2013-01-12 12:15:04',1,'(UserLogged,admin)','::1','Mozilla/5.0 (X11; Linux x86_64) AppleWebKit/537.11 (KHTML, like Gecko) Chrome/23.0.1271.97 Safari/537.11',NULL),(249,'2013-01-12 14:42:44','USER_LOGIN',1,'2013-01-12 15:42:44',1,'(UserLogged,admin)','::1','Mozilla/5.0 (X11; Linux x86_64) AppleWebKit/537.11 (KHTML, like Gecko) Chrome/23.0.1271.97 Safari/537.11',NULL),(250,'2013-01-13 12:07:17','USER_LOGIN',1,'2013-01-13 13:07:17',1,'(UserLogged,admin)','::1','Mozilla/5.0 (X11; Linux x86_64) AppleWebKit/537.11 (KHTML, like Gecko) Chrome/23.0.1271.97 Safari/537.11',NULL),(251,'2013-01-13 17:37:58','USER_LOGIN',1,'2013-01-13 18:37:58',1,'(UserLogged,admin)','::1','Mozilla/5.0 (X11; Linux x86_64) AppleWebKit/537.11 (KHTML, like Gecko) Chrome/23.0.1271.97 Safari/537.11',NULL),(252,'2013-01-13 19:24:21','USER_LOGIN',1,'2013-01-13 20:24:21',1,'(UserLogged,admin)','::1','Mozilla/5.0 (X11; Linux x86_64) AppleWebKit/537.11 (KHTML, like Gecko) Chrome/23.0.1271.97 Safari/537.11',NULL),(253,'2013-01-13 19:29:19','USER_LOGOUT',1,'2013-01-13 20:29:19',1,'(UserLogoff,admin)','::1','Mozilla/5.0 (X11; Linux x86_64) AppleWebKit/537.11 (KHTML, like Gecko) Chrome/23.0.1271.97 Safari/537.11',NULL),(254,'2013-01-13 21:39:39','USER_LOGIN',1,'2013-01-13 22:39:39',1,'(UserLogged,admin)','::1','Mozilla/5.0 (X11; Linux x86_64) AppleWebKit/537.11 (KHTML, like Gecko) Chrome/23.0.1271.97 Safari/537.11',NULL),(255,'2013-01-14 00:52:21','USER_LOGIN',1,'2013-01-14 01:52:21',1,'(UserLogged,admin)','::1','Mozilla/5.0 (X11; Linux x86_64) AppleWebKit/537.11 (KHTML, like Gecko) Chrome/23.0.1271.97 Safari/537.11',NULL),(256,'2013-01-16 11:34:31','USER_LOGIN',1,'2013-01-16 12:34:31',1,'(UserLogged,admin)','::1','Mozilla/5.0 (X11; Linux x86_64) AppleWebKit/537.17 (KHTML, like Gecko) Chrome/24.0.1312.52 Safari/537.17',NULL),(257,'2013-01-16 15:36:21','USER_LOGIN',1,'2013-01-16 16:36:21',1,'(UserLogged,admin)','::1','Mozilla/5.0 (X11; Linux x86_64) AppleWebKit/537.17 (KHTML, like Gecko) Chrome/24.0.1312.52 Safari/537.17',NULL),(258,'2013-01-16 19:17:36','USER_LOGIN',1,'2013-01-16 20:17:36',1,'(UserLogged,admin)','::1','Mozilla/5.0 (X11; Linux x86_64) AppleWebKit/537.17 (KHTML, like Gecko) Chrome/24.0.1312.52 Safari/537.17',NULL),(259,'2013-01-16 19:48:08','GROUP_CREATE',1,'2013-01-16 20:48:08',1,'Création groupe ggg','::1','Mozilla/5.0 (X11; Linux x86_64) AppleWebKit/537.17 (KHTML, like Gecko) Chrome/24.0.1312.52 Safari/537.17',NULL),(260,'2013-01-16 21:48:53','USER_LOGIN',1,'2013-01-16 22:48:53',1,'(UserLogged,admin)','::1','Mozilla/5.0 (X11; Linux x86_64) AppleWebKit/537.17 (KHTML, like Gecko) Chrome/24.0.1312.52 Safari/537.17',NULL),(261,'2013-01-17 19:55:53','USER_LOGIN',1,'2013-01-17 20:55:53',1,'(UserLogged,admin)','::1','Mozilla/5.0 (X11; Linux x86_64) AppleWebKit/537.17 (KHTML, like Gecko) Chrome/24.0.1312.52 Safari/537.17',NULL),(262,'2013-01-18 09:48:01','USER_LOGIN',1,'2013-01-18 10:48:01',1,'(UserLogged,admin)','::1','Mozilla/5.0 (X11; Linux x86_64) AppleWebKit/537.17 (KHTML, like Gecko) Chrome/24.0.1312.52 Safari/537.17',NULL),(263,'2013-01-18 13:22:36','USER_LOGIN',1,'2013-01-18 14:22:36',1,'(UserLogged,admin)','::1','Mozilla/5.0 (X11; Linux x86_64) AppleWebKit/537.17 (KHTML, like Gecko) Chrome/24.0.1312.52 Safari/537.17',NULL),(264,'2013-01-18 16:10:23','USER_LOGIN',1,'2013-01-18 17:10:22',1,'(UserLogged,admin)','::1','Mozilla/5.0 (X11; Linux x86_64) AppleWebKit/537.17 (KHTML, like Gecko) Chrome/24.0.1312.52 Safari/537.17',NULL),(265,'2013-01-18 17:41:40','USER_LOGIN',1,'2013-01-18 18:41:40',1,'(UserLogged,admin)','::1','Mozilla/5.0 (X11; Linux x86_64) AppleWebKit/537.17 (KHTML, like Gecko) Chrome/24.0.1312.52 Safari/537.17',NULL),(266,'2013-01-19 14:33:48','USER_LOGIN',1,'2013-01-19 15:33:48',1,'(UserLogged,admin)','::1','Mozilla/5.0 (X11; Linux x86_64) AppleWebKit/537.17 (KHTML, like Gecko) Chrome/24.0.1312.52 Safari/537.17',NULL),(267,'2013-01-19 16:47:43','USER_LOGIN',1,'2013-01-19 17:47:43',1,'(UserLogged,admin)','::1','Mozilla/5.0 (X11; Linux x86_64) AppleWebKit/537.17 (KHTML, like Gecko) Chrome/24.0.1312.52 Safari/537.17',NULL),(268,'2013-01-19 16:59:43','USER_LOGIN',1,'2013-01-19 17:59:43',1,'(UserLogged,admin)','::1','Mozilla/5.0 (X11; Linux x86_64) AppleWebKit/537.17 (KHTML, like Gecko) Chrome/24.0.1312.52 Safari/537.17',NULL),(269,'2013-01-19 17:00:22','USER_LOGIN',1,'2013-01-19 18:00:22',1,'(UserLogged,admin)','::1','Mozilla/5.0 (X11; Linux x86_64) AppleWebKit/537.17 (KHTML, like Gecko) Chrome/24.0.1312.52 Safari/537.17',NULL),(270,'2013-01-19 17:04:16','USER_LOGOUT',1,'2013-01-19 18:04:16',1,'(UserLogoff,admin)','::1','Mozilla/5.0 (X11; Linux x86_64) AppleWebKit/537.17 (KHTML, like Gecko) Chrome/24.0.1312.52 Safari/537.17',NULL),(271,'2013-01-19 17:04:18','USER_LOGIN',1,'2013-01-19 18:04:18',1,'(UserLogged,admin)','::1','Mozilla/5.0 (X11; Linux x86_64) AppleWebKit/537.17 (KHTML, like Gecko) Chrome/24.0.1312.52 Safari/537.17',NULL),(272,'2013-01-20 00:34:19','USER_LOGIN',1,'2013-01-20 01:34:19',1,'(UserLogged,admin)','::1','Mozilla/5.0 (X11; Linux x86_64) AppleWebKit/537.17 (KHTML, like Gecko) Chrome/24.0.1312.52 Safari/537.17',NULL),(273,'2013-01-21 11:54:17','USER_LOGIN',1,'2013-01-21 12:54:17',1,'(UserLogged,admin)','::1','Mozilla/5.0 (X11; Linux x86_64) AppleWebKit/537.17 (KHTML, like Gecko) Chrome/24.0.1312.52 Safari/537.17',NULL),(274,'2013-01-21 13:48:15','USER_LOGIN',1,'2013-01-21 14:48:15',1,'(UserLogged,admin)','::1','Mozilla/5.0 (X11; Linux x86_64) AppleWebKit/537.17 (KHTML, like Gecko) Chrome/24.0.1312.52 Safari/537.17',NULL),(275,'2013-01-21 14:30:22','USER_LOGIN',1,'2013-01-21 15:30:22',1,'(UserLogged,admin)','127.0.0.1','Mozilla/5.0 (X11; Linux x86_64) AppleWebKit/537.17 (KHTML, like Gecko) Chrome/24.0.1312.52 Safari/537.17',NULL),(276,'2013-01-21 15:10:46','USER_LOGIN',1,'2013-01-21 16:10:46',1,'(UserLogged,admin)','::1','Mozilla/5.0 (X11; Linux x86_64) AppleWebKit/537.17 (KHTML, like Gecko) Chrome/24.0.1312.52 Safari/537.17',NULL),(277,'2013-01-21 17:27:43','USER_LOGIN',1,'2013-01-21 18:27:43',1,'(UserLogged,admin)','127.0.0.1','Mozilla/5.0 (X11; Linux x86_64) AppleWebKit/537.17 (KHTML, like Gecko) Chrome/24.0.1312.52 Safari/537.17',NULL),(278,'2013-01-21 21:48:15','USER_LOGIN',1,'2013-01-21 22:48:15',1,'(UserLogged,admin)','::1','Mozilla/5.0 (X11; Linux x86_64) AppleWebKit/537.17 (KHTML, like Gecko) Chrome/24.0.1312.52 Safari/537.17',NULL),(279,'2013-01-21 21:50:42','USER_LOGIN',1,'2013-01-21 22:50:42',1,'(UserLogged,admin)','127.0.0.1','Mozilla/5.0 (X11; Linux x86_64) AppleWebKit/537.17 (KHTML, like Gecko) Chrome/24.0.1312.52 Safari/537.17',NULL),(280,'2013-01-23 09:28:26','USER_LOGIN',1,'2013-01-23 10:28:26',1,'(UserLogged,admin)','::1','Mozilla/5.0 (X11; Linux x86_64) AppleWebKit/537.17 (KHTML, like Gecko) Chrome/24.0.1312.56 Safari/537.17',NULL),(281,'2013-01-23 13:21:57','USER_LOGIN',1,'2013-01-23 14:21:57',1,'(UserLogged,admin)','::1','Mozilla/5.0 (X11; Linux x86_64) AppleWebKit/537.17 (KHTML, like Gecko) Chrome/24.0.1312.56 Safari/537.17',NULL),(282,'2013-01-23 16:52:00','USER_LOGOUT',1,'2013-01-23 17:52:00',1,'(UserLogoff,admin)','::1','Mozilla/5.0 (X11; Linux x86_64) AppleWebKit/537.17 (KHTML, like Gecko) Chrome/24.0.1312.56 Safari/537.17',NULL),(283,'2013-01-23 16:52:05','USER_LOGIN_FAILED',1,'2013-01-23 17:52:05',NULL,'Bad value for login or password - login=bbb','::1','Mozilla/5.0 (X11; Linux x86_64) AppleWebKit/537.17 (KHTML, like Gecko) Chrome/24.0.1312.56 Safari/537.17',NULL),(284,'2013-01-23 16:52:09','USER_LOGIN',1,'2013-01-23 17:52:09',1,'(UserLogged,admin)','::1','Mozilla/5.0 (X11; Linux x86_64) AppleWebKit/537.17 (KHTML, like Gecko) Chrome/24.0.1312.56 Safari/537.17',NULL),(285,'2013-01-23 16:52:27','USER_CREATE',1,'2013-01-23 17:52:27',1,'Création utilisateur aaa','::1','Mozilla/5.0 (X11; Linux x86_64) AppleWebKit/537.17 (KHTML, like Gecko) Chrome/24.0.1312.56 Safari/537.17',NULL),(286,'2013-01-23 16:52:27','USER_NEW_PASSWORD',1,'2013-01-23 17:52:27',1,'Changement mot de passe de aaa','::1','Mozilla/5.0 (X11; Linux x86_64) AppleWebKit/537.17 (KHTML, like Gecko) Chrome/24.0.1312.56 Safari/537.17',NULL),(287,'2013-01-23 16:52:37','USER_CREATE',1,'2013-01-23 17:52:37',1,'Création utilisateur bbb','::1','Mozilla/5.0 (X11; Linux x86_64) AppleWebKit/537.17 (KHTML, like Gecko) Chrome/24.0.1312.56 Safari/537.17',NULL),(288,'2013-01-23 16:52:37','USER_NEW_PASSWORD',1,'2013-01-23 17:52:37',1,'Changement mot de passe de bbb','::1','Mozilla/5.0 (X11; Linux x86_64) AppleWebKit/537.17 (KHTML, like Gecko) Chrome/24.0.1312.56 Safari/537.17',NULL),(289,'2013-01-23 16:53:15','USER_LOGOUT',1,'2013-01-23 17:53:15',1,'(UserLogoff,admin)','::1','Mozilla/5.0 (X11; Linux x86_64) AppleWebKit/537.17 (KHTML, like Gecko) Chrome/24.0.1312.56 Safari/537.17',NULL),(290,'2013-01-23 16:53:20','USER_LOGIN',1,'2013-01-23 17:53:20',4,'(UserLogged,aaa)','::1','Mozilla/5.0 (X11; Linux x86_64) AppleWebKit/537.17 (KHTML, like Gecko) Chrome/24.0.1312.56 Safari/537.17',NULL),(291,'2013-01-23 19:16:58','USER_LOGIN',1,'2013-01-23 20:16:58',1,'(UserLogged,admin)','::1','Mozilla/5.0 (X11; Linux x86_64) AppleWebKit/537.17 (KHTML, like Gecko) Chrome/24.0.1312.56 Safari/537.17',NULL),(292,'2013-01-26 10:54:07','USER_LOGIN',1,'2013-01-26 11:54:07',1,'(UserLogged,admin)','::1','Mozilla/5.0 (X11; Linux x86_64) AppleWebKit/537.17 (KHTML, like Gecko) Chrome/24.0.1312.56 Safari/537.17',NULL),(293,'2013-01-29 10:15:36','USER_LOGIN',1,'2013-01-29 11:15:36',1,'(UserLogged,admin)','::1','Mozilla/5.0 (X11; Linux x86_64) AppleWebKit/537.17 (KHTML, like Gecko) Chrome/24.0.1312.56 Safari/537.17',NULL),(294,'2013-01-30 17:42:50','USER_LOGIN',1,'2013-01-30 18:42:50',1,'(UserLogged,admin)','::1','Mozilla/5.0 (X11; Linux x86_64) AppleWebKit/537.17 (KHTML, like Gecko) Chrome/24.0.1312.56 Safari/537.17',NULL),(295,'2013-02-01 08:49:55','USER_LOGIN',1,'2013-02-01 09:49:55',1,'(UserLogged,admin)','::1','Mozilla/5.0 (X11; Linux x86_64) AppleWebKit/537.17 (KHTML, like Gecko) Chrome/24.0.1312.57 Safari/537.17',NULL),(296,'2013-02-01 08:51:57','USER_LOGOUT',1,'2013-02-01 09:51:57',1,'(UserLogoff,admin)','::1','Mozilla/5.0 (X11; Linux x86_64) AppleWebKit/537.17 (KHTML, like Gecko) Chrome/24.0.1312.57 Safari/537.17',NULL),(297,'2013-02-01 08:52:39','USER_LOGIN',1,'2013-02-01 09:52:39',1,'(UserLogged,admin)','::1','Mozilla/5.0 (X11; Linux x86_64) AppleWebKit/537.17 (KHTML, like Gecko) Chrome/24.0.1312.57 Safari/537.17',NULL),(298,'2013-02-01 21:03:01','USER_LOGIN',1,'2013-02-01 22:03:01',1,'(UserLogged,admin)','::1','Mozilla/5.0 (X11; Linux x86_64) AppleWebKit/537.17 (KHTML, like Gecko) Chrome/24.0.1312.57 Safari/537.17',NULL),(299,'2013-02-10 19:48:39','USER_LOGIN',1,'2013-02-10 20:48:39',1,'(UserLogged,admin)','::1','Mozilla/5.0 (X11; Linux x86_64) AppleWebKit/537.17 (KHTML, like Gecko) Chrome/24.0.1312.57 Safari/537.17',NULL),(300,'2013-02-10 20:46:48','USER_LOGIN',1,'2013-02-10 21:46:48',1,'(UserLogged,admin)','::1','Mozilla/5.0 (X11; Linux x86_64) AppleWebKit/537.17 (KHTML, like Gecko) Chrome/24.0.1312.57 Safari/537.17',NULL),(301,'2013-02-10 21:39:23','USER_LOGIN',1,'2013-02-10 22:39:23',1,'(UserLogged,admin)','::1','Mozilla/5.0 (X11; Linux x86_64) AppleWebKit/537.17 (KHTML, like Gecko) Chrome/24.0.1312.57 Safari/537.17',NULL),(302,'2013-02-11 19:00:13','USER_LOGIN',1,'2013-02-11 20:00:13',1,'(UserLogged,admin)','::1','Mozilla/5.0 (X11; Linux x86_64) AppleWebKit/537.17 (KHTML, like Gecko) Chrome/24.0.1312.57 Safari/537.17',NULL),(303,'2013-02-11 19:43:44','USER_LOGIN_FAILED',1,'2013-02-11 20:43:44',NULL,'Unknown column \'u.fk_user\' in \'field list\'','::1','Mozilla/5.0 (X11; Linux x86_64) AppleWebKit/537.17 (KHTML, like Gecko) Chrome/24.0.1312.57 Safari/537.17',NULL),(304,'2013-02-11 19:44:01','USER_LOGIN',1,'2013-02-11 20:44:01',1,'(UserLogged,admin)','::1','Mozilla/5.0 (X11; Linux x86_64) AppleWebKit/537.17 (KHTML, like Gecko) Chrome/24.0.1312.57 Safari/537.17',NULL),(305,'2013-02-12 00:27:35','USER_LOGIN',1,'2013-02-12 01:27:35',1,'(UserLogged,admin)','::1','Mozilla/5.0 (X11; Linux x86_64) AppleWebKit/537.17 (KHTML, like Gecko) Chrome/24.0.1312.57 Safari/537.17',NULL),(306,'2013-02-12 00:27:38','USER_LOGOUT',1,'2013-02-12 01:27:38',1,'(UserLogoff,admin)','::1','Mozilla/5.0 (X11; Linux x86_64) AppleWebKit/537.17 (KHTML, like Gecko) Chrome/24.0.1312.57 Safari/537.17',NULL),(307,'2013-02-12 00:28:07','USER_LOGIN',1,'2013-02-12 01:28:07',1,'(UserLogged,admin)','::1','Mozilla/5.0 (X11; Linux x86_64) AppleWebKit/537.17 (KHTML, like Gecko) Chrome/24.0.1312.57 Safari/537.17',NULL),(308,'2013-02-12 00:28:09','USER_LOGOUT',1,'2013-02-12 01:28:09',1,'(UserLogoff,admin)','::1','Mozilla/5.0 (X11; Linux x86_64) AppleWebKit/537.17 (KHTML, like Gecko) Chrome/24.0.1312.57 Safari/537.17',NULL),(309,'2013-02-12 00:28:26','USER_LOGIN',1,'2013-02-12 01:28:26',1,'(UserLogged,admin)','::1','Mozilla/5.0 (X11; Linux x86_64) AppleWebKit/537.17 (KHTML, like Gecko) Chrome/24.0.1312.57 Safari/537.17',NULL),(310,'2013-02-12 00:28:30','USER_LOGOUT',1,'2013-02-12 01:28:30',1,'(UserLogoff,admin)','::1','Mozilla/5.0 (X11; Linux x86_64) AppleWebKit/537.17 (KHTML, like Gecko) Chrome/24.0.1312.57 Safari/537.17',NULL),(311,'2013-02-12 12:42:15','USER_LOGIN',1,'2013-02-12 13:42:15',1,'(UserLogged,admin)','::1','Mozilla/5.0 (X11; Linux x86_64) AppleWebKit/537.17 (KHTML, like Gecko) Chrome/24.0.1312.57 Safari/537.17',NULL),(312,'2013-02-12 13:46:16','USER_LOGIN',1,'2013-02-12 14:46:16',1,'(UserLogged,admin)','::1','Mozilla/5.0 (X11; Linux x86_64) AppleWebKit/537.17 (KHTML, like Gecko) Chrome/24.0.1312.69 Safari/537.17',NULL),(313,'2013-02-12 14:54:28','USER_LOGIN',1,'2013-02-12 15:54:28',1,'(UserLogged,admin)','::1','Mozilla/5.0 (X11; Linux x86_64) AppleWebKit/537.17 (KHTML, like Gecko) Chrome/24.0.1312.69 Safari/537.17',NULL),(314,'2013-02-12 16:04:46','USER_LOGIN',1,'2013-02-12 17:04:46',1,'(UserLogged,admin)','::1','Mozilla/5.0 (X11; Linux x86_64) AppleWebKit/537.17 (KHTML, like Gecko) Chrome/24.0.1312.69 Safari/537.17',NULL),(315,'2013-02-13 14:02:43','USER_LOGIN',1,'2013-02-13 15:02:43',1,'(UserLogged,admin)','::1','Mozilla/5.0 (X11; Linux x86_64) AppleWebKit/537.17 (KHTML, like Gecko) Chrome/24.0.1312.69 Safari/537.17',NULL),(316,'2013-02-13 14:48:30','USER_LOGIN',1,'2013-02-13 15:48:30',1,'(UserLogged,admin)','::1','Mozilla/5.0 (X11; Linux x86_64) AppleWebKit/537.17 (KHTML, like Gecko) Chrome/24.0.1312.69 Safari/537.17',NULL),(317,'2013-02-13 17:44:53','USER_LOGIN',1,'2013-02-13 18:44:53',1,'(UserLogged,admin)','::1','Mozilla/5.0 (X11; Linux x86_64) AppleWebKit/537.17 (KHTML, like Gecko) Chrome/24.0.1312.69 Safari/537.17',NULL),(318,'2013-02-15 08:44:36','USER_LOGIN',1,'2013-02-15 09:44:36',1,'(UserLogged,admin)','::1','Mozilla/5.0 (X11; Linux x86_64) AppleWebKit/537.17 (KHTML, like Gecko) Chrome/24.0.1312.69 Safari/537.17',NULL),(319,'2013-02-15 08:53:20','USER_LOGIN',1,'2013-02-15 09:53:20',1,'(UserLogged,admin)','127.0.0.1','Mozilla/5.0 (X11; Linux x86_64) AppleWebKit/537.17 (KHTML, like Gecko) Chrome/24.0.1312.69 Safari/537.17',NULL),(320,'2013-02-16 19:10:28','USER_LOGIN',1,'2013-02-16 20:10:28',1,'(UserLogged,admin)','127.0.0.1','Mozilla/5.0 (X11; Linux x86_64) AppleWebKit/537.17 (KHTML, like Gecko) Chrome/24.0.1312.69 Safari/537.17',NULL),(321,'2013-02-16 19:22:40','USER_CREATE',1,'2013-02-16 20:22:40',1,'Création utilisateur aaab','127.0.0.1','Mozilla/5.0 (X11; Linux x86_64) AppleWebKit/537.17 (KHTML, like Gecko) Chrome/24.0.1312.69 Safari/537.17',NULL),(322,'2013-02-16 19:22:40','USER_NEW_PASSWORD',1,'2013-02-16 20:22:40',1,'Changement mot de passe de aaab','127.0.0.1','Mozilla/5.0 (X11; Linux x86_64) AppleWebKit/537.17 (KHTML, like Gecko) Chrome/24.0.1312.69 Safari/537.17',NULL),(323,'2013-02-16 19:48:15','USER_CREATE',1,'2013-02-16 20:48:15',1,'Création utilisateur zzz','127.0.0.1','Mozilla/5.0 (X11; Linux x86_64) AppleWebKit/537.17 (KHTML, like Gecko) Chrome/24.0.1312.69 Safari/537.17',NULL),(324,'2013-02-16 19:48:15','USER_NEW_PASSWORD',1,'2013-02-16 20:48:15',1,'Changement mot de passe de zzz','127.0.0.1','Mozilla/5.0 (X11; Linux x86_64) AppleWebKit/537.17 (KHTML, like Gecko) Chrome/24.0.1312.69 Safari/537.17',NULL),(325,'2013-02-16 19:50:08','USER_CREATE',1,'2013-02-16 20:50:08',1,'Création utilisateur zzzg','127.0.0.1','Mozilla/5.0 (X11; Linux x86_64) AppleWebKit/537.17 (KHTML, like Gecko) Chrome/24.0.1312.69 Safari/537.17',NULL),(326,'2013-02-16 19:50:08','USER_NEW_PASSWORD',1,'2013-02-16 20:50:08',1,'Changement mot de passe de zzzg','127.0.0.1','Mozilla/5.0 (X11; Linux x86_64) AppleWebKit/537.17 (KHTML, like Gecko) Chrome/24.0.1312.69 Safari/537.17',NULL),(327,'2013-02-16 21:20:03','USER_LOGIN',1,'2013-02-16 22:20:03',1,'(UserLogged,admin)','127.0.0.1','Mozilla/5.0 (X11; Linux x86_64) AppleWebKit/537.17 (KHTML, like Gecko) Chrome/24.0.1312.69 Safari/537.17',NULL),(328,'2013-02-17 14:30:51','USER_LOGIN',1,'2013-02-17 15:30:51',1,'(UserLogged,admin)','127.0.0.1','Mozilla/5.0 (X11; Linux x86_64) AppleWebKit/537.17 (KHTML, like Gecko) Chrome/24.0.1312.69 Safari/537.17',NULL),(329,'2013-02-17 17:21:22','USER_LOGIN',1,'2013-02-17 18:21:22',1,'(UserLogged,admin)','127.0.0.1','Mozilla/5.0 (X11; Linux x86_64) AppleWebKit/537.17 (KHTML, like Gecko) Chrome/24.0.1312.69 Safari/537.17',NULL),(330,'2013-02-17 17:48:43','USER_MODIFY',1,'2013-02-17 18:48:43',1,'Modification utilisateur aaa','127.0.0.1','Mozilla/5.0 (X11; Linux x86_64) AppleWebKit/537.17 (KHTML, like Gecko) Chrome/24.0.1312.69 Safari/537.17',NULL),(331,'2013-02-17 17:48:47','USER_MODIFY',1,'2013-02-17 18:48:47',1,'Modification utilisateur aaa','127.0.0.1','Mozilla/5.0 (X11; Linux x86_64) AppleWebKit/537.17 (KHTML, like Gecko) Chrome/24.0.1312.69 Safari/537.17',NULL),(332,'2013-02-17 17:48:51','USER_MODIFY',1,'2013-02-17 18:48:51',1,'Modification utilisateur aaa','127.0.0.1','Mozilla/5.0 (X11; Linux x86_64) AppleWebKit/537.17 (KHTML, like Gecko) Chrome/24.0.1312.69 Safari/537.17',NULL),(333,'2013-02-17 17:48:56','USER_MODIFY',1,'2013-02-17 18:48:56',1,'Modification utilisateur aaa','127.0.0.1','Mozilla/5.0 (X11; Linux x86_64) AppleWebKit/537.17 (KHTML, like Gecko) Chrome/24.0.1312.69 Safari/537.17',NULL),(334,'2013-02-18 22:00:01','USER_LOGIN',1,'2013-02-18 23:00:01',1,'(UserLogged,admin)','127.0.0.1','Mozilla/5.0 (X11; Linux x86_64) AppleWebKit/537.17 (KHTML, like Gecko) Chrome/24.0.1312.69 Safari/537.17',NULL),(335,'2013-02-19 08:19:52','USER_LOGIN',1,'2013-02-19 09:19:52',1,'(UserLogged,admin)','127.0.0.1','Mozilla/5.0 (X11; Linux x86_64) AppleWebKit/537.17 (KHTML, like Gecko) Chrome/24.0.1312.69 Safari/537.17',NULL),(336,'2013-02-19 22:00:52','USER_LOGIN',1,'2013-02-19 23:00:52',1,'(UserLogged,admin)','127.0.0.1','Mozilla/5.0 (X11; Linux x86_64) AppleWebKit/537.17 (KHTML, like Gecko) Chrome/24.0.1312.69 Safari/537.17',NULL),(337,'2013-02-20 09:34:52','USER_LOGIN',1,'2013-02-20 10:34:52',1,'(UserLogged,admin)','127.0.0.1','Mozilla/5.0 (X11; Linux x86_64) AppleWebKit/537.17 (KHTML, like Gecko) Chrome/24.0.1312.69 Safari/537.17',NULL),(338,'2013-02-20 13:12:28','USER_LOGIN',1,'2013-02-20 14:12:28',1,'(UserLogged,admin)','127.0.0.1','Mozilla/5.0 (X11; Linux x86_64) AppleWebKit/537.17 (KHTML, like Gecko) Chrome/24.0.1312.69 Safari/537.17',NULL),(339,'2013-02-20 17:19:44','USER_LOGIN',1,'2013-02-20 18:19:44',1,'(UserLogged,admin)','127.0.0.1','Mozilla/5.0 (X11; Linux x86_64) AppleWebKit/537.17 (KHTML, like Gecko) Chrome/24.0.1312.69 Safari/537.17',NULL),(340,'2013-02-20 19:07:21','USER_MODIFY',1,'2013-02-20 20:07:21',1,'Modification utilisateur adupont','127.0.0.1','Mozilla/5.0 (X11; Linux x86_64) AppleWebKit/537.17 (KHTML, like Gecko) Chrome/24.0.1312.69 Safari/537.17',NULL),(341,'2013-02-20 19:47:17','USER_LOGIN',1,'2013-02-20 20:47:17',1,'(UserLogged,admin)','127.0.0.1','Mozilla/5.0 (X11; Linux x86_64) AppleWebKit/537.17 (KHTML, like Gecko) Chrome/24.0.1312.69 Safari/537.17',NULL),(342,'2013-02-20 19:48:01','USER_MODIFY',1,'2013-02-20 20:48:01',1,'Modification utilisateur aaa','127.0.0.1','Mozilla/5.0 (X11; Linux x86_64) AppleWebKit/537.17 (KHTML, like Gecko) Chrome/24.0.1312.69 Safari/537.17',NULL),(343,'2013-02-21 08:27:07','USER_LOGIN',1,'2013-02-21 09:27:07',1,'(UserLogged,admin)','127.0.0.1','Mozilla/5.0 (X11; Linux x86_64) AppleWebKit/537.17 (KHTML, like Gecko) Chrome/24.0.1312.69 Safari/537.17',NULL),(344,'2013-02-23 13:34:13','USER_LOGIN',1,'2013-02-23 14:34:13',1,'(UserLogged,admin)','127.0.0.1','Mozilla/5.0 (X11; Linux x86_64) AppleWebKit/537.17 (KHTML, like Gecko) Chrome/24.0.1312.69 Safari/537.17',NULL),(345,'2013-02-24 01:06:41','USER_LOGIN_FAILED',1,'2013-02-24 02:06:41',NULL,'Bad value for login or password - login=admin','127.0.0.1','Mozilla/5.0 (X11; Linux x86_64) AppleWebKit/537.22 (KHTML, like Gecko) Chrome/25.0.1364.97 Safari/537.22',NULL),(346,'2013-02-24 01:06:45','USER_LOGIN_FAILED',1,'2013-02-24 02:06:45',NULL,'Bad value for login or password - login=admin','127.0.0.1','Mozilla/5.0 (X11; Linux x86_64) AppleWebKit/537.22 (KHTML, like Gecko) Chrome/25.0.1364.97 Safari/537.22',NULL),(347,'2013-02-24 01:06:55','USER_LOGIN_FAILED',1,'2013-02-24 02:06:55',NULL,'Bad value for login or password - login=admin','127.0.0.1','Mozilla/5.0 (X11; Linux x86_64) AppleWebKit/537.22 (KHTML, like Gecko) Chrome/25.0.1364.97 Safari/537.22',NULL),(348,'2013-02-24 01:07:03','USER_LOGIN_FAILED',1,'2013-02-24 02:07:03',NULL,'Bad value for login or password - login=admin','127.0.0.1','Mozilla/5.0 (X11; Linux x86_64) AppleWebKit/537.22 (KHTML, like Gecko) Chrome/25.0.1364.97 Safari/537.22',NULL),(349,'2013-02-24 01:07:21','USER_LOGIN_FAILED',1,'2013-02-24 02:07:21',NULL,'Bad value for login or password - login=admin','127.0.0.1','Mozilla/5.0 (X11; Linux x86_64) AppleWebKit/537.22 (KHTML, like Gecko) Chrome/25.0.1364.97 Safari/537.22',NULL),(350,'2013-02-24 01:08:12','USER_LOGIN_FAILED',1,'2013-02-24 02:08:12',NULL,'Bad value for login or password - login=admin','127.0.0.1','Mozilla/5.0 (X11; Linux x86_64) AppleWebKit/537.22 (KHTML, like Gecko) Chrome/25.0.1364.97 Safari/537.22',NULL),(351,'2013-02-24 01:08:42','USER_LOGIN_FAILED',1,'2013-02-24 02:08:42',NULL,'Bad value for login or password - login=admin','127.0.0.1','Mozilla/5.0 (X11; Linux x86_64) AppleWebKit/537.22 (KHTML, like Gecko) Chrome/25.0.1364.97 Safari/537.22',NULL),(352,'2013-02-24 01:08:50','USER_LOGIN_FAILED',1,'2013-02-24 02:08:50',NULL,'Bad value for login or password - login=admin','127.0.0.1','Mozilla/5.0 (X11; Linux x86_64) AppleWebKit/537.22 (KHTML, like Gecko) Chrome/25.0.1364.97 Safari/537.22',NULL),(353,'2013-02-24 01:09:08','USER_LOGIN_FAILED',1,'2013-02-24 02:09:08',NULL,'Bad value for login or password - login=admin','127.0.0.1','Mozilla/5.0 (X11; Linux x86_64) AppleWebKit/537.22 (KHTML, like Gecko) Chrome/25.0.1364.97 Safari/537.22',NULL),(354,'2013-02-24 01:09:42','USER_LOGIN_FAILED',1,'2013-02-24 02:09:42',NULL,'Bad value for login or password - login=admin','127.0.0.1','Mozilla/5.0 (X11; Linux x86_64) AppleWebKit/537.22 (KHTML, like Gecko) Chrome/25.0.1364.97 Safari/537.22',NULL),(355,'2013-02-24 01:09:50','USER_LOGIN_FAILED',1,'2013-02-24 02:09:50',NULL,'Bad value for login or password - login=admin','127.0.0.1','Mozilla/5.0 (X11; Linux x86_64) AppleWebKit/537.22 (KHTML, like Gecko) Chrome/25.0.1364.97 Safari/537.22',NULL),(356,'2013-02-24 01:10:05','USER_LOGIN_FAILED',1,'2013-02-24 02:10:05',NULL,'Bad value for login or password - login=admin','127.0.0.1','Mozilla/5.0 (X11; Linux x86_64) AppleWebKit/537.22 (KHTML, like Gecko) Chrome/25.0.1364.97 Safari/537.22',NULL),(357,'2013-02-24 01:10:22','USER_LOGIN_FAILED',1,'2013-02-24 02:10:22',NULL,'Bad value for login or password - login=admin','127.0.0.1','Mozilla/5.0 (X11; Linux x86_64) AppleWebKit/537.22 (KHTML, like Gecko) Chrome/25.0.1364.97 Safari/537.22',NULL),(358,'2013-02-24 01:10:30','USER_LOGIN_FAILED',1,'2013-02-24 02:10:30',NULL,'Bad value for login or password - login=admin','127.0.0.1','Mozilla/5.0 (X11; Linux x86_64) AppleWebKit/537.22 (KHTML, like Gecko) Chrome/25.0.1364.97 Safari/537.22',NULL),(359,'2013-02-24 01:10:56','USER_LOGIN_FAILED',1,'2013-02-24 02:10:56',NULL,'Bad value for login or password - login=admin','127.0.0.1','Mozilla/5.0 (X11; Linux x86_64) AppleWebKit/537.22 (KHTML, like Gecko) Chrome/25.0.1364.97 Safari/537.22',NULL),(360,'2013-02-24 01:11:26','USER_LOGIN_FAILED',1,'2013-02-24 02:11:26',NULL,'Bad value for login or password - login=admin','127.0.0.1','Mozilla/5.0 (X11; Linux x86_64) AppleWebKit/537.22 (KHTML, like Gecko) Chrome/25.0.1364.97 Safari/537.22',NULL),(361,'2013-02-24 01:12:06','USER_LOGIN_FAILED',1,'2013-02-24 02:12:06',NULL,'Bad value for login or password - login=admin','127.0.0.1','Mozilla/5.0 (X11; Linux x86_64) AppleWebKit/537.22 (KHTML, like Gecko) Chrome/25.0.1364.97 Safari/537.22',NULL),(362,'2013-02-24 01:21:14','USER_LOGIN_FAILED',1,'2013-02-24 02:21:14',NULL,'Bad value for login or password - login=admin','127.0.0.1','Mozilla/5.0 (X11; Linux x86_64) AppleWebKit/537.22 (KHTML, like Gecko) Chrome/25.0.1364.97 Safari/537.22',NULL),(363,'2013-02-24 01:21:25','USER_LOGIN_FAILED',1,'2013-02-24 02:21:25',NULL,'Bad value for login or password - login=admin','127.0.0.1','Mozilla/5.0 (X11; Linux x86_64) AppleWebKit/537.22 (KHTML, like Gecko) Chrome/25.0.1364.97 Safari/537.22',NULL),(364,'2013-02-24 01:21:54','USER_LOGIN_FAILED',1,'2013-02-24 02:21:54',NULL,'Bad value for login or password - login=admin','127.0.0.1','Mozilla/5.0 (X11; Linux x86_64) AppleWebKit/537.22 (KHTML, like Gecko) Chrome/25.0.1364.97 Safari/537.22',NULL),(365,'2013-02-24 01:22:14','USER_LOGIN_FAILED',1,'2013-02-24 02:22:14',NULL,'Bad value for login or password - login=admin','127.0.0.1','Mozilla/5.0 (X11; Linux x86_64) AppleWebKit/537.22 (KHTML, like Gecko) Chrome/25.0.1364.97 Safari/537.22',NULL),(366,'2013-02-24 01:22:37','USER_LOGIN_FAILED',1,'2013-02-24 02:22:37',NULL,'Bad value for login or password - login=admin','127.0.0.1','Mozilla/5.0 (X11; Linux x86_64) AppleWebKit/537.22 (KHTML, like Gecko) Chrome/25.0.1364.97 Safari/537.22',NULL),(367,'2013-02-24 01:23:01','USER_LOGIN_FAILED',1,'2013-02-24 02:23:01',NULL,'Bad value for login or password - login=admin','127.0.0.1','Mozilla/5.0 (X11; Linux x86_64) AppleWebKit/537.22 (KHTML, like Gecko) Chrome/25.0.1364.97 Safari/537.22',NULL),(368,'2013-02-24 01:23:39','USER_LOGIN_FAILED',1,'2013-02-24 02:23:39',NULL,'Bad value for login or password - login=admin','127.0.0.1','Mozilla/5.0 (X11; Linux x86_64) AppleWebKit/537.22 (KHTML, like Gecko) Chrome/25.0.1364.97 Safari/537.22',NULL),(369,'2013-02-24 01:24:04','USER_LOGIN_FAILED',1,'2013-02-24 02:24:04',NULL,'Bad value for login or password - login=admin','127.0.0.1','Mozilla/5.0 (X11; Linux x86_64) AppleWebKit/537.22 (KHTML, like Gecko) Chrome/25.0.1364.97 Safari/537.22',NULL),(370,'2013-02-24 01:24:39','USER_LOGIN_FAILED',1,'2013-02-24 02:24:39',NULL,'Bad value for login or password - login=aa','127.0.0.1','Mozilla/5.0 (X11; Linux x86_64) AppleWebKit/537.22 (KHTML, like Gecko) Chrome/25.0.1364.97 Safari/537.22',NULL),(371,'2013-02-24 01:25:01','USER_LOGIN_FAILED',1,'2013-02-24 02:25:01',NULL,'Bad value for login or password - login=aa','127.0.0.1','Mozilla/5.0 (X11; Linux x86_64) AppleWebKit/537.22 (KHTML, like Gecko) Chrome/25.0.1364.97 Safari/537.22',NULL),(372,'2013-02-24 01:25:12','USER_LOGIN_FAILED',1,'2013-02-24 02:25:12',NULL,'Bad value for login or password - login=aa','127.0.0.1','Mozilla/5.0 (X11; Linux x86_64) AppleWebKit/537.22 (KHTML, like Gecko) Chrome/25.0.1364.97 Safari/537.22',NULL),(373,'2013-02-24 01:27:30','USER_LOGIN_FAILED',1,'2013-02-24 02:27:30',NULL,'Bad value for login or password - login=aa','127.0.0.1','Mozilla/5.0 (X11; Linux x86_64) AppleWebKit/537.22 (KHTML, like Gecko) Chrome/25.0.1364.97 Safari/537.22',NULL),(374,'2013-02-24 01:28:00','USER_LOGIN_FAILED',1,'2013-02-24 02:28:00',NULL,'Bad value for login or password - login=aa','127.0.0.1','Mozilla/5.0 (X11; Linux x86_64) AppleWebKit/537.22 (KHTML, like Gecko) Chrome/25.0.1364.97 Safari/537.22',NULL),(375,'2013-02-24 01:28:35','USER_LOGIN_FAILED',1,'2013-02-24 02:28:35',NULL,'Bad value for login or password - login=aa','127.0.0.1','Mozilla/5.0 (X11; Linux x86_64) AppleWebKit/537.22 (KHTML, like Gecko) Chrome/25.0.1364.97 Safari/537.22',NULL),(376,'2013-02-24 01:29:03','USER_LOGIN_FAILED',1,'2013-02-24 02:29:03',NULL,'Bad value for login or password - login=aa','127.0.0.1','Mozilla/5.0 (X11; Linux x86_64) AppleWebKit/537.22 (KHTML, like Gecko) Chrome/25.0.1364.97 Safari/537.22',NULL),(377,'2013-02-24 01:29:55','USER_LOGIN_FAILED',1,'2013-02-24 02:29:55',NULL,'Bad value for login or password - login=aa','127.0.0.1','Mozilla/5.0 (X11; Linux x86_64) AppleWebKit/537.22 (KHTML, like Gecko) Chrome/25.0.1364.97 Safari/537.22',NULL),(378,'2013-02-24 01:32:40','USER_LOGIN_FAILED',1,'2013-02-24 02:32:40',NULL,'Bad value for login or password - login=aa','127.0.0.1','Mozilla/5.0 (X11; Linux x86_64) AppleWebKit/537.22 (KHTML, like Gecko) Chrome/25.0.1364.97 Safari/537.22',NULL),(379,'2013-02-24 01:39:33','USER_LOGIN_FAILED',1,'2013-02-24 02:39:33',NULL,'Identifiants login ou mot de passe incorrects - login=aa','127.0.0.1','Mozilla/5.0 (X11; Linux x86_64) AppleWebKit/537.22 (KHTML, like Gecko) Chrome/25.0.1364.97 Safari/537.22',NULL),(380,'2013-02-24 01:39:38','USER_LOGIN_FAILED',1,'2013-02-24 02:39:38',NULL,'Identifiants login ou mot de passe incorrects - login=aa','127.0.0.1','Mozilla/5.0 (X11; Linux x86_64) AppleWebKit/537.22 (KHTML, like Gecko) Chrome/25.0.1364.97 Safari/537.22',NULL),(381,'2013-02-24 01:39:47','USER_LOGIN_FAILED',1,'2013-02-24 02:39:47',NULL,'Identifiants login ou mot de passe incorrects - login=lmkm','127.0.0.1','Mozilla/5.0 (X11; Linux x86_64) AppleWebKit/537.22 (KHTML, like Gecko) Chrome/25.0.1364.97 Safari/537.22',NULL),(382,'2013-02-24 01:40:54','USER_LOGIN_FAILED',1,'2013-02-24 02:40:54',NULL,'Identifiants login ou mot de passe incorrects - login=lmkm','127.0.0.1','Mozilla/5.0 (X11; Linux x86_64) AppleWebKit/537.22 (KHTML, like Gecko) Chrome/25.0.1364.97 Safari/537.22',NULL),(383,'2013-02-24 01:47:57','USER_LOGIN_FAILED',1,'2013-02-24 02:47:57',NULL,'Identifiants login ou mot de passe incorrects - login=lmkm','127.0.0.1','Mozilla/5.0 (X11; Linux x86_64) AppleWebKit/537.22 (KHTML, like Gecko) Chrome/25.0.1364.97 Safari/537.22',NULL),(384,'2013-02-24 01:48:05','USER_LOGIN_FAILED',1,'2013-02-24 02:48:05',NULL,'Identifiants login ou mot de passe incorrects - login=admin','127.0.0.1','Mozilla/5.0 (X11; Linux x86_64) AppleWebKit/537.22 (KHTML, like Gecko) Chrome/25.0.1364.97 Safari/537.22',NULL),(385,'2013-02-24 01:48:07','USER_LOGIN_FAILED',1,'2013-02-24 02:48:07',NULL,'Unknown column \'u.lastname\' in \'field list\'','127.0.0.1','Mozilla/5.0 (X11; Linux x86_64) AppleWebKit/537.22 (KHTML, like Gecko) Chrome/25.0.1364.97 Safari/537.22',NULL),(386,'2013-02-24 01:48:35','USER_LOGIN',1,'2013-02-24 02:48:35',1,'(UserLogged,admin)','127.0.0.1','Mozilla/5.0 (X11; Linux x86_64) AppleWebKit/537.22 (KHTML, like Gecko) Chrome/25.0.1364.97 Safari/537.22',NULL),(387,'2013-02-24 01:56:32','USER_LOGIN',1,'2013-02-24 02:56:32',1,'(UserLogged,admin)','192.168.0.254','Mozilla/5.0 (Linux; U; Android 2.2; en-us; sdk Build/FRF91) AppleWebKit/533.1 (KHTML, like Gecko) Version/4.0 Mobile Safari/533.1',NULL),(388,'2013-02-24 02:05:55','USER_LOGOUT',1,'2013-02-24 03:05:55',1,'(UserLogoff,admin)','127.0.0.1','Mozilla/5.0 (X11; Linux x86_64) AppleWebKit/537.22 (KHTML, like Gecko) Chrome/25.0.1364.97 Safari/537.22',NULL),(389,'2013-02-24 02:39:52','USER_LOGIN',1,'2013-02-24 03:39:52',1,'(UserLogged,admin)','127.0.0.1','Mozilla/5.0 (X11; Linux x86_64) AppleWebKit/537.22 (KHTML, like Gecko) Chrome/25.0.1364.97 Safari/537.22',NULL),(390,'2013-02-24 02:51:10','USER_LOGOUT',1,'2013-02-24 03:51:10',1,'(UserLogoff,admin)','127.0.0.1','Mozilla/5.0 (X11; Linux x86_64) AppleWebKit/537.22 (KHTML, like Gecko) Chrome/25.0.1364.97 Safari/537.22',NULL),(391,'2013-02-24 12:46:41','USER_LOGIN',1,'2013-02-24 13:46:41',1,'(UserLogged,admin)','127.0.0.1','Mozilla/5.0 (X11; Linux x86_64) AppleWebKit/537.22 (KHTML, like Gecko) Chrome/25.0.1364.97 Safari/537.22',NULL),(392,'2013-02-24 12:46:52','USER_LOGOUT',1,'2013-02-24 13:46:52',1,'(UserLogoff,admin)','127.0.0.1','Mozilla/5.0 (X11; Linux x86_64) AppleWebKit/537.22 (KHTML, like Gecko) Chrome/25.0.1364.97 Safari/537.22',NULL),(393,'2013-02-24 12:46:56','USER_LOGIN',1,'2013-02-24 13:46:56',1,'(UserLogged,admin)','127.0.0.1','Mozilla/5.0 (X11; Linux x86_64) AppleWebKit/537.22 (KHTML, like Gecko) Chrome/25.0.1364.97 Safari/537.22',NULL),(394,'2013-02-24 12:47:56','USER_LOGOUT',1,'2013-02-24 13:47:56',1,'(UserLogoff,admin)','127.0.0.1','Mozilla/5.0 (X11; Linux x86_64) AppleWebKit/537.22 (KHTML, like Gecko) Chrome/25.0.1364.97 Safari/537.22',NULL),(395,'2013-02-24 12:48:00','USER_LOGIN',1,'2013-02-24 13:48:00',1,'(UserLogged,admin)','127.0.0.1','Mozilla/5.0 (X11; Linux x86_64) AppleWebKit/537.22 (KHTML, like Gecko) Chrome/25.0.1364.97 Safari/537.22',NULL),(396,'2013-02-24 12:48:11','USER_LOGOUT',1,'2013-02-24 13:48:11',1,'(UserLogoff,admin)','127.0.0.1','Mozilla/5.0 (X11; Linux x86_64) AppleWebKit/537.22 (KHTML, like Gecko) Chrome/25.0.1364.97 Safari/537.22',NULL),(397,'2013-02-24 12:48:32','USER_LOGIN',1,'2013-02-24 13:48:32',1,'(UserLogged,admin)','127.0.0.1','Mozilla/5.0 (X11; Linux x86_64) AppleWebKit/537.22 (KHTML, like Gecko) Chrome/25.0.1364.97 Safari/537.22',NULL),(398,'2013-02-24 12:52:22','USER_LOGOUT',1,'2013-02-24 13:52:22',1,'(UserLogoff,admin)','127.0.0.1','Mozilla/5.0 (X11; Linux x86_64) AppleWebKit/537.22 (KHTML, like Gecko) Chrome/25.0.1364.97 Safari/537.22',NULL),(399,'2013-02-24 12:52:27','USER_LOGIN',1,'2013-02-24 13:52:27',1,'(UserLogged,admin)','127.0.0.1','Mozilla/5.0 (X11; Linux x86_64) AppleWebKit/537.22 (KHTML, like Gecko) Chrome/25.0.1364.97 Safari/537.22',NULL),(400,'2013-02-24 12:52:54','USER_LOGOUT',1,'2013-02-24 13:52:54',1,'(UserLogoff,admin)','127.0.0.1','Mozilla/5.0 (X11; Linux x86_64) AppleWebKit/537.22 (KHTML, like Gecko) Chrome/25.0.1364.97 Safari/537.22',NULL),(401,'2013-02-24 12:52:59','USER_LOGIN',1,'2013-02-24 13:52:59',1,'(UserLogged,admin)','127.0.0.1','Mozilla/5.0 (X11; Linux x86_64) AppleWebKit/537.22 (KHTML, like Gecko) Chrome/25.0.1364.97 Safari/537.22',NULL),(402,'2013-02-24 12:55:39','USER_LOGOUT',1,'2013-02-24 13:55:39',1,'(UserLogoff,admin)','127.0.0.1','Mozilla/5.0 (X11; Linux x86_64) AppleWebKit/537.22 (KHTML, like Gecko) Chrome/25.0.1364.97 Safari/537.22',NULL),(403,'2013-02-24 12:55:59','USER_LOGIN',1,'2013-02-24 13:55:59',1,'(UserLogged,admin)','127.0.0.1','Mozilla/5.0 (X11; Linux x86_64) AppleWebKit/537.22 (KHTML, like Gecko) Chrome/25.0.1364.97 Safari/537.22',NULL),(404,'2013-02-24 12:56:07','USER_LOGOUT',1,'2013-02-24 13:56:07',1,'(UserLogoff,admin)','127.0.0.1','Mozilla/5.0 (X11; Linux x86_64) AppleWebKit/537.22 (KHTML, like Gecko) Chrome/25.0.1364.97 Safari/537.22',NULL),(405,'2013-02-24 12:56:23','USER_LOGIN',1,'2013-02-24 13:56:23',1,'(UserLogged,admin)','127.0.0.1','Mozilla/5.0 (X11; Linux x86_64) AppleWebKit/537.22 (KHTML, like Gecko) Chrome/25.0.1364.97 Safari/537.22',NULL),(406,'2013-02-24 12:56:46','USER_LOGOUT',1,'2013-02-24 13:56:46',1,'(UserLogoff,admin)','127.0.0.1','Mozilla/5.0 (X11; Linux x86_64) AppleWebKit/537.22 (KHTML, like Gecko) Chrome/25.0.1364.97 Safari/537.22',NULL),(407,'2013-02-24 12:58:30','USER_LOGIN',1,'2013-02-24 13:58:30',1,'(UserLogged,admin)','127.0.0.1','Mozilla/5.0 (X11; Linux x86_64) AppleWebKit/537.22 (KHTML, like Gecko) Chrome/25.0.1364.97 Safari/537.22',NULL),(408,'2013-02-24 12:58:33','USER_LOGOUT',1,'2013-02-24 13:58:33',1,'(UserLogoff,admin)','127.0.0.1','Mozilla/5.0 (X11; Linux x86_64) AppleWebKit/537.22 (KHTML, like Gecko) Chrome/25.0.1364.97 Safari/537.22',NULL),(409,'2013-02-24 12:58:51','USER_LOGIN',1,'2013-02-24 13:58:51',1,'(UserLogged,admin)','127.0.0.1','Mozilla/5.0 (X11; Linux x86_64) AppleWebKit/537.22 (KHTML, like Gecko) Chrome/25.0.1364.97 Safari/537.22',NULL),(410,'2013-02-24 12:58:58','USER_LOGOUT',1,'2013-02-24 13:58:58',1,'(UserLogoff,admin)','127.0.0.1','Mozilla/5.0 (X11; Linux x86_64) AppleWebKit/537.22 (KHTML, like Gecko) Chrome/25.0.1364.97 Safari/537.22',NULL),(411,'2013-02-24 13:18:53','USER_LOGIN',1,'2013-02-24 14:18:53',1,'(UserLogged,admin)','127.0.0.1','Mozilla/5.0 (X11; Linux x86_64) AppleWebKit/537.22 (KHTML, like Gecko) Chrome/25.0.1364.97 Safari/537.22',NULL),(412,'2013-02-24 13:19:52','USER_LOGOUT',1,'2013-02-24 14:19:52',1,'(UserLogoff,admin)','127.0.0.1','Mozilla/5.0 (X11; Linux x86_64) AppleWebKit/537.22 (KHTML, like Gecko) Chrome/25.0.1364.97 Safari/537.22',NULL),(413,'2013-02-24 15:39:31','USER_LOGIN_FAILED',1,'2013-02-24 16:39:31',NULL,'ErrorBadValueForCode - login=admin','127.0.0.1',NULL,NULL),(414,'2013-02-24 15:42:07','USER_LOGIN',1,'2013-02-24 16:42:07',1,'(UserLogged,admin)','127.0.0.1',NULL,NULL),(415,'2013-02-24 15:42:52','USER_LOGOUT',1,'2013-02-24 16:42:52',1,'(UserLogoff,admin)','127.0.0.1','Mozilla/5.0 (iPhone; U; CPU iPhone OS 4_0 like Mac OS X; en-us) AppleWebKit/532.9 (KHTML, like Gecko) Version/4.0.5 Mobile/8A293 Safari/6531.22.7',NULL),(416,'2013-02-24 16:04:21','USER_LOGIN',1,'2013-02-24 17:04:21',1,'(UserLogged,admin)','192.168.0.254','Mozilla/5.0 (Linux; U; Android 2.2; en-us; sdk Build/FRF91) AppleWebKit/533.1 (KHTML, like Gecko) Version/4.0 Mobile Safari/533.1',NULL),(417,'2013-02-24 16:11:28','USER_LOGIN_FAILED',1,'2013-02-24 17:11:28',NULL,'ErrorBadValueForCode - login=admin','127.0.0.1','Mozilla/5.0 (iPhone; U; CPU iPhone OS 4_0 like Mac OS X; en-us) AppleWebKit/532.9 (KHTML, like Gecko) Version/4.0.5 Mobile/8A293 Safari/6531.22.7',NULL),(418,'2013-02-24 16:11:37','USER_LOGIN',1,'2013-02-24 17:11:37',1,'(UserLogged,admin)','127.0.0.1','Mozilla/5.0 (iPhone; U; CPU iPhone OS 4_0 like Mac OS X; en-us) AppleWebKit/532.9 (KHTML, like Gecko) Version/4.0.5 Mobile/8A293 Safari/6531.22.7',NULL),(419,'2013-02-24 16:36:52','USER_LOGOUT',1,'2013-02-24 17:36:52',1,'(UserLogoff,admin)','192.168.0.254','Mozilla/5.0 (Linux; U; Android 2.2; en-us; sdk Build/FRF91) AppleWebKit/533.1 (KHTML, like Gecko) Version/4.0 Mobile Safari/533.1',NULL),(420,'2013-02-24 16:40:37','USER_LOGIN',1,'2013-02-24 17:40:37',1,'(UserLogged,admin)','127.0.0.1','Mozilla/5.0 (X11; Linux x86_64) AppleWebKit/537.22 (KHTML, like Gecko) Chrome/25.0.1364.97 Safari/537.22',NULL),(421,'2013-02-24 16:57:16','USER_LOGIN',1,'2013-02-24 17:57:16',1,'(UserLogged,admin)','192.168.0.254','Mozilla/5.0 (Linux; U; Android 2.2; en-us; sdk Build/FRF91) AppleWebKit/533.1 (KHTML, like Gecko) Version/4.0 Mobile Safari/533.1 - 2131034114',NULL),(422,'2013-02-24 17:01:30','USER_LOGOUT',1,'2013-02-24 18:01:30',1,'(UserLogoff,admin)','192.168.0.254','Mozilla/5.0 (Linux; U; Android 2.2; en-us; sdk Build/FRF91) AppleWebKit/533.1 (KHTML, like Gecko) Version/4.0 Mobile Safari/533.1 - 2131034114',NULL),(423,'2013-02-24 17:02:33','USER_LOGIN',1,'2013-02-24 18:02:33',1,'(UserLogged,admin)','127.0.0.1','Mozilla/5.0 (X11; Linux x86_64) AppleWebKit/537.22 (KHTML, like Gecko) Chrome/25.0.1364.97 Safari/537.22',NULL),(424,'2013-02-24 17:14:22','USER_LOGOUT',1,'2013-02-24 18:14:22',1,'(UserLogoff,admin)','127.0.0.1','Mozilla/5.0 (X11; Linux x86_64) AppleWebKit/537.22 (KHTML, like Gecko) Chrome/25.0.1364.97 Safari/537.22',NULL),(425,'2013-02-24 17:15:07','USER_LOGIN_FAILED',1,'2013-02-24 18:15:07',NULL,'Identifiants login ou mot de passe incorrects - login=admin','127.0.0.1','Mozilla/5.0 (X11; Linux x86_64) AppleWebKit/537.22 (KHTML, like Gecko) Chrome/25.0.1364.97 Safari/537.22',NULL),(426,'2013-02-24 17:15:20','USER_LOGIN',1,'2013-02-24 18:15:20',1,'(UserLogged,admin)','127.0.0.1','Mozilla/5.0 (X11; Linux x86_64) AppleWebKit/537.22 (KHTML, like Gecko) Chrome/25.0.1364.97 Safari/537.22',NULL),(427,'2013-02-24 17:20:14','USER_LOGIN',1,'2013-02-24 18:20:14',1,'(UserLogged,admin)','127.0.0.1','Mozilla/5.0 (X11; Linux x86_64) AppleWebKit/537.22 (KHTML, like Gecko) Chrome/25.0.1364.97 Safari/537.22',NULL),(428,'2013-02-24 17:20:51','USER_LOGIN',1,'2013-02-24 18:20:51',1,'(UserLogged,admin)','127.0.0.1','Mozilla/5.0 (X11; Linux x86_64) AppleWebKit/537.22 (KHTML, like Gecko) Chrome/25.0.1364.97 Safari/537.22',NULL),(429,'2013-02-24 17:20:54','USER_LOGOUT',1,'2013-02-24 18:20:54',1,'(UserLogoff,admin)','127.0.0.1','Mozilla/5.0 (X11; Linux x86_64) AppleWebKit/537.22 (KHTML, like Gecko) Chrome/25.0.1364.97 Safari/537.22',NULL),(430,'2013-02-24 17:21:19','USER_LOGIN',1,'2013-02-24 18:21:19',1,'(UserLogged,admin)','127.0.0.1','Mozilla/5.0 (X11; Linux x86_64) AppleWebKit/537.22 (KHTML, like Gecko) Chrome/25.0.1364.97 Safari/537.22',NULL),(431,'2013-02-24 17:32:35','USER_LOGIN',1,'2013-02-24 18:32:35',1,'(UserLogged,admin)','192.168.0.254','Mozilla/5.0 (Linux; U; Android 2.2; en-us; sdk Build/FRF91) AppleWebKit/533.1 (KHTML, like Gecko) Version/4.0 Mobile Safari/533.1 - 2131034114',NULL),(432,'2013-02-24 18:28:48','USER_LOGIN',1,'2013-02-24 19:28:48',1,'(UserLogged,admin)','127.0.0.1','Mozilla/5.0 (X11; Linux x86_64) AppleWebKit/537.22 (KHTML, like Gecko) Chrome/25.0.1364.97 Safari/537.22',NULL),(433,'2013-02-24 18:29:27','USER_LOGOUT',1,'2013-02-24 19:29:27',1,'(UserLogoff,admin)','127.0.0.1','Mozilla/5.0 (iPhone; U; CPU iPhone OS 4_0 like Mac OS X; en-us) AppleWebKit/532.9 (KHTML, like Gecko) Version/4.0.5 Mobile/8A293 Safari/6531.22.7',NULL),(434,'2013-02-24 18:29:32','USER_LOGIN',1,'2013-02-24 19:29:32',1,'(UserLogged,admin)','127.0.0.1','Mozilla/5.0 (iPhone; U; CPU iPhone OS 4_0 like Mac OS X; en-us) AppleWebKit/532.9 (KHTML, like Gecko) Version/4.0.5 Mobile/8A293 Safari/6531.22.7',NULL),(435,'2013-02-24 20:13:13','USER_LOGOUT',1,'2013-02-24 21:13:13',1,'(UserLogoff,admin)','127.0.0.1','Mozilla/5.0 (X11; Linux x86_64) AppleWebKit/537.22 (KHTML, like Gecko) Chrome/25.0.1364.97 Safari/537.22',NULL),(436,'2013-02-24 20:13:17','USER_LOGIN',1,'2013-02-24 21:13:17',1,'(UserLogged,admin)','127.0.0.1','Mozilla/5.0 (X11; Linux x86_64) AppleWebKit/537.22 (KHTML, like Gecko) Chrome/25.0.1364.97 Safari/537.22',NULL),(437,'2013-02-25 08:57:16','USER_LOGIN',1,'2013-02-25 09:57:16',1,'(UserLogged,admin)','127.0.0.1','Mozilla/5.0 (X11; Linux x86_64) AppleWebKit/537.22 (KHTML, like Gecko) Chrome/25.0.1364.97 Safari/537.22',NULL),(438,'2013-02-25 08:57:59','USER_LOGOUT',1,'2013-02-25 09:57:59',1,'(UserLogoff,admin)','127.0.0.1','Mozilla/5.0 (X11; Linux x86_64) AppleWebKit/537.22 (KHTML, like Gecko) Chrome/25.0.1364.97 Safari/537.22',NULL),(439,'2013-02-25 09:15:02','USER_LOGIN',1,'2013-02-25 10:15:02',1,'(UserLogged,admin)','127.0.0.1','Mozilla/5.0 (X11; Linux x86_64) AppleWebKit/537.22 (KHTML, like Gecko) Chrome/25.0.1364.97 Safari/537.22',NULL),(440,'2013-02-25 09:15:50','USER_LOGOUT',1,'2013-02-25 10:15:50',1,'(UserLogoff,admin)','127.0.0.1','Mozilla/5.0 (X11; Linux x86_64) AppleWebKit/537.22 (KHTML, like Gecko) Chrome/25.0.1364.97 Safari/537.22',NULL),(441,'2013-02-25 09:15:57','USER_LOGIN',1,'2013-02-25 10:15:57',1,'(UserLogged,admin)','127.0.0.1','Mozilla/5.0 (X11; Linux x86_64) AppleWebKit/537.22 (KHTML, like Gecko) Chrome/25.0.1364.97 Safari/537.22',NULL),(442,'2013-02-25 09:16:12','USER_LOGOUT',1,'2013-02-25 10:16:12',1,'(UserLogoff,admin)','127.0.0.1','Mozilla/5.0 (X11; Linux x86_64) AppleWebKit/537.22 (KHTML, like Gecko) Chrome/25.0.1364.97 Safari/537.22',NULL),(443,'2013-02-25 09:16:19','USER_LOGIN',1,'2013-02-25 10:16:19',1,'(UserLogged,admin)','127.0.0.1','Mozilla/5.0 (X11; Linux x86_64) AppleWebKit/537.22 (KHTML, like Gecko) Chrome/25.0.1364.97 Safari/537.22',NULL),(444,'2013-02-25 09:16:25','USER_LOGOUT',1,'2013-02-25 10:16:25',1,'(UserLogoff,admin)','127.0.0.1','Mozilla/5.0 (X11; Linux x86_64) AppleWebKit/537.22 (KHTML, like Gecko) Chrome/25.0.1364.97 Safari/537.22',NULL),(445,'2013-02-25 09:16:39','USER_LOGIN_FAILED',1,'2013-02-25 10:16:39',NULL,'Bad value for login or password - login=admin','127.0.0.1','Mozilla/5.0 (X11; Linux x86_64) AppleWebKit/537.22 (KHTML, like Gecko) Chrome/25.0.1364.97 Safari/537.22',NULL),(446,'2013-02-25 09:16:42','USER_LOGIN_FAILED',1,'2013-02-25 10:16:42',NULL,'Bad value for login or password - login=admin','127.0.0.1','Mozilla/5.0 (X11; Linux x86_64) AppleWebKit/537.22 (KHTML, like Gecko) Chrome/25.0.1364.97 Safari/537.22',NULL),(447,'2013-02-25 09:16:54','USER_LOGIN_FAILED',1,'2013-02-25 10:16:54',NULL,'Identificadors d&#039;usuari o contrasenya incorrectes - login=gfdg','127.0.0.1','Mozilla/5.0 (X11; Linux x86_64) AppleWebKit/537.22 (KHTML, like Gecko) Chrome/25.0.1364.97 Safari/537.22',NULL),(448,'2013-02-25 09:17:53','USER_LOGIN',1,'2013-02-25 10:17:53',1,'(UserLogged,admin)','127.0.0.1','Mozilla/5.0 (X11; Linux x86_64) AppleWebKit/537.22 (KHTML, like Gecko) Chrome/25.0.1364.97 Safari/537.22',NULL),(449,'2013-02-25 09:18:37','USER_LOGOUT',1,'2013-02-25 10:18:37',1,'(UserLogoff,admin)','127.0.0.1','Mozilla/5.0 (X11; Linux x86_64) AppleWebKit/537.22 (KHTML, like Gecko) Chrome/25.0.1364.97 Safari/537.22',NULL),(450,'2013-02-25 09:18:41','USER_LOGIN',1,'2013-02-25 10:18:41',4,'(UserLogged,aaa)','127.0.0.1','Mozilla/5.0 (X11; Linux x86_64) AppleWebKit/537.22 (KHTML, like Gecko) Chrome/25.0.1364.97 Safari/537.22',NULL),(451,'2013-02-25 09:18:47','USER_LOGOUT',1,'2013-02-25 10:18:47',4,'(UserLogoff,aaa)','127.0.0.1','Mozilla/5.0 (X11; Linux x86_64) AppleWebKit/537.22 (KHTML, like Gecko) Chrome/25.0.1364.97 Safari/537.22',NULL),(452,'2013-02-25 10:05:34','USER_LOGIN',1,'2013-02-25 11:05:34',1,'(UserLogged,admin)','127.0.0.1','Mozilla/5.0 (X11; Linux x86_64) AppleWebKit/537.22 (KHTML, like Gecko) Chrome/25.0.1364.97 Safari/537.22',NULL),(453,'2013-02-26 21:51:40','USER_LOGIN',1,'2013-02-26 22:51:40',1,'(UserLogged,admin)','127.0.0.1','Mozilla/5.0 (X11; Linux x86_64) AppleWebKit/537.22 (KHTML, like Gecko) Chrome/25.0.1364.97 Safari/537.22',NULL),(454,'2013-02-26 23:30:06','USER_LOGIN',1,'2013-02-27 00:30:06',1,'(UserLogged,admin)','127.0.0.1','Mozilla/5.0 (X11; Linux x86_64) AppleWebKit/537.22 (KHTML, like Gecko) Chrome/25.0.1364.97 Safari/537.22',NULL),(455,'2013-02-27 14:13:11','USER_LOGIN',1,'2013-02-27 15:13:11',1,'(UserLogged,admin)','127.0.0.1','Mozilla/5.0 (X11; Linux x86_64) AppleWebKit/537.22 (KHTML, like Gecko) Chrome/25.0.1364.97 Safari/537.22',NULL),(456,'2013-02-27 18:12:06','USER_LOGIN_FAILED',1,'2013-02-27 19:12:06',NULL,'Identifiants login ou mot de passe incorrects - login=admin','127.0.0.1','Mozilla/5.0 (X11; Linux x86_64) AppleWebKit/537.22 (KHTML, like Gecko) Chrome/25.0.1364.97 Safari/537.22',NULL),(457,'2013-02-27 18:12:10','USER_LOGIN',1,'2013-02-27 19:12:10',1,'(UserLogged,admin)','127.0.0.1','Mozilla/5.0 (X11; Linux x86_64) AppleWebKit/537.22 (KHTML, like Gecko) Chrome/25.0.1364.97 Safari/537.22',NULL),(458,'2013-02-27 20:20:08','USER_LOGIN',1,'2013-02-27 21:20:08',1,'(UserLogged,admin)','127.0.0.1','Mozilla/5.0 (X11; Linux x86_64) AppleWebKit/537.22 (KHTML, like Gecko) Chrome/25.0.1364.97 Safari/537.22',NULL),(459,'2013-03-01 22:12:03','USER_LOGIN',1,'2013-03-01 23:12:03',1,'(UserLogged,admin)','127.0.0.1','Mozilla/5.0 (X11; Linux x86_64) AppleWebKit/537.22 (KHTML, like Gecko) Chrome/25.0.1364.97 Safari/537.22',NULL),(460,'2013-03-02 11:45:50','USER_LOGIN',1,'2013-03-02 12:45:50',1,'(UserLogged,admin)','127.0.0.1','Mozilla/5.0 (X11; Linux x86_64) AppleWebKit/537.22 (KHTML, like Gecko) Chrome/25.0.1364.97 Safari/537.22',NULL),(461,'2013-03-02 15:53:51','USER_LOGIN_FAILED',1,'2013-03-02 16:53:51',NULL,'Identifiants login ou mot de passe incorrects - login=admin','127.0.0.1','Mozilla/5.0 (X11; Linux x86_64) AppleWebKit/537.22 (KHTML, like Gecko) Chrome/25.0.1364.97 Safari/537.22',NULL),(462,'2013-03-02 15:53:53','USER_LOGIN',1,'2013-03-02 16:53:53',1,'(UserLogged,admin)','127.0.0.1','Mozilla/5.0 (X11; Linux x86_64) AppleWebKit/537.22 (KHTML, like Gecko) Chrome/25.0.1364.97 Safari/537.22',NULL),(463,'2013-03-02 18:32:32','USER_LOGIN',1,'2013-03-02 19:32:32',1,'(UserLogged,admin)','127.0.0.1','Mozilla/5.0 (X11; Linux x86_64) AppleWebKit/537.22 (KHTML, like Gecko) Chrome/25.0.1364.97 Safari/537.22',NULL),(464,'2013-03-02 22:59:36','USER_LOGIN',1,'2013-03-02 23:59:36',1,'(UserLogged,admin)','127.0.0.1','Mozilla/5.0 (X11; Linux x86_64) AppleWebKit/537.22 (KHTML, like Gecko) Chrome/25.0.1364.97 Safari/537.22',NULL),(465,'2013-03-03 16:26:26','USER_LOGIN',1,'2013-03-03 17:26:26',1,'(UserLogged,admin)','127.0.0.1','Mozilla/5.0 (X11; Linux x86_64) AppleWebKit/537.22 (KHTML, like Gecko) Chrome/25.0.1364.97 Safari/537.22',NULL),(466,'2013-03-03 22:50:27','USER_LOGIN',1,'2013-03-03 23:50:27',1,'(UserLogged,admin)','127.0.0.1','Mozilla/5.0 (X11; Linux x86_64) AppleWebKit/537.22 (KHTML, like Gecko) Chrome/25.0.1364.97 Safari/537.22',NULL),(467,'2013-03-04 08:29:27','USER_LOGIN',1,'2013-03-04 09:29:27',1,'(UserLogged,admin)','127.0.0.1','Mozilla/5.0 (X11; Linux x86_64) AppleWebKit/537.22 (KHTML, like Gecko) Chrome/25.0.1364.97 Safari/537.22',NULL),(468,'2013-03-04 18:27:28','USER_LOGIN',1,'2013-03-04 19:27:28',1,'(UserLogged,admin)','192.168.0.254','Mozilla/5.0 (compatible; MSIE 9.0; Windows NT 6.1; WOW64; Trident/5.0; NP06)',NULL),(469,'2013-03-04 19:27:23','USER_LOGIN',1,'2013-03-04 20:27:23',1,'(UserLogged,admin)','192.168.0.254','Mozilla/4.0 (compatible; MSIE 6.0; Windows NT 5.1; SV1)',NULL),(470,'2013-03-04 19:35:14','USER_LOGIN',1,'2013-03-04 20:35:14',1,'(UserLogged,admin)','127.0.0.1','Mozilla/5.0 (X11; Linux x86_64) AppleWebKit/537.22 (KHTML, like Gecko) Chrome/25.0.1364.97 Safari/537.22',NULL),(471,'2013-03-04 19:55:49','USER_LOGIN',1,'2013-03-04 20:55:49',1,'(UserLogged,admin)','192.168.0.254','Mozilla/4.0 (compatible; MSIE 8.0; Windows NT 5.1; Trident/4.0)',NULL),(472,'2013-03-04 21:16:13','USER_LOGIN',1,'2013-03-04 22:16:13',1,'(UserLogged,admin)','127.0.0.1','Mozilla/5.0 (X11; Linux x86_64) AppleWebKit/537.22 (KHTML, like Gecko) Chrome/25.0.1364.97 Safari/537.22',NULL),(473,'2013-03-05 10:17:30','USER_LOGIN',1,'2013-03-05 11:17:30',1,'(UserLogged,admin)','127.0.0.1','Mozilla/5.0 (X11; Linux x86_64) AppleWebKit/537.22 (KHTML, like Gecko) Chrome/25.0.1364.97 Safari/537.22',NULL),(474,'2013-03-05 11:02:43','USER_LOGIN',1,'2013-03-05 12:02:43',1,'(UserLogged,admin)','127.0.0.1','Mozilla/5.0 (X11; Linux x86_64) AppleWebKit/537.22 (KHTML, like Gecko) Chrome/25.0.1364.97 Safari/537.22',NULL),(475,'2013-03-05 23:14:39','USER_LOGIN',1,'2013-03-06 00:14:39',1,'(UserLogged,admin)','127.0.0.1','Mozilla/5.0 (X11; Linux x86_64) AppleWebKit/537.22 (KHTML, like Gecko) Chrome/25.0.1364.97 Safari/537.22',NULL),(476,'2013-03-06 08:58:57','USER_LOGIN',1,'2013-03-06 09:58:57',1,'(UserLogged,admin)','127.0.0.1','Mozilla/5.0 (X11; Linux x86_64) AppleWebKit/537.22 (KHTML, like Gecko) Chrome/25.0.1364.97 Safari/537.22',NULL),(477,'2013-03-06 14:29:40','USER_LOGIN',1,'2013-03-06 15:29:40',1,'(UserLogged,admin)','127.0.0.1','Mozilla/5.0 (X11; Linux x86_64) AppleWebKit/537.22 (KHTML, like Gecko) Chrome/25.0.1364.97 Safari/537.22',NULL),(478,'2013-03-06 21:53:02','USER_LOGIN',1,'2013-03-06 22:53:02',1,'(UserLogged,admin)','127.0.0.1','Mozilla/5.0 (X11; Linux x86_64) AppleWebKit/537.22 (KHTML, like Gecko) Chrome/25.0.1364.97 Safari/537.22',NULL),(479,'2013-03-07 21:14:39','USER_LOGIN',1,'2013-03-07 22:14:39',1,'(UserLogged,admin)','127.0.0.1','Mozilla/5.0 (X11; Linux x86_64) AppleWebKit/537.22 (KHTML, like Gecko) Chrome/25.0.1364.97 Safari/537.22',NULL),(480,'2013-03-08 00:06:05','USER_LOGIN',1,'2013-03-08 01:06:05',1,'(UserLogged,admin)','127.0.0.1','Mozilla/5.0 (X11; Linux x86_64) AppleWebKit/537.22 (KHTML, like Gecko) Chrome/25.0.1364.97 Safari/537.22',NULL),(481,'2013-03-08 01:38:13','USER_LOGIN',1,'2013-03-08 02:38:13',1,'(UserLogged,admin)','127.0.0.1','Mozilla/5.0 (X11; Linux x86_64) AppleWebKit/537.22 (KHTML, like Gecko) Chrome/25.0.1364.97 Safari/537.22',NULL),(482,'2013-03-08 08:59:50','USER_LOGIN',1,'2013-03-08 09:59:50',1,'(UserLogged,admin)','127.0.0.1','Mozilla/5.0 (X11; Linux x86_64) AppleWebKit/537.22 (KHTML, like Gecko) Chrome/25.0.1364.97 Safari/537.22',NULL),(483,'2013-03-09 12:08:51','USER_LOGIN',1,'2013-03-09 13:08:51',1,'(UserLogged,admin)','::1','Mozilla/5.0 (X11; Linux x86_64) AppleWebKit/537.22 (KHTML, like Gecko) Chrome/25.0.1364.97 Safari/537.22',NULL),(484,'2013-03-09 15:19:53','USER_LOGIN',1,'2013-03-09 16:19:53',1,'(UserLogged,admin)','::1','Mozilla/5.0 (X11; Linux x86_64) AppleWebKit/537.22 (KHTML, like Gecko) Chrome/25.0.1364.97 Safari/537.22',NULL),(495,'2013-03-09 18:06:21','USER_LOGIN',1,'2013-03-09 19:06:21',1,'(UserLogged,admin)','::1','Mozilla/5.0 (X11; Linux x86_64) AppleWebKit/537.22 (KHTML, like Gecko) Chrome/25.0.1364.97 Safari/537.22',NULL),(496,'2013-03-09 20:01:24','USER_LOGIN',1,'2013-03-09 21:01:24',1,'(UserLogged,admin)','::1','Mozilla/5.0 (X11; Linux x86_64) AppleWebKit/537.22 (KHTML, like Gecko) Chrome/25.0.1364.97 Safari/537.22',NULL),(497,'2013-03-09 23:36:45','USER_LOGIN',1,'2013-03-10 00:36:45',1,'(UserLogged,admin)','::1','Mozilla/5.0 (X11; Linux x86_64) AppleWebKit/537.22 (KHTML, like Gecko) Chrome/25.0.1364.97 Safari/537.22',NULL),(498,'2013-03-10 14:37:13','USER_LOGIN',1,'2013-03-10 15:37:13',1,'(UserLogged,admin)','127.0.0.1','Mozilla/5.0 (X11; Linux x86_64) AppleWebKit/537.22 (KHTML, like Gecko) Chrome/25.0.1364.97 Safari/537.22',NULL),(499,'2013-03-10 17:54:12','USER_LOGIN',1,'2013-03-10 18:54:12',1,'(UserLogged,admin)','127.0.0.1','Mozilla/5.0 (X11; Linux x86_64) AppleWebKit/537.22 (KHTML, like Gecko) Chrome/25.0.1364.97 Safari/537.22',NULL),(500,'2013-03-11 08:57:09','USER_LOGIN',1,'2013-03-11 09:57:09',1,'(UserLogged,admin)','127.0.0.1','Mozilla/5.0 (X11; Linux x86_64) AppleWebKit/537.22 (KHTML, like Gecko) Chrome/25.0.1364.97 Safari/537.22',NULL),(501,'2013-03-11 22:05:13','USER_LOGIN',1,'2013-03-11 23:05:13',1,'(UserLogged,admin)','127.0.0.1','Mozilla/5.0 (X11; Linux x86_64) AppleWebKit/537.22 (KHTML, like Gecko) Chrome/25.0.1364.97 Safari/537.22',NULL),(502,'2013-03-12 08:34:27','USER_LOGIN',1,'2013-03-12 09:34:27',1,'(UserLogged,admin)','127.0.0.1','Mozilla/5.0 (X11; Linux x86_64) AppleWebKit/537.22 (KHTML, like Gecko) Chrome/25.0.1364.97 Safari/537.22',NULL),(503,'2013-03-13 09:11:02','USER_LOGIN',1,'2013-03-13 10:11:02',1,'(UserLogged,admin)','127.0.0.1','Mozilla/5.0 (X11; Linux x86_64) AppleWebKit/537.22 (KHTML, like Gecko) Chrome/25.0.1364.97 Safari/537.22',NULL),(504,'2013-03-13 10:02:11','USER_LOGIN',1,'2013-03-13 11:02:11',1,'(UserLogged,admin)','127.0.0.1','Mozilla/5.0 (X11; Linux x86_64) AppleWebKit/537.22 (KHTML, like Gecko) Chrome/25.0.1364.97 Safari/537.22',NULL),(505,'2013-03-13 13:20:58','USER_LOGIN',1,'2013-03-13 14:20:58',1,'(UserLogged,admin)','127.0.0.1','Mozilla/5.0 (X11; Linux x86_64) AppleWebKit/537.22 (KHTML, like Gecko) Chrome/25.0.1364.97 Safari/537.22',NULL),(506,'2013-03-13 16:19:28','USER_LOGIN',1,'2013-03-13 17:19:28',1,'(UserLogged,admin)','127.0.0.1','Mozilla/5.0 (X11; Linux x86_64) AppleWebKit/537.22 (KHTML, like Gecko) Chrome/25.0.1364.97 Safari/537.22',NULL),(507,'2013-03-13 18:34:30','USER_LOGIN',1,'2013-03-13 19:34:30',1,'(UserLogged,admin)','127.0.0.1','Mozilla/5.0 (X11; Linux x86_64) AppleWebKit/537.22 (KHTML, like Gecko) Chrome/25.0.1364.97 Safari/537.22',NULL),(508,'2013-03-14 08:25:02','USER_LOGIN',1,'2013-03-14 09:25:02',1,'(UserLogged,admin)','127.0.0.1','Mozilla/5.0 (X11; Linux x86_64) AppleWebKit/537.22 (KHTML, like Gecko) Chrome/25.0.1364.97 Safari/537.22',NULL),(509,'2013-03-14 19:15:22','USER_LOGIN',1,'2013-03-14 20:15:22',1,'(UserLogged,admin)','127.0.0.1','Mozilla/5.0 (X11; Linux x86_64) AppleWebKit/537.22 (KHTML, like Gecko) Chrome/25.0.1364.97 Safari/537.22',NULL),(510,'2013-03-14 21:58:53','USER_LOGIN',1,'2013-03-14 22:58:53',1,'(UserLogged,admin)','127.0.0.1','Mozilla/5.0 (X11; Linux x86_64) AppleWebKit/537.22 (KHTML, like Gecko) Chrome/25.0.1364.97 Safari/537.22',NULL),(511,'2013-03-14 21:58:59','USER_LOGOUT',1,'2013-03-14 22:58:59',1,'(UserLogoff,admin)','127.0.0.1','Mozilla/5.0 (X11; Linux x86_64) AppleWebKit/537.22 (KHTML, like Gecko) Chrome/25.0.1364.97 Safari/537.22',NULL),(512,'2013-03-14 21:59:07','USER_LOGIN',1,'2013-03-14 22:59:07',1,'(UserLogged,admin)','127.0.0.1','Mozilla/5.0 (X11; Linux x86_64) AppleWebKit/537.22 (KHTML, like Gecko) Chrome/25.0.1364.97 Safari/537.22',NULL),(513,'2013-03-14 22:58:22','USER_LOGOUT',1,'2013-03-14 23:58:22',1,'(UserLogoff,admin)','127.0.0.1','Mozilla/5.0 (X11; Linux x86_64) AppleWebKit/537.22 (KHTML, like Gecko) Chrome/25.0.1364.97 Safari/537.22',NULL),(514,'2013-03-14 23:00:25','USER_LOGIN',1,'2013-03-15 00:00:25',1,'(UserLogged,admin)','127.0.0.1','Mozilla/5.0 (X11; Linux x86_64) AppleWebKit/537.22 (KHTML, like Gecko) Chrome/25.0.1364.97 Safari/537.22',NULL),(515,'2013-03-16 12:14:28','USER_LOGIN',1,'2013-03-16 13:14:28',1,'(UserLogged,admin)','127.0.0.1','Mozilla/5.0 (X11; Linux x86_64) AppleWebKit/537.22 (KHTML, like Gecko) Chrome/25.0.1364.97 Safari/537.22',NULL),(516,'2013-03-16 16:09:01','USER_LOGIN',1,'2013-03-16 17:09:01',1,'(UserLogged,admin)','127.0.0.1','Mozilla/5.0 (X11; Linux x86_64) AppleWebKit/537.22 (KHTML, like Gecko) Chrome/25.0.1364.97 Safari/537.22',NULL),(517,'2013-03-16 16:57:11','USER_LOGIN',1,'2013-03-16 17:57:11',1,'(UserLogged,admin)','127.0.0.1','Mozilla/5.0 (X11; Linux x86_64) AppleWebKit/537.22 (KHTML, like Gecko) Chrome/25.0.1364.97 Safari/537.22',NULL),(518,'2013-03-16 19:31:31','USER_LOGIN',1,'2013-03-16 20:31:31',1,'(UserLogged,admin)','::1','Mozilla/5.0 (X11; Linux x86_64) AppleWebKit/537.22 (KHTML, like Gecko) Chrome/25.0.1364.97 Safari/537.22',NULL),(519,'2013-03-17 17:44:39','USER_LOGIN',1,'2013-03-17 18:44:39',1,'(UserLogged,admin)','::1','Mozilla/5.0 (X11; Linux x86_64) AppleWebKit/537.22 (KHTML, like Gecko) Chrome/25.0.1364.172 Safari/537.22',NULL),(520,'2013-03-17 20:40:57','USER_LOGIN',1,'2013-03-17 21:40:57',1,'(UserLogged,admin)','::1','Mozilla/5.0 (X11; Linux x86_64) AppleWebKit/537.22 (KHTML, like Gecko) Chrome/25.0.1364.172 Safari/537.22',NULL),(521,'2013-03-17 23:14:05','USER_LOGIN',1,'2013-03-18 00:14:05',1,'(UserLogged,admin)','::1','Mozilla/5.0 (X11; Linux x86_64) AppleWebKit/537.22 (KHTML, like Gecko) Chrome/25.0.1364.172 Safari/537.22',NULL),(522,'2013-03-17 23:28:47','USER_LOGOUT',1,'2013-03-18 00:28:47',1,'(UserLogoff,admin)','::1','Mozilla/5.0 (X11; Linux x86_64) AppleWebKit/537.22 (KHTML, like Gecko) Chrome/25.0.1364.172 Safari/537.22',NULL),(523,'2013-03-17 23:28:54','USER_LOGIN',1,'2013-03-18 00:28:54',1,'(UserLogged,admin)','::1','Mozilla/5.0 (X11; Linux x86_64) AppleWebKit/537.22 (KHTML, like Gecko) Chrome/25.0.1364.172 Safari/537.22',NULL),(524,'2013-03-18 17:37:30','USER_LOGIN',1,'2013-03-18 18:37:30',1,'(UserLogged,admin)','::1','Mozilla/5.0 (X11; Linux x86_64) AppleWebKit/537.22 (KHTML, like Gecko) Chrome/25.0.1364.172 Safari/537.22',NULL),(525,'2013-03-18 18:11:37','USER_LOGIN',1,'2013-03-18 19:11:37',1,'(UserLogged,admin)','::1','Mozilla/5.0 (X11; Linux x86_64) AppleWebKit/537.22 (KHTML, like Gecko) Chrome/25.0.1364.172 Safari/537.22',NULL),(526,'2013-03-19 08:35:08','USER_LOGIN',1,'2013-03-19 09:35:08',1,'(UserLogged,admin)','::1','Mozilla/5.0 (X11; Linux x86_64) AppleWebKit/537.22 (KHTML, like Gecko) Chrome/25.0.1364.172 Safari/537.22',NULL),(527,'2013-03-19 09:20:23','USER_LOGIN',1,'2013-03-19 10:20:23',1,'(UserLogged,admin)','::1','Mozilla/5.0 (X11; Linux x86_64) AppleWebKit/537.22 (KHTML, like Gecko) Chrome/25.0.1364.172 Safari/537.22',NULL),(528,'2013-03-20 13:17:13','USER_LOGIN',1,'2013-03-20 14:17:13',1,'(UserLogged,admin)','::1','Mozilla/5.0 (X11; Linux x86_64) AppleWebKit/537.22 (KHTML, like Gecko) Chrome/25.0.1364.172 Safari/537.22',NULL),(529,'2013-03-20 14:44:31','USER_LOGIN',1,'2013-03-20 15:44:31',1,'(UserLogged,admin)','::1','Mozilla/5.0 (X11; Linux x86_64) AppleWebKit/537.22 (KHTML, like Gecko) Chrome/25.0.1364.172 Safari/537.22',NULL),(530,'2013-03-20 18:24:25','USER_LOGIN',1,'2013-03-20 19:24:25',1,'(UserLogged,admin)','::1','Mozilla/5.0 (X11; Linux x86_64) AppleWebKit/537.22 (KHTML, like Gecko) Chrome/25.0.1364.172 Safari/537.22',NULL),(531,'2013-03-20 19:15:54','USER_LOGIN',1,'2013-03-20 20:15:54',1,'(UserLogged,admin)','::1','Mozilla/5.0 (X11; Linux x86_64) AppleWebKit/537.22 (KHTML, like Gecko) Chrome/25.0.1364.172 Safari/537.22',NULL),(532,'2013-03-21 18:40:47','USER_LOGIN',1,'2013-03-21 19:40:47',1,'(UserLogged,admin)','::1','Mozilla/5.0 (X11; Linux x86_64) AppleWebKit/537.22 (KHTML, like Gecko) Chrome/25.0.1364.172 Safari/537.22',NULL),(533,'2013-03-21 21:42:24','USER_LOGIN',1,'2013-03-21 22:42:24',1,'(UserLogged,admin)','::1','Mozilla/5.0 (X11; Linux x86_64) AppleWebKit/537.22 (KHTML, like Gecko) Chrome/25.0.1364.172 Safari/537.22',NULL),(534,'2013-03-22 08:39:23','USER_LOGIN',1,'2013-03-22 09:39:23',1,'(UserLogged,admin)','::1','Mozilla/5.0 (X11; Linux x86_64) AppleWebKit/537.22 (KHTML, like Gecko) Chrome/25.0.1364.172 Safari/537.22',NULL),(535,'2013-03-23 13:04:55','USER_LOGIN',1,'2013-03-23 14:04:55',1,'(UserLogged,admin)','::1','Mozilla/5.0 (X11; Linux x86_64) AppleWebKit/537.22 (KHTML, like Gecko) Chrome/25.0.1364.172 Safari/537.22',NULL),(536,'2013-03-23 15:47:43','USER_LOGIN',1,'2013-03-23 16:47:43',1,'(UserLogged,admin)','::1','Mozilla/5.0 (X11; Linux x86_64) AppleWebKit/537.22 (KHTML, like Gecko) Chrome/25.0.1364.172 Safari/537.22',NULL),(537,'2013-03-23 22:56:36','USER_LOGIN',1,'2013-03-23 23:56:36',1,'(UserLogged,admin)','::1','Mozilla/5.0 (X11; Linux x86_64) AppleWebKit/537.22 (KHTML, like Gecko) Chrome/25.0.1364.172 Safari/537.22',NULL),(538,'2013-03-24 01:22:32','USER_LOGIN',1,'2013-03-24 02:22:32',1,'(UserLogged,admin)','::1','Mozilla/5.0 (X11; Linux x86_64) AppleWebKit/537.22 (KHTML, like Gecko) Chrome/25.0.1364.172 Safari/537.22',NULL),(539,'2013-03-24 14:40:42','USER_LOGIN',1,'2013-03-24 15:40:42',1,'(UserLogged,admin)','::1','Mozilla/5.0 (X11; Linux x86_64) AppleWebKit/537.22 (KHTML, like Gecko) Chrome/25.0.1364.172 Safari/537.22',NULL),(540,'2013-03-24 15:30:26','USER_LOGOUT',1,'2013-03-24 16:30:26',1,'(UserLogoff,admin)','::1','Mozilla/5.0 (X11; Linux x86_64) AppleWebKit/537.22 (KHTML, like Gecko) Chrome/25.0.1364.172 Safari/537.22',NULL),(541,'2013-03-24 15:30:29','USER_LOGIN',1,'2013-03-24 16:30:29',2,'(UserLogged,demo)','::1','Mozilla/5.0 (X11; Linux x86_64) AppleWebKit/537.22 (KHTML, like Gecko) Chrome/25.0.1364.172 Safari/537.22',NULL),(542,'2013-03-24 15:49:40','USER_LOGOUT',1,'2013-03-24 16:49:40',2,'(UserLogoff,demo)','::1','Mozilla/5.0 (X11; Linux x86_64) AppleWebKit/537.22 (KHTML, like Gecko) Chrome/25.0.1364.172 Safari/537.22',NULL),(543,'2013-03-24 15:49:48','USER_LOGIN',1,'2013-03-24 16:49:48',1,'(UserLogged,admin)','::1','Mozilla/5.0 (X11; Linux x86_64) AppleWebKit/537.22 (KHTML, like Gecko) Chrome/25.0.1364.172 Safari/537.22',NULL),(544,'2013-03-24 15:52:35','USER_MODIFY',1,'2013-03-24 16:52:35',1,'Modification utilisateur zzzg','::1','Mozilla/5.0 (X11; Linux x86_64) AppleWebKit/537.22 (KHTML, like Gecko) Chrome/25.0.1364.172 Safari/537.22',NULL),(545,'2013-03-24 15:52:52','USER_MODIFY',1,'2013-03-24 16:52:52',1,'Modification utilisateur zzzg','::1','Mozilla/5.0 (X11; Linux x86_64) AppleWebKit/537.22 (KHTML, like Gecko) Chrome/25.0.1364.172 Safari/537.22',NULL),(546,'2013-03-24 15:53:09','USER_MODIFY',1,'2013-03-24 16:53:09',1,'Modification utilisateur zzzg','::1','Mozilla/5.0 (X11; Linux x86_64) AppleWebKit/537.22 (KHTML, like Gecko) Chrome/25.0.1364.172 Safari/537.22',NULL),(547,'2013-03-24 15:53:23','USER_MODIFY',1,'2013-03-24 16:53:23',1,'Modification utilisateur zzzg','::1','Mozilla/5.0 (X11; Linux x86_64) AppleWebKit/537.22 (KHTML, like Gecko) Chrome/25.0.1364.172 Safari/537.22',NULL),(548,'2013-03-24 16:00:04','USER_MODIFY',1,'2013-03-24 17:00:04',1,'Modification utilisateur zzzg','::1','Mozilla/5.0 (X11; Linux x86_64) AppleWebKit/537.22 (KHTML, like Gecko) Chrome/25.0.1364.172 Safari/537.22',NULL),(549,'2013-03-24 16:01:50','USER_MODIFY',1,'2013-03-24 17:01:50',1,'Modification utilisateur zzzg','::1','Mozilla/5.0 (X11; Linux x86_64) AppleWebKit/537.22 (KHTML, like Gecko) Chrome/25.0.1364.172 Safari/537.22',NULL),(550,'2013-03-24 16:10:14','USER_MODIFY',1,'2013-03-24 17:10:14',1,'Modification utilisateur zzzg','::1','Mozilla/5.0 (X11; Linux x86_64) AppleWebKit/537.22 (KHTML, like Gecko) Chrome/25.0.1364.172 Safari/537.22',NULL),(551,'2013-03-24 16:55:13','USER_LOGIN',1,'2013-03-24 17:55:13',1,'(UserLogged,admin)','::1','Mozilla/5.0 (X11; Linux x86_64) AppleWebKit/537.22 (KHTML, like Gecko) Chrome/25.0.1364.172 Safari/537.22',NULL),(552,'2013-03-24 17:44:29','USER_LOGIN',1,'2013-03-24 18:44:29',1,'(UserLogged,admin)','::1','Mozilla/5.0 (X11; Linux x86_64) AppleWebKit/537.22 (KHTML, like Gecko) Chrome/25.0.1364.172 Safari/537.22',NULL),(553,'2013-09-08 23:06:26','USER_LOGIN',1,'2013-09-09 01:06:26',1,'(UserLogged,admin)','127.0.0.1','Mozilla/5.0 (X11; Linux x86_64) AppleWebKit/537.36 (KHTML, like Gecko) Chrome/29.0.1547.57 Safari/537.36',NULL),(554,'2013-10-21 22:32:28','USER_LOGIN',1,'2013-10-22 00:32:28',1,'(UserLogged,admin)','127.0.0.1','Mozilla/5.0 (X11; Linux x86_64) AppleWebKit/537.36 (KHTML, like Gecko) Chrome/30.0.1599.66 Safari/537.36',NULL),(555,'2013-10-21 22:32:48','USER_LOGIN',1,'2013-10-22 00:32:48',1,'(UserLogged,admin)','127.0.0.1','Mozilla/5.0 (X11; Linux x86_64) AppleWebKit/537.36 (KHTML, like Gecko) Chrome/30.0.1599.66 Safari/537.36',NULL),(556,'2013-11-07 00:01:51','USER_LOGIN',1,'2013-11-07 01:01:51',1,'(UserLogged,admin)','127.0.0.1','Mozilla/5.0 (X11; Linux x86_64) AppleWebKit/537.36 (KHTML, like Gecko) Chrome/30.0.1599.114 Safari/537.36',NULL),(557,'2014-03-02 15:21:07','USER_LOGIN',1,'2014-03-02 16:21:07',1,'(UserLogged,admin)','127.0.0.1','Mozilla/5.0 (X11; Linux x86_64) AppleWebKit/537.36 (KHTML, like Gecko) Chrome/33.0.1750.117 Safari/537.36',NULL),(558,'2014-03-02 15:36:53','USER_LOGIN',1,'2014-03-02 16:36:53',1,'(UserLogged,admin)','127.0.0.1','Mozilla/5.0 (X11; Linux x86_64) AppleWebKit/537.36 (KHTML, like Gecko) Chrome/33.0.1750.117 Safari/537.36',NULL),(559,'2014-03-02 18:54:23','USER_LOGIN',1,'2014-03-02 19:54:23',1,'(UserLogged,admin)','127.0.0.1','Mozilla/5.0 (X11; Linux x86_64) AppleWebKit/537.36 (KHTML, like Gecko) Chrome/33.0.1750.117 Safari/537.36',NULL),(560,'2014-03-02 19:11:17','USER_LOGIN',1,'2014-03-02 20:11:17',1,'(UserLogged,admin)','127.0.0.1','Mozilla/5.0 (X11; Linux x86_64) AppleWebKit/537.36 (KHTML, like Gecko) Chrome/33.0.1750.117 Safari/537.36',NULL),(561,'2014-03-03 18:19:24','USER_LOGIN',1,'2014-03-03 19:19:24',1,'(UserLogged,admin)','127.0.0.1','Mozilla/5.0 (X11; Linux x86_64) AppleWebKit/537.36 (KHTML, like Gecko) Chrome/33.0.1750.117 Safari/537.36',NULL),(562,'2014-12-21 12:51:38','USER_LOGIN',1,'2014-12-21 13:51:38',1,'(UserLogged,admin) - TZ=1;TZString=CET;Screen=1920x969','127.0.0.1','Mozilla/5.0 (X11; Linux x86_64) AppleWebKit/537.36 (KHTML, like Gecko) Chrome/38.0.2125.111 Safari/537.36',NULL),(563,'2014-12-21 19:52:09','USER_LOGIN',1,'2014-12-21 20:52:09',1,'(UserLogged,admin) - TZ=1;TZString=CET;Screen=1920x969','127.0.0.1','Mozilla/5.0 (X11; Linux x86_64) AppleWebKit/537.36 (KHTML, like Gecko) Chrome/38.0.2125.111 Safari/537.36',NULL),(566,'2015-10-03 08:49:43','USER_NEW_PASSWORD',1,'2015-10-03 10:49:43',1,'Password change for admin','127.0.0.1','Mozilla/5.0 (X11; Linux x86_64) AppleWebKit/537.36 (KHTML, like Gecko) Chrome/45.0.2454.101 Safari/537.36',NULL),(567,'2015-10-03 08:49:43','USER_MODIFY',1,'2015-10-03 10:49:43',1,'User admin modified','127.0.0.1','Mozilla/5.0 (X11; Linux x86_64) AppleWebKit/537.36 (KHTML, like Gecko) Chrome/45.0.2454.101 Safari/537.36',NULL),(568,'2015-10-03 09:03:12','USER_MODIFY',1,'2015-10-03 11:03:12',1,'User admin modified','127.0.0.1','Mozilla/5.0 (X11; Linux x86_64) AppleWebKit/537.36 (KHTML, like Gecko) Chrome/45.0.2454.101 Safari/537.36',NULL),(569,'2015-10-03 09:03:42','USER_MODIFY',1,'2015-10-03 11:03:42',1,'User admin modified','127.0.0.1','Mozilla/5.0 (X11; Linux x86_64) AppleWebKit/537.36 (KHTML, like Gecko) Chrome/45.0.2454.101 Safari/537.36',NULL),(570,'2015-10-03 09:07:36','USER_MODIFY',1,'2015-10-03 11:07:36',1,'User demo modified','127.0.0.1','Mozilla/5.0 (X11; Linux x86_64) AppleWebKit/537.36 (KHTML, like Gecko) Chrome/45.0.2454.101 Safari/537.36',NULL),(571,'2015-10-03 09:08:58','USER_NEW_PASSWORD',1,'2015-10-03 11:08:58',1,'Password change for pcurie','127.0.0.1','Mozilla/5.0 (X11; Linux x86_64) AppleWebKit/537.36 (KHTML, like Gecko) Chrome/45.0.2454.101 Safari/537.36',NULL),(572,'2015-10-03 09:08:58','USER_MODIFY',1,'2015-10-03 11:08:58',1,'User pcurie modified','127.0.0.1','Mozilla/5.0 (X11; Linux x86_64) AppleWebKit/537.36 (KHTML, like Gecko) Chrome/45.0.2454.101 Safari/537.36',NULL),(573,'2015-10-03 09:09:23','USER_MODIFY',1,'2015-10-03 11:09:23',1,'User pcurie modified','127.0.0.1','Mozilla/5.0 (X11; Linux x86_64) AppleWebKit/537.36 (KHTML, like Gecko) Chrome/45.0.2454.101 Safari/537.36',NULL),(574,'2015-10-03 09:11:04','USER_NEW_PASSWORD',1,'2015-10-03 11:11:04',1,'Password change for athestudent','127.0.0.1','Mozilla/5.0 (X11; Linux x86_64) AppleWebKit/537.36 (KHTML, like Gecko) Chrome/45.0.2454.101 Safari/537.36',NULL),(575,'2015-10-03 09:11:04','USER_MODIFY',1,'2015-10-03 11:11:04',1,'User athestudent modified','127.0.0.1','Mozilla/5.0 (X11; Linux x86_64) AppleWebKit/537.36 (KHTML, like Gecko) Chrome/45.0.2454.101 Safari/537.36',NULL),(576,'2015-10-03 09:11:53','USER_MODIFY',1,'2015-10-03 11:11:53',1,'User abookkeeper modified','127.0.0.1','Mozilla/5.0 (X11; Linux x86_64) AppleWebKit/537.36 (KHTML, like Gecko) Chrome/45.0.2454.101 Safari/537.36',NULL),(577,'2015-10-03 09:42:12','USER_LOGIN_FAILED',1,'2015-10-03 11:42:11',NULL,'Bad value for login or password - login=admin','127.0.0.1','Mozilla/5.0 (X11; Linux x86_64) AppleWebKit/537.36 (KHTML, like Gecko) Chrome/45.0.2454.101 Safari/537.36',NULL),(578,'2015-10-03 09:42:19','USER_LOGIN_FAILED',1,'2015-10-03 11:42:19',NULL,'Bad value for login or password - login=admin','127.0.0.1','Mozilla/5.0 (X11; Linux x86_64) AppleWebKit/537.36 (KHTML, like Gecko) Chrome/45.0.2454.101 Safari/537.36',NULL),(579,'2015-10-03 09:42:42','USER_LOGIN_FAILED',1,'2015-10-03 11:42:42',NULL,'Bad value for login or password - login=aeinstein','127.0.0.1','Mozilla/5.0 (X11; Linux x86_64) AppleWebKit/537.36 (KHTML, like Gecko) Chrome/45.0.2454.101 Safari/537.36',NULL),(580,'2015-10-03 09:43:50','USER_LOGIN',1,'2015-10-03 11:43:50',1,'(UserLogged,admin) - TZ=1;TZString=Europe/Berlin;Screen=1600x788','127.0.0.1','Mozilla/5.0 (X11; Linux x86_64) AppleWebKit/537.36 (KHTML, like Gecko) Chrome/45.0.2454.101 Safari/537.36',NULL),(581,'2015-10-03 09:44:44','GROUP_MODIFY',1,'2015-10-03 11:44:44',1,'Group Sale representatives modified','127.0.0.1','Mozilla/5.0 (X11; Linux x86_64) AppleWebKit/537.36 (KHTML, like Gecko) Chrome/45.0.2454.101 Safari/537.36',NULL),(582,'2015-10-03 09:46:25','GROUP_CREATE',1,'2015-10-03 11:46:25',1,'Group Management created','127.0.0.1','Mozilla/5.0 (X11; Linux x86_64) AppleWebKit/537.36 (KHTML, like Gecko) Chrome/45.0.2454.101 Safari/537.36',NULL),(583,'2015-10-03 09:46:46','GROUP_CREATE',1,'2015-10-03 11:46:46',1,'Group Scientists created','127.0.0.1','Mozilla/5.0 (X11; Linux x86_64) AppleWebKit/537.36 (KHTML, like Gecko) Chrome/45.0.2454.101 Safari/537.36',NULL),(584,'2015-10-03 09:47:41','USER_CREATE',1,'2015-10-03 11:47:41',1,'User mcurie created','127.0.0.1','Mozilla/5.0 (X11; Linux x86_64) AppleWebKit/537.36 (KHTML, like Gecko) Chrome/45.0.2454.101 Safari/537.36',NULL),(585,'2015-10-03 09:47:41','USER_NEW_PASSWORD',1,'2015-10-03 11:47:41',1,'Password change for mcurie','127.0.0.1','Mozilla/5.0 (X11; Linux x86_64) AppleWebKit/537.36 (KHTML, like Gecko) Chrome/45.0.2454.101 Safari/537.36',NULL),(586,'2015-10-03 09:47:53','USER_MODIFY',1,'2015-10-03 11:47:53',1,'User mcurie modified','127.0.0.1','Mozilla/5.0 (X11; Linux x86_64) AppleWebKit/537.36 (KHTML, like Gecko) Chrome/45.0.2454.101 Safari/537.36',NULL),(587,'2015-10-03 09:48:32','USER_DELETE',1,'2015-10-03 11:48:32',1,'User bbb removed','127.0.0.1','Mozilla/5.0 (X11; Linux x86_64) AppleWebKit/537.36 (KHTML, like Gecko) Chrome/45.0.2454.101 Safari/537.36',NULL),(588,'2015-10-03 09:48:52','USER_MODIFY',1,'2015-10-03 11:48:52',1,'User bookkeeper modified','127.0.0.1','Mozilla/5.0 (X11; Linux x86_64) AppleWebKit/537.36 (KHTML, like Gecko) Chrome/45.0.2454.101 Safari/537.36',NULL),(589,'2015-10-03 10:01:28','USER_MODIFY',1,'2015-10-03 12:01:28',1,'User bookkeeper modified','127.0.0.1','Mozilla/5.0 (X11; Linux x86_64) AppleWebKit/537.36 (KHTML, like Gecko) Chrome/45.0.2454.101 Safari/537.36',NULL),(590,'2015-10-03 10:01:39','USER_MODIFY',1,'2015-10-03 12:01:39',1,'User bookkeeper modified','127.0.0.1','Mozilla/5.0 (X11; Linux x86_64) AppleWebKit/537.36 (KHTML, like Gecko) Chrome/45.0.2454.101 Safari/537.36',NULL),(591,'2015-10-05 06:32:38','USER_LOGIN_FAILED',1,'2015-10-05 08:32:38',NULL,'Bad value for login or password - login=admin','127.0.0.1','Mozilla/5.0 (X11; Linux x86_64) AppleWebKit/537.36 (KHTML, like Gecko) Chrome/45.0.2454.101 Safari/537.36',NULL),(592,'2015-10-05 06:32:44','USER_LOGIN',1,'2015-10-05 08:32:44',1,'(UserLogged,admin) - TZ=1;TZString=Europe/Berlin;Screen=1590x767','127.0.0.1','Mozilla/5.0 (X11; Linux x86_64) AppleWebKit/537.36 (KHTML, like Gecko) Chrome/45.0.2454.101 Safari/537.36',NULL),(593,'2015-10-05 07:07:52','USER_CREATE',1,'2015-10-05 09:07:52',1,'User atheceo created','127.0.0.1','Mozilla/5.0 (X11; Linux x86_64) AppleWebKit/537.36 (KHTML, like Gecko) Chrome/45.0.2454.101 Safari/537.36',NULL),(594,'2015-10-05 07:07:52','USER_NEW_PASSWORD',1,'2015-10-05 09:07:52',1,'Password change for atheceo','127.0.0.1','Mozilla/5.0 (X11; Linux x86_64) AppleWebKit/537.36 (KHTML, like Gecko) Chrome/45.0.2454.101 Safari/537.36',NULL),(595,'2015-10-05 07:09:08','USER_NEW_PASSWORD',1,'2015-10-05 09:09:08',1,'Password change for aeinstein','127.0.0.1','Mozilla/5.0 (X11; Linux x86_64) AppleWebKit/537.36 (KHTML, like Gecko) Chrome/45.0.2454.101 Safari/537.36',NULL),(596,'2015-10-05 07:09:08','USER_MODIFY',1,'2015-10-05 09:09:08',1,'User aeinstein modified','127.0.0.1','Mozilla/5.0 (X11; Linux x86_64) AppleWebKit/537.36 (KHTML, like Gecko) Chrome/45.0.2454.101 Safari/537.36',NULL),(597,'2015-10-05 07:09:46','USER_CREATE',1,'2015-10-05 09:09:46',1,'User admin created','127.0.0.1','Mozilla/5.0 (X11; Linux x86_64) AppleWebKit/537.36 (KHTML, like Gecko) Chrome/45.0.2454.101 Safari/537.36',NULL),(598,'2015-10-05 07:09:46','USER_NEW_PASSWORD',1,'2015-10-05 09:09:46',1,'Password change for admin','127.0.0.1','Mozilla/5.0 (X11; Linux x86_64) AppleWebKit/537.36 (KHTML, like Gecko) Chrome/45.0.2454.101 Safari/537.36',NULL),(599,'2015-10-05 07:10:20','USER_MODIFY',1,'2015-10-05 09:10:20',1,'User demo modified','127.0.0.1','Mozilla/5.0 (X11; Linux x86_64) AppleWebKit/537.36 (KHTML, like Gecko) Chrome/45.0.2454.101 Safari/537.36',NULL),(600,'2015-10-05 07:10:48','USER_MODIFY',1,'2015-10-05 09:10:48',1,'User admin modified','127.0.0.1','Mozilla/5.0 (X11; Linux x86_64) AppleWebKit/537.36 (KHTML, like Gecko) Chrome/45.0.2454.101 Safari/537.36',NULL),(601,'2015-10-05 07:11:22','USER_NEW_PASSWORD',1,'2015-10-05 09:11:22',1,'Password change for bbookkeeper','127.0.0.1','Mozilla/5.0 (X11; Linux x86_64) AppleWebKit/537.36 (KHTML, like Gecko) Chrome/45.0.2454.101 Safari/537.36',NULL),(602,'2015-10-05 07:11:22','USER_MODIFY',1,'2015-10-05 09:11:22',1,'User bbookkeeper modified','127.0.0.1','Mozilla/5.0 (X11; Linux x86_64) AppleWebKit/537.36 (KHTML, like Gecko) Chrome/45.0.2454.101 Safari/537.36',NULL),(603,'2015-10-05 07:12:37','USER_MODIFY',1,'2015-10-05 09:12:37',1,'User admin modified','127.0.0.1','Mozilla/5.0 (X11; Linux x86_64) AppleWebKit/537.36 (KHTML, like Gecko) Chrome/45.0.2454.101 Safari/537.36',NULL),(604,'2015-10-05 07:13:27','USER_MODIFY',1,'2015-10-05 09:13:27',1,'User demo modified','127.0.0.1','Mozilla/5.0 (X11; Linux x86_64) AppleWebKit/537.36 (KHTML, like Gecko) Chrome/45.0.2454.101 Safari/537.36',NULL),(605,'2015-10-05 07:13:52','USER_MODIFY',1,'2015-10-05 09:13:52',1,'User admin modified','127.0.0.1','Mozilla/5.0 (X11; Linux x86_64) AppleWebKit/537.36 (KHTML, like Gecko) Chrome/45.0.2454.101 Safari/537.36',NULL),(606,'2015-10-05 07:14:35','USER_LOGOUT',1,'2015-10-05 09:14:35',1,'(UserLogoff,aeinstein)','127.0.0.1','Mozilla/5.0 (X11; Linux x86_64) AppleWebKit/537.36 (KHTML, like Gecko) Chrome/45.0.2454.101 Safari/537.36',NULL),(607,'2015-10-05 07:14:40','USER_LOGIN_FAILED',1,'2015-10-05 09:14:40',NULL,'Bad value for login or password - login=admin','127.0.0.1','Mozilla/5.0 (X11; Linux x86_64) AppleWebKit/537.36 (KHTML, like Gecko) Chrome/45.0.2454.101 Safari/537.36',NULL),(608,'2015-10-05 07:14:44','USER_LOGIN_FAILED',1,'2015-10-05 09:14:44',NULL,'Bad value for login or password - login=admin','127.0.0.1','Mozilla/5.0 (X11; Linux x86_64) AppleWebKit/537.36 (KHTML, like Gecko) Chrome/45.0.2454.101 Safari/537.36',NULL),(609,'2015-10-05 07:14:49','USER_LOGIN',1,'2015-10-05 09:14:49',12,'(UserLogged,admin) - TZ=1;TZString=Europe/Berlin;Screen=1590x767','127.0.0.1','Mozilla/5.0 (X11; Linux x86_64) AppleWebKit/537.36 (KHTML, like Gecko) Chrome/45.0.2454.101 Safari/537.36',NULL),(610,'2015-10-05 07:57:18','USER_MODIFY',1,'2015-10-05 09:57:18',12,'User aeinstein modified','127.0.0.1','Mozilla/5.0 (X11; Linux x86_64) AppleWebKit/537.36 (KHTML, like Gecko) Chrome/45.0.2454.101 Safari/537.36',NULL),(611,'2015-10-05 08:06:54','USER_LOGOUT',1,'2015-10-05 10:06:54',12,'(UserLogoff,admin)','127.0.0.1','Mozilla/5.0 (X11; Linux x86_64) AppleWebKit/537.36 (KHTML, like Gecko) Chrome/45.0.2454.101 Safari/537.36',NULL),(612,'2015-10-05 08:07:03','USER_LOGIN',1,'2015-10-05 10:07:03',11,'(UserLogged,atheceo) - TZ=1;TZString=Europe/Berlin;Screen=1590x767','127.0.0.1','Mozilla/5.0 (X11; Linux x86_64) AppleWebKit/537.36 (KHTML, like Gecko) Chrome/45.0.2454.101 Safari/537.36',NULL),(613,'2015-10-05 19:18:46','USER_LOGIN',1,'2015-10-05 21:18:46',11,'(UserLogged,atheceo) - TZ=1;TZString=Europe/Berlin;Screen=1590x767','127.0.0.1','Mozilla/5.0 (X11; Linux x86_64) AppleWebKit/537.36 (KHTML, like Gecko) Chrome/45.0.2454.101 Safari/537.36',NULL),(614,'2015-10-05 19:29:35','USER_CREATE',1,'2015-10-05 21:29:35',11,'User ccommercy created','127.0.0.1','Mozilla/5.0 (X11; Linux x86_64) AppleWebKit/537.36 (KHTML, like Gecko) Chrome/45.0.2454.101 Safari/537.36',NULL),(615,'2015-10-05 19:29:35','USER_NEW_PASSWORD',1,'2015-10-05 21:29:35',11,'Password change for ccommercy','127.0.0.1','Mozilla/5.0 (X11; Linux x86_64) AppleWebKit/537.36 (KHTML, like Gecko) Chrome/45.0.2454.101 Safari/537.36',NULL),(616,'2015-10-05 19:30:13','GROUP_CREATE',1,'2015-10-05 21:30:13',11,'Group Commercial created','127.0.0.1','Mozilla/5.0 (X11; Linux x86_64) AppleWebKit/537.36 (KHTML, like Gecko) Chrome/45.0.2454.101 Safari/537.36',NULL),(617,'2015-10-05 19:31:37','USER_NEW_PASSWORD',1,'2015-10-05 21:31:37',11,'Password change for admin','127.0.0.1','Mozilla/5.0 (X11; Linux x86_64) AppleWebKit/537.36 (KHTML, like Gecko) Chrome/45.0.2454.101 Safari/537.36',NULL),(618,'2015-10-05 19:31:37','USER_MODIFY',1,'2015-10-05 21:31:37',11,'User admin modified','127.0.0.1','Mozilla/5.0 (X11; Linux x86_64) AppleWebKit/537.36 (KHTML, like Gecko) Chrome/45.0.2454.101 Safari/537.36',NULL),(619,'2015-10-05 19:32:00','USER_MODIFY',1,'2015-10-05 21:32:00',11,'User admin modified','127.0.0.1','Mozilla/5.0 (X11; Linux x86_64) AppleWebKit/537.36 (KHTML, like Gecko) Chrome/45.0.2454.101 Safari/537.36',NULL),(620,'2015-10-05 19:33:33','USER_CREATE',1,'2015-10-05 21:33:33',11,'User sscientol created','127.0.0.1','Mozilla/5.0 (X11; Linux x86_64) AppleWebKit/537.36 (KHTML, like Gecko) Chrome/45.0.2454.101 Safari/537.36',NULL),(621,'2015-10-05 19:33:33','USER_NEW_PASSWORD',1,'2015-10-05 21:33:33',11,'Password change for sscientol','127.0.0.1','Mozilla/5.0 (X11; Linux x86_64) AppleWebKit/537.36 (KHTML, like Gecko) Chrome/45.0.2454.101 Safari/537.36',NULL),(622,'2015-10-05 19:33:47','USER_NEW_PASSWORD',1,'2015-10-05 21:33:47',11,'Password change for mcurie','127.0.0.1','Mozilla/5.0 (X11; Linux x86_64) AppleWebKit/537.36 (KHTML, like Gecko) Chrome/45.0.2454.101 Safari/537.36',NULL),(623,'2015-10-05 19:33:47','USER_MODIFY',1,'2015-10-05 21:33:47',11,'User mcurie modified','127.0.0.1','Mozilla/5.0 (X11; Linux x86_64) AppleWebKit/537.36 (KHTML, like Gecko) Chrome/45.0.2454.101 Safari/537.36',NULL),(624,'2015-10-05 19:34:23','USER_NEW_PASSWORD',1,'2015-10-05 21:34:23',11,'Password change for pcurie','127.0.0.1','Mozilla/5.0 (X11; Linux x86_64) AppleWebKit/537.36 (KHTML, like Gecko) Chrome/45.0.2454.101 Safari/537.36',NULL),(625,'2015-10-05 19:34:23','USER_MODIFY',1,'2015-10-05 21:34:23',11,'User pcurie modified','127.0.0.1','Mozilla/5.0 (X11; Linux x86_64) AppleWebKit/537.36 (KHTML, like Gecko) Chrome/45.0.2454.101 Safari/537.36',NULL),(626,'2015-10-05 19:34:42','USER_MODIFY',1,'2015-10-05 21:34:42',11,'User aeinstein modified','127.0.0.1','Mozilla/5.0 (X11; Linux x86_64) AppleWebKit/537.36 (KHTML, like Gecko) Chrome/45.0.2454.101 Safari/537.36',NULL),(627,'2015-10-05 19:36:06','USER_NEW_PASSWORD',1,'2015-10-05 21:36:06',11,'Password change for ccommercy','127.0.0.1','Mozilla/5.0 (X11; Linux x86_64) AppleWebKit/537.36 (KHTML, like Gecko) Chrome/45.0.2454.101 Safari/537.36',NULL),(628,'2015-10-05 19:36:06','USER_MODIFY',1,'2015-10-05 21:36:06',11,'User ccommercy modified','127.0.0.1','Mozilla/5.0 (X11; Linux x86_64) AppleWebKit/537.36 (KHTML, like Gecko) Chrome/45.0.2454.101 Safari/537.36',NULL),(629,'2015-10-05 19:36:57','USER_NEW_PASSWORD',1,'2015-10-05 21:36:57',11,'Password change for atheceo','127.0.0.1','Mozilla/5.0 (X11; Linux x86_64) AppleWebKit/537.36 (KHTML, like Gecko) Chrome/45.0.2454.101 Safari/537.36',NULL),(630,'2015-10-05 19:36:57','USER_MODIFY',1,'2015-10-05 21:36:57',11,'User atheceo modified','127.0.0.1','Mozilla/5.0 (X11; Linux x86_64) AppleWebKit/537.36 (KHTML, like Gecko) Chrome/45.0.2454.101 Safari/537.36',NULL),(631,'2015-10-05 19:37:27','USER_LOGOUT',1,'2015-10-05 21:37:27',11,'(UserLogoff,atheceo)','127.0.0.1','Mozilla/5.0 (X11; Linux x86_64) AppleWebKit/537.36 (KHTML, like Gecko) Chrome/45.0.2454.101 Safari/537.36',NULL),(632,'2015-10-05 19:37:35','USER_LOGIN_FAILED',1,'2015-10-05 21:37:35',NULL,'Bad value for login or password - login=admin','127.0.0.1','Mozilla/5.0 (X11; Linux x86_64) AppleWebKit/537.36 (KHTML, like Gecko) Chrome/45.0.2454.101 Safari/537.36',NULL),(633,'2015-10-05 19:37:39','USER_LOGIN_FAILED',1,'2015-10-05 21:37:39',NULL,'Bad value for login or password - login=admin','127.0.0.1','Mozilla/5.0 (X11; Linux x86_64) AppleWebKit/537.36 (KHTML, like Gecko) Chrome/45.0.2454.101 Safari/537.36',NULL),(634,'2015-10-05 19:37:44','USER_LOGIN_FAILED',1,'2015-10-05 21:37:44',NULL,'Bad value for login or password - login=admin','127.0.0.1','Mozilla/5.0 (X11; Linux x86_64) AppleWebKit/537.36 (KHTML, like Gecko) Chrome/45.0.2454.101 Safari/537.36',NULL),(635,'2015-10-05 19:37:49','USER_LOGIN_FAILED',1,'2015-10-05 21:37:49',NULL,'Bad value for login or password - login=admin','127.0.0.1','Mozilla/5.0 (X11; Linux x86_64) AppleWebKit/537.36 (KHTML, like Gecko) Chrome/45.0.2454.101 Safari/537.36',NULL),(636,'2015-10-05 19:38:12','USER_LOGIN_FAILED',1,'2015-10-05 21:38:12',NULL,'Bad value for login or password - login=admin','127.0.0.1','Mozilla/5.0 (X11; Linux x86_64) AppleWebKit/537.36 (KHTML, like Gecko) Chrome/45.0.2454.101 Safari/537.36',NULL),(637,'2015-10-05 19:40:48','USER_LOGIN_FAILED',1,'2015-10-05 21:40:48',NULL,'Bad value for login or password - login=admin','127.0.0.1','Mozilla/5.0 (X11; Linux x86_64) AppleWebKit/537.36 (KHTML, like Gecko) Chrome/45.0.2454.101 Safari/537.36',NULL),(638,'2015-10-05 19:40:55','USER_LOGIN',1,'2015-10-05 21:40:55',12,'(UserLogged,admin) - TZ=1;TZString=Europe/Berlin;Screen=1590x767','127.0.0.1','Mozilla/5.0 (X11; Linux x86_64) AppleWebKit/537.36 (KHTML, like Gecko) Chrome/45.0.2454.101 Safari/537.36',NULL),(639,'2015-10-05 19:43:34','USER_MODIFY',1,'2015-10-05 21:43:34',12,'User aeinstein modified','127.0.0.1','Mozilla/5.0 (X11; Linux x86_64) AppleWebKit/537.36 (KHTML, like Gecko) Chrome/45.0.2454.101 Safari/537.36',NULL),(640,'2015-10-05 19:45:43','USER_CREATE',1,'2015-10-05 21:45:43',12,'User aaa created','127.0.0.1','Mozilla/5.0 (X11; Linux x86_64) AppleWebKit/537.36 (KHTML, like Gecko) Chrome/45.0.2454.101 Safari/537.36',NULL),(641,'2015-10-05 19:45:43','USER_NEW_PASSWORD',1,'2015-10-05 21:45:43',12,'Password change for aaa','127.0.0.1','Mozilla/5.0 (X11; Linux x86_64) AppleWebKit/537.36 (KHTML, like Gecko) Chrome/45.0.2454.101 Safari/537.36',NULL),(642,'2015-10-05 19:46:18','USER_DELETE',1,'2015-10-05 21:46:18',12,'User aaa removed','127.0.0.1','Mozilla/5.0 (X11; Linux x86_64) AppleWebKit/537.36 (KHTML, like Gecko) Chrome/45.0.2454.101 Safari/537.36',NULL),(643,'2015-10-05 19:47:09','USER_MODIFY',1,'2015-10-05 21:47:09',12,'User demo modified','127.0.0.1','Mozilla/5.0 (X11; Linux x86_64) AppleWebKit/537.36 (KHTML, like Gecko) Chrome/45.0.2454.101 Safari/537.36',NULL),(644,'2015-10-05 19:47:22','USER_MODIFY',1,'2015-10-05 21:47:22',12,'User demo modified','127.0.0.1','Mozilla/5.0 (X11; Linux x86_64) AppleWebKit/537.36 (KHTML, like Gecko) Chrome/45.0.2454.101 Safari/537.36',NULL),(645,'2015-10-05 19:52:05','USER_MODIFY',1,'2015-10-05 21:52:05',12,'User sscientol modified','127.0.0.1','Mozilla/5.0 (X11; Linux x86_64) AppleWebKit/537.36 (KHTML, like Gecko) Chrome/45.0.2454.101 Safari/537.36',NULL),(646,'2015-10-05 19:52:23','USER_MODIFY',1,'2015-10-05 21:52:23',12,'User bbookkeeper modified','127.0.0.1','Mozilla/5.0 (X11; Linux x86_64) AppleWebKit/537.36 (KHTML, like Gecko) Chrome/45.0.2454.101 Safari/537.36',NULL),(647,'2015-10-05 19:54:54','USER_NEW_PASSWORD',1,'2015-10-05 21:54:54',12,'Password change for zzeceo','127.0.0.1','Mozilla/5.0 (X11; Linux x86_64) AppleWebKit/537.36 (KHTML, like Gecko) Chrome/45.0.2454.101 Safari/537.36',NULL),(648,'2015-10-05 19:54:54','USER_MODIFY',1,'2015-10-05 21:54:54',12,'User zzeceo modified','127.0.0.1','Mozilla/5.0 (X11; Linux x86_64) AppleWebKit/537.36 (KHTML, like Gecko) Chrome/45.0.2454.101 Safari/537.36',NULL),(649,'2015-10-05 19:57:02','USER_MODIFY',1,'2015-10-05 21:57:02',12,'User zzeceo modified','127.0.0.1','Mozilla/5.0 (X11; Linux x86_64) AppleWebKit/537.36 (KHTML, like Gecko) Chrome/45.0.2454.101 Safari/537.36',NULL),(650,'2015-10-05 19:57:57','USER_NEW_PASSWORD',1,'2015-10-05 21:57:57',12,'Password change for pcurie','127.0.0.1','Mozilla/5.0 (X11; Linux x86_64) AppleWebKit/537.36 (KHTML, like Gecko) Chrome/45.0.2454.101 Safari/537.36',NULL),(651,'2015-10-05 19:57:57','USER_MODIFY',1,'2015-10-05 21:57:57',12,'User pcurie modified','127.0.0.1','Mozilla/5.0 (X11; Linux x86_64) AppleWebKit/537.36 (KHTML, like Gecko) Chrome/45.0.2454.101 Safari/537.36',NULL),(652,'2015-10-05 19:59:42','USER_NEW_PASSWORD',1,'2015-10-05 21:59:42',12,'Password change for admin','127.0.0.1','Mozilla/5.0 (X11; Linux x86_64) AppleWebKit/537.36 (KHTML, like Gecko) Chrome/45.0.2454.101 Safari/537.36',NULL),(653,'2015-10-05 19:59:42','USER_MODIFY',1,'2015-10-05 21:59:42',12,'User admin modified','127.0.0.1','Mozilla/5.0 (X11; Linux x86_64) AppleWebKit/537.36 (KHTML, like Gecko) Chrome/45.0.2454.101 Safari/537.36',NULL),(654,'2015-10-05 20:00:21','USER_MODIFY',1,'2015-10-05 22:00:21',12,'User adminx modified','127.0.0.1','Mozilla/5.0 (X11; Linux x86_64) AppleWebKit/537.36 (KHTML, like Gecko) Chrome/45.0.2454.101 Safari/537.36',NULL),(655,'2015-10-05 20:05:36','USER_MODIFY',1,'2015-10-05 22:05:36',12,'User admin modified','127.0.0.1','Mozilla/5.0 (X11; Linux x86_64) AppleWebKit/537.36 (KHTML, like Gecko) Chrome/45.0.2454.101 Safari/537.36',NULL),(656,'2015-10-05 20:06:25','USER_MODIFY',1,'2015-10-05 22:06:25',12,'User ccommercy modified','127.0.0.1','Mozilla/5.0 (X11; Linux x86_64) AppleWebKit/537.36 (KHTML, like Gecko) Chrome/45.0.2454.101 Safari/537.36',NULL),(657,'2015-10-05 20:07:18','USER_MODIFY',1,'2015-10-05 22:07:18',12,'User mcurie modified','127.0.0.1','Mozilla/5.0 (X11; Linux x86_64) AppleWebKit/537.36 (KHTML, like Gecko) Chrome/45.0.2454.101 Safari/537.36',NULL),(658,'2015-10-05 20:07:36','USER_MODIFY',1,'2015-10-05 22:07:36',12,'User aeinstein modified','127.0.0.1','Mozilla/5.0 (X11; Linux x86_64) AppleWebKit/537.36 (KHTML, like Gecko) Chrome/45.0.2454.101 Safari/537.36',NULL),(659,'2015-10-05 20:08:34','USER_MODIFY',1,'2015-10-05 22:08:34',12,'User bbookkeeper modified','127.0.0.1','Mozilla/5.0 (X11; Linux x86_64) AppleWebKit/537.36 (KHTML, like Gecko) Chrome/45.0.2454.101 Safari/537.36',NULL),(660,'2015-10-05 20:47:52','USER_CREATE',1,'2015-10-05 22:47:52',12,'User cc1 created','127.0.0.1','Mozilla/5.0 (X11; Linux x86_64) AppleWebKit/537.36 (KHTML, like Gecko) Chrome/45.0.2454.101 Safari/537.36',NULL),(661,'2015-10-05 20:47:52','USER_NEW_PASSWORD',1,'2015-10-05 22:47:52',12,'Password change for cc1','127.0.0.1','Mozilla/5.0 (X11; Linux x86_64) AppleWebKit/537.36 (KHTML, like Gecko) Chrome/45.0.2454.101 Safari/537.36',NULL),(662,'2015-10-05 20:47:55','USER_LOGOUT',1,'2015-10-05 22:47:55',12,'(UserLogoff,admin)','127.0.0.1','Mozilla/5.0 (X11; Linux x86_64) AppleWebKit/537.36 (KHTML, like Gecko) Chrome/45.0.2454.101 Safari/537.36',NULL),(663,'2015-10-05 20:48:08','USER_LOGIN',1,'2015-10-05 22:48:08',11,'(UserLogged,zzeceo) - TZ=1;TZString=Europe/Berlin;Screen=1590x434','127.0.0.1','Mozilla/5.0 (X11; Linux x86_64) AppleWebKit/537.36 (KHTML, like Gecko) Chrome/45.0.2454.101 Safari/537.36',NULL),(664,'2015-10-05 20:48:39','USER_CREATE',1,'2015-10-05 22:48:39',11,'User cc2 created','127.0.0.1','Mozilla/5.0 (X11; Linux x86_64) AppleWebKit/537.36 (KHTML, like Gecko) Chrome/45.0.2454.101 Safari/537.36',NULL),(665,'2015-10-05 20:48:39','USER_NEW_PASSWORD',1,'2015-10-05 22:48:39',11,'Password change for cc2','127.0.0.1','Mozilla/5.0 (X11; Linux x86_64) AppleWebKit/537.36 (KHTML, like Gecko) Chrome/45.0.2454.101 Safari/537.36',NULL),(666,'2015-10-05 20:48:59','USER_NEW_PASSWORD',1,'2015-10-05 22:48:59',11,'Password change for cc1','127.0.0.1','Mozilla/5.0 (X11; Linux x86_64) AppleWebKit/537.36 (KHTML, like Gecko) Chrome/45.0.2454.101 Safari/537.36',NULL),(667,'2015-10-05 20:48:59','USER_MODIFY',1,'2015-10-05 22:48:59',11,'User cc1 modified','127.0.0.1','Mozilla/5.0 (X11; Linux x86_64) AppleWebKit/537.36 (KHTML, like Gecko) Chrome/45.0.2454.101 Safari/537.36',NULL),(668,'2015-10-05 21:06:36','USER_LOGOUT',1,'2015-10-05 23:06:35',11,'(UserLogoff,zzeceo)','127.0.0.1','Mozilla/5.0 (X11; Linux x86_64) AppleWebKit/537.36 (KHTML, like Gecko) Chrome/45.0.2454.101 Safari/537.36',NULL),(669,'2015-10-05 21:06:44','USER_LOGIN_FAILED',1,'2015-10-05 23:06:44',NULL,'Bad value for login or password - login=cc1','127.0.0.1','Mozilla/5.0 (X11; Linux x86_64) AppleWebKit/537.36 (KHTML, like Gecko) Chrome/45.0.2454.101 Safari/537.36',NULL),(670,'2015-10-05 21:07:12','USER_LOGIN_FAILED',1,'2015-10-05 23:07:12',NULL,'Bad value for login or password - login=cc1','127.0.0.1','Mozilla/5.0 (X11; Linux x86_64) AppleWebKit/537.36 (KHTML, like Gecko) Chrome/45.0.2454.101 Safari/537.36',NULL),(671,'2015-10-05 21:07:19','USER_LOGIN_FAILED',1,'2015-10-05 23:07:19',NULL,'Bad value for login or password - login=admin','127.0.0.1','Mozilla/5.0 (X11; Linux x86_64) AppleWebKit/537.36 (KHTML, like Gecko) Chrome/45.0.2454.101 Safari/537.36',NULL),(672,'2015-10-05 21:07:27','USER_LOGIN_FAILED',1,'2015-10-05 23:07:27',NULL,'Bad value for login or password - login=admin','127.0.0.1','Mozilla/5.0 (X11; Linux x86_64) AppleWebKit/537.36 (KHTML, like Gecko) Chrome/45.0.2454.101 Safari/537.36',NULL),(673,'2015-10-05 21:07:32','USER_LOGIN',1,'2015-10-05 23:07:32',12,'(UserLogged,admin) - TZ=1;TZString=Europe/Berlin;Screen=1590x767','127.0.0.1','Mozilla/5.0 (X11; Linux x86_64) AppleWebKit/537.36 (KHTML, like Gecko) Chrome/45.0.2454.101 Safari/537.36',NULL),(674,'2015-10-05 21:12:28','USER_NEW_PASSWORD',1,'2015-10-05 23:12:28',12,'Password change for cc1','127.0.0.1','Mozilla/5.0 (X11; Linux x86_64) AppleWebKit/537.36 (KHTML, like Gecko) Chrome/45.0.2454.101 Safari/537.36',NULL),(675,'2015-10-05 21:12:28','USER_MODIFY',1,'2015-10-05 23:12:28',12,'User cc1 modified','127.0.0.1','Mozilla/5.0 (X11; Linux x86_64) AppleWebKit/537.36 (KHTML, like Gecko) Chrome/45.0.2454.101 Safari/537.36',NULL),(676,'2015-10-05 21:13:00','USER_CREATE',1,'2015-10-05 23:13:00',12,'User aaa created','127.0.0.1','Mozilla/5.0 (X11; Linux x86_64) AppleWebKit/537.36 (KHTML, like Gecko) Chrome/45.0.2454.101 Safari/537.36',NULL),(677,'2015-10-05 21:13:00','USER_NEW_PASSWORD',1,'2015-10-05 23:13:00',12,'Password change for aaa','127.0.0.1','Mozilla/5.0 (X11; Linux x86_64) AppleWebKit/537.36 (KHTML, like Gecko) Chrome/45.0.2454.101 Safari/537.36',NULL),(678,'2015-10-05 21:13:40','USER_DELETE',1,'2015-10-05 23:13:40',12,'User aaa removed','127.0.0.1','Mozilla/5.0 (X11; Linux x86_64) AppleWebKit/537.36 (KHTML, like Gecko) Chrome/45.0.2454.101 Safari/537.36',NULL),(679,'2015-10-05 21:14:47','USER_LOGOUT',1,'2015-10-05 23:14:47',12,'(UserLogoff,admin)','127.0.0.1','Mozilla/5.0 (X11; Linux x86_64) AppleWebKit/537.36 (KHTML, like Gecko) Chrome/45.0.2454.101 Safari/537.36',NULL),(680,'2015-10-05 21:14:56','USER_LOGIN',1,'2015-10-05 23:14:56',16,'(UserLogged,cc1) - TZ=1;TZString=Europe/Berlin;Screen=1590x767','127.0.0.1','Mozilla/5.0 (X11; Linux x86_64) AppleWebKit/537.36 (KHTML, like Gecko) Chrome/45.0.2454.101 Safari/537.36',NULL),(681,'2015-10-05 21:15:56','USER_LOGOUT',1,'2015-10-05 23:15:56',16,'(UserLogoff,cc1)','127.0.0.1','Mozilla/5.0 (X11; Linux x86_64) AppleWebKit/537.36 (KHTML, like Gecko) Chrome/45.0.2454.101 Safari/537.36',NULL),(682,'2015-10-05 21:16:06','USER_LOGIN',1,'2015-10-05 23:16:06',17,'(UserLogged,cc2) - TZ=1;TZString=Europe/Berlin;Screen=1590x767','127.0.0.1','Mozilla/5.0 (X11; Linux x86_64) AppleWebKit/537.36 (KHTML, like Gecko) Chrome/45.0.2454.101 Safari/537.36',NULL),(683,'2015-10-05 21:37:25','USER_LOGOUT',1,'2015-10-05 23:37:25',17,'(UserLogoff,cc2)','127.0.0.1','Mozilla/5.0 (X11; Linux x86_64) AppleWebKit/537.36 (KHTML, like Gecko) Chrome/45.0.2454.101 Safari/537.36',NULL),(684,'2015-10-05 21:37:31','USER_LOGIN',1,'2015-10-05 23:37:31',16,'(UserLogged,cc1) - TZ=1;TZString=Europe/Berlin;Screen=1590x767','127.0.0.1','Mozilla/5.0 (X11; Linux x86_64) AppleWebKit/537.36 (KHTML, like Gecko) Chrome/45.0.2454.101 Safari/537.36',NULL),(685,'2015-10-05 21:43:53','USER_LOGOUT',1,'2015-10-05 23:43:53',16,'(UserLogoff,cc1)','127.0.0.1','Mozilla/5.0 (X11; Linux x86_64) AppleWebKit/537.36 (KHTML, like Gecko) Chrome/45.0.2454.101 Safari/537.36',NULL),(686,'2015-10-05 21:44:00','USER_LOGIN',1,'2015-10-05 23:44:00',12,'(UserLogged,admin) - TZ=1;TZString=Europe/Berlin;Screen=1590x767','127.0.0.1','Mozilla/5.0 (X11; Linux x86_64) AppleWebKit/537.36 (KHTML, like Gecko) Chrome/45.0.2454.101 Safari/537.36',NULL),(687,'2015-10-05 21:46:17','USER_LOGOUT',1,'2015-10-05 23:46:17',12,'(UserLogoff,admin)','127.0.0.1','Mozilla/5.0 (X11; Linux x86_64) AppleWebKit/537.36 (KHTML, like Gecko) Chrome/45.0.2454.101 Safari/537.36',NULL),(688,'2015-10-05 21:46:24','USER_LOGIN',1,'2015-10-05 23:46:24',16,'(UserLogged,cc1) - TZ=1;TZString=Europe/Berlin;Screen=1590x767','127.0.0.1','Mozilla/5.0 (X11; Linux x86_64) AppleWebKit/537.36 (KHTML, like Gecko) Chrome/45.0.2454.101 Safari/537.36',NULL),(689,'2015-11-04 15:17:06','USER_LOGIN',1,'2015-11-04 16:17:06',12,'(UserLogged,admin) - TZ=1;TZString=Europe/Berlin;Screen=1600x790','127.0.0.1','Mozilla/5.0 (X11; Linux x86_64) AppleWebKit/537.36 (KHTML, like Gecko) Chrome/46.0.2490.80 Safari/537.36',NULL),(690,'2015-11-15 22:04:04','USER_LOGIN',1,'2015-11-15 23:04:04',12,'(UserLogged,admin) - TZ=1;TZString=Europe/Berlin;Screen=1600x790','127.0.0.1','Mozilla/5.0 (X11; Linux x86_64) AppleWebKit/537.36 (KHTML, like Gecko) Chrome/46.0.2490.80 Safari/537.36',NULL),(691,'2015-11-15 22:23:45','USER_MODIFY',1,'2015-11-15 23:23:45',12,'User ccommercy modified','127.0.0.1','Mozilla/5.0 (X11; Linux x86_64) AppleWebKit/537.36 (KHTML, like Gecko) Chrome/46.0.2490.80 Safari/537.36',NULL),(692,'2015-11-15 22:24:22','USER_MODIFY',1,'2015-11-15 23:24:22',12,'User cc1 modified','127.0.0.1','Mozilla/5.0 (X11; Linux x86_64) AppleWebKit/537.36 (KHTML, like Gecko) Chrome/46.0.2490.80 Safari/537.36',NULL),(693,'2015-11-15 22:24:53','USER_MODIFY',1,'2015-11-15 23:24:53',12,'User cc2 modified','127.0.0.1','Mozilla/5.0 (X11; Linux x86_64) AppleWebKit/537.36 (KHTML, like Gecko) Chrome/46.0.2490.80 Safari/537.36',NULL),(694,'2015-11-15 22:25:17','USER_MODIFY',1,'2015-11-15 23:25:17',12,'User cc1 modified','127.0.0.1','Mozilla/5.0 (X11; Linux x86_64) AppleWebKit/537.36 (KHTML, like Gecko) Chrome/46.0.2490.80 Safari/537.36',NULL),(695,'2015-11-15 22:45:37','USER_LOGOUT',1,'2015-11-15 23:45:37',12,'(UserLogoff,admin)','127.0.0.1','Mozilla/5.0 (X11; Linux x86_64) AppleWebKit/537.36 (KHTML, like Gecko) Chrome/46.0.2490.80 Safari/537.36',NULL),(696,'2015-11-18 13:41:02','USER_LOGIN',1,'2015-11-18 14:41:02',2,'(UserLogged,demo) - TZ=1;TZString=Europe/Berlin;Screen=1600x790','127.0.0.1','Mozilla/5.0 (X11; Linux x86_64) AppleWebKit/537.36 (KHTML, like Gecko) Chrome/46.0.2490.80 Safari/537.36',NULL),(697,'2015-11-18 14:23:35','USER_LOGIN',1,'2015-11-18 15:23:35',2,'(UserLogged,demo) - TZ=1;TZString=Europe/Berlin;Screen=1600x790','127.0.0.1','Mozilla/5.0 (X11; Linux x86_64) AppleWebKit/537.36 (KHTML, like Gecko) Chrome/46.0.2490.80 Safari/537.36',NULL),(698,'2015-11-18 15:15:46','USER_LOGOUT',1,'2015-11-18 16:15:46',2,'(UserLogoff,demo)','127.0.0.1','Mozilla/5.0 (X11; Linux x86_64) AppleWebKit/537.36 (KHTML, like Gecko) Chrome/46.0.2490.80 Safari/537.36',NULL),(699,'2015-11-18 15:15:51','USER_LOGIN',1,'2015-11-18 16:15:51',2,'(UserLogged,demo) - TZ=1;TZString=Europe/Berlin;Screen=1600x790','127.0.0.1','Mozilla/5.0 (X11; Linux x86_64) AppleWebKit/537.36 (KHTML, like Gecko) Chrome/46.0.2490.80 Safari/537.36',NULL),(700,'2015-11-30 17:52:08','USER_LOGIN',1,'2015-11-30 18:52:08',12,'(UserLogged,admin) - TZ=1;TZString=Europe/Berlin;Screen=1600x790','127.0.0.1','Mozilla/5.0 (X11; Linux x86_64) AppleWebKit/537.36 (KHTML, like Gecko) Chrome/46.0.2490.80 Safari/537.36',NULL),(701,'2016-01-10 16:45:43','USER_LOGIN',1,'2016-01-10 17:45:43',2,'(UserLogged,demo) - TZ=1;TZString=Europe/Berlin;Screen=1600x790','127.0.0.1','Mozilla/5.0 (X11; Linux x86_64) AppleWebKit/537.36 (KHTML, like Gecko) Chrome/46.0.2490.80 Safari/537.36',NULL),(702,'2016-01-10 16:45:52','USER_LOGOUT',1,'2016-01-10 17:45:52',2,'(UserLogoff,demo)','127.0.0.1','Mozilla/5.0 (X11; Linux x86_64) AppleWebKit/537.36 (KHTML, like Gecko) Chrome/46.0.2490.80 Safari/537.36',NULL),(703,'2016-01-10 16:46:06','USER_LOGIN',1,'2016-01-10 17:46:06',12,'(UserLogged,admin) - TZ=1;TZString=Europe/Berlin;Screen=1600x790','127.0.0.1','Mozilla/5.0 (X11; Linux x86_64) AppleWebKit/537.36 (KHTML, like Gecko) Chrome/46.0.2490.80 Safari/537.36',NULL),(704,'2016-01-16 14:53:47','USER_LOGIN',1,'2016-01-16 15:53:47',12,'(UserLogged,admin) - TZ=1;TZString=Europe/Berlin;Screen=1600x790','127.0.0.1','Mozilla/5.0 (X11; Linux x86_64) AppleWebKit/537.36 (KHTML, like Gecko) Chrome/46.0.2490.80 Safari/537.36',NULL),(705,'2016-01-16 15:04:29','USER_LOGOUT',1,'2016-01-16 16:04:29',12,'(UserLogoff,admin)','127.0.0.1','Mozilla/5.0 (X11; Linux x86_64) AppleWebKit/537.36 (KHTML, like Gecko) Chrome/46.0.2490.80 Safari/537.36',NULL),(706,'2016-01-16 15:04:40','USER_LOGIN',1,'2016-01-16 16:04:40',12,'(UserLogged,admin) - TZ=1;TZString=Europe/Berlin;Screen=1600x790','127.0.0.1','Mozilla/5.0 (X11; Linux x86_64) AppleWebKit/537.36 (KHTML, like Gecko) Chrome/46.0.2490.80 Safari/537.36',NULL),(707,'2016-01-22 09:33:26','USER_LOGIN',1,'2016-01-22 10:33:26',2,'(UserLogged,demo) - TZ=1;TZString=Europe/Berlin;Screen=1600x790','127.0.0.1','Mozilla/5.0 (X11; Linux x86_64) AppleWebKit/537.36 (KHTML, like Gecko) Chrome/46.0.2490.80 Safari/537.36',NULL),(708,'2016-01-22 09:35:19','USER_LOGOUT',1,'2016-01-22 10:35:19',2,'(UserLogoff,demo)','127.0.0.1','Mozilla/5.0 (X11; Linux x86_64) AppleWebKit/537.36 (KHTML, like Gecko) Chrome/46.0.2490.80 Safari/537.36',NULL),(709,'2016-01-22 09:35:29','USER_LOGIN',1,'2016-01-22 10:35:29',12,'(UserLogged,admin) - TZ=1;TZString=Europe/Berlin;Screen=1600x790','127.0.0.1','Mozilla/5.0 (X11; Linux x86_64) AppleWebKit/537.36 (KHTML, like Gecko) Chrome/46.0.2490.80 Safari/537.36',NULL),(710,'2016-01-22 10:47:34','USER_CREATE',1,'2016-01-22 11:47:34',12,'User aaa created','127.0.0.1','Mozilla/5.0 (X11; Linux x86_64) AppleWebKit/537.36 (KHTML, like Gecko) Chrome/46.0.2490.80 Safari/537.36',NULL),(711,'2016-01-22 10:47:34','USER_NEW_PASSWORD',1,'2016-01-22 11:47:34',12,'Password change for aaa','127.0.0.1','Mozilla/5.0 (X11; Linux x86_64) AppleWebKit/537.36 (KHTML, like Gecko) Chrome/46.0.2490.80 Safari/537.36',NULL),(712,'2016-01-22 12:07:56','USER_LOGIN',1,'2016-01-22 13:07:56',12,'(UserLogged,admin) - TZ=1;TZString=Europe/Berlin;Screen=1600x790','127.0.0.1','Mozilla/5.0 (X11; Linux x86_64) AppleWebKit/537.36 (KHTML, like Gecko) Chrome/46.0.2490.80 Safari/537.36',NULL),(713,'2016-01-22 12:36:25','USER_NEW_PASSWORD',1,'2016-01-22 13:36:25',12,'Password change for admin','127.0.0.1','Mozilla/5.0 (X11; Linux x86_64) AppleWebKit/537.36 (KHTML, like Gecko) Chrome/46.0.2490.80 Safari/537.36',NULL),(714,'2016-01-22 12:36:25','USER_MODIFY',1,'2016-01-22 13:36:25',12,'User admin modified','127.0.0.1','Mozilla/5.0 (X11; Linux x86_64) AppleWebKit/537.36 (KHTML, like Gecko) Chrome/46.0.2490.80 Safari/537.36',NULL),(715,'2016-01-22 12:56:32','USER_MODIFY',1,'2016-01-22 13:56:32',12,'User admin modified','127.0.0.1','Mozilla/5.0 (X11; Linux x86_64) AppleWebKit/537.36 (KHTML, like Gecko) Chrome/46.0.2490.80 Safari/537.36',NULL),(716,'2016-01-22 12:58:05','USER_MODIFY',1,'2016-01-22 13:58:05',12,'User admin modified','127.0.0.1','Mozilla/5.0 (X11; Linux x86_64) AppleWebKit/537.36 (KHTML, like Gecko) Chrome/46.0.2490.80 Safari/537.36',NULL),(717,'2016-01-22 13:01:02','USER_MODIFY',1,'2016-01-22 14:01:02',12,'User admin modified','127.0.0.1','Mozilla/5.0 (X11; Linux x86_64) AppleWebKit/537.36 (KHTML, like Gecko) Chrome/46.0.2490.80 Safari/537.36',NULL),(718,'2016-01-22 13:01:18','USER_MODIFY',1,'2016-01-22 14:01:18',12,'User admin modified','127.0.0.1','Mozilla/5.0 (X11; Linux x86_64) AppleWebKit/537.36 (KHTML, like Gecko) Chrome/46.0.2490.80 Safari/537.36',NULL),(719,'2016-01-22 13:13:42','USER_MODIFY',1,'2016-01-22 14:13:42',12,'User admin modified','127.0.0.1','Mozilla/5.0 (X11; Linux x86_64) AppleWebKit/537.36 (KHTML, like Gecko) Chrome/46.0.2490.80 Safari/537.36',NULL),(720,'2016-01-22 13:15:20','USER_DELETE',1,'2016-01-22 14:15:20',12,'User aaa removed','127.0.0.1','Mozilla/5.0 (X11; Linux x86_64) AppleWebKit/537.36 (KHTML, like Gecko) Chrome/46.0.2490.80 Safari/537.36',NULL),(721,'2016-01-22 13:19:21','USER_LOGOUT',1,'2016-01-22 14:19:21',12,'(UserLogoff,admin)','127.0.0.1','Mozilla/5.0 (X11; Linux x86_64) AppleWebKit/537.36 (KHTML, like Gecko) Chrome/46.0.2490.80 Safari/537.36',NULL),(722,'2016-01-22 13:19:32','USER_LOGIN',1,'2016-01-22 14:19:32',2,'(UserLogged,demo) - TZ=1;TZString=Europe/Berlin;Screen=1600x790','127.0.0.1','Mozilla/5.0 (X11; Linux x86_64) AppleWebKit/537.36 (KHTML, like Gecko) Chrome/46.0.2490.80 Safari/537.36',NULL),(723,'2016-01-22 13:19:51','USER_LOGOUT',1,'2016-01-22 14:19:51',2,'(UserLogoff,demo)','127.0.0.1','Mozilla/5.0 (X11; Linux x86_64) AppleWebKit/537.36 (KHTML, like Gecko) Chrome/46.0.2490.80 Safari/537.36',NULL),(724,'2016-01-22 13:20:01','USER_LOGIN',1,'2016-01-22 14:20:01',12,'(UserLogged,admin) - TZ=1;TZString=Europe/Berlin;Screen=1600x790','127.0.0.1','Mozilla/5.0 (X11; Linux x86_64) AppleWebKit/537.36 (KHTML, like Gecko) Chrome/46.0.2490.80 Safari/537.36',NULL),(725,'2016-01-22 13:28:22','USER_LOGOUT',1,'2016-01-22 14:28:22',12,'(UserLogoff,admin)','127.0.0.1','Mozilla/5.0 (X11; Linux x86_64) AppleWebKit/537.36 (KHTML, like Gecko) Chrome/46.0.2490.80 Safari/537.36',NULL),(726,'2016-01-22 13:28:35','USER_LOGIN',1,'2016-01-22 14:28:35',2,'(UserLogged,demo) - TZ=1;TZString=Europe/Berlin;Screen=1600x790','127.0.0.1','Mozilla/5.0 (X11; Linux x86_64) AppleWebKit/537.36 (KHTML, like Gecko) Chrome/46.0.2490.80 Safari/537.36',NULL),(727,'2016-01-22 13:33:54','USER_LOGOUT',1,'2016-01-22 14:33:54',2,'(UserLogoff,demo)','127.0.0.1','Mozilla/5.0 (X11; Linux x86_64) AppleWebKit/537.36 (KHTML, like Gecko) Chrome/46.0.2490.80 Safari/537.36',NULL),(728,'2016-01-22 13:34:05','USER_LOGIN',1,'2016-01-22 14:34:05',12,'(UserLogged,admin) - TZ=1;TZString=Europe/Berlin;Screen=1600x790','127.0.0.1','Mozilla/5.0 (X11; Linux x86_64) AppleWebKit/537.36 (KHTML, like Gecko) Chrome/46.0.2490.80 Safari/537.36',NULL),(729,'2016-01-22 13:51:46','USER_MODIFY',1,'2016-01-22 14:51:46',12,'User ccommercy modified','127.0.0.1','Mozilla/5.0 (X11; Linux x86_64) AppleWebKit/537.36 (KHTML, like Gecko) Chrome/46.0.2490.80 Safari/537.36',NULL),(730,'2016-01-22 16:20:12','USER_LOGIN',1,'2016-01-22 17:20:12',2,'(UserLogged,demo) - TZ=1;TZString=Europe/Berlin;Screen=1600x790','127.0.0.1','Mozilla/5.0 (X11; Linux x86_64) AppleWebKit/537.36 (KHTML, like Gecko) Chrome/48.0.2564.82 Safari/537.36',NULL),(731,'2016-01-22 16:20:22','USER_LOGOUT',1,'2016-01-22 17:20:22',2,'(UserLogoff,demo)','127.0.0.1','Mozilla/5.0 (X11; Linux x86_64) AppleWebKit/537.36 (KHTML, like Gecko) Chrome/48.0.2564.82 Safari/537.36',NULL),(732,'2016-01-22 16:20:36','USER_LOGIN',1,'2016-01-22 17:20:36',12,'(UserLogged,admin) - TZ=1;TZString=Europe/Berlin;Screen=1600x790','127.0.0.1','Mozilla/5.0 (X11; Linux x86_64) AppleWebKit/537.36 (KHTML, like Gecko) Chrome/48.0.2564.82 Safari/537.36',NULL),(733,'2016-01-22 16:27:02','USER_CREATE',1,'2016-01-22 17:27:02',12,'User ldestailleur created','127.0.0.1','Mozilla/5.0 (X11; Linux x86_64) AppleWebKit/537.36 (KHTML, like Gecko) Chrome/48.0.2564.82 Safari/537.36',NULL),(734,'2016-01-22 16:27:02','USER_NEW_PASSWORD',1,'2016-01-22 17:27:02',12,'Password change for ldestailleur','127.0.0.1','Mozilla/5.0 (X11; Linux x86_64) AppleWebKit/537.36 (KHTML, like Gecko) Chrome/48.0.2564.82 Safari/537.36',NULL),(735,'2016-01-22 16:28:34','USER_MODIFY',1,'2016-01-22 17:28:34',12,'User ldestailleur modified','127.0.0.1','Mozilla/5.0 (X11; Linux x86_64) AppleWebKit/537.36 (KHTML, like Gecko) Chrome/48.0.2564.82 Safari/537.36',NULL),(736,'2016-01-22 16:30:01','USER_ENABLEDISABLE',1,'2016-01-22 17:30:01',12,'User cc2 activated','127.0.0.1','Mozilla/5.0 (X11; Linux x86_64) AppleWebKit/537.36 (KHTML, like Gecko) Chrome/48.0.2564.82 Safari/537.36',NULL),(737,'2016-01-22 17:11:06','USER_LOGIN',1,'2016-01-22 18:11:06',12,'(UserLogged,admin) - TZ=1;TZString=Europe/Berlin;Screen=1600x790','127.0.0.1','Mozilla/5.0 (X11; Linux x86_64) AppleWebKit/537.36 (KHTML, like Gecko) Chrome/48.0.2564.82 Safari/537.36',NULL),(738,'2016-01-22 18:00:02','USER_DELETE',1,'2016-01-22 19:00:02',12,'User zzz removed','127.0.0.1','Mozilla/5.0 (X11; Linux x86_64) AppleWebKit/537.36 (KHTML, like Gecko) Chrome/48.0.2564.82 Safari/537.36',NULL),(739,'2016-01-22 18:01:40','USER_DELETE',1,'2016-01-22 19:01:40',12,'User aaab removed','127.0.0.1','Mozilla/5.0 (X11; Linux x86_64) AppleWebKit/537.36 (KHTML, like Gecko) Chrome/48.0.2564.82 Safari/537.36',NULL),(740,'2016-01-22 18:01:52','USER_DELETE',1,'2016-01-22 19:01:52',12,'User zzzg removed','127.0.0.1','Mozilla/5.0 (X11; Linux x86_64) AppleWebKit/537.36 (KHTML, like Gecko) Chrome/48.0.2564.82 Safari/537.36',NULL),(741,'2016-03-13 10:54:59','USER_LOGIN',1,'2016-03-13 14:54:59',12,'(UserLogged,admin) - TZ=1;TZString=Europe/Paris;Screen=1920x971','127.0.0.1','Mozilla/5.0 (X11; Linux x86_64) AppleWebKit/537.36 (KHTML, like Gecko) Chrome/49.0.2623.87 Safari/537.36',NULL),(742,'2016-07-30 11:13:10','USER_LOGIN',1,'2016-07-30 15:13:10',12,'(UserLogged,admin) - TZ=1;TZString=Europe/Paris;Screen=1920x937','127.0.0.1','Mozilla/5.0 (X11; Linux x86_64) AppleWebKit/537.36 (KHTML, like Gecko) Chrome/52.0.2743.82 Safari/537.36',NULL),(743,'2016-07-30 12:50:23','USER_CREATE',1,'2016-07-30 16:50:23',12,'User eldy created','127.0.0.1','Mozilla/5.0 (X11; Linux x86_64) AppleWebKit/537.36 (KHTML, like Gecko) Chrome/52.0.2743.82 Safari/537.36',NULL),(744,'2016-07-30 12:50:23','USER_CREATE',1,'2016-07-30 16:50:23',12,'User eldy created','127.0.0.1','Mozilla/5.0 (X11; Linux x86_64) AppleWebKit/537.36 (KHTML, like Gecko) Chrome/52.0.2743.82 Safari/537.36',NULL),(745,'2016-07-30 12:50:23','USER_NEW_PASSWORD',1,'2016-07-30 16:50:23',12,'Password change for eldy','127.0.0.1','Mozilla/5.0 (X11; Linux x86_64) AppleWebKit/537.36 (KHTML, like Gecko) Chrome/52.0.2743.82 Safari/537.36',NULL),(746,'2016-07-30 12:50:38','USER_MODIFY',1,'2016-07-30 16:50:38',12,'User eldy modified','127.0.0.1','Mozilla/5.0 (X11; Linux x86_64) AppleWebKit/537.36 (KHTML, like Gecko) Chrome/52.0.2743.82 Safari/537.36',NULL),(747,'2016-07-30 12:50:54','USER_DELETE',1,'2016-07-30 16:50:54',12,'User eldy removed','127.0.0.1','Mozilla/5.0 (X11; Linux x86_64) AppleWebKit/537.36 (KHTML, like Gecko) Chrome/52.0.2743.82 Safari/537.36',NULL),(748,'2016-07-30 12:51:23','USER_NEW_PASSWORD',1,'2016-07-30 16:51:23',12,'Password change for ldestailleur','127.0.0.1','Mozilla/5.0 (X11; Linux x86_64) AppleWebKit/537.36 (KHTML, like Gecko) Chrome/52.0.2743.82 Safari/537.36',NULL),(749,'2016-07-30 12:51:23','USER_MODIFY',1,'2016-07-30 16:51:23',12,'User ldestailleur modified','127.0.0.1','Mozilla/5.0 (X11; Linux x86_64) AppleWebKit/537.36 (KHTML, like Gecko) Chrome/52.0.2743.82 Safari/537.36',NULL),(750,'2016-07-30 18:26:58','USER_LOGIN',1,'2016-07-30 22:26:58',18,'(UserLogged,ldestailleur) - TZ=1;TZString=Europe/Paris;Screen=1920x937','127.0.0.1','Mozilla/5.0 (X11; Linux x86_64) AppleWebKit/537.36 (KHTML, like Gecko) Chrome/52.0.2743.82 Safari/537.36',NULL),(751,'2016-07-30 18:27:40','USER_LOGOUT',1,'2016-07-30 22:27:40',18,'(UserLogoff,ldestailleur)','127.0.0.1','Mozilla/5.0 (X11; Linux x86_64) AppleWebKit/537.36 (KHTML, like Gecko) Chrome/52.0.2743.82 Safari/537.36',NULL),(752,'2016-07-30 18:27:47','USER_LOGIN',1,'2016-07-30 22:27:47',12,'(UserLogged,admin) - TZ=1;TZString=Europe/Paris;Screen=1920x937','127.0.0.1','Mozilla/5.0 (X11; Linux x86_64) AppleWebKit/537.36 (KHTML, like Gecko) Chrome/52.0.2743.82 Safari/537.36',NULL),(753,'2016-07-30 19:00:00','USER_LOGOUT',1,'2016-07-30 23:00:00',12,'(UserLogoff,admin)','127.0.0.1','Mozilla/5.0 (X11; Linux x86_64) AppleWebKit/537.36 (KHTML, like Gecko) Chrome/52.0.2743.82 Safari/537.36',NULL),(754,'2016-07-30 19:00:04','USER_LOGIN',1,'2016-07-30 23:00:04',2,'(UserLogged,demo) - TZ=1;TZString=Europe/Paris;Screen=1920x937','127.0.0.1','Mozilla/5.0 (X11; Linux x86_64) AppleWebKit/537.36 (KHTML, like Gecko) Chrome/52.0.2743.82 Safari/537.36',NULL),(755,'2016-07-30 19:00:14','USER_LOGOUT',1,'2016-07-30 23:00:14',2,'(UserLogoff,demo)','127.0.0.1','Mozilla/5.0 (X11; Linux x86_64) AppleWebKit/537.36 (KHTML, like Gecko) Chrome/52.0.2743.82 Safari/537.36',NULL),(756,'2016-07-30 19:00:19','USER_LOGIN',1,'2016-07-30 23:00:19',12,'(UserLogged,admin) - TZ=1;TZString=Europe/Paris;Screen=1920x937','127.0.0.1','Mozilla/5.0 (X11; Linux x86_64) AppleWebKit/537.36 (KHTML, like Gecko) Chrome/52.0.2743.82 Safari/537.36',NULL),(757,'2016-07-30 19:00:43','USER_LOGOUT',1,'2016-07-30 23:00:43',12,'(UserLogoff,admin)','127.0.0.1','Mozilla/5.0 (X11; Linux x86_64) AppleWebKit/537.36 (KHTML, like Gecko) Chrome/52.0.2743.82 Safari/537.36',NULL),(758,'2016-07-30 19:00:48','USER_LOGIN',1,'2016-07-30 23:00:48',2,'(UserLogged,demo) - TZ=1;TZString=Europe/Paris;Screen=1920x937','127.0.0.1','Mozilla/5.0 (X11; Linux x86_64) AppleWebKit/537.36 (KHTML, like Gecko) Chrome/52.0.2743.82 Safari/537.36',NULL),(759,'2016-07-30 19:03:52','USER_LOGOUT',1,'2016-07-30 23:03:52',2,'(UserLogoff,demo)','127.0.0.1','Mozilla/5.0 (X11; Linux x86_64) AppleWebKit/537.36 (KHTML, like Gecko) Chrome/52.0.2743.82 Safari/537.36',NULL),(760,'2016-07-30 19:03:57','USER_LOGIN_FAILED',1,'2016-07-30 23:03:57',NULL,'Bad value for login or password - login=admin','127.0.0.1','Mozilla/5.0 (X11; Linux x86_64) AppleWebKit/537.36 (KHTML, like Gecko) Chrome/52.0.2743.82 Safari/537.36',NULL),(761,'2016-07-30 19:03:59','USER_LOGIN',1,'2016-07-30 23:03:59',12,'(UserLogged,admin) - TZ=1;TZString=Europe/Paris;Screen=1920x937','127.0.0.1','Mozilla/5.0 (X11; Linux x86_64) AppleWebKit/537.36 (KHTML, like Gecko) Chrome/52.0.2743.82 Safari/537.36',NULL),(762,'2016-07-30 19:04:13','USER_LOGOUT',1,'2016-07-30 23:04:13',12,'(UserLogoff,admin)','127.0.0.1','Mozilla/5.0 (X11; Linux x86_64) AppleWebKit/537.36 (KHTML, like Gecko) Chrome/52.0.2743.82 Safari/537.36',NULL),(763,'2016-07-30 19:04:17','USER_LOGIN',1,'2016-07-30 23:04:17',2,'(UserLogged,demo) - TZ=1;TZString=Europe/Paris;Screen=1920x937','127.0.0.1','Mozilla/5.0 (X11; Linux x86_64) AppleWebKit/537.36 (KHTML, like Gecko) Chrome/52.0.2743.82 Safari/537.36',NULL),(764,'2016-07-30 19:04:26','USER_LOGOUT',1,'2016-07-30 23:04:26',2,'(UserLogoff,demo)','127.0.0.1','Mozilla/5.0 (X11; Linux x86_64) AppleWebKit/537.36 (KHTML, like Gecko) Chrome/52.0.2743.82 Safari/537.36',NULL),(765,'2016-07-30 19:04:31','USER_LOGIN',1,'2016-07-30 23:04:31',12,'(UserLogged,admin) - TZ=1;TZString=Europe/Paris;Screen=1920x937','127.0.0.1','Mozilla/5.0 (X11; Linux x86_64) AppleWebKit/537.36 (KHTML, like Gecko) Chrome/52.0.2743.82 Safari/537.36',NULL),(766,'2016-07-30 19:10:50','USER_LOGOUT',1,'2016-07-30 23:10:50',12,'(UserLogoff,admin)','127.0.0.1','Mozilla/5.0 (X11; Linux x86_64) AppleWebKit/537.36 (KHTML, like Gecko) Chrome/52.0.2743.82 Safari/537.36',NULL),(767,'2016-07-30 19:10:54','USER_LOGIN',1,'2016-07-30 23:10:54',2,'(UserLogged,demo) - TZ=1;TZString=Europe/Paris;Screen=1920x937','127.0.0.1','Mozilla/5.0 (X11; Linux x86_64) AppleWebKit/537.36 (KHTML, like Gecko) Chrome/52.0.2743.82 Safari/537.36',NULL),(768,'2016-07-31 10:15:52','USER_LOGIN',1,'2016-07-31 14:15:52',12,'(UserLogged,admin) - TZ=;TZString=;Screen=x','127.0.0.1','Lynx/2.8.8pre.4 libwww-FM/2.14 SSL-MM/1.4.1 GNUTLS/2.12.23',NULL),(769,'2016-07-31 10:16:27','USER_LOGIN',1,'2016-07-31 14:16:27',12,'(UserLogged,admin) - TZ=1;TZString=Europe/Paris;Screen=1920x937','127.0.0.1','Mozilla/5.0 (X11; Linux x86_64) AppleWebKit/537.36 (KHTML, like Gecko) Chrome/52.0.2743.82 Safari/537.36',NULL),(770,'2016-07-31 10:32:14','USER_LOGIN',1,'2016-07-31 14:32:14',12,'(UserLogged,admin) - TZ=;TZString=;Screen=x','127.0.0.1','Lynx/2.8.8pre.4 libwww-FM/2.14 SSL-MM/1.4.1 GNUTLS/2.12.23',NULL),(771,'2016-07-31 10:36:28','USER_LOGIN',1,'2016-07-31 14:36:28',12,'(UserLogged,admin) - TZ=;TZString=;Screen=x','127.0.0.1','Links (2.8; Linux 3.19.0-46-generic x86_64; GNU C 4.8.2; text)',NULL),(772,'2016-07-31 10:40:10','USER_LOGIN',1,'2016-07-31 14:40:10',12,'(UserLogged,admin) - TZ=;TZString=;Screen=x','127.0.0.1','Links (2.8; Linux 3.19.0-46-generic x86_64; GNU C 4.8.2; text)',NULL),(773,'2016-07-31 10:54:16','USER_LOGIN',1,'2016-07-31 14:54:16',12,'(UserLogged,admin) - TZ=;TZString=;Screen=x','127.0.0.1','Lynx/2.8.8pre.4 libwww-FM/2.14 SSL-MM/1.4.1 GNUTLS/2.12.23',NULL),(774,'2016-07-31 12:52:52','USER_LOGIN',1,'2016-07-31 16:52:52',12,'(UserLogged,admin) - TZ=1;TZString=Europe/Paris;Screen=1920x592','127.0.0.1','Mozilla/5.0 (X11; Linux x86_64) AppleWebKit/537.36 (KHTML, like Gecko) Chrome/52.0.2743.82 Safari/537.36',NULL),(775,'2016-07-31 13:25:33','USER_LOGOUT',1,'2016-07-31 17:25:33',12,'(UserLogoff,admin)','127.0.0.1','Mozilla/5.0 (X11; Linux x86_64) AppleWebKit/537.36 (KHTML, like Gecko) Chrome/52.0.2743.82 Safari/537.36',NULL),(776,'2016-07-31 13:26:32','USER_LOGIN',1,'2016-07-31 17:26:32',12,'(UserLogged,admin) - TZ=1;TZString=Europe/Paris;Screen=1280x751','127.0.0.1','Mozilla/5.0 (X11; Linux x86_64) AppleWebKit/537.36 (KHTML, like Gecko) Chrome/52.0.2743.82 Safari/537.36',NULL),(777,'2016-07-31 14:13:57','USER_LOGOUT',1,'2016-07-31 18:13:57',12,'(UserLogoff,admin)','127.0.0.1','Mozilla/5.0 (X11; Linux x86_64) AppleWebKit/537.36 (KHTML, like Gecko) Chrome/52.0.2743.82 Safari/537.36',NULL),(778,'2016-07-31 14:14:04','USER_LOGIN',1,'2016-07-31 18:14:04',12,'(UserLogged,admin) - TZ=1;TZString=Europe/Paris;Screen=1920x937','127.0.0.1','Mozilla/5.0 (X11; Linux x86_64) AppleWebKit/537.36 (KHTML, like Gecko) Chrome/52.0.2743.82 Safari/537.36',NULL),(779,'2016-07-31 16:04:35','USER_LOGIN',1,'2016-07-31 20:04:34',12,'(UserLogged,admin) - TZ=1;TZString=Europe/Paris;Screen=1920x937','127.0.0.1','Mozilla/5.0 (X11; Linux x86_64) AppleWebKit/537.36 (KHTML, like Gecko) Chrome/52.0.2743.82 Safari/537.36',NULL),(780,'2016-07-31 21:14:14','USER_LOGIN',1,'2016-08-01 01:14:14',12,'(UserLogged,admin) - TZ=1;TZString=Europe/Paris;Screen=1920x937','127.0.0.1','Mozilla/5.0 (X11; Linux x86_64) AppleWebKit/537.36 (KHTML, like Gecko) Chrome/52.0.2743.82 Safari/537.36',NULL),(781,'2017-01-29 15:14:05','USER_LOGOUT',1,'2017-01-29 19:14:05',12,'(UserLogoff,admin)','127.0.0.1','Mozilla/5.0 (X11; Linux x86_64) AppleWebKit/537.36 (KHTML, like Gecko) Chrome/55.0.2883.87 Safari/537.36',NULL),(782,'2017-01-29 15:34:43','USER_LOGIN',1,'2017-01-29 19:34:43',12,'(UserLogged,admin) - TZ=1;TZString=Europe/Paris;Screen=1920x571','192.168.0.254','Mozilla/5.0 (X11; Linux x86_64) AppleWebKit/537.36 (KHTML, like Gecko) Chrome/55.0.2883.87 Safari/537.36',NULL),(783,'2017-01-29 15:35:04','USER_LOGOUT',1,'2017-01-29 19:35:04',12,'(UserLogoff,admin)','192.168.0.254','Mozilla/5.0 (X11; Linux x86_64) AppleWebKit/537.36 (KHTML, like Gecko) Chrome/55.0.2883.87 Safari/537.36',NULL),(784,'2017-01-29 15:35:12','USER_LOGIN',1,'2017-01-29 19:35:12',12,'(UserLogged,admin) - TZ=1;TZString=Europe/Paris;Screen=1920x937','192.168.0.254','Mozilla/5.0 (X11; Linux x86_64) AppleWebKit/537.36 (KHTML, like Gecko) Chrome/55.0.2883.87 Safari/537.36',NULL),(785,'2017-01-29 15:36:43','USER_LOGOUT',1,'2017-01-29 19:36:43',12,'(UserLogoff,admin)','192.168.0.254','Mozilla/5.0 (X11; Linux x86_64) AppleWebKit/537.36 (KHTML, like Gecko) Chrome/55.0.2883.87 Safari/537.36',NULL),(786,'2017-01-29 15:41:21','USER_LOGIN',1,'2017-01-29 19:41:21',12,'(UserLogged,admin) - TZ=1;TZString=Europe/Paris;Screen=1920x571','192.168.0.254','Mozilla/5.0 (X11; Linux x86_64) AppleWebKit/537.36 (KHTML, like Gecko) Chrome/55.0.2883.87 Safari/537.36',NULL),(787,'2017-01-29 15:41:41','USER_LOGOUT',1,'2017-01-29 19:41:41',12,'(UserLogoff,admin)','192.168.0.254','Mozilla/5.0 (X11; Linux x86_64) AppleWebKit/537.36 (KHTML, like Gecko) Chrome/55.0.2883.87 Safari/537.36',NULL),(788,'2017-01-29 15:42:43','USER_LOGIN',1,'2017-01-29 19:42:43',12,'(UserLogged,admin) - TZ=1;TZString=Europe/Paris;Screen=1920x571','192.168.0.254','Mozilla/5.0 (X11; Linux x86_64) AppleWebKit/537.36 (KHTML, like Gecko) Chrome/55.0.2883.87 Safari/537.36',NULL),(789,'2017-01-29 15:43:18','USER_LOGOUT',1,'2017-01-29 19:43:18',12,'(UserLogoff,admin)','192.168.0.254','Mozilla/5.0 (X11; Linux x86_64) AppleWebKit/537.36 (KHTML, like Gecko) Chrome/55.0.2883.87 Safari/537.36',NULL),(790,'2017-01-29 15:46:31','USER_LOGIN',1,'2017-01-29 19:46:31',12,'(UserLogged,admin) - TZ=1;TZString=Europe/Paris;Screen=1920x571','192.168.0.254','Mozilla/5.0 (X11; Linux x86_64) AppleWebKit/537.36 (KHTML, like Gecko) Chrome/55.0.2883.87 Safari/537.36',NULL),(791,'2017-01-29 16:18:56','USER_LOGIN',1,'2017-01-29 20:18:56',12,'(UserLogged,admin) - TZ=1;TZString=Europe/Berlin;Screen=360x526','192.168.0.254','Mozilla/5.0 (Linux; Android 6.0; LG-H818 Build/MRA58K; wv) AppleWebKit/537.36 (KHTML, like Gecko) Version/4.0 Chrome/55.0.2883.91 Mobile Safari/537.36 - DoliDroid - Android client pour Dolibarr ERP-CRM',NULL),(792,'2017-01-29 17:20:59','USER_LOGIN',1,'2017-01-29 21:20:59',12,'(UserLogged,admin) - TZ=1;TZString=Europe/Paris;Screen=1920x937','127.0.0.1','Mozilla/5.0 (X11; Linux x86_64) AppleWebKit/537.36 (KHTML, like Gecko) Chrome/55.0.2883.87 Safari/537.36',NULL),(793,'2017-01-30 11:19:40','USER_LOGIN',1,'2017-01-30 15:19:40',12,'(UserLogged,admin) - TZ=1;TZString=Europe/Paris;Screen=1920x937','127.0.0.1','Mozilla/5.0 (X11; Linux x86_64) AppleWebKit/537.36 (KHTML, like Gecko) Chrome/55.0.2883.87 Safari/537.36',NULL),(794,'2017-01-31 16:49:39','USER_LOGIN',1,'2017-01-31 20:49:39',12,'(UserLogged,admin) - TZ=1;TZString=Europe/Paris;Screen=1920x520','127.0.0.1','Mozilla/5.0 (X11; Linux x86_64) AppleWebKit/537.36 (KHTML, like Gecko) Chrome/55.0.2883.87 Safari/537.36',NULL),(795,'2017-02-01 10:55:23','USER_LOGIN',1,'2017-02-01 14:55:23',12,'(UserLogged,admin) - TZ=1;TZString=Europe/Paris;Screen=1920x937','127.0.0.1','Mozilla/5.0 (X11; Linux x86_64) AppleWebKit/537.36 (KHTML, like Gecko) Chrome/55.0.2883.87 Safari/537.36',NULL),(796,'2017-02-01 13:34:31','USER_LOGIN',1,'2017-02-01 17:34:31',12,'(UserLogged,admin) - TZ=1;TZString=Europe/Paris;Screen=1920x937','127.0.0.1','Mozilla/5.0 (X11; Linux x86_64) AppleWebKit/537.36 (KHTML, like Gecko) Chrome/55.0.2883.87 Safari/537.36',NULL),(797,'2017-02-01 14:41:26','USER_LOGIN',1,'2017-02-01 18:41:26',12,'(UserLogged,admin) - TZ=1;TZString=Europe/Paris;Screen=1920x937','127.0.0.1','Mozilla/5.0 (X11; Linux x86_64) AppleWebKit/537.36 (KHTML, like Gecko) Chrome/55.0.2883.87 Safari/537.36',NULL),(798,'2017-02-01 23:51:48','USER_LOGIN_FAILED',1,'2017-02-02 03:51:48',NULL,'Bad value for login or password - login=autologin','127.0.0.1','Mozilla/5.0 (X11; Linux x86_64) AppleWebKit/537.36 (KHTML, like Gecko) Chrome/55.0.2883.87 Safari/537.36',NULL),(799,'2017-02-01 23:52:55','USER_LOGIN',1,'2017-02-02 03:52:55',12,'(UserLogged,admin) - TZ=1;TZString=Europe/Paris;Screen=1920x937','127.0.0.1','Mozilla/5.0 (X11; Linux x86_64) AppleWebKit/537.36 (KHTML, like Gecko) Chrome/55.0.2883.87 Safari/537.36',NULL),(800,'2017-02-01 23:55:45','USER_CREATE',1,'2017-02-02 03:55:45',12,'User aboston created','127.0.0.1','Mozilla/5.0 (X11; Linux x86_64) AppleWebKit/537.36 (KHTML, like Gecko) Chrome/55.0.2883.87 Safari/537.36',NULL),(801,'2017-02-01 23:55:45','USER_NEW_PASSWORD',1,'2017-02-02 03:55:45',12,'Password change for aboston','127.0.0.1','Mozilla/5.0 (X11; Linux x86_64) AppleWebKit/537.36 (KHTML, like Gecko) Chrome/55.0.2883.87 Safari/537.36',NULL),(802,'2017-02-01 23:56:38','USER_MODIFY',1,'2017-02-02 03:56:38',12,'User aboston modified','127.0.0.1','Mozilla/5.0 (X11; Linux x86_64) AppleWebKit/537.36 (KHTML, like Gecko) Chrome/55.0.2883.87 Safari/537.36',NULL),(803,'2017-02-01 23:56:50','USER_MODIFY',1,'2017-02-02 03:56:50',12,'User aboston modified','127.0.0.1','Mozilla/5.0 (X11; Linux x86_64) AppleWebKit/537.36 (KHTML, like Gecko) Chrome/55.0.2883.87 Safari/537.36',NULL),(804,'2017-02-02 01:14:44','USER_LOGIN',1,'2017-02-02 05:14:44',12,'(UserLogged,admin) - TZ=1;TZString=Europe/Paris;Screen=1920x937','127.0.0.1','Mozilla/5.0 (X11; Linux x86_64) AppleWebKit/537.36 (KHTML, like Gecko) Chrome/55.0.2883.87 Safari/537.36',NULL),(805,'2017-02-03 10:27:18','USER_LOGIN',1,'2017-02-03 14:27:18',12,'(UserLogged,admin) - TZ=1;TZString=Europe/Paris;Screen=1920x937','127.0.0.1','Mozilla/5.0 (X11; Linux x86_64) AppleWebKit/537.36 (KHTML, like Gecko) Chrome/56.0.2924.87 Safari/537.36',NULL),(806,'2017-02-04 10:22:34','USER_LOGIN',1,'2017-02-04 14:22:34',12,'(UserLogged,admin) - TZ=1;TZString=Europe/Paris;Screen=1920x489','127.0.0.1','Mozilla/5.0 (X11; Linux x86_64) AppleWebKit/537.36 (KHTML, like Gecko) Chrome/56.0.2924.87 Safari/537.36',NULL),(807,'2017-02-06 04:01:31','USER_LOGIN',1,'2017-02-06 08:01:31',12,'(UserLogged,admin) - TZ=1;TZString=Europe/Paris;Screen=1920x937','127.0.0.1','Mozilla/5.0 (X11; Linux x86_64) AppleWebKit/537.36 (KHTML, like Gecko) Chrome/56.0.2924.87 Safari/537.36',NULL),(808,'2017-02-06 10:21:32','USER_LOGIN',1,'2017-02-06 14:21:32',12,'(UserLogged,admin) - TZ=1;TZString=Europe/Paris;Screen=1920x937','127.0.0.1','Mozilla/5.0 (X11; Linux x86_64) AppleWebKit/537.36 (KHTML, like Gecko) Chrome/56.0.2924.87 Safari/537.36',NULL),(809,'2017-02-06 19:09:27','USER_LOGIN',1,'2017-02-06 23:09:27',12,'(UserLogged,admin) - TZ=1;TZString=Europe/Paris;Screen=1920x937','127.0.0.1','Mozilla/5.0 (X11; Linux x86_64) AppleWebKit/537.36 (KHTML, like Gecko) Chrome/56.0.2924.87 Safari/537.36',NULL),(810,'2017-02-06 23:39:17','USER_LOGIN',1,'2017-02-07 03:39:17',12,'(UserLogged,admin) - TZ=1;TZString=Europe/Paris;Screen=1920x937','127.0.0.1','Mozilla/5.0 (X11; Linux x86_64) AppleWebKit/537.36 (KHTML, like Gecko) Chrome/56.0.2924.87 Safari/537.36',NULL),(811,'2017-02-07 11:36:34','USER_LOGIN',1,'2017-02-07 15:36:34',12,'(UserLogged,admin) - TZ=1;TZString=Europe/Paris;Screen=1920x676','127.0.0.1','Mozilla/5.0 (X11; Linux x86_64) AppleWebKit/537.36 (KHTML, like Gecko) Chrome/56.0.2924.87 Safari/537.36',NULL),(812,'2017-02-07 18:51:53','USER_LOGIN',1,'2017-02-07 22:51:53',12,'(UserLogged,admin) - TZ=1;TZString=Europe/Paris;Screen=1920x937','127.0.0.1','Mozilla/5.0 (X11; Linux x86_64) AppleWebKit/537.36 (KHTML, like Gecko) Chrome/56.0.2924.87 Safari/537.36',NULL),(813,'2017-02-07 23:13:40','USER_LOGIN',1,'2017-02-08 03:13:40',12,'(UserLogged,admin) - TZ=1;TZString=Europe/Paris;Screen=1920x937','127.0.0.1','Mozilla/5.0 (X11; Linux x86_64) AppleWebKit/537.36 (KHTML, like Gecko) Chrome/56.0.2924.87 Safari/537.36',NULL),(814,'2017-02-08 09:29:12','USER_LOGIN',1,'2017-02-08 13:29:12',12,'(UserLogged,admin) - TZ=1;TZString=Europe/Paris;Screen=1920x937','127.0.0.1','Mozilla/5.0 (X11; Linux x86_64) AppleWebKit/537.36 (KHTML, like Gecko) Chrome/56.0.2924.87 Safari/537.36',NULL),(815,'2017-02-08 17:33:12','USER_LOGIN',1,'2017-02-08 21:33:12',12,'(UserLogged,admin) - TZ=1;TZString=Europe/Paris;Screen=1920x937','127.0.0.1','Mozilla/5.0 (X11; Linux x86_64) AppleWebKit/537.36 (KHTML, like Gecko) Chrome/56.0.2924.87 Safari/537.36',NULL),(816,'2017-02-09 17:30:34','USER_LOGIN',1,'2017-02-09 21:30:34',12,'(UserLogged,admin) - TZ=1;TZString=Europe/Paris;Screen=1920x937','127.0.0.1','Mozilla/5.0 (X11; Linux x86_64) AppleWebKit/537.36 (KHTML, like Gecko) Chrome/56.0.2924.87 Safari/537.36',NULL),(817,'2017-02-10 09:30:02','USER_LOGIN',1,'2017-02-10 13:30:02',12,'(UserLogged,admin) - TZ=1;TZString=Europe/Paris;Screen=1920x937','127.0.0.1','Mozilla/5.0 (X11; Linux x86_64) AppleWebKit/537.36 (KHTML, like Gecko) Chrome/56.0.2924.87 Safari/537.36',NULL),(818,'2017-02-10 16:16:14','USER_LOGIN',1,'2017-02-10 20:16:14',12,'(UserLogged,admin) - TZ=1;TZString=Europe/Paris;Screen=1920x937','127.0.0.1','Mozilla/5.0 (X11; Linux x86_64) AppleWebKit/537.36 (KHTML, like Gecko) Chrome/56.0.2924.87 Safari/537.36',NULL),(819,'2017-02-10 17:28:15','USER_LOGIN',1,'2017-02-10 21:28:15',12,'(UserLogged,admin) - TZ=1;TZString=Europe/Paris;Screen=1920x937','127.0.0.1','Mozilla/5.0 (X11; Linux x86_64) AppleWebKit/537.36 (KHTML, like Gecko) Chrome/56.0.2924.87 Safari/537.36',NULL),(820,'2017-02-11 12:54:03','USER_LOGIN',1,'2017-02-11 16:54:03',12,'(UserLogged,admin) - TZ=1;TZString=Europe/Paris;Screen=1920x937','127.0.0.1','Mozilla/5.0 (X11; Linux x86_64) AppleWebKit/537.36 (KHTML, like Gecko) Chrome/56.0.2924.87 Safari/537.36',NULL),(821,'2017-02-11 17:23:52','USER_LOGIN',1,'2017-02-11 21:23:52',12,'(UserLogged,admin) - TZ=1;TZString=Europe/Paris;Screen=1920x937','127.0.0.1','Mozilla/5.0 (X11; Linux x86_64) AppleWebKit/537.36 (KHTML, like Gecko) Chrome/56.0.2924.87 Safari/537.36',NULL),(822,'2017-02-12 12:44:03','USER_LOGIN',1,'2017-02-12 16:44:03',12,'(UserLogged,admin) - TZ=1;TZString=Europe/Paris;Screen=1920x937','127.0.0.1','Mozilla/5.0 (X11; Linux x86_64) AppleWebKit/537.36 (KHTML, like Gecko) Chrome/56.0.2924.87 Safari/537.36',NULL),(823,'2017-02-12 16:42:13','USER_LOGIN',1,'2017-02-12 20:42:13',12,'(UserLogged,admin) - TZ=1;TZString=Europe/Paris;Screen=1920x937','127.0.0.1','Mozilla/5.0 (X11; Linux x86_64) AppleWebKit/537.36 (KHTML, like Gecko) Chrome/56.0.2924.87 Safari/537.36',NULL),(824,'2017-02-12 19:14:18','USER_LOGIN',1,'2017-02-12 23:14:18',12,'(UserLogged,admin) - TZ=1;TZString=Europe/Paris;Screen=1920x937','127.0.0.1','Mozilla/5.0 (X11; Linux x86_64) AppleWebKit/537.36 (KHTML, like Gecko) Chrome/56.0.2924.87 Safari/537.36',NULL),(825,'2017-02-15 17:17:00','USER_LOGIN',1,'2017-02-15 21:17:00',12,'(UserLogged,admin) - TZ=1;TZString=Europe/Paris;Screen=1920x937','127.0.0.1','Mozilla/5.0 (X11; Linux x86_64) AppleWebKit/537.36 (KHTML, like Gecko) Chrome/56.0.2924.87 Safari/537.36',NULL),(826,'2017-02-15 22:02:40','USER_LOGIN',1,'2017-02-16 02:02:40',12,'(UserLogged,admin) - TZ=1;TZString=Europe/Paris;Screen=1920x937','127.0.0.1','Mozilla/5.0 (X11; Linux x86_64) AppleWebKit/537.36 (KHTML, like Gecko) Chrome/56.0.2924.87 Safari/537.36',NULL),(827,'2017-02-16 22:13:27','USER_LOGIN',1,'2017-02-17 02:13:27',12,'(UserLogged,admin) - TZ=1;TZString=Europe/Paris;Screen=1920x619','127.0.0.1','Mozilla/5.0 (X11; Linux x86_64) AppleWebKit/537.36 (KHTML, like Gecko) Chrome/56.0.2924.87 Safari/537.36',NULL),(828,'2017-02-16 23:54:04','USER_LOGIN',1,'2017-02-17 03:54:04',12,'(UserLogged,admin) - TZ=1;TZString=Europe/Paris;Screen=1920x937','127.0.0.1','Mozilla/5.0 (X11; Linux x86_64) AppleWebKit/537.36 (KHTML, like Gecko) Chrome/56.0.2924.87 Safari/537.36',NULL),(829,'2017-02-17 09:14:27','USER_LOGIN',1,'2017-02-17 13:14:27',12,'(UserLogged,admin) - TZ=1;TZString=Europe/Paris;Screen=1920x937','127.0.0.1','Mozilla/5.0 (X11; Linux x86_64) AppleWebKit/537.36 (KHTML, like Gecko) Chrome/56.0.2924.87 Safari/537.36',NULL),(830,'2017-02-17 12:07:05','USER_LOGIN',1,'2017-02-17 16:07:05',12,'(UserLogged,admin) - TZ=1;TZString=Europe/Paris;Screen=1920x937','127.0.0.1','Mozilla/5.0 (X11; Linux x86_64) AppleWebKit/537.36 (KHTML, like Gecko) Chrome/56.0.2924.87 Safari/537.36',NULL),(831,'2017-02-19 21:22:20','USER_LOGIN',1,'2017-02-20 01:22:20',12,'(UserLogged,admin) - TZ=1;TZString=Europe/Paris;Screen=1920x937','127.0.0.1','Mozilla/5.0 (X11; Linux x86_64) AppleWebKit/537.36 (KHTML, like Gecko) Chrome/56.0.2924.87 Safari/537.36',NULL),(832,'2017-02-20 09:26:47','USER_LOGIN',1,'2017-02-20 13:26:47',12,'(UserLogged,admin) - TZ=1;TZString=Europe/Paris;Screen=1920x937','127.0.0.1','Mozilla/5.0 (X11; Linux x86_64) AppleWebKit/537.36 (KHTML, like Gecko) Chrome/56.0.2924.87 Safari/537.36',NULL),(833,'2017-02-20 16:39:55','USER_LOGIN',1,'2017-02-20 20:39:55',12,'(UserLogged,admin) - TZ=1;TZString=Europe/Paris;Screen=1920x937','127.0.0.1','Mozilla/5.0 (X11; Linux x86_64) AppleWebKit/537.36 (KHTML, like Gecko) Chrome/56.0.2924.87 Safari/537.36',NULL),(834,'2017-02-20 16:49:00','USER_MODIFY',1,'2017-02-20 20:49:00',12,'Modification utilisateur ccommerson','127.0.0.1','Mozilla/5.0 (X11; Linux x86_64) AppleWebKit/537.36 (KHTML, like Gecko) Chrome/56.0.2924.87 Safari/537.36',NULL),(835,'2017-02-20 17:57:15','USER_LOGIN',1,'2017-02-20 21:57:14',12,'(UserLogged,admin) - TZ=1;TZString=Europe/Paris;Screen=1920x937','127.0.0.1','Mozilla/5.0 (X11; Linux x86_64) AppleWebKit/537.36 (KHTML, like Gecko) Chrome/56.0.2924.87 Safari/537.36',NULL),(836,'2017-02-20 19:43:48','USER_LOGIN',1,'2017-02-20 23:43:48',12,'(UserLogged,admin) - TZ=1;TZString=Europe/Paris;Screen=1920x937','127.0.0.1','Mozilla/5.0 (X11; Linux x86_64) AppleWebKit/537.36 (KHTML, like Gecko) Chrome/56.0.2924.87 Safari/537.36',NULL),(837,'2017-02-21 00:04:05','USER_LOGIN',1,'2017-02-21 04:04:05',12,'(UserLogged,admin) - TZ=1;TZString=Europe/Paris;Screen=1920x937','127.0.0.1','Mozilla/5.0 (X11; Linux x86_64) AppleWebKit/537.36 (KHTML, like Gecko) Chrome/56.0.2924.87 Safari/537.36',NULL),(838,'2017-02-21 10:23:13','USER_LOGIN',1,'2017-02-21 14:23:13',12,'(UserLogged,admin) - TZ=1;TZString=Europe/Paris;Screen=1920x937','127.0.0.1','Mozilla/5.0 (X11; Linux x86_64) AppleWebKit/537.36 (KHTML, like Gecko) Chrome/56.0.2924.87 Safari/537.36',NULL),(839,'2017-02-21 10:30:17','USER_LOGOUT',1,'2017-02-21 14:30:17',12,'(UserLogoff,admin)','127.0.0.1','Mozilla/5.0 (X11; Linux x86_64) AppleWebKit/537.36 (KHTML, like Gecko) Chrome/56.0.2924.87 Safari/537.36',NULL),(840,'2017-02-21 10:30:22','USER_LOGIN',1,'2017-02-21 14:30:22',12,'(UserLogged,admin) - TZ=1;TZString=Europe/Paris;Screen=1920x937','127.0.0.1','Mozilla/5.0 (X11; Linux x86_64) AppleWebKit/537.36 (KHTML, like Gecko) Chrome/56.0.2924.87 Safari/537.36',NULL),(841,'2017-02-21 11:44:05','USER_LOGIN',1,'2017-02-21 15:44:05',12,'(UserLogged,admin) - TZ=1;TZString=Europe/Paris;Screen=1920x937','127.0.0.1','Mozilla/5.0 (X11; Linux x86_64) AppleWebKit/537.36 (KHTML, like Gecko) Chrome/56.0.2924.87 Safari/537.36',NULL),(842,'2017-05-12 09:02:48','USER_LOGIN',1,'2017-05-12 13:02:48',12,'(UserLogged,admin) - TZ=1;TZString=Europe/Paris;Screen=1920x937','127.0.0.1','Mozilla/5.0 (X11; Linux x86_64) AppleWebKit/537.36 (KHTML, like Gecko) Chrome/58.0.3029.96 Safari/537.36',NULL);

--
