-- Table structure for table `llx_accounting_bookkeeping`
--

CREATE TABLE `llx_accounting_bookkeeping` (
  `rowid` int(11) NOT NULL AUTO_INCREMENT,
  `doc_date` date NOT NULL,
  `doc_type` varchar(30) NOT NULL,
  `doc_ref` varchar(300) NOT NULL,
  `fk_doc` int(11) NOT NULL,
  `fk_docdet` int(11) NOT NULL,
  `code_tiers` varchar(24) DEFAULT NULL,
  `numero_compte` varchar(32) NOT NULL,
  `label_compte` varchar(128) NOT NULL,
  `debit` double NOT NULL,
  `credit` double NOT NULL,
  `montant` double NOT NULL,
  `sens` varchar(1) DEFAULT NULL,
  `fk_user_author` int(11) NOT NULL,
  `import_key` varchar(14) DEFAULT NULL,
  `code_journal` varchar(32) NOT NULL,
  `piece_num` int(11) NOT NULL,
  `validated` tinyint(4) NOT NULL DEFAULT '0',
  `entity` int(11) NOT NULL DEFAULT '1',
  `fk_user_modif` int(11) DEFAULT NULL,
  `date_creation` datetime DEFAULT NULL,
  `tms` timestamp NOT NULL DEFAULT CURRENT_TIMESTAMP ON UPDATE CURRENT_TIMESTAMP,
  PRIMARY KEY (`rowid`)
) ENGINE=InnoDB AUTO_INCREMENT=10 DEFAULT CHARSET=utf8;

--
-- Dumping data for table `llx_accounting_bookkeeping`
--

INSERT INTO `llx_accounting_bookkeeping` VALUES (2,'2017-02-19','','',0,0,NULL,'1','ttt',5,0,5,'D',12,NULL,'VTE',1,0,1,NULL,NULL,'2017-02-19 21:24:58'),(4,'2017-02-19','','',0,0,NULL,'10','',0,5,5,'C',12,NULL,'VTE',1,0,1,NULL,NULL,'2017-02-19 21:25:53'),(6,'2017-02-19','','',0,0,NULL,'NotDefined','',0,0,0,NULL,12,NULL,'VTE',2,0,1,NULL,NULL,'2017-02-19 21:41:53'),(9,'2017-02-19','','',0,0,NULL,'NotDefined','',0,0,0,NULL,12,NULL,'VTE',3,0,1,NULL,NULL,'2017-02-19 21:46:42');

--
-- Table structure for table `llx_accounting_fiscalyear`
--

CREATE TABLE `llx_accounting_fiscalyear` (
  `rowid` int(11) NOT NULL AUTO_INCREMENT,
  `label` varchar(128) NOT NULL,
  `date_start` date DEFAULT NULL,
  `date_end` date DEFAULT NULL,
  `statut` tinyint(4) NOT NULL DEFAULT '0',
  `entity` int(11) NOT NULL DEFAULT '1',
  `datec` datetime NOT NULL,
  `tms` timestamp NOT NULL DEFAULT CURRENT_TIMESTAMP ON UPDATE CURRENT_TIMESTAMP,
  `fk_user_author` int(11) DEFAULT NULL,
  `fk_user_modif` int(11) DEFAULT NULL,
  PRIMARY KEY (`rowid`)
) ENGINE=InnoDB DEFAULT CHARSET=utf8;

--
-- Dumping data for table `llx_accounting_fiscalyear`
--


--
-- Table structure for table `llx_accounting_journal`
--

CREATE TABLE `llx_accounting_journal` (
  `rowid` int(11) NOT NULL AUTO_INCREMENT,
  `code` varchar(32) NOT NULL,
  `label` varchar(128) NOT NULL,
  `nature` smallint(6) NOT NULL DEFAULT '0',
  `active` smallint(6) DEFAULT '0',
  PRIMARY KEY (`rowid`),
  UNIQUE KEY `uk_accounting_journal_code` (`code`)
) ENGINE=InnoDB DEFAULT CHARSET=utf8;

--
-- Dumping data for table `llx_accounting_journal`
--


--
-- Table structure for table `llx_accounting_system`
--

CREATE TABLE `llx_accounting_system` (
  `rowid` int(11) NOT NULL AUTO_INCREMENT,
  `pcg_version` varchar(32) DEFAULT NULL,
  `label` varchar(128) NOT NULL,
  `active` smallint(6) DEFAULT '0',
  PRIMARY KEY (`rowid`),
  UNIQUE KEY `uk_accounting_system_pcg_version` (`pcg_version`)
) ENGINE=InnoDB AUTO_INCREMENT=5 DEFAULT CHARSET=utf8;

--
-- Dumping data for table `llx_accounting_system`
--

INSERT INTO `llx_accounting_system` VALUES (1,'PCG99-ABREGE','The simple accountancy french plan',1),(2,'PCG99-BASE','The base accountancy french plan',1),(3,'PCMN-BASE','The base accountancy belgium plan',1),(4,'PCG08-PYME','The PYME accountancy spanish plan',1);

--
-- Table structure for table `llx_actioncomm`
--

CREATE TABLE `llx_actioncomm` (
  `id` int(11) NOT NULL AUTO_INCREMENT,
  `ref_ext` varchar(128) DEFAULT NULL,
  `entity` int(11) NOT NULL DEFAULT '1',
  `datep` datetime DEFAULT NULL,
  `datep2` datetime DEFAULT NULL,
  `fk_action` int(11) DEFAULT NULL,
  `code` varchar(32) DEFAULT NULL,
  `label` varchar(128) NOT NULL,
  `datec` datetime DEFAULT NULL,
  `tms` timestamp NOT NULL DEFAULT CURRENT_TIMESTAMP ON UPDATE CURRENT_TIMESTAMP,
  `fk_user_author` int(11) DEFAULT NULL,
  `fk_user_mod` int(11) DEFAULT NULL,
  `fk_project` int(11) DEFAULT NULL,
  `fk_soc` int(11) DEFAULT NULL,
  `fk_contact` int(11) DEFAULT NULL,
  `fk_parent` int(11) NOT NULL DEFAULT '0',
  `fk_user_action` int(11) DEFAULT NULL,
  `transparency` int(11) DEFAULT NULL,
  `fk_user_done` int(11) DEFAULT NULL,
  `priority` smallint(6) DEFAULT NULL,
  `fulldayevent` smallint(6) NOT NULL DEFAULT '0',
  `punctual` smallint(6) NOT NULL DEFAULT '1',
  `percent` smallint(6) NOT NULL DEFAULT '0',
  `location` varchar(128) DEFAULT NULL,
  `durationp` double DEFAULT NULL,
  `durationa` double DEFAULT NULL,
  `note` text,
  `fk_element` int(11) DEFAULT NULL,
  `elementtype` varchar(255) DEFAULT NULL,
  `email_msgid` varchar(256) DEFAULT NULL,
  `email_subject` varchar(256) DEFAULT NULL,
  `email_from` varchar(256) DEFAULT NULL,
  `email_sender` varchar(256) DEFAULT NULL,
  `email_to` varchar(256) DEFAULT NULL,
  `email_tocc` varchar(256) DEFAULT NULL,
  `email_tobcc` varchar(256) DEFAULT NULL,
  `errors_to` varchar(256) DEFAULT NULL,
  `recurid` varchar(128) DEFAULT NULL,
  `recurrule` varchar(128) DEFAULT NULL,
  `recurdateend` datetime DEFAULT NULL,
  PRIMARY KEY (`id`),
  KEY `idx_actioncomm_fk_soc` (`fk_soc`),
  KEY `idx_actioncomm_fk_contact` (`fk_contact`),
  KEY `idx_actioncomm_fk_element` (`fk_element`),
  KEY `idx_actioncomm_code` (`code`)
) ENGINE=InnoDB AUTO_INCREMENT=328 DEFAULT CHARSET=utf8;

--
-- Dumping data for table `llx_actioncomm`
--

INSERT INTO `llx_actioncomm` VALUES (1,NULL,1,'2010-07-08 14:21:44','2010-07-08 14:21:44',50,NULL,'Company AAA and Co added into Dolibarr','2010-07-08 14:21:44','2014-12-21 12:50:33',1,NULL,NULL,1,NULL,0,1,NULL,1,0,0,1,100,'',NULL,NULL,'Company AAA and Co added into Dolibarr\nAuthor: admin',NULL,NULL,NULL,NULL,NULL,NULL,NULL,NULL,NULL,NULL,NULL,NULL,NULL),(2,NULL,1,'2010-07-08 14:23:48','2010-07-08 14:23:48',50,NULL,'Company Belin SARL added into Dolibarr','2010-07-08 14:23:48','2014-12-21 12:50:33',1,NULL,NULL,2,NULL,0,1,NULL,1,0,0,1,100,'',NULL,NULL,'Company Belin SARL added into Dolibarr\nAuthor: admin',NULL,NULL,NULL,NULL,NULL,NULL,NULL,NULL,NULL,NULL,NULL,NULL,NULL),(3,NULL,1,'2010-07-08 22:42:12','2010-07-08 22:42:12',50,NULL,'Company Spanish Comp added into Dolibarr','2010-07-08 22:42:12','2014-12-21 12:50:33',1,NULL,NULL,3,NULL,0,1,NULL,1,0,0,1,100,'',NULL,NULL,'Company Spanish Comp added into Dolibarr\nAuthor: admin',NULL,NULL,NULL,NULL,NULL,NULL,NULL,NULL,NULL,NULL,NULL,NULL,NULL),(4,NULL,1,'2010-07-08 22:48:18','2010-07-08 22:48:18',50,NULL,'Company Prospector Vaalen added into Dolibarr','2010-07-08 22:48:18','2014-12-21 12:50:33',1,NULL,NULL,4,NULL,0,1,NULL,1,0,0,1,100,'',NULL,NULL,'Company Prospector Vaalen added into Dolibarr\nAuthor: admin',NULL,NULL,NULL,NULL,NULL,NULL,NULL,NULL,NULL,NULL,NULL,NULL,NULL),(5,NULL,1,'2010-07-08 23:22:57','2010-07-08 23:22:57',50,NULL,'Company NoCountry Co added into Dolibarr','2010-07-08 23:22:57','2014-12-21 12:50:33',1,NULL,NULL,5,NULL,0,1,NULL,1,0,0,1,100,'',NULL,NULL,'Company NoCountry Co added into Dolibarr\nAuthor: admin',NULL,NULL,NULL,NULL,NULL,NULL,NULL,NULL,NULL,NULL,NULL,NULL,NULL),(6,NULL,1,'2010-07-09 00:15:09','2010-07-09 00:15:09',50,NULL,'Company Swiss customer added into Dolibarr','2010-07-09 00:15:09','2014-12-21 12:50:33',1,NULL,NULL,6,NULL,0,1,NULL,1,0,0,1,100,'',NULL,NULL,'Company Swiss customer added into Dolibarr\nAuthor: admin',NULL,NULL,NULL,NULL,NULL,NULL,NULL,NULL,NULL,NULL,NULL,NULL,NULL),(7,NULL,1,'2010-07-09 01:24:26','2010-07-09 01:24:26',50,NULL,'Company Generic customer added into Dolibarr','2010-07-09 01:24:26','2014-12-21 12:50:33',1,NULL,NULL,7,NULL,0,1,NULL,1,0,0,1,100,'',NULL,NULL,'Company Generic customer added into Dolibarr\nAuthor: admin',NULL,NULL,NULL,NULL,NULL,NULL,NULL,NULL,NULL,NULL,NULL,NULL,NULL),(8,NULL,1,'2010-07-10 14:54:27','2010-07-10 14:54:27',50,NULL,'Société Client salon ajoutée dans Dolibarr','2010-07-10 14:54:27','2014-12-21 12:50:33',1,NULL,NULL,8,NULL,0,1,NULL,1,0,0,1,100,'',NULL,NULL,'Société Client salon ajoutée dans Dolibarr\nAuteur: admin',NULL,NULL,NULL,NULL,NULL,NULL,NULL,NULL,NULL,NULL,NULL,NULL,NULL),(9,NULL,1,'2010-07-10 14:54:44','2010-07-10 14:54:44',50,NULL,'Société Client salon invidivdu ajoutée dans Doliba','2010-07-10 14:54:44','2014-12-21 12:50:33',1,NULL,NULL,9,NULL,0,1,NULL,1,0,0,1,100,'',NULL,NULL,'Société Client salon invidivdu ajoutée dans Dolibarr\nAuteur: admin',NULL,NULL,NULL,NULL,NULL,NULL,NULL,NULL,NULL,NULL,NULL,NULL,NULL),(10,NULL,1,'2010-07-10 14:56:10','2010-07-10 14:56:10',50,NULL,'Facture FA1007-0001 validée dans Dolibarr','2010-07-10 14:56:10','2014-12-21 12:50:33',1,NULL,NULL,9,NULL,0,1,NULL,1,0,0,1,100,'',NULL,NULL,'Facture FA1007-0001 validée dans Dolibarr\nAuteur: admin',1,'invoice',NULL,NULL,NULL,NULL,NULL,NULL,NULL,NULL,NULL,NULL,NULL),(11,NULL,1,'2010-07-10 14:58:53','2010-07-10 14:58:53',50,NULL,'Facture FA1007-0001 validée dans Dolibarr','2010-07-10 14:58:53','2014-12-21 12:50:33',1,NULL,NULL,9,NULL,0,1,NULL,1,0,0,1,100,'',NULL,NULL,'Facture FA1007-0001 validée dans Dolibarr\nAuteur: admin',1,'invoice',NULL,NULL,NULL,NULL,NULL,NULL,NULL,NULL,NULL,NULL,NULL),(12,NULL,1,'2010-07-10 15:00:55','2010-07-10 15:00:55',50,NULL,'Facture FA1007-0001 passée à payée dans Dolibarr','2010-07-10 15:00:55','2014-12-21 12:50:33',1,NULL,NULL,9,NULL,0,1,NULL,1,0,0,1,100,'',NULL,NULL,'Facture FA1007-0001 passée à payée dans Dolibarr\nAuteur: admin',1,'invoice',NULL,NULL,NULL,NULL,NULL,NULL,NULL,NULL,NULL,NULL,NULL),(13,NULL,1,'2010-07-10 15:13:08','2010-07-10 15:13:08',50,NULL,'Société Smith Vick ajoutée dans Dolibarr','2010-07-10 15:13:08','2014-12-21 12:50:33',1,NULL,NULL,10,NULL,0,1,NULL,1,0,0,1,100,'',NULL,NULL,'Société Smith Vick ajoutée dans Dolibarr\nAuteur: admin',NULL,NULL,NULL,NULL,NULL,NULL,NULL,NULL,NULL,NULL,NULL,NULL,NULL),(14,NULL,1,'2010-07-10 15:21:00','2010-07-10 16:21:00',5,NULL,'RDV avec mon chef','2010-07-10 15:21:48','2010-07-10 13:21:48',1,NULL,NULL,NULL,NULL,0,1,NULL,NULL,0,0,1,0,'',3600,NULL,'',NULL,NULL,NULL,NULL,NULL,NULL,NULL,NULL,NULL,NULL,NULL,NULL,NULL),(15,NULL,1,'2010-07-10 18:18:16','2010-07-10 18:18:16',50,NULL,'Contrat CONTRAT1 validé dans Dolibarr','2010-07-10 18:18:16','2014-12-21 12:50:33',1,NULL,NULL,2,NULL,0,1,NULL,1,0,0,1,100,'',NULL,NULL,'Contrat CONTRAT1 validé dans Dolibarr\nAuteur: admin',NULL,NULL,NULL,NULL,NULL,NULL,NULL,NULL,NULL,NULL,NULL,NULL,NULL),(16,NULL,1,'2010-07-10 18:35:57','2010-07-10 18:35:57',50,NULL,'Société Mon client ajoutée dans Dolibarr','2010-07-10 18:35:57','2014-12-21 12:50:33',1,NULL,NULL,11,NULL,0,1,NULL,1,0,0,1,100,'',NULL,NULL,'Société Mon client ajoutée dans Dolibarr\nAuteur: admin',NULL,NULL,NULL,NULL,NULL,NULL,NULL,NULL,NULL,NULL,NULL,NULL,NULL),(17,NULL,1,'2010-07-11 16:18:08','2010-07-11 16:18:08',50,NULL,'Société Dupont Alain ajoutée dans Dolibarr','2010-07-11 16:18:08','2014-12-21 12:50:33',1,NULL,NULL,12,NULL,0,1,NULL,1,0,0,1,100,'',NULL,NULL,'Société Dupont Alain ajoutée dans Dolibarr\nAuteur: admin',NULL,NULL,NULL,NULL,NULL,NULL,NULL,NULL,NULL,NULL,NULL,NULL,NULL),(18,NULL,1,'2010-07-11 17:11:00','2010-07-11 17:17:00',5,NULL,'Rendez-vous','2010-07-11 17:11:22','2010-07-11 15:11:22',1,NULL,NULL,NULL,NULL,0,1,NULL,NULL,0,0,1,0,'gfgdfgdf',360,NULL,'',NULL,NULL,NULL,NULL,NULL,NULL,NULL,NULL,NULL,NULL,NULL,NULL,NULL),(19,NULL,1,'2010-07-11 17:13:20','2010-07-11 17:13:20',50,NULL,'Société Vendeur de chips ajoutée dans Dolibarr','2010-07-11 17:13:20','2014-12-21 12:50:33',1,NULL,NULL,13,NULL,0,1,NULL,1,0,0,1,100,'',NULL,NULL,'Société Vendeur de chips ajoutée dans Dolibarr\nAuteur: admin',NULL,NULL,NULL,NULL,NULL,NULL,NULL,NULL,NULL,NULL,NULL,NULL,NULL),(20,NULL,1,'2010-07-11 17:15:42','2010-07-11 17:15:42',50,NULL,'Commande CF1007-0001 validée','2010-07-11 17:15:42','2014-12-21 12:50:33',1,NULL,NULL,13,NULL,0,1,NULL,1,0,0,1,100,'',NULL,NULL,'Commande CF1007-0001 validée\nAuteur: admin',NULL,NULL,NULL,NULL,NULL,NULL,NULL,NULL,NULL,NULL,NULL,NULL,NULL),(21,NULL,1,'2010-07-11 18:47:33','2010-07-11 18:47:33',50,NULL,'Commande CF1007-0002 validée','2010-07-11 18:47:33','2014-12-21 12:50:33',1,NULL,NULL,1,NULL,0,1,NULL,1,0,0,1,100,'',NULL,NULL,'Commande CF1007-0002 validée\nAuteur: admin',NULL,NULL,NULL,NULL,NULL,NULL,NULL,NULL,NULL,NULL,NULL,NULL,NULL),(22,NULL,1,'2010-07-18 11:36:18','2010-07-18 11:36:18',50,NULL,'Proposition PR1007-0003 validée','2010-07-18 11:36:18','2014-12-21 12:50:33',1,NULL,NULL,4,NULL,0,1,NULL,1,0,0,1,100,'',NULL,NULL,'Proposition PR1007-0003 validée\nAuteur: admin',3,'propal',NULL,NULL,NULL,NULL,NULL,NULL,NULL,NULL,NULL,NULL,NULL),(23,NULL,1,'2011-07-18 20:49:58','2011-07-18 20:49:58',50,NULL,'Invoice FA1007-0002 validated in Dolibarr','2011-07-18 20:49:58','2014-12-21 12:50:33',1,NULL,NULL,2,NULL,0,1,NULL,1,0,0,1,-1,'',NULL,NULL,'Invoice FA1007-0002 validated in Dolibarr\nAuthor: admin',2,'invoice',NULL,NULL,NULL,NULL,NULL,NULL,NULL,NULL,NULL,NULL,NULL),(24,NULL,1,'2011-07-28 01:37:00',NULL,1,NULL,'Phone call','2011-07-28 01:37:48','2011-07-27 23:37:48',1,NULL,NULL,NULL,2,0,1,NULL,NULL,0,0,1,-1,'',NULL,NULL,'',NULL,NULL,NULL,NULL,NULL,NULL,NULL,NULL,NULL,NULL,NULL,NULL,NULL),(25,NULL,1,'2011-08-01 02:31:24','2011-08-01 02:31:24',50,NULL,'Company mmm added into Dolibarr','2011-08-01 02:31:24','2014-12-21 12:50:33',1,NULL,NULL,15,NULL,0,1,NULL,1,0,0,1,-1,'',NULL,NULL,'Company mmm added into Dolibarr\nAuthor: admin',15,'societe',NULL,NULL,NULL,NULL,NULL,NULL,NULL,NULL,NULL,NULL,NULL),(26,NULL,1,'2011-08-01 02:31:43','2011-08-01 02:31:43',50,NULL,'Company ppp added into Dolibarr','2011-08-01 02:31:43','2014-12-21 12:50:33',1,NULL,NULL,16,NULL,0,1,NULL,1,0,0,1,-1,'',NULL,NULL,'Company ppp added into Dolibarr\nAuthor: admin',16,'societe',NULL,NULL,NULL,NULL,NULL,NULL,NULL,NULL,NULL,NULL,NULL),(27,NULL,1,'2011-08-01 02:41:26','2011-08-01 02:41:26',50,NULL,'Company aaa added into Dolibarr','2011-08-01 02:41:26','2014-12-21 12:50:33',1,NULL,NULL,17,NULL,0,1,NULL,1,0,0,1,-1,'',NULL,NULL,'Company aaa added into Dolibarr\nAuthor: admin',17,'societe',NULL,NULL,NULL,NULL,NULL,NULL,NULL,NULL,NULL,NULL,NULL),(28,NULL,1,'2011-08-01 03:34:11','2011-08-01 03:34:11',50,NULL,'Invoice FA1108-0003 validated in Dolibarr','2011-08-01 03:34:11','2014-12-21 12:50:33',1,NULL,NULL,7,NULL,0,1,NULL,1,0,0,1,-1,'',NULL,NULL,'Invoice FA1108-0003 validated in Dolibarr\nAuthor: admin',5,'invoice',NULL,NULL,NULL,NULL,NULL,NULL,NULL,NULL,NULL,NULL,NULL),(29,NULL,1,'2011-08-01 03:34:11','2011-08-01 03:34:11',50,NULL,'Invoice FA1108-0003 validated in Dolibarr','2011-08-01 03:34:11','2014-12-21 12:50:33',1,NULL,NULL,7,NULL,0,1,NULL,1,0,0,1,-1,'',NULL,NULL,'Invoice FA1108-0003 changed to paid in Dolibarr\nAuthor: admin',5,'invoice',NULL,NULL,NULL,NULL,NULL,NULL,NULL,NULL,NULL,NULL,NULL),(30,NULL,1,'2011-08-06 20:33:54','2011-08-06 20:33:54',50,NULL,'Invoice FA1108-0004 validated in Dolibarr','2011-08-06 20:33:54','2014-12-21 12:50:33',1,NULL,NULL,7,NULL,0,1,NULL,1,0,0,1,-1,'',NULL,NULL,'Invoice FA1108-0004 validated in Dolibarr\nAuthor: admin',6,'invoice',NULL,NULL,NULL,NULL,NULL,NULL,NULL,NULL,NULL,NULL,NULL),(31,NULL,1,'2011-08-06 20:33:54','2011-08-06 20:33:54',50,NULL,'Invoice FA1108-0004 validated in Dolibarr','2011-08-06 20:33:54','2014-12-21 12:50:33',1,NULL,NULL,7,NULL,0,1,NULL,1,0,0,1,-1,'',NULL,NULL,'Invoice FA1108-0004 changed to paid in Dolibarr\nAuthor: admin',6,'invoice',NULL,NULL,NULL,NULL,NULL,NULL,NULL,NULL,NULL,NULL,NULL),(38,NULL,1,'2011-08-08 02:41:55','2011-08-08 02:41:55',50,NULL,'Invoice FA1108-0005 validated in Dolibarr','2011-08-08 02:41:55','2014-12-21 12:50:33',1,NULL,NULL,2,NULL,0,1,NULL,1,0,0,1,-1,'',NULL,NULL,'Invoice FA1108-0005 validated in Dolibarr\nAuthor: admin',8,'invoice',NULL,NULL,NULL,NULL,NULL,NULL,NULL,NULL,NULL,NULL,NULL),(40,NULL,1,'2011-08-08 02:53:40','2011-08-08 02:53:40',50,NULL,'Invoice FA1108-0005 changed to paid in Dolibarr','2011-08-08 02:53:40','2014-12-21 12:50:33',1,NULL,NULL,2,NULL,0,1,NULL,1,0,0,1,-1,'',NULL,NULL,'Invoice FA1108-0005 changed to paid in Dolibarr\nAuthor: admin',8,'invoice',NULL,NULL,NULL,NULL,NULL,NULL,NULL,NULL,NULL,NULL,NULL),(41,NULL,1,'2011-08-08 02:54:05','2011-08-08 02:54:05',50,NULL,'Invoice FA1007-0002 changed to paid in Dolibarr','2011-08-08 02:54:05','2014-12-21 12:50:33',1,NULL,NULL,2,NULL,0,1,NULL,1,0,0,1,-1,'',NULL,NULL,'Invoice FA1007-0002 changed to paid in Dolibarr\nAuthor: admin',2,'invoice',NULL,NULL,NULL,NULL,NULL,NULL,NULL,NULL,NULL,NULL,NULL),(42,NULL,1,'2011-08-08 02:55:04','2011-08-08 02:55:04',50,NULL,'Invoice FA1107-0006 validated in Dolibarr','2011-08-08 02:55:04','2014-12-21 12:50:33',1,NULL,NULL,10,NULL,0,1,NULL,1,0,0,1,-1,'',NULL,NULL,'Invoice FA1107-0006 validated in Dolibarr\nAuthor: admin',3,'invoice',NULL,NULL,NULL,NULL,NULL,NULL,NULL,NULL,NULL,NULL,NULL),(43,NULL,1,'2011-08-08 02:55:26','2011-08-08 02:55:26',50,NULL,'Invoice FA1108-0007 validated in Dolibarr','2011-08-08 02:55:26','2014-12-21 12:50:33',1,NULL,NULL,10,NULL,0,1,NULL,1,0,0,1,-1,'',NULL,NULL,'Invoice FA1108-0007 validated in Dolibarr\nAuthor: admin',9,'invoice',NULL,NULL,NULL,NULL,NULL,NULL,NULL,NULL,NULL,NULL,NULL),(44,NULL,1,'2011-08-08 02:55:58','2011-08-08 02:55:58',50,NULL,'Invoice FA1107-0006 changed to paid in Dolibarr','2011-08-08 02:55:58','2014-12-21 12:50:33',1,NULL,NULL,10,NULL,0,1,NULL,1,0,0,1,-1,'',NULL,NULL,'Invoice FA1107-0006 changed to paid in Dolibarr\nAuthor: admin',3,'invoice',NULL,NULL,NULL,NULL,NULL,NULL,NULL,NULL,NULL,NULL,NULL),(45,NULL,1,'2011-08-08 03:04:22','2011-08-08 03:04:22',50,NULL,'Order CO1108-0001 validated','2011-08-08 03:04:22','2014-12-21 12:50:33',1,NULL,NULL,1,NULL,0,1,NULL,1,0,0,1,-1,'',NULL,NULL,'Order CO1108-0001 validated\nAuthor: admin',5,'order',NULL,NULL,NULL,NULL,NULL,NULL,NULL,NULL,NULL,NULL,NULL),(46,NULL,1,'2011-08-08 13:59:09','2011-08-08 13:59:09',50,NULL,'Order CO1107-0002 validated','2011-08-08 13:59:10','2014-12-21 12:50:33',1,NULL,NULL,1,NULL,0,1,NULL,1,0,0,1,-1,'',NULL,NULL,'Order CO1107-0002 validated\nAuthor: admin',1,'order',NULL,NULL,NULL,NULL,NULL,NULL,NULL,NULL,NULL,NULL,NULL),(47,NULL,1,'2011-08-08 14:24:18','2011-08-08 14:24:18',50,NULL,'Proposal PR1007-0001 validated','2011-08-08 14:24:18','2014-12-21 12:50:33',1,NULL,NULL,2,NULL,0,1,NULL,1,0,0,1,-1,'',NULL,NULL,'Proposal PR1007-0001 validated\nAuthor: admin',1,'propal',NULL,NULL,NULL,NULL,NULL,NULL,NULL,NULL,NULL,NULL,NULL),(48,NULL,1,'2011-08-08 14:24:24','2011-08-08 14:24:24',50,NULL,'Proposal PR1108-0004 validated','2011-08-08 14:24:24','2014-12-21 12:50:33',1,NULL,NULL,17,NULL,0,1,NULL,1,0,0,1,-1,'',NULL,NULL,'Proposal PR1108-0004 validated\nAuthor: admin',4,'propal',NULL,NULL,NULL,NULL,NULL,NULL,NULL,NULL,NULL,NULL,NULL),(49,NULL,1,'2011-08-08 15:04:37','2011-08-08 15:04:37',50,NULL,'Order CF1108-0003 validated','2011-08-08 15:04:37','2014-12-21 12:50:33',1,NULL,NULL,17,NULL,0,1,NULL,1,0,0,1,-1,'',NULL,NULL,'Order CF1108-0003 validated\nAuthor: admin',6,'order_supplier',NULL,NULL,NULL,NULL,NULL,NULL,NULL,NULL,NULL,NULL,NULL),(50,NULL,1,'2012-12-08 17:56:47','2012-12-08 17:56:47',40,NULL,'Facture AV1212-0001 validée dans Dolibarr','2012-12-08 17:56:47','2014-12-21 12:50:33',1,NULL,NULL,10,NULL,0,1,NULL,1,0,0,1,-1,'',NULL,NULL,'Facture AV1212-0001 validée dans Dolibarr\nAuteur: admin',10,'invoice',NULL,NULL,NULL,NULL,NULL,NULL,NULL,NULL,NULL,NULL,NULL),(51,NULL,1,'2012-12-08 17:57:11','2012-12-08 17:57:11',40,NULL,'Facture AV1212-0001 validée dans Dolibarr','2012-12-08 17:57:11','2014-12-21 12:50:33',1,NULL,NULL,10,NULL,0,1,NULL,1,0,0,1,-1,'',NULL,NULL,'Facture AV1212-0001 validée dans Dolibarr\nAuteur: admin',10,'invoice',NULL,NULL,NULL,NULL,NULL,NULL,NULL,NULL,NULL,NULL,NULL),(52,NULL,1,'2012-12-08 17:58:27','2012-12-08 17:58:27',40,NULL,'Facture FA1212-0008 validée dans Dolibarr','2012-12-08 17:58:27','2014-12-21 12:50:33',1,NULL,NULL,10,NULL,0,1,NULL,1,0,0,1,-1,'',NULL,NULL,'Facture FA1212-0008 validée dans Dolibarr\nAuteur: admin',11,'invoice',NULL,NULL,NULL,NULL,NULL,NULL,NULL,NULL,NULL,NULL,NULL),(53,NULL,1,'2012-12-08 18:20:49','2012-12-08 18:20:49',40,NULL,'Facture AV1212-0002 validée dans Dolibarr','2012-12-08 18:20:49','2014-12-21 12:50:33',1,NULL,NULL,10,NULL,0,1,NULL,1,0,0,1,-1,'',NULL,NULL,'Facture AV1212-0002 validée dans Dolibarr\nAuteur: admin',12,'invoice',NULL,NULL,NULL,NULL,NULL,NULL,NULL,NULL,NULL,NULL,NULL),(54,NULL,1,'2012-12-09 18:35:07','2012-12-09 18:35:07',40,NULL,'Facture AV1212-0002 passée à payée dans Dolibarr','2012-12-09 18:35:07','2014-12-21 12:50:33',1,NULL,NULL,10,NULL,0,1,NULL,1,0,0,1,-1,'',NULL,NULL,'Facture AV1212-0002 passée à payée dans Dolibarr\nAuteur: admin',12,'invoice',NULL,NULL,NULL,NULL,NULL,NULL,NULL,NULL,NULL,NULL,NULL),(55,NULL,1,'2012-12-09 20:14:42','2012-12-09 20:14:42',40,NULL,'Société doe john ajoutée dans Dolibarr','2012-12-09 20:14:42','2014-12-21 12:50:33',1,NULL,NULL,18,NULL,0,1,NULL,1,0,0,1,-1,'',NULL,NULL,'Société doe john ajoutée dans Dolibarr\nAuteur: admin',18,'societe',NULL,NULL,NULL,NULL,NULL,NULL,NULL,NULL,NULL,NULL,NULL),(56,NULL,1,'2012-12-12 18:54:19','2012-12-12 18:54:19',40,NULL,'Facture FA1212-0009 validée dans Dolibarr','2012-12-12 18:54:19','2014-12-21 12:50:33',1,NULL,NULL,1,NULL,0,1,NULL,1,0,0,1,-1,'',NULL,NULL,'Facture FA1212-0009 validée dans Dolibarr\nAuteur: admin',55,'invoice',NULL,NULL,NULL,NULL,NULL,NULL,NULL,NULL,NULL,NULL,NULL),(121,NULL,1,'2012-12-06 10:00:00',NULL,50,NULL,'aaab','2012-12-21 17:48:08','2012-12-21 16:54:07',3,1,NULL,NULL,NULL,0,3,NULL,NULL,1,0,1,-1,NULL,NULL,NULL,NULL,NULL,NULL,NULL,NULL,NULL,NULL,NULL,NULL,NULL,NULL,NULL,NULL,NULL),(122,NULL,1,'2012-12-21 18:09:52','2012-12-21 18:09:52',40,NULL,'Facture client FA1007-0001 envoyée par EMail','2012-12-21 18:09:52','2014-12-21 12:50:33',1,NULL,NULL,9,NULL,0,1,NULL,1,0,0,1,-1,'',NULL,NULL,'Mail envoyé par Firstname SuperAdminName <bidon@destailleur.fr> à laurent@destailleur.fr.\nSujet du mail: Envoi facture FA1007-0001\nCorps du mail:\nVeuillez trouver ci-joint la facture FA1007-0001\r\n\r\nVous pouvez cliquer sur le lien sécurisé ci-dessous pour effectuer votre paiement via Paypal\r\n\r\nhttp://localhost/dolibarrnew/public/paypal/newpayment.php?source=invoice&ref=FA1007-0001&securekey=50c82fab36bb3b6aa83e2a50691803b2\r\n\r\nCordialement',1,'invoice',NULL,NULL,NULL,NULL,NULL,NULL,NULL,NULL,NULL,NULL,NULL),(123,NULL,1,'2013-01-06 13:13:57','2013-01-06 13:13:57',40,NULL,'Facture 16 validée dans Dolibarr','2013-01-06 13:13:57','2014-12-21 12:50:33',1,NULL,NULL,1,NULL,0,1,NULL,1,0,0,1,-1,'',NULL,NULL,'Facture 16 validée dans Dolibarr\nAuteur: admin',16,'invoice_supplier',NULL,NULL,NULL,NULL,NULL,NULL,NULL,NULL,NULL,NULL,NULL),(124,NULL,1,'2013-01-12 12:23:05','2013-01-12 12:23:05',40,NULL,'Patient aaa ajouté','2013-01-12 12:23:05','2014-12-21 12:50:33',1,NULL,NULL,19,NULL,0,1,NULL,1,0,0,1,-1,'',NULL,NULL,'Patient aaa ajouté\nAuteur: admin',19,'societe',NULL,NULL,NULL,NULL,NULL,NULL,NULL,NULL,NULL,NULL,NULL),(125,NULL,1,'2013-01-12 12:52:20','2013-01-12 12:52:20',40,NULL,'Patient pppoo ajouté','2013-01-12 12:52:20','2014-12-21 12:50:33',1,NULL,NULL,20,NULL,0,1,NULL,1,0,0,1,-1,'',NULL,NULL,'Patient pppoo ajouté\nAuteur: admin',20,'societe',NULL,NULL,NULL,NULL,NULL,NULL,NULL,NULL,NULL,NULL,NULL),(127,NULL,1,'2013-01-19 18:22:48','2013-01-19 18:22:48',40,NULL,'Facture FS1301-0001 validée dans Dolibarr','2013-01-19 18:22:48','2014-12-21 12:50:33',1,NULL,NULL,1,NULL,0,1,NULL,1,0,0,1,-1,'',NULL,NULL,'Facture FS1301-0001 validée dans Dolibarr\nAuteur: admin',148,'invoice',NULL,NULL,NULL,NULL,NULL,NULL,NULL,NULL,NULL,NULL,NULL),(128,NULL,1,'2013-01-19 18:31:10','2013-01-19 18:31:10',40,NULL,'Facture FA6801-0010 validée dans Dolibarr','2013-01-19 18:31:10','2014-12-21 12:50:33',1,NULL,NULL,1,NULL,0,1,NULL,1,0,0,1,-1,'',NULL,NULL,'Facture FA6801-0010 validée dans Dolibarr\nAuteur: admin',150,'invoice',NULL,NULL,NULL,NULL,NULL,NULL,NULL,NULL,NULL,NULL,NULL),(129,NULL,1,'2013-01-19 18:31:10','2013-01-19 18:31:10',40,NULL,'Facture FA6801-0010 passée à payée dans Dolibarr','2013-01-19 18:31:10','2014-12-21 12:50:33',1,NULL,NULL,1,NULL,0,1,NULL,1,0,0,1,-1,'',NULL,NULL,'Facture FA6801-0010 passée à payée dans Dolibarr\nAuteur: admin',150,'invoice',NULL,NULL,NULL,NULL,NULL,NULL,NULL,NULL,NULL,NULL,NULL),(130,NULL,1,'2013-01-19 18:31:58','2013-01-19 18:31:58',40,NULL,'Facture FS1301-0002 validée dans Dolibarr','2013-01-19 18:31:58','2014-12-21 12:50:33',1,NULL,NULL,1,NULL,0,1,NULL,1,0,0,1,-1,'',NULL,NULL,'Facture FS1301-0002 validée dans Dolibarr\nAuteur: admin',151,'invoice',NULL,NULL,NULL,NULL,NULL,NULL,NULL,NULL,NULL,NULL,NULL),(131,NULL,1,'2013-01-19 18:31:58','2013-01-19 18:31:58',40,NULL,'Facture FS1301-0002 passée à payée dans Dolibarr','2013-01-19 18:31:58','2014-12-21 12:50:33',1,NULL,NULL,1,NULL,0,1,NULL,1,0,0,1,-1,'',NULL,NULL,'Facture FS1301-0002 passée à payée dans Dolibarr\nAuteur: admin',151,'invoice',NULL,NULL,NULL,NULL,NULL,NULL,NULL,NULL,NULL,NULL,NULL),(132,NULL,1,'2013-01-23 15:07:54','2013-01-23 15:07:54',50,NULL,'Consultation 24 saisie (aaa)','2013-01-23 15:07:54','2014-12-21 12:50:33',1,NULL,NULL,19,NULL,0,1,NULL,1,0,0,1,-1,'',NULL,NULL,'Consultation 24 saisie (aaa)\nAuteur: admin',24,'cabinetmed_cons',NULL,NULL,NULL,NULL,NULL,NULL,NULL,NULL,NULL,NULL,NULL),(133,NULL,1,'2013-01-23 16:56:58','2013-01-23 16:56:58',40,NULL,'Patient pa ajouté','2013-01-23 16:56:58','2014-12-21 12:50:33',1,NULL,NULL,21,NULL,0,1,NULL,1,0,0,1,-1,'',NULL,NULL,'Patient pa ajouté\nAuteur: admin',21,'societe',NULL,NULL,NULL,NULL,NULL,NULL,NULL,NULL,NULL,NULL,NULL),(134,NULL,1,'2013-01-23 17:34:00',NULL,50,NULL,'bbcv','2013-01-23 17:35:21','2013-01-23 16:35:21',1,NULL,1,2,NULL,0,1,NULL,NULL,0,0,1,-1,'',NULL,NULL,'',NULL,NULL,NULL,NULL,NULL,NULL,NULL,NULL,NULL,NULL,NULL,NULL,NULL),(135,NULL,1,'2013-02-12 15:54:00','2013-02-12 15:54:00',40,NULL,'Facture FA1212-0011 validée dans Dolibarr','2013-02-12 15:54:37','2014-12-21 12:50:33',1,1,NULL,7,NULL,0,1,NULL,1,0,0,1,50,NULL,NULL,NULL,'Facture FA1212-0011 valid&eacute;e dans Dolibarr<br />\r\nAuteur: admin',13,'invoice',NULL,NULL,NULL,NULL,NULL,NULL,NULL,NULL,NULL,NULL,NULL),(136,NULL,1,'2013-02-12 17:06:51','2013-02-12 17:06:51',40,NULL,'Commande CO1107-0003 validée','2013-02-12 17:06:51','2014-12-21 12:50:33',1,NULL,NULL,1,NULL,0,1,NULL,1,0,0,1,-1,'',NULL,NULL,'Commande CO1107-0003 validée\nAuteur: admin',2,'order',NULL,NULL,NULL,NULL,NULL,NULL,NULL,NULL,NULL,NULL,NULL),(137,NULL,1,'2013-02-17 16:22:10','2013-02-17 16:22:10',40,NULL,'Proposition PR1302-0009 validée','2013-02-17 16:22:10','2014-12-21 12:50:33',1,NULL,NULL,19,NULL,0,1,NULL,1,0,0,1,-1,'',NULL,NULL,'Proposition PR1302-0009 validée\nAuteur: admin',9,'propal',NULL,NULL,NULL,NULL,NULL,NULL,NULL,NULL,NULL,NULL,NULL),(138,NULL,1,'2013-02-17 16:27:00','2013-02-17 16:27:00',40,NULL,'Facture FA1302-0012 validée dans Dolibarr','2013-02-17 16:27:00','2014-12-21 12:50:33',1,NULL,NULL,18,NULL,0,1,NULL,1,0,0,1,-1,'',NULL,NULL,'Facture FA1302-0012 validée dans Dolibarr\nAuteur: admin',152,'invoice',NULL,NULL,NULL,NULL,NULL,NULL,NULL,NULL,NULL,NULL,NULL),(139,NULL,1,'2013-02-17 16:27:29','2013-02-17 16:27:29',40,NULL,'Proposition PR1302-0010 validée','2013-02-17 16:27:29','2014-12-21 12:50:33',1,NULL,NULL,18,NULL,0,1,NULL,1,0,0,1,-1,'',NULL,NULL,'Proposition PR1302-0010 validée\nAuteur: admin',11,'propal',NULL,NULL,NULL,NULL,NULL,NULL,NULL,NULL,NULL,NULL,NULL),(140,NULL,1,'2013-02-17 18:27:56','2013-02-17 18:27:56',40,NULL,'Commande CO1107-0004 validée','2013-02-17 18:27:56','2014-12-21 12:50:33',1,NULL,NULL,1,NULL,0,1,NULL,1,0,0,1,-1,'',NULL,NULL,'Commande CO1107-0004 validée\nAuteur: admin',3,'order',NULL,NULL,NULL,NULL,NULL,NULL,NULL,NULL,NULL,NULL,NULL),(141,NULL,1,'2013-02-17 18:38:14','2013-02-17 18:38:14',40,NULL,'Commande CO1302-0005 validée','2013-02-17 18:38:14','2014-12-21 12:50:33',1,NULL,NULL,18,NULL,0,1,NULL,1,0,0,1,-1,'',NULL,NULL,'Commande CO1302-0005 validée\nAuteur: admin',7,'order',NULL,NULL,NULL,NULL,NULL,NULL,NULL,NULL,NULL,NULL,NULL),(142,NULL,1,'2013-02-26 22:57:50','2013-02-26 22:57:50',40,NULL,'Company pppp added into Dolibarr','2013-02-26 22:57:50','2014-12-21 12:50:33',1,NULL,NULL,22,NULL,0,1,NULL,1,0,0,1,-1,'',NULL,NULL,'Company pppp added into Dolibarr\nAuthor: admin',22,'societe',NULL,NULL,NULL,NULL,NULL,NULL,NULL,NULL,NULL,NULL,NULL),(143,NULL,1,'2013-02-26 22:58:13','2013-02-26 22:58:13',40,NULL,'Company ttttt added into Dolibarr','2013-02-26 22:58:13','2014-12-21 12:50:33',1,NULL,NULL,23,NULL,0,1,NULL,1,0,0,1,-1,'',NULL,NULL,'Company ttttt added into Dolibarr\nAuthor: admin',23,'societe',NULL,NULL,NULL,NULL,NULL,NULL,NULL,NULL,NULL,NULL,NULL),(144,NULL,1,'2013-02-27 10:00:00','2013-02-27 19:20:00',5,NULL,'Rendez-vous','2013-02-27 19:20:53','2013-02-27 18:20:53',1,NULL,NULL,NULL,NULL,0,1,NULL,1,0,0,1,-1,'',33600,NULL,'',NULL,NULL,NULL,NULL,NULL,NULL,NULL,NULL,NULL,NULL,NULL,NULL,NULL),(145,NULL,1,'2013-02-27 19:28:00',NULL,2,NULL,'fdsfsd','2013-02-27 19:28:48','2013-02-27 18:29:53',1,1,NULL,NULL,NULL,0,1,NULL,1,0,0,1,-1,NULL,NULL,NULL,NULL,NULL,NULL,NULL,NULL,NULL,NULL,NULL,NULL,NULL,NULL,NULL,NULL,NULL),(146,NULL,1,'2013-03-06 10:05:07','2013-03-06 10:05:07',40,NULL,'Contrat (PROV3) validé dans Dolibarr','2013-03-06 10:05:07','2014-12-21 12:50:33',1,NULL,NULL,19,NULL,0,1,NULL,1,0,0,1,-1,'',NULL,NULL,'Contrat (PROV3) validé dans Dolibarr\nAuteur: admin',3,'contract',NULL,NULL,NULL,NULL,NULL,NULL,NULL,NULL,NULL,NULL,NULL),(147,NULL,1,'2013-03-06 16:43:37','2013-03-06 16:43:37',40,NULL,'Facture FA1307-0013 validée dans Dolibarr','2013-03-06 16:43:37','2014-12-21 12:50:33',1,NULL,NULL,12,NULL,0,1,NULL,1,0,0,1,-1,'',NULL,NULL,'Facture FA1307-0013 validée dans Dolibarr\nAuteur: admin',158,'invoice',NULL,NULL,NULL,NULL,NULL,NULL,NULL,NULL,NULL,NULL,NULL),(148,NULL,1,'2013-03-06 16:44:12','2013-03-06 16:44:12',40,NULL,'Facture FA1407-0014 validée dans Dolibarr','2013-03-06 16:44:12','2014-12-21 12:50:33',1,NULL,NULL,12,NULL,0,1,NULL,1,0,0,1,-1,'',NULL,NULL,'Facture FA1407-0014 validée dans Dolibarr\nAuteur: admin',159,'invoice',NULL,NULL,NULL,NULL,NULL,NULL,NULL,NULL,NULL,NULL,NULL),(149,NULL,1,'2013-03-06 16:47:48','2013-03-06 16:47:48',40,NULL,'Facture FA1507-0015 validée dans Dolibarr','2013-03-06 16:47:48','2014-12-21 12:50:33',1,NULL,NULL,12,NULL,0,1,NULL,1,0,0,1,-1,'',NULL,NULL,'Facture FA1507-0015 validée dans Dolibarr\nAuteur: admin',160,'invoice',NULL,NULL,NULL,NULL,NULL,NULL,NULL,NULL,NULL,NULL,NULL),(150,NULL,1,'2013-03-06 16:48:16','2013-03-06 16:48:16',40,NULL,'Facture FA1607-0016 validée dans Dolibarr','2013-03-06 16:48:16','2014-12-21 12:50:33',1,NULL,NULL,12,NULL,0,1,NULL,1,0,0,1,-1,'',NULL,NULL,'Facture FA1607-0016 validée dans Dolibarr\nAuteur: admin',161,'invoice',NULL,NULL,NULL,NULL,NULL,NULL,NULL,NULL,NULL,NULL,NULL),(151,NULL,1,'2013-03-06 17:13:59','2013-03-06 17:13:59',40,NULL,'Société smith smith ajoutée dans Dolibarr','2013-03-06 17:13:59','2014-12-21 12:50:33',1,NULL,NULL,24,NULL,0,1,NULL,1,0,0,1,-1,'',NULL,NULL,'Société smith smith ajoutée dans Dolibarr\nAuteur: admin',24,'societe',NULL,NULL,NULL,NULL,NULL,NULL,NULL,NULL,NULL,NULL,NULL),(152,NULL,1,'2013-03-08 10:02:22','2013-03-08 10:02:22',40,NULL,'Proposition (PROV12) validée dans Dolibarr','2013-03-08 10:02:22','2014-12-21 12:50:33',1,NULL,NULL,23,NULL,0,1,NULL,1,0,0,1,-1,'',NULL,NULL,'Proposition (PROV12) validée dans Dolibarr\nAuteur: admin',12,'propal',NULL,NULL,NULL,NULL,NULL,NULL,NULL,NULL,NULL,NULL,NULL),(203,NULL,1,'2013-03-09 19:39:27','2013-03-09 19:39:27',40,'AC_ORDER_SUPPLIER_VALIDATE','Commande CF1303-0004 validée','2013-03-09 19:39:27','2014-12-21 12:50:33',1,NULL,NULL,1,NULL,0,1,NULL,1,0,0,1,-1,'',NULL,NULL,'Commande CF1303-0004 validée\nAuteur: admin',13,'order_supplier',NULL,NULL,NULL,NULL,NULL,NULL,NULL,NULL,NULL,NULL,NULL),(204,NULL,1,'2013-03-10 15:47:37','2013-03-10 15:47:37',40,'AC_COMPANY_CREATE','Patient créé','2013-03-10 15:47:37','2014-12-21 12:50:33',1,NULL,NULL,25,NULL,0,1,NULL,1,0,0,1,-1,'',NULL,NULL,'Patient créé\nAuteur: admin',25,'societe',NULL,NULL,NULL,NULL,NULL,NULL,NULL,NULL,NULL,NULL,NULL),(205,NULL,1,'2013-03-10 15:57:32','2013-03-10 15:57:32',40,'AC_COMPANY_CREATE','Tiers créé','2013-03-10 15:57:32','2014-12-21 12:50:33',1,NULL,NULL,26,NULL,0,1,NULL,1,0,0,1,-1,'',NULL,NULL,'Tiers créé\nAuteur: admin',26,'societe',NULL,NULL,NULL,NULL,NULL,NULL,NULL,NULL,NULL,NULL,NULL),(206,NULL,1,'2013-03-10 15:58:28','2013-03-10 15:58:28',40,'AC_BILL_VALIDATE','Facture FA1303-0017 validée','2013-03-10 15:58:28','2014-12-21 12:50:33',1,NULL,NULL,26,NULL,0,1,NULL,1,0,0,1,-1,'',NULL,NULL,'Facture FA1303-0017 validée\nAuteur: admin',208,'invoice',NULL,NULL,NULL,NULL,NULL,NULL,NULL,NULL,NULL,NULL,NULL),(207,NULL,1,'2013-03-19 09:38:10','2013-03-19 09:38:10',40,'AC_BILL_VALIDATE','Facture FA1303-0018 validée','2013-03-19 09:38:10','2014-12-21 12:50:33',1,NULL,NULL,19,NULL,0,1,NULL,1,0,0,1,-1,'',NULL,NULL,'Facture FA1303-0018 validée\nAuteur: admin',209,'invoice',NULL,NULL,NULL,NULL,NULL,NULL,NULL,NULL,NULL,NULL,NULL),(208,NULL,1,'2013-03-20 14:30:11','2013-03-20 14:30:11',40,'AC_BILL_VALIDATE','Facture FA1107-0019 validée','2013-03-20 14:30:11','2014-12-21 12:50:33',1,NULL,NULL,10,NULL,0,1,NULL,1,0,0,1,-1,'',NULL,NULL,'Facture FA1107-0019 validée\nAuteur: admin',210,'invoice',NULL,NULL,NULL,NULL,NULL,NULL,NULL,NULL,NULL,NULL,NULL),(209,NULL,1,'2013-03-22 09:40:25','2013-03-22 09:40:25',40,'AC_BILL_VALIDATE','Facture FA1303-0020 validée','2013-03-22 09:40:25','2014-12-21 12:50:33',1,NULL,NULL,19,NULL,0,1,NULL,1,0,0,1,-1,'',NULL,NULL,'Facture FA1303-0020 validée\nAuteur: admin',211,'invoice',NULL,NULL,NULL,NULL,NULL,NULL,NULL,NULL,NULL,NULL,NULL),(210,NULL,1,'2013-03-23 17:16:25','2013-03-23 17:16:25',40,'AC_BILL_VALIDATE','Facture FA1303-0020 validée','2013-03-23 17:16:25','2014-12-21 12:50:33',1,NULL,NULL,19,NULL,0,1,NULL,1,0,0,1,-1,'',NULL,NULL,'Facture FA1303-0020 validée\nAuteur: admin',211,'invoice',NULL,NULL,NULL,NULL,NULL,NULL,NULL,NULL,NULL,NULL,NULL),(211,NULL,1,'2013-03-23 18:08:27','2013-03-23 18:08:27',40,'AC_BILL_VALIDATE','Facture FA1307-0013 validée','2013-03-23 18:08:27','2014-12-21 12:50:33',1,NULL,NULL,12,NULL,0,1,NULL,1,0,0,1,-1,'',NULL,NULL,'Facture FA1307-0013 validée\nAuteur: admin',158,'invoice',NULL,NULL,NULL,NULL,NULL,NULL,NULL,NULL,NULL,NULL,NULL),(212,NULL,1,'2013-03-24 15:54:00','2013-03-24 15:54:00',40,'AC_BILL_VALIDATE','Facture FA1212-0021 validée','2013-03-24 15:54:00','2014-12-21 12:50:33',1,NULL,NULL,1,NULL,0,1,NULL,1,0,0,1,-1,'',NULL,NULL,'Facture FA1212-0021 validée\nAuteur: admin',32,'invoice',NULL,NULL,NULL,NULL,NULL,NULL,NULL,NULL,NULL,NULL,NULL),(213,NULL,1,'2013-11-07 01:02:39','2013-11-07 01:02:39',40,'AC_COMPANY_CREATE','Third party created','2013-11-07 01:02:39','2014-12-21 12:50:33',1,NULL,NULL,27,NULL,0,1,0,1,0,0,1,-1,'',NULL,NULL,'Third party created\nAuthor: admin',27,'societe',NULL,NULL,NULL,NULL,NULL,NULL,NULL,NULL,NULL,NULL,NULL),(214,NULL,1,'2013-11-07 01:05:22','2013-11-07 01:05:22',40,'AC_COMPANY_CREATE','Third party created','2013-11-07 01:05:22','2014-12-21 12:50:33',1,NULL,NULL,28,NULL,0,1,0,1,0,0,1,-1,'',NULL,NULL,'Third party created\nAuthor: admin',28,'societe',NULL,NULL,NULL,NULL,NULL,NULL,NULL,NULL,NULL,NULL,NULL),(215,NULL,1,'2013-11-07 01:07:07','2013-11-07 01:07:07',40,'AC_COMPANY_CREATE','Third party created','2013-11-07 01:07:07','2014-12-21 12:50:33',1,NULL,NULL,29,NULL,0,1,0,1,0,0,1,-1,'',NULL,NULL,'Third party created\nAuthor: admin',29,'societe',NULL,NULL,NULL,NULL,NULL,NULL,NULL,NULL,NULL,NULL,NULL),(216,NULL,1,'2013-11-07 01:07:58','2013-11-07 01:07:58',40,'AC_COMPANY_CREATE','Third party created','2013-11-07 01:07:58','2014-12-21 12:50:33',1,NULL,NULL,30,NULL,0,1,0,1,0,0,1,-1,'',NULL,NULL,'Third party created\nAuthor: admin',30,'societe',NULL,NULL,NULL,NULL,NULL,NULL,NULL,NULL,NULL,NULL,NULL),(217,NULL,1,'2013-11-07 01:10:09','2013-11-07 01:10:09',40,'AC_COMPANY_CREATE','Third party created','2013-11-07 01:10:09','2014-12-21 12:50:33',1,NULL,NULL,31,NULL,0,1,0,1,0,0,1,-1,'',NULL,NULL,'Third party created\nAuthor: admin',31,'societe',NULL,NULL,NULL,NULL,NULL,NULL,NULL,NULL,NULL,NULL,NULL),(218,NULL,1,'2013-11-07 01:15:57','2013-11-07 01:15:57',40,'AC_COMPANY_CREATE','Third party created','2013-11-07 01:15:57','2014-12-21 12:50:33',1,NULL,NULL,32,NULL,0,1,0,1,0,0,1,-1,'',NULL,NULL,'Third party created\nAuthor: admin',32,'societe',NULL,NULL,NULL,NULL,NULL,NULL,NULL,NULL,NULL,NULL,NULL),(219,NULL,1,'2013-11-07 01:16:51','2013-11-07 01:16:51',40,'AC_COMPANY_CREATE','Third party created','2013-11-07 01:16:51','2014-12-21 12:50:33',1,NULL,NULL,33,NULL,0,1,0,1,0,0,1,-1,'',NULL,NULL,'Third party created\nAuthor: admin',33,'societe',NULL,NULL,NULL,NULL,NULL,NULL,NULL,NULL,NULL,NULL,NULL),(220,NULL,1,'2014-03-02 17:24:04','2014-03-02 17:24:04',40,'AC_BILL_VALIDATE','Invoice FA1302-0022 validated','2014-03-02 17:24:04','2014-12-21 12:50:33',1,NULL,NULL,18,NULL,0,1,0,1,0,0,1,-1,'',NULL,NULL,'Invoice FA1302-0022 validated\nAuthor: admin',157,'invoice',NULL,NULL,NULL,NULL,NULL,NULL,NULL,NULL,NULL,NULL,NULL),(221,NULL,1,'2014-03-02 17:24:28','2014-03-02 17:24:28',40,'AC_BILL_VALIDATE','Invoice FA1303-0020 validated','2014-03-02 17:24:28','2014-12-21 12:50:33',1,NULL,NULL,19,NULL,0,1,0,1,0,0,1,-1,'',NULL,NULL,'Invoice FA1303-0020 validated\nAuthor: admin',211,'invoice',NULL,NULL,NULL,NULL,NULL,NULL,NULL,NULL,NULL,NULL,NULL),(222,NULL,1,'2014-03-05 10:00:00','2014-03-05 10:00:00',5,NULL,'RDV John','2014-03-02 19:54:48','2014-03-02 18:55:29',1,1,NULL,NULL,NULL,0,1,0,NULL,0,0,1,-1,NULL,NULL,NULL,'gfdgdfgdf',NULL,NULL,NULL,NULL,NULL,NULL,NULL,NULL,NULL,NULL,NULL,NULL,NULL),(223,NULL,1,'2014-03-13 10:00:00','2014-03-17 00:00:00',50,NULL,'Congress','2014-03-02 19:55:11','2014-03-02 18:55:11',1,NULL,NULL,NULL,NULL,0,1,0,NULL,0,0,1,-1,'',309600,NULL,'',NULL,NULL,NULL,NULL,NULL,NULL,NULL,NULL,NULL,NULL,NULL,NULL,NULL),(224,NULL,1,'2014-03-14 10:00:00',NULL,1,NULL,'Call john','2014-03-02 19:55:56','2014-03-02 18:55:56',1,NULL,NULL,NULL,NULL,0,1,0,NULL,0,0,1,0,'',NULL,NULL,'tttt',NULL,NULL,NULL,NULL,NULL,NULL,NULL,NULL,NULL,NULL,NULL,NULL,NULL),(225,NULL,1,'2014-03-02 20:11:31','2014-03-02 20:11:31',40,'AC_BILL_UNVALIDATE','Invoice FA1303-0020 go back to draft status','2014-03-02 20:11:31','2014-12-21 12:50:33',1,NULL,NULL,19,NULL,0,1,0,1,0,0,1,-1,'',NULL,NULL,'Invoice FA1303-0020 go back to draft status\nAuthor: admin',211,'invoice',NULL,NULL,NULL,NULL,NULL,NULL,NULL,NULL,NULL,NULL,NULL),(226,NULL,1,'2014-03-02 20:13:39','2014-03-02 20:13:39',40,'AC_BILL_VALIDATE','Invoice FA1303-0020 validated','2014-03-02 20:13:39','2014-12-21 12:50:33',1,NULL,NULL,19,NULL,0,1,0,1,0,0,1,-1,'',NULL,NULL,'Invoice FA1303-0020 validated\nAuthor: admin',211,'invoice',NULL,NULL,NULL,NULL,NULL,NULL,NULL,NULL,NULL,NULL,NULL),(227,NULL,1,'2014-03-03 19:20:10','2014-03-03 19:20:10',40,'AC_BILL_VALIDATE','Invoice FA1212-0023 validated','2014-03-03 19:20:10','2014-12-21 12:50:33',1,NULL,NULL,1,NULL,0,1,0,1,0,0,1,-1,'',NULL,NULL,'Invoice FA1212-0023 validated\nAuthor: admin',33,'invoice',NULL,NULL,NULL,NULL,NULL,NULL,NULL,NULL,NULL,NULL,NULL),(228,NULL,1,'2014-03-03 19:20:25','2014-03-03 19:20:25',40,'AC_BILL_CANCEL','Invoice FA1212-0023 canceled in Dolibarr','2014-03-03 19:20:25','2014-12-21 12:50:33',1,NULL,NULL,1,NULL,0,1,0,1,0,0,1,-1,'',NULL,NULL,'Invoice FA1212-0023 canceled in Dolibarr\nAuthor: admin',33,'invoice',NULL,NULL,NULL,NULL,NULL,NULL,NULL,NULL,NULL,NULL,NULL),(229,NULL,1,'2014-03-03 19:20:56','2014-03-03 19:20:56',40,'AC_BILL_VALIDATE','Invoice AV1403-0003 validated','2014-03-03 19:20:56','2014-12-21 12:50:33',1,NULL,NULL,1,NULL,0,1,0,1,0,0,1,-1,'',NULL,NULL,'Invoice AV1403-0003 validated\nAuthor: admin',212,'invoice',NULL,NULL,NULL,NULL,NULL,NULL,NULL,NULL,NULL,NULL,NULL),(230,NULL,1,'2014-03-03 19:21:29','2014-03-03 19:21:29',40,'AC_BILL_UNVALIDATE','Invoice AV1403-0003 go back to draft status','2014-03-03 19:21:29','2014-12-21 12:50:33',1,NULL,NULL,1,NULL,0,1,0,1,0,0,1,-1,'',NULL,NULL,'Invoice AV1403-0003 go back to draft status\nAuthor: admin',212,'invoice',NULL,NULL,NULL,NULL,NULL,NULL,NULL,NULL,NULL,NULL,NULL),(231,NULL,1,'2014-03-03 19:22:16','2014-03-03 19:22:16',40,'AC_BILL_VALIDATE','Invoice AV1303-0003 validated','2014-03-03 19:22:16','2014-12-21 12:50:33',1,NULL,NULL,1,NULL,0,1,0,1,0,0,1,-1,'',NULL,NULL,'Invoice AV1303-0003 validated\nAuthor: admin',213,'invoice',NULL,NULL,NULL,NULL,NULL,NULL,NULL,NULL,NULL,NULL,NULL),(232,NULL,1,'2016-01-22 18:54:39','2016-01-22 18:54:39',40,'AC_OTH_AUTO','Invoice 16 validated','2016-01-22 18:54:39','2016-01-22 17:54:39',12,NULL,NULL,1,NULL,0,12,0,NULL,0,0,1,-1,'',NULL,NULL,'Invoice 16 validated\nAuthor: admin',16,'invoice_supplier',NULL,NULL,NULL,NULL,NULL,NULL,NULL,NULL,NULL,NULL,NULL),(233,NULL,1,'2016-01-22 18:54:46','2016-01-22 18:54:46',40,'AC_OTH_AUTO','Invoice 16 validated','2016-01-22 18:54:46','2016-01-22 17:54:46',12,NULL,NULL,1,NULL,0,12,0,NULL,0,0,1,-1,'',NULL,NULL,'Invoice 16 validated\nAuthor: admin',16,'invoice_supplier',NULL,NULL,NULL,NULL,NULL,NULL,NULL,NULL,NULL,NULL,NULL),(234,NULL,1,'2016-07-05 10:00:00','2016-07-05 11:19:00',5,'AC_RDV','Meeting with my boss','2016-07-31 18:19:48','2016-07-31 14:19:48',12,NULL,NULL,NULL,NULL,0,12,1,NULL,0,0,1,-1,'',4740,NULL,'',NULL,NULL,NULL,NULL,NULL,NULL,NULL,NULL,NULL,NULL,NULL,NULL,NULL),(235,NULL,1,'2016-07-13 00:00:00','2016-07-14 23:59:59',50,'AC_OTH','Trip at Las Vegas','2016-07-31 18:20:36','2016-07-31 14:20:36',12,NULL,4,NULL,2,0,12,1,NULL,0,1,1,-1,'',172799,NULL,'',NULL,NULL,NULL,NULL,NULL,NULL,NULL,NULL,NULL,NULL,NULL,NULL,NULL),(236,NULL,1,'2016-07-29 10:00:00',NULL,4,'AC_EMAIL','Remind to send an email','2016-07-31 18:21:04','2016-07-31 14:21:04',12,NULL,NULL,NULL,NULL,0,4,0,NULL,0,0,1,-1,'',NULL,NULL,'',NULL,NULL,NULL,NULL,NULL,NULL,NULL,NULL,NULL,NULL,NULL,NULL,NULL),(237,NULL,1,'2016-07-01 10:00:00',NULL,1,'AC_TEL','Phone call with Mr Vaalen','2016-07-31 18:22:04','2016-07-31 14:22:04',12,NULL,6,4,NULL,0,13,0,NULL,0,0,1,-1,'',NULL,NULL,'',NULL,NULL,NULL,NULL,NULL,NULL,NULL,NULL,NULL,NULL,NULL,NULL,NULL),(238,NULL,1,'2016-08-02 10:00:00','2016-08-02 12:00:00',5,'AC_RDV','Meeting on radium','2016-08-01 01:15:50','2016-07-31 21:15:50',12,NULL,8,10,10,0,12,1,NULL,0,0,1,-1,'',7200,NULL,'',NULL,NULL,NULL,NULL,NULL,NULL,NULL,NULL,NULL,NULL,NULL,NULL,NULL),(239,NULL,1,'2017-01-29 21:49:33','2017-01-29 21:49:33',40,'AC_OTH_AUTO','Proposal PR1302-0007 validated','2017-01-29 21:49:33','2017-01-29 17:49:33',12,NULL,NULL,19,NULL,0,12,0,NULL,0,0,1,-1,'',NULL,NULL,'Proposal PR1302-0007 validated\nAuthor: admin',7,'propal',NULL,NULL,NULL,NULL,NULL,NULL,NULL,NULL,NULL,NULL,NULL),(240,NULL,1,'2017-01-31 20:52:00',NULL,1,'AC_TEL','Call the boss','2017-01-31 20:52:10','2017-01-31 16:52:25',12,12,6,NULL,NULL,0,12,1,NULL,0,0,1,-1,NULL,NULL,NULL,NULL,NULL,NULL,NULL,NULL,NULL,NULL,NULL,NULL,NULL,NULL,NULL,NULL,NULL),(242,NULL,1,'2017-02-01 18:52:04','2017-02-01 18:52:04',40,'AC_OTH_AUTO','Order CF1007-0001 validated','2017-02-01 18:52:04','2017-02-01 14:52:04',12,NULL,NULL,13,NULL,0,12,0,NULL,0,0,1,-1,'',NULL,NULL,'Order CF1007-0001 validated\nAuthor: admin',1,'order_supplier',NULL,NULL,NULL,NULL,NULL,NULL,NULL,NULL,NULL,NULL,NULL),(243,NULL,1,'2017-02-01 18:52:04','2017-02-01 18:52:04',40,'AC_OTH_AUTO','Order CF1007-0001 approved','2017-02-01 18:52:04','2017-02-01 14:52:04',12,NULL,NULL,13,NULL,0,12,0,NULL,0,0,1,-1,'',NULL,NULL,'Order CF1007-0001 approved\nAuthor: admin',1,'order_supplier',NULL,NULL,NULL,NULL,NULL,NULL,NULL,NULL,NULL,NULL,NULL),(245,NULL,1,'2017-02-01 18:52:32','2017-02-01 18:52:32',40,'AC_OTH_AUTO','Supplier order CF1007-0001 submited','2017-02-01 18:52:32','2017-02-01 14:52:32',12,NULL,NULL,13,NULL,0,12,0,NULL,0,0,1,-1,'',NULL,NULL,'Supplier order CF1007-0001 submited\nAuthor: admin',1,'order_supplier',NULL,NULL,NULL,NULL,NULL,NULL,NULL,NULL,NULL,NULL,NULL),(249,NULL,1,'2017-02-01 18:54:01','2017-02-01 18:54:01',40,'AC_OTH_AUTO','Supplier order CF1007-0001 received','2017-02-01 18:54:01','2017-02-01 14:54:01',12,NULL,NULL,13,NULL,0,12,0,NULL,0,0,1,-1,'',NULL,NULL,'Supplier order CF1007-0001 received \nAuthor: admin',1,'order_supplier',NULL,NULL,NULL,NULL,NULL,NULL,NULL,NULL,NULL,NULL,NULL),(250,NULL,1,'2017-02-01 18:54:42','2017-02-01 18:54:42',40,'AC_OTH_AUTO','Email sent by MyBigCompany To mycustomer@example.com','2017-02-01 18:54:42','2017-02-01 14:54:42',12,NULL,NULL,13,NULL,0,12,0,NULL,0,0,1,-1,'',NULL,NULL,'Sender: MyBigCompany &lt;myemail@mybigcompany.com&gt;<br>\nReceiver(s): mycustomer@example.com<br>\nEMail topic: Submission of order CF1007-0001<br>\nEmail body:<br>\nYou will find here our order CF1007-0001<br />\r\n<br />\r\nSincerely<br>\n<br>\nAttached files and documents: CF1007-0001.pdf',1,'order_supplier',NULL,NULL,NULL,NULL,NULL,NULL,NULL,NULL,NULL,NULL,NULL),(251,NULL,1,'2017-02-01 19:02:21','2017-02-01 19:02:21',40,'AC_OTH_AUTO','Invoice SI1702-0001 validated','2017-02-01 19:02:21','2017-02-01 15:02:21',12,NULL,5,13,NULL,0,12,0,NULL,0,0,1,-1,'',NULL,NULL,'Invoice SI1702-0001 validated\nAuthor: admin',20,'invoice_supplier',NULL,NULL,NULL,NULL,NULL,NULL,NULL,NULL,NULL,NULL,NULL),(252,NULL,1,'2017-02-12 23:17:04','2017-02-12 23:17:04',40,'AC_OTH_AUTO','Patient créé','2017-02-12 23:17:04','2017-02-12 19:17:04',12,NULL,NULL,26,NULL,0,12,0,NULL,0,0,1,-1,'',NULL,NULL,'Patient créé\nAuthor: admin',26,'societe',NULL,NULL,NULL,NULL,NULL,NULL,NULL,NULL,NULL,NULL,NULL),(253,NULL,1,'2017-02-12 23:18:33','2017-02-12 23:18:33',40,'AC_OTH_AUTO','Consultation 2 recorded (aaa)','2017-02-12 23:18:33','2017-02-12 19:18:33',12,NULL,NULL,NULL,NULL,0,12,0,NULL,0,0,1,-1,'',NULL,NULL,'Consultation 2 recorded (aaa)\nAuthor: admin',2,'cabinetmed_cons',NULL,NULL,NULL,NULL,NULL,NULL,NULL,NULL,NULL,NULL,NULL),(254,NULL,1,'2017-02-15 23:28:41','2017-02-15 23:28:41',40,'AC_OTH_AUTO','Order CO7001-0005 validated','2017-02-15 23:28:41','2017-02-15 22:28:41',12,NULL,NULL,4,NULL,0,12,0,NULL,0,0,1,-1,'',NULL,NULL,'Order CO7001-0005 validated\nAuthor: admin',7,'order',NULL,NULL,NULL,NULL,NULL,NULL,NULL,NULL,NULL,NULL,NULL),(255,NULL,1,'2017-02-15 23:28:56','2017-02-15 23:28:56',40,'AC_OTH_AUTO','Order CO7001-0006 validated','2017-02-15 23:28:56','2017-02-15 22:28:56',12,NULL,NULL,4,NULL,0,12,0,NULL,0,0,1,-1,'',NULL,NULL,'Order CO7001-0006 validated\nAuthor: admin',8,'order',NULL,NULL,NULL,NULL,NULL,NULL,NULL,NULL,NULL,NULL,NULL),(256,NULL,1,'2017-02-15 23:34:33','2017-02-15 23:34:33',40,'AC_OTH_AUTO','Order CO7001-0007 validated','2017-02-15 23:34:33','2017-02-15 22:34:33',12,NULL,NULL,3,NULL,0,12,0,NULL,0,0,1,-1,'',NULL,NULL,'Order CO7001-0007 validated\nAuthor: admin',9,'order',NULL,NULL,NULL,NULL,NULL,NULL,NULL,NULL,NULL,NULL,NULL),(257,NULL,1,'2017-02-15 23:35:03','2017-02-15 23:35:03',40,'AC_OTH_AUTO','Order CO7001-0008 validated','2017-02-15 23:35:03','2017-02-15 22:35:03',12,NULL,NULL,3,NULL,0,12,0,NULL,0,0,1,-1,'',NULL,NULL,'Order CO7001-0008 validated\nAuthor: admin',10,'order',NULL,NULL,NULL,NULL,NULL,NULL,NULL,NULL,NULL,NULL,NULL),(263,NULL,1,'2017-02-15 23:50:34','2017-02-15 23:50:34',40,'AC_OTH_AUTO','Order CO7001-0005 validated','2017-02-15 23:50:34','2017-02-15 22:50:34',12,NULL,NULL,4,NULL,0,12,0,NULL,0,0,1,-1,'',NULL,NULL,'Order CO7001-0005 validated\nAuthor: admin',17,'order',NULL,NULL,NULL,NULL,NULL,NULL,NULL,NULL,NULL,NULL,NULL),(264,NULL,1,'2017-02-15 23:51:23','2017-02-15 23:51:23',40,'AC_OTH_AUTO','Order CO7001-0006 validated','2017-02-15 23:51:23','2017-02-15 22:51:23',12,NULL,NULL,7,NULL,0,12,0,NULL,0,0,1,-1,'',NULL,NULL,'Order CO7001-0006 validated\nAuthor: admin',18,'order',NULL,NULL,NULL,NULL,NULL,NULL,NULL,NULL,NULL,NULL,NULL),(265,NULL,1,'2017-02-15 23:54:51','2017-02-15 23:54:51',40,'AC_OTH_AUTO','Order CO7001-0007 validated','2017-02-15 23:54:51','2017-02-15 22:54:51',12,NULL,NULL,17,NULL,0,12,0,NULL,0,0,1,-1,'',NULL,NULL,'Order CO7001-0007 validated\nAuthor: admin',19,'order',NULL,NULL,NULL,NULL,NULL,NULL,NULL,NULL,NULL,NULL,NULL),(266,NULL,1,'2017-02-15 23:55:52','2017-02-15 23:55:52',40,'AC_OTH_AUTO','Order CO7001-0007 validated','2017-02-15 23:55:52','2017-02-15 22:55:52',12,NULL,NULL,4,NULL,0,12,0,NULL,0,0,1,-1,'',NULL,NULL,'Order CO7001-0007 validated\nAuthor: admin',20,'order',NULL,NULL,NULL,NULL,NULL,NULL,NULL,NULL,NULL,NULL,NULL),(267,NULL,1,'2017-02-16 00:03:44','2017-02-16 00:03:44',40,'AC_OTH_AUTO','Order CO7001-0008 validated','2017-02-16 00:03:44','2017-02-15 23:03:44',12,NULL,NULL,4,NULL,0,12,0,NULL,0,0,1,-1,'',NULL,NULL,'Order CO7001-0008 validated\nAuthor: admin',29,'order',NULL,NULL,NULL,NULL,NULL,NULL,NULL,NULL,NULL,NULL,NULL),(268,NULL,1,'2017-02-16 00:05:01','2017-02-16 00:05:01',40,'AC_OTH_AUTO','Order CO7001-0009 validated','2017-02-16 00:05:01','2017-02-15 23:05:01',12,NULL,NULL,11,NULL,0,12,0,NULL,0,0,1,-1,'',NULL,NULL,'Order CO7001-0009 validated\nAuthor: admin',34,'order',NULL,NULL,NULL,NULL,NULL,NULL,NULL,NULL,NULL,NULL,NULL),(269,NULL,1,'2017-02-16 00:05:01','2017-02-16 00:05:01',40,'AC_OTH_AUTO','Order CO7001-0010 validated','2017-02-16 00:05:01','2017-02-15 23:05:01',12,NULL,NULL,3,NULL,0,12,0,NULL,0,0,1,-1,'',NULL,NULL,'Order CO7001-0010 validated\nAuthor: admin',38,'order',NULL,NULL,NULL,NULL,NULL,NULL,NULL,NULL,NULL,NULL,NULL),(270,NULL,1,'2017-02-16 00:05:11','2017-02-16 00:05:11',40,'AC_OTH_AUTO','Order CO7001-0011 validated','2017-02-16 00:05:11','2017-02-15 23:05:11',12,NULL,NULL,11,NULL,0,12,0,NULL,0,0,1,-1,'',NULL,NULL,'Order CO7001-0011 validated\nAuthor: admin',40,'order',NULL,NULL,NULL,NULL,NULL,NULL,NULL,NULL,NULL,NULL,NULL),(271,NULL,1,'2017-02-16 00:05:11','2017-02-16 00:05:11',40,'AC_OTH_AUTO','Order CO7001-0012 validated','2017-02-16 00:05:11','2017-02-15 23:05:11',12,NULL,NULL,10,NULL,0,12,0,NULL,0,0,1,-1,'',NULL,NULL,'Order CO7001-0012 validated\nAuthor: admin',43,'order',NULL,NULL,NULL,NULL,NULL,NULL,NULL,NULL,NULL,NULL,NULL),(272,NULL,1,'2017-02-16 00:05:11','2017-02-16 00:05:11',40,'AC_OTH_AUTO','Order CO7001-0013 validated','2017-02-16 00:05:11','2017-02-15 23:05:11',12,NULL,NULL,1,NULL,0,12,0,NULL,0,0,1,-1,'',NULL,NULL,'Order CO7001-0013 validated\nAuthor: admin',47,'order',NULL,NULL,NULL,NULL,NULL,NULL,NULL,NULL,NULL,NULL,NULL),(273,NULL,1,'2017-02-16 00:05:11','2017-02-16 00:05:11',40,'AC_OTH_AUTO','Order CO7001-0014 validated','2017-02-16 00:05:11','2017-02-15 23:05:11',12,NULL,NULL,4,NULL,0,12,0,NULL,0,0,1,-1,'',NULL,NULL,'Order CO7001-0014 validated\nAuthor: admin',48,'order',NULL,NULL,NULL,NULL,NULL,NULL,NULL,NULL,NULL,NULL,NULL),(274,NULL,1,'2017-02-16 00:05:26','2017-02-16 00:05:26',40,'AC_OTH_AUTO','Order CO7001-0015 validated','2017-02-16 00:05:26','2017-02-15 23:05:26',12,NULL,NULL,1,NULL,0,12,0,NULL,0,0,1,-1,'',NULL,NULL,'Order CO7001-0015 validated\nAuthor: admin',50,'order',NULL,NULL,NULL,NULL,NULL,NULL,NULL,NULL,NULL,NULL,NULL),(275,NULL,1,'2017-02-16 00:05:26','2017-02-16 00:05:26',40,'AC_OTH_AUTO','Order CO7001-0016 validated','2017-02-16 00:05:26','2017-02-15 23:05:26',12,NULL,NULL,12,NULL,0,12,0,NULL,0,0,1,-1,'',NULL,NULL,'Order CO7001-0016 validated\nAuthor: admin',54,'order',NULL,NULL,NULL,NULL,NULL,NULL,NULL,NULL,NULL,NULL,NULL),(277,NULL,1,'2017-02-16 00:05:35','2017-02-16 00:05:35',40,'AC_OTH_AUTO','Order CO7001-0018 validated','2017-02-16 00:05:35','2017-02-15 23:05:35',12,NULL,NULL,19,NULL,0,12,0,NULL,0,0,1,-1,'',NULL,NULL,'Order CO7001-0018 validated\nAuthor: admin',62,'order',NULL,NULL,NULL,NULL,NULL,NULL,NULL,NULL,NULL,NULL,NULL),(278,NULL,1,'2017-02-16 00:05:35','2017-02-16 00:05:35',40,'AC_OTH_AUTO','Order CO7001-0019 validated','2017-02-16 00:05:35','2017-02-15 23:05:35',12,NULL,NULL,3,NULL,0,12,0,NULL,0,0,1,-1,'',NULL,NULL,'Order CO7001-0019 validated\nAuthor: admin',68,'order',NULL,NULL,NULL,NULL,NULL,NULL,NULL,NULL,NULL,NULL,NULL),(279,NULL,1,'2017-02-16 00:05:36','2017-02-16 00:05:36',40,'AC_OTH_AUTO','Order CO7001-0020 validated','2017-02-16 00:05:36','2017-02-15 23:05:36',12,NULL,NULL,6,NULL,0,12,0,NULL,0,0,1,-1,'',NULL,NULL,'Order CO7001-0020 validated\nAuthor: admin',72,'order',NULL,NULL,NULL,NULL,NULL,NULL,NULL,NULL,NULL,NULL,NULL),(281,NULL,1,'2017-02-16 00:05:37','2017-02-16 00:05:37',40,'AC_OTH_AUTO','Order CO7001-0022 validated','2017-02-16 00:05:37','2017-02-15 23:05:37',12,NULL,NULL,12,NULL,0,12,0,NULL,0,0,1,-1,'',NULL,NULL,'Order CO7001-0022 validated\nAuthor: admin',78,'order',NULL,NULL,NULL,NULL,NULL,NULL,NULL,NULL,NULL,NULL,NULL),(282,NULL,1,'2017-02-16 00:05:38','2017-02-16 00:05:38',40,'AC_OTH_AUTO','Order CO7001-0023 validated','2017-02-16 00:05:38','2017-02-15 23:05:38',12,NULL,NULL,11,NULL,0,12,0,NULL,0,0,1,-1,'',NULL,NULL,'Order CO7001-0023 validated\nAuthor: admin',81,'order',NULL,NULL,NULL,NULL,NULL,NULL,NULL,NULL,NULL,NULL,NULL),(283,NULL,1,'2017-02-16 00:05:38','2017-02-16 00:05:38',40,'AC_OTH_AUTO','Order CO7001-0024 validated','2017-02-16 00:05:38','2017-02-15 23:05:38',12,NULL,NULL,26,NULL,0,12,0,NULL,0,0,1,-1,'',NULL,NULL,'Order CO7001-0024 validated\nAuthor: admin',83,'order',NULL,NULL,NULL,NULL,NULL,NULL,NULL,NULL,NULL,NULL,NULL),(284,NULL,1,'2017-02-16 00:05:38','2017-02-16 00:05:38',40,'AC_OTH_AUTO','Order CO7001-0025 validated','2017-02-16 00:05:38','2017-02-15 23:05:38',12,NULL,NULL,2,NULL,0,12,0,NULL,0,0,1,-1,'',NULL,NULL,'Order CO7001-0025 validated\nAuthor: admin',84,'order',NULL,NULL,NULL,NULL,NULL,NULL,NULL,NULL,NULL,NULL,NULL),(285,NULL,1,'2017-02-16 00:05:38','2017-02-16 00:05:38',40,'AC_OTH_AUTO','Order CO7001-0026 validated','2017-02-16 00:05:38','2017-02-15 23:05:38',12,NULL,NULL,1,NULL,0,12,0,NULL,0,0,1,-1,'',NULL,NULL,'Order CO7001-0026 validated\nAuthor: admin',85,'order',NULL,NULL,NULL,NULL,NULL,NULL,NULL,NULL,NULL,NULL,NULL),(286,NULL,1,'2017-02-16 00:05:38','2017-02-16 00:05:38',40,'AC_OTH_AUTO','Order CO7001-0027 validated','2017-02-16 00:05:38','2017-02-15 23:05:38',12,NULL,NULL,10,NULL,0,12,0,NULL,0,0,1,-1,'',NULL,NULL,'Order CO7001-0027 validated\nAuthor: admin',88,'order',NULL,NULL,NULL,NULL,NULL,NULL,NULL,NULL,NULL,NULL,NULL),(287,NULL,1,'2017-02-16 03:05:56','2017-02-16 03:05:56',40,'AC_OTH_AUTO','Commande CO7001-0016 classée Livrée','2017-02-16 03:05:56','2017-02-15 23:05:56',12,NULL,NULL,12,NULL,0,12,0,NULL,0,0,1,-1,'',NULL,NULL,'Commande CO7001-0016 classée Livrée\nAuteur: admin',54,'order',NULL,NULL,NULL,NULL,NULL,NULL,NULL,NULL,NULL,NULL,NULL),(288,NULL,1,'2017-02-16 03:06:01','2017-02-16 03:06:01',40,'AC_OTH_AUTO','Commande CO7001-0016 classée Facturée','2017-02-16 03:06:01','2017-02-15 23:06:01',12,NULL,NULL,12,NULL,0,12,0,NULL,0,0,1,-1,'',NULL,NULL,'Commande CO7001-0016 classée Facturée\nAuteur: admin',54,'order',NULL,NULL,NULL,NULL,NULL,NULL,NULL,NULL,NULL,NULL,NULL),(294,NULL,1,'2017-02-16 03:53:04','2017-02-16 03:53:04',40,'AC_OTH_AUTO','Commande CO7001-0021 validée','2017-02-16 03:53:04','2017-02-15 23:53:04',12,NULL,NULL,4,NULL,0,12,0,NULL,0,0,1,-1,'',NULL,NULL,'Commande CO7001-0021 validée\nAuteur: admin',75,'order',NULL,NULL,NULL,NULL,NULL,NULL,NULL,NULL,NULL,NULL,NULL),(295,NULL,1,'2017-02-16 03:58:08','2017-02-16 03:58:08',40,'AC_OTH_AUTO','Expédition SH1702-0002 validée','2017-02-16 03:58:08','2017-02-15 23:58:08',12,NULL,NULL,4,NULL,0,12,0,NULL,0,0,1,-1,'',NULL,NULL,'Expédition SH1702-0002 validée\nAuteur: admin',3,'shipping',NULL,NULL,NULL,NULL,NULL,NULL,NULL,NULL,NULL,NULL,NULL),(296,NULL,1,'2017-02-16 04:12:29','2017-02-16 04:12:29',40,'AC_OTH_AUTO','Commande CO7001-0021 validée','2017-02-16 04:12:29','2017-02-16 00:12:29',12,NULL,NULL,4,NULL,0,12,0,NULL,0,0,1,-1,'',NULL,NULL,'Commande CO7001-0021 validée\nAuteur: admin',75,'order',NULL,NULL,NULL,NULL,NULL,NULL,NULL,NULL,NULL,NULL,NULL),(297,NULL,1,'2017-02-16 04:14:20','2017-02-16 04:14:20',40,'AC_OTH_AUTO','Commande CO7001-0021 validée','2017-02-16 04:14:20','2017-02-16 00:14:20',12,NULL,NULL,4,NULL,0,12,0,NULL,0,0,1,-1,'',NULL,NULL,'Commande CO7001-0021 validée\nAuteur: admin',75,'order',NULL,NULL,NULL,NULL,NULL,NULL,NULL,NULL,NULL,NULL,NULL),(298,NULL,1,'2017-02-16 01:44:58','2017-02-16 01:44:58',40,'AC_OTH_AUTO','Proposal PR1702-0009 validated','2017-02-16 01:44:58','2017-02-16 00:44:58',1,NULL,NULL,1,NULL,0,1,0,NULL,0,0,1,-1,'',NULL,NULL,'Proposal PR1702-0009 validated\nAuthor: aeinstein',11,'propal',NULL,NULL,NULL,NULL,NULL,NULL,NULL,NULL,NULL,NULL,NULL),(299,NULL,1,'2017-02-16 01:45:44','2017-02-16 01:45:44',40,'AC_OTH_AUTO','Proposal PR1702-0010 validated','2017-02-16 01:45:44','2017-02-16 00:45:44',2,NULL,NULL,7,NULL,0,2,0,NULL,0,0,1,-1,'',NULL,NULL,'Proposal PR1702-0010 validated\nAuthor: demo',12,'propal',NULL,NULL,NULL,NULL,NULL,NULL,NULL,NULL,NULL,NULL,NULL),(300,NULL,1,'2017-02-16 01:46:15','2017-02-16 01:46:15',40,'AC_OTH_AUTO','Proposal PR1702-0011 validated','2017-02-16 01:46:15','2017-02-16 00:46:15',1,NULL,NULL,26,NULL,0,1,0,NULL,0,0,1,-1,'',NULL,NULL,'Proposal PR1702-0011 validated\nAuthor: aeinstein',13,'propal',NULL,NULL,NULL,NULL,NULL,NULL,NULL,NULL,NULL,NULL,NULL),(301,NULL,1,'2017-02-16 01:46:15','2017-02-16 01:46:15',40,'AC_OTH_AUTO','Proposal PR1702-0012 validated','2017-02-16 01:46:15','2017-02-16 00:46:15',2,NULL,NULL,3,NULL,0,2,0,NULL,0,0,1,-1,'',NULL,NULL,'Proposal PR1702-0012 validated\nAuthor: demo',14,'propal',NULL,NULL,NULL,NULL,NULL,NULL,NULL,NULL,NULL,NULL,NULL),(302,NULL,1,'2017-02-16 01:46:15','2017-02-16 01:46:15',40,'AC_OTH_AUTO','Proposal PR1702-0013 validated','2017-02-16 01:46:15','2017-02-16 00:46:15',2,NULL,NULL,26,NULL,0,2,0,NULL,0,0,1,-1,'',NULL,NULL,'Proposal PR1702-0013 validated\nAuthor: demo',15,'propal',NULL,NULL,NULL,NULL,NULL,NULL,NULL,NULL,NULL,NULL,NULL),(303,NULL,1,'2017-02-16 01:46:15','2017-02-16 01:46:15',40,'AC_OTH_AUTO','Proposal PR1702-0014 validated','2017-02-16 01:46:15','2017-02-16 00:46:15',2,NULL,NULL,1,NULL,0,2,0,NULL,0,0,1,-1,'',NULL,NULL,'Proposal PR1702-0014 validated\nAuthor: demo',16,'propal',NULL,NULL,NULL,NULL,NULL,NULL,NULL,NULL,NULL,NULL,NULL),(304,NULL,1,'2017-02-16 01:46:15','2017-02-16 01:46:15',40,'AC_OTH_AUTO','Proposal PR1702-0015 validated','2017-02-16 01:46:15','2017-02-16 00:46:15',1,NULL,NULL,1,NULL,0,1,0,NULL,0,0,1,-1,'',NULL,NULL,'Proposal PR1702-0015 validated\nAuthor: aeinstein',17,'propal',NULL,NULL,NULL,NULL,NULL,NULL,NULL,NULL,NULL,NULL,NULL),(305,NULL,1,'2017-02-16 01:46:15','2017-02-16 01:46:15',40,'AC_OTH_AUTO','Proposal PR1702-0016 validated','2017-02-16 01:46:15','2017-02-16 00:46:15',2,NULL,NULL,26,NULL,0,2,0,NULL,0,0,1,-1,'',NULL,NULL,'Proposal PR1702-0016 validated\nAuthor: demo',18,'propal',NULL,NULL,NULL,NULL,NULL,NULL,NULL,NULL,NULL,NULL,NULL),(306,NULL,1,'2017-02-16 01:46:15','2017-02-16 01:46:15',40,'AC_OTH_AUTO','Proposal PR1702-0017 validated','2017-02-16 01:46:15','2017-02-16 00:46:15',2,NULL,NULL,12,NULL,0,2,0,NULL,0,0,1,-1,'',NULL,NULL,'Proposal PR1702-0017 validated\nAuthor: demo',19,'propal',NULL,NULL,NULL,NULL,NULL,NULL,NULL,NULL,NULL,NULL,NULL),(307,NULL,1,'2017-02-16 01:46:15','2017-02-16 01:46:15',40,'AC_OTH_AUTO','Proposal PR1702-0018 validated','2017-02-16 01:46:15','2017-02-16 00:46:15',1,NULL,NULL,26,NULL,0,1,0,NULL,0,0,1,-1,'',NULL,NULL,'Proposal PR1702-0018 validated\nAuthor: aeinstein',20,'propal',NULL,NULL,NULL,NULL,NULL,NULL,NULL,NULL,NULL,NULL,NULL),(308,NULL,1,'2017-02-16 01:46:15','2017-02-16 01:46:15',40,'AC_OTH_AUTO','Proposal PR1702-0019 validated','2017-02-16 01:46:15','2017-02-16 00:46:15',1,NULL,NULL,1,NULL,0,1,0,NULL,0,0,1,-1,'',NULL,NULL,'Proposal PR1702-0019 validated\nAuthor: aeinstein',21,'propal',NULL,NULL,NULL,NULL,NULL,NULL,NULL,NULL,NULL,NULL,NULL),(309,NULL,1,'2017-02-16 01:46:15','2017-02-16 01:46:15',40,'AC_OTH_AUTO','Proposal PR1702-0020 validated','2017-02-16 01:46:15','2017-02-16 00:46:15',1,NULL,NULL,26,NULL,0,1,0,NULL,0,0,1,-1,'',NULL,NULL,'Proposal PR1702-0020 validated\nAuthor: aeinstein',22,'propal',NULL,NULL,NULL,NULL,NULL,NULL,NULL,NULL,NULL,NULL,NULL),(310,NULL,1,'2017-02-16 01:46:17','2017-02-16 01:46:17',40,'AC_OTH_AUTO','Proposal PR1702-0021 validated','2017-02-16 01:46:17','2017-02-16 00:46:17',2,NULL,NULL,12,NULL,0,2,0,NULL,0,0,1,-1,'',NULL,NULL,'Proposal PR1702-0021 validated\nAuthor: demo',23,'propal',NULL,NULL,NULL,NULL,NULL,NULL,NULL,NULL,NULL,NULL,NULL),(311,NULL,1,'2017-02-16 01:46:17','2017-02-16 01:46:17',40,'AC_OTH_AUTO','Proposal PR1702-0022 validated','2017-02-16 01:46:17','2017-02-16 00:46:17',2,NULL,NULL,7,NULL,0,2,0,NULL,0,0,1,-1,'',NULL,NULL,'Proposal PR1702-0022 validated\nAuthor: demo',24,'propal',NULL,NULL,NULL,NULL,NULL,NULL,NULL,NULL,NULL,NULL,NULL),(312,NULL,1,'2017-02-16 01:46:17','2017-02-16 01:46:17',40,'AC_OTH_AUTO','Proposal PR1702-0023 validated','2017-02-16 01:46:17','2017-02-16 00:46:17',1,NULL,NULL,3,NULL,0,1,0,NULL,0,0,1,-1,'',NULL,NULL,'Proposal PR1702-0023 validated\nAuthor: aeinstein',25,'propal',NULL,NULL,NULL,NULL,NULL,NULL,NULL,NULL,NULL,NULL,NULL),(313,NULL,1,'2017-02-16 01:46:18','2017-02-16 01:46:18',40,'AC_OTH_AUTO','Proposal PR1702-0024 validated','2017-02-16 01:46:18','2017-02-16 00:46:18',2,NULL,NULL,1,NULL,0,2,0,NULL,0,0,1,-1,'',NULL,NULL,'Proposal PR1702-0024 validated\nAuthor: demo',26,'propal',NULL,NULL,NULL,NULL,NULL,NULL,NULL,NULL,NULL,NULL,NULL),(314,NULL,1,'2017-02-16 01:46:18','2017-02-16 01:46:18',40,'AC_OTH_AUTO','Proposal PR1702-0025 validated','2017-02-16 01:46:18','2017-02-16 00:46:18',1,NULL,NULL,6,NULL,0,1,0,NULL,0,0,1,-1,'',NULL,NULL,'Proposal PR1702-0025 validated\nAuthor: aeinstein',27,'propal',NULL,NULL,NULL,NULL,NULL,NULL,NULL,NULL,NULL,NULL,NULL),(315,NULL,1,'2017-02-16 01:46:18','2017-02-16 01:46:18',40,'AC_OTH_AUTO','Proposal PR1702-0026 validated','2017-02-16 01:46:18','2017-02-16 00:46:18',2,NULL,NULL,19,NULL,0,2,0,NULL,0,0,1,-1,'',NULL,NULL,'Proposal PR1702-0026 validated\nAuthor: demo',28,'propal',NULL,NULL,NULL,NULL,NULL,NULL,NULL,NULL,NULL,NULL,NULL),(316,NULL,1,'2017-02-16 01:46:18','2017-02-16 01:46:18',40,'AC_OTH_AUTO','Proposal PR1702-0027 validated','2017-02-16 01:46:18','2017-02-16 00:46:18',2,NULL,NULL,1,NULL,0,2,0,NULL,0,0,1,-1,'',NULL,NULL,'Proposal PR1702-0027 validated\nAuthor: demo',29,'propal',NULL,NULL,NULL,NULL,NULL,NULL,NULL,NULL,NULL,NULL,NULL),(317,NULL,1,'2017-02-16 01:46:18','2017-02-16 01:46:18',40,'AC_OTH_AUTO','Proposal PR1702-0028 validated','2017-02-16 01:46:18','2017-02-16 00:46:18',2,NULL,NULL,1,NULL,0,2,0,NULL,0,0,1,-1,'',NULL,NULL,'Proposal PR1702-0028 validated\nAuthor: demo',30,'propal',NULL,NULL,NULL,NULL,NULL,NULL,NULL,NULL,NULL,NULL,NULL),(318,NULL,1,'2017-02-16 01:46:18','2017-02-16 01:46:18',40,'AC_OTH_AUTO','Proposal PR1702-0029 validated','2017-02-16 01:46:18','2017-02-16 00:46:18',1,NULL,NULL,11,NULL,0,1,0,NULL,0,0,1,-1,'',NULL,NULL,'Proposal PR1702-0029 validated\nAuthor: aeinstein',31,'propal',NULL,NULL,NULL,NULL,NULL,NULL,NULL,NULL,NULL,NULL,NULL),(319,NULL,1,'2017-02-16 01:46:18','2017-02-16 01:46:18',40,'AC_OTH_AUTO','Proposal PR1702-0030 validated','2017-02-16 01:46:18','2017-02-16 00:46:18',2,NULL,NULL,19,NULL,0,2,0,NULL,0,0,1,-1,'',NULL,NULL,'Proposal PR1702-0030 validated\nAuthor: demo',32,'propal',NULL,NULL,NULL,NULL,NULL,NULL,NULL,NULL,NULL,NULL,NULL),(320,NULL,1,'2017-02-16 04:46:31','2017-02-16 04:46:31',40,'AC_OTH_AUTO','Proposition PR1702-0026 signée','2017-02-16 04:46:31','2017-02-16 00:46:31',12,NULL,NULL,19,NULL,0,12,0,NULL,0,0,1,-1,'',NULL,NULL,'Proposition PR1702-0026 signée\nAuteur: admin',28,'propal',NULL,NULL,NULL,NULL,NULL,NULL,NULL,NULL,NULL,NULL,NULL),(321,NULL,1,'2017-02-16 04:46:37','2017-02-16 04:46:37',40,'AC_OTH_AUTO','Proposition PR1702-0027 signée','2017-02-16 04:46:37','2017-02-16 00:46:37',12,NULL,NULL,1,NULL,0,12,0,NULL,0,0,1,-1,'',NULL,NULL,'Proposition PR1702-0027 signée\nAuteur: admin',29,'propal',NULL,NULL,NULL,NULL,NULL,NULL,NULL,NULL,NULL,NULL,NULL),(322,NULL,1,'2017-02-16 04:46:42','2017-02-16 04:46:42',40,'AC_OTH_AUTO','Proposition PR1702-0028 refusée','2017-02-16 04:46:42','2017-02-16 00:46:42',12,NULL,NULL,1,NULL,0,12,0,NULL,0,0,1,-1,'',NULL,NULL,'Proposition PR1702-0028 refusée\nAuteur: admin',30,'propal',NULL,NULL,NULL,NULL,NULL,NULL,NULL,NULL,NULL,NULL,NULL),(323,NULL,1,'2017-02-16 04:47:09','2017-02-16 04:47:09',40,'AC_OTH_AUTO','Proposition PR1702-0019 validée','2017-02-16 04:47:09','2017-02-16 00:47:09',12,NULL,NULL,1,NULL,0,12,0,NULL,0,0,1,-1,'',NULL,NULL,'Proposition PR1702-0019 validée\nAuteur: admin',21,'propal',NULL,NULL,NULL,NULL,NULL,NULL,NULL,NULL,NULL,NULL,NULL),(324,NULL,1,'2017-02-16 04:47:25','2017-02-16 04:47:25',40,'AC_OTH_AUTO','Proposition PR1702-0023 signée','2017-02-16 04:47:25','2017-02-16 00:47:25',12,NULL,NULL,3,NULL,0,12,0,NULL,0,0,1,-1,'',NULL,NULL,'Proposition PR1702-0023 signée\nAuteur: admin',25,'propal',NULL,NULL,NULL,NULL,NULL,NULL,NULL,NULL,NULL,NULL,NULL),(325,NULL,1,'2017-02-16 04:47:29','2017-02-16 04:47:29',40,'AC_OTH_AUTO','Proposition PR1702-0023 classée payée','2017-02-16 04:47:29','2017-02-16 00:47:29',12,NULL,NULL,3,NULL,0,12,0,NULL,0,0,1,-1,'',NULL,NULL,'Proposition PR1702-0023 classée payée\nAuteur: admin',25,'propal',NULL,NULL,NULL,NULL,NULL,NULL,NULL,NULL,NULL,NULL,NULL),(326,NULL,1,'2017-02-17 16:07:18','2017-02-17 16:07:18',40,'AC_OTH_AUTO','Proposition PR1702-0021 validée','2017-02-17 16:07:18','2017-02-17 12:07:18',12,NULL,NULL,12,NULL,0,12,0,NULL,0,0,1,-1,'',NULL,NULL,'Proposition PR1702-0021 validée\nAuteur: admin',23,'propal',NULL,NULL,NULL,NULL,NULL,NULL,NULL,NULL,NULL,NULL,NULL),(327,NULL,1,'2017-05-12 13:53:44','2017-05-12 13:53:44',40,'AC_OTH_AUTO','Email sent by MyBigCompany To Einstein','2017-05-12 13:53:44','2017-05-12 09:53:44',12,NULL,NULL,11,12,0,12,0,NULL,0,0,1,-1,'',NULL,NULL,'Sender: MyBigCompany &lt;myemail@mybigcompany.com&gt;<br>\nReceiver(s): Einstein &lt;genius@example.com&gt;<br>\nBcc: Einstein &lt;genius@example.com&gt;<br>\nEMail topic: Test<br>\nEmail body:<br>\nTest\nAuthor: admin',11,'societe',NULL,NULL,NULL,NULL,NULL,NULL,NULL,NULL,NULL,NULL,NULL);

--
-- Table structure for table `llx_actioncomm_extrafields`
--

CREATE TABLE `llx_actioncomm_extrafields` (
  `rowid` int(11) NOT NULL AUTO_INCREMENT,
  `tms` timestamp NOT NULL DEFAULT CURRENT_TIMESTAMP ON UPDATE CURRENT_TIMESTAMP,
  `fk_object` int(11) NOT NULL,
  `import_key` varchar(14) DEFAULT NULL,
  PRIMARY KEY (`rowid`),
  KEY `idx_actioncomm_extrafields` (`fk_object`)
) ENGINE=InnoDB DEFAULT CHARSET=utf8;

--
-- Dumping data for table `llx_actioncomm_extrafields`
--


--
-- Table structure for table `llx_actioncomm_resources`
--

CREATE TABLE `llx_actioncomm_resources` (
  `rowid` int(11) NOT NULL AUTO_INCREMENT,
  `fk_actioncomm` int(11) NOT NULL,
  `element_type` varchar(50) NOT NULL,
  `fk_element` int(11) NOT NULL,
  `answer_status` varchar(50) DEFAULT NULL,
  `mandatory` smallint(6) DEFAULT NULL,
  `transparency` smallint(6) DEFAULT '1',
  PRIMARY KEY (`rowid`),
  UNIQUE KEY `uk_actioncomm_resources` (`fk_actioncomm`,`element_type`,`fk_element`),
  KEY `idx_actioncomm_resources_fk_element` (`fk_element`)
) ENGINE=InnoDB AUTO_INCREMENT=211 DEFAULT CHARSET=latin1;

--
-- Dumping data for table `llx_actioncomm_resources`
--

INSERT INTO `llx_actioncomm_resources` VALUES (1,1,'user',1,NULL,NULL,1),(2,2,'user',1,NULL,NULL,1),(3,3,'user',1,NULL,NULL,1),(4,4,'user',1,NULL,NULL,1),(5,5,'user',1,NULL,NULL,1),(6,6,'user',1,NULL,NULL,1),(7,7,'user',1,NULL,NULL,1),(8,8,'user',1,NULL,NULL,1),(9,9,'user',1,NULL,NULL,1),(10,10,'user',1,NULL,NULL,1),(11,11,'user',1,NULL,NULL,1),(12,12,'user',1,NULL,NULL,1),(13,13,'user',1,NULL,NULL,1),(14,14,'user',1,NULL,NULL,1),(15,15,'user',1,NULL,NULL,1),(16,16,'user',1,NULL,NULL,1),(17,17,'user',1,NULL,NULL,1),(18,18,'user',1,NULL,NULL,1),(19,19,'user',1,NULL,NULL,1),(20,20,'user',1,NULL,NULL,1),(21,21,'user',1,NULL,NULL,1),(22,22,'user',1,NULL,NULL,1),(23,23,'user',1,NULL,NULL,1),(24,24,'user',1,NULL,NULL,1),(25,25,'user',1,NULL,NULL,1),(26,26,'user',1,NULL,NULL,1),(27,27,'user',1,NULL,NULL,1),(28,28,'user',1,NULL,NULL,1),(29,29,'user',1,NULL,NULL,1),(30,30,'user',1,NULL,NULL,1),(31,31,'user',1,NULL,NULL,1),(32,38,'user',1,NULL,NULL,1),(33,40,'user',1,NULL,NULL,1),(34,41,'user',1,NULL,NULL,1),(35,42,'user',1,NULL,NULL,1),(36,43,'user',1,NULL,NULL,1),(37,44,'user',1,NULL,NULL,1),(38,45,'user',1,NULL,NULL,1),(39,46,'user',1,NULL,NULL,1),(40,47,'user',1,NULL,NULL,1),(41,48,'user',1,NULL,NULL,1),(42,49,'user',1,NULL,NULL,1),(43,50,'user',1,NULL,NULL,1),(44,51,'user',1,NULL,NULL,1),(45,52,'user',1,NULL,NULL,1),(46,53,'user',1,NULL,NULL,1),(47,54,'user',1,NULL,NULL,1),(48,55,'user',1,NULL,NULL,1),(49,56,'user',1,NULL,NULL,1),(50,121,'user',3,NULL,NULL,1),(51,122,'user',1,NULL,NULL,1),(52,123,'user',1,NULL,NULL,1),(53,124,'user',1,NULL,NULL,1),(54,125,'user',1,NULL,NULL,1),(55,127,'user',1,NULL,NULL,1),(56,128,'user',1,NULL,NULL,1),(57,129,'user',1,NULL,NULL,1),(58,130,'user',1,NULL,NULL,1),(59,131,'user',1,NULL,NULL,1),(60,132,'user',1,NULL,NULL,1),(61,133,'user',1,NULL,NULL,1),(62,134,'user',1,NULL,NULL,1),(63,135,'user',1,NULL,NULL,1),(64,136,'user',1,NULL,NULL,1),(65,137,'user',1,NULL,NULL,1),(66,138,'user',1,NULL,NULL,1),(67,139,'user',1,NULL,NULL,1),(68,140,'user',1,NULL,NULL,1),(69,141,'user',1,NULL,NULL,1),(70,142,'user',1,NULL,NULL,1),(71,143,'user',1,NULL,NULL,1),(72,144,'user',1,NULL,NULL,1),(73,145,'user',1,NULL,NULL,1),(74,146,'user',1,NULL,NULL,1),(75,147,'user',1,NULL,NULL,1),(76,148,'user',1,NULL,NULL,1),(77,149,'user',1,NULL,NULL,1),(78,150,'user',1,NULL,NULL,1),(79,151,'user',1,NULL,NULL,1),(80,152,'user',1,NULL,NULL,1),(81,203,'user',1,NULL,NULL,1),(82,204,'user',1,NULL,NULL,1),(83,205,'user',1,NULL,NULL,1),(84,206,'user',1,NULL,NULL,1),(85,207,'user',1,NULL,NULL,1),(86,208,'user',1,NULL,NULL,1),(87,209,'user',1,NULL,NULL,1),(88,210,'user',1,NULL,NULL,1),(89,211,'user',1,NULL,NULL,1),(90,212,'user',1,NULL,NULL,1),(91,213,'user',1,NULL,NULL,1),(92,214,'user',1,NULL,NULL,1),(93,215,'user',1,NULL,NULL,1),(94,216,'user',1,NULL,NULL,1),(95,217,'user',1,NULL,NULL,1),(96,218,'user',1,NULL,NULL,1),(97,219,'user',1,NULL,NULL,1),(98,220,'user',1,NULL,NULL,1),(99,221,'user',1,NULL,NULL,1),(100,222,'user',1,NULL,NULL,1),(101,223,'user',1,NULL,NULL,1),(102,224,'user',1,NULL,NULL,1),(103,225,'user',1,NULL,NULL,1),(104,226,'user',1,NULL,NULL,1),(105,227,'user',1,NULL,NULL,1),(106,228,'user',1,NULL,NULL,1),(107,229,'user',1,NULL,NULL,1),(108,230,'user',1,NULL,NULL,1),(109,231,'user',1,NULL,NULL,1),(110,232,'user',12,'0',0,0),(111,233,'user',12,'0',0,0),(112,234,'user',12,'0',0,1),(113,235,'user',12,'0',0,1),(114,236,'user',4,'0',0,0),(115,237,'user',13,'0',0,0),(116,237,'user',16,'0',0,0),(117,237,'user',18,'0',0,0),(118,238,'user',12,'0',0,1),(119,238,'user',3,'0',0,1),(120,238,'user',10,'0',0,1),(121,239,'user',12,'0',0,0),(123,240,'user',12,'0',0,1),(125,242,'user',12,'0',0,0),(126,243,'user',12,'0',0,0),(128,245,'user',12,'0',0,0),(132,249,'user',12,'0',0,0),(133,250,'user',12,'0',0,0),(134,251,'user',12,'0',0,0),(135,252,'user',12,'0',0,0),(136,253,'user',12,'0',0,0),(137,254,'user',12,'0',0,0),(138,255,'user',12,'0',0,0),(139,256,'user',12,'0',0,0),(140,257,'user',12,'0',0,0),(146,263,'user',12,'0',0,0),(147,264,'user',12,'0',0,0),(148,265,'user',12,'0',0,0),(149,266,'user',12,'0',0,0),(150,267,'user',12,'0',0,0),(151,268,'user',12,'0',0,0),(152,269,'user',12,'0',0,0),(153,270,'user',12,'0',0,0),(154,271,'user',12,'0',0,0),(155,272,'user',12,'0',0,0),(156,273,'user',12,'0',0,0),(157,274,'user',12,'0',0,0),(158,275,'user',12,'0',0,0),(160,277,'user',12,'0',0,0),(161,278,'user',12,'0',0,0),(162,279,'user',12,'0',0,0),(164,281,'user',12,'0',0,0),(165,282,'user',12,'0',0,0),(166,283,'user',12,'0',0,0),(167,284,'user',12,'0',0,0),(168,285,'user',12,'0',0,0),(169,286,'user',12,'0',0,0),(170,287,'user',12,'0',0,0),(171,288,'user',12,'0',0,0),(177,294,'user',12,'0',0,0),(178,295,'user',12,'0',0,0),(179,296,'user',12,'0',0,0),(180,297,'user',12,'0',0,0),(181,298,'user',1,'0',0,0),(182,299,'user',2,'0',0,0),(183,300,'user',1,'0',0,0),(184,301,'user',2,'0',0,0),(185,302,'user',2,'0',0,0),(186,303,'user',2,'0',0,0),(187,304,'user',1,'0',0,0),(188,305,'user',2,'0',0,0),(189,306,'user',2,'0',0,0),(190,307,'user',1,'0',0,0),(191,308,'user',1,'0',0,0),(192,309,'user',1,'0',0,0),(193,310,'user',2,'0',0,0),(194,311,'user',2,'0',0,0),(195,312,'user',1,'0',0,0),(196,313,'user',2,'0',0,0),(197,314,'user',1,'0',0,0),(198,315,'user',2,'0',0,0),(199,316,'user',2,'0',0,0),(200,317,'user',2,'0',0,0),(201,318,'user',1,'0',0,0),(202,319,'user',2,'0',0,0),(203,320,'user',12,'0',0,0),(204,321,'user',12,'0',0,0),(205,322,'user',12,'0',0,0),(206,323,'user',12,'0',0,0),(207,324,'user',12,'0',0,0),(208,325,'user',12,'0',0,0),(209,326,'user',12,'0',0,0),(210,327,'user',12,'0',0,0);

--
-- Table structure for table `llx_adherent`
--

CREATE TABLE `llx_adherent` (
  `rowid` int(11) NOT NULL AUTO_INCREMENT,
  `entity` int(11) NOT NULL DEFAULT '1',
  `ref_ext` varchar(128) DEFAULT NULL,
  `civility` varchar(6) DEFAULT NULL,
  `lastname` varchar(50) DEFAULT NULL,
  `firstname` varchar(50) DEFAULT NULL,
  `login` varchar(50) DEFAULT NULL,
  `pass` varchar(50) DEFAULT NULL,
  `pass_crypted` varchar(128) DEFAULT NULL,
  `fk_adherent_type` int(11) NOT NULL,
  `morphy` varchar(3) NOT NULL,
  `societe` varchar(128) DEFAULT NULL,
  `fk_soc` int(11) DEFAULT NULL,
  `address` text,
  `zip` varchar(10) DEFAULT NULL,
  `town` varchar(50) DEFAULT NULL,
  `state_id` varchar(50) DEFAULT NULL,
  `country` varchar(50) DEFAULT NULL,
  `email` varchar(255) DEFAULT NULL,
  `skype` varchar(255) DEFAULT NULL,
  `phone` varchar(30) DEFAULT NULL,
  `phone_perso` varchar(30) DEFAULT NULL,
  `phone_mobile` varchar(30) DEFAULT NULL,
  `birth` date DEFAULT NULL,
  `photo` varchar(255) DEFAULT NULL,
  `statut` smallint(6) NOT NULL DEFAULT '0',
  `public` smallint(6) NOT NULL DEFAULT '0',
  `datefin` datetime DEFAULT NULL,
  `note_private` text,
  `note_public` text,
  `datevalid` datetime DEFAULT NULL,
  `datec` datetime DEFAULT NULL,
  `tms` timestamp NOT NULL DEFAULT CURRENT_TIMESTAMP ON UPDATE CURRENT_TIMESTAMP,
  `fk_user_author` int(11) DEFAULT NULL,
  `fk_user_mod` int(11) DEFAULT NULL,
  `fk_user_valid` int(11) DEFAULT NULL,
  `canvas` varchar(32) DEFAULT NULL,
  `import_key` varchar(14) DEFAULT NULL,
  `model_pdf` varchar(255) DEFAULT NULL,
  PRIMARY KEY (`rowid`),
  UNIQUE KEY `uk_adherent_login` (`login`,`entity`),
  UNIQUE KEY `uk_adherent_fk_soc` (`fk_soc`),
  KEY `idx_adherent_fk_adherent_type` (`fk_adherent_type`),
  CONSTRAINT `adherent_fk_soc` FOREIGN KEY (`fk_soc`) REFERENCES `llx_societe` (`rowid`),
  CONSTRAINT `fk_adherent_adherent_type` FOREIGN KEY (`fk_adherent_type`) REFERENCES `llx_adherent_type` (`rowid`)
) ENGINE=InnoDB AUTO_INCREMENT=5 DEFAULT CHARSET=utf8;

--
-- Dumping data for table `llx_adherent`
--

INSERT INTO `llx_adherent` VALUES (1,1,NULL,NULL,'Smith','Vick','vsmith','vsx1n8tf',NULL,2,'phy',NULL,10,NULL,NULL,NULL,NULL,'102','vsmith@email.com',NULL,NULL,NULL,NULL,'1960-07-07',NULL,1,0,'2012-07-09 00:00:00',NULL,NULL,'2010-07-10 15:12:56','2010-07-08 23:50:00','2013-03-20 13:30:11',1,1,1,NULL,NULL,NULL),(2,1,NULL,NULL,'Curie','Pierre','pcurie','pcuriedolibarr',NULL,2,'phy',NULL,12,NULL,NULL,NULL,NULL,'1','pcurie@example.com','',NULL,NULL,NULL,'1972-07-08',NULL,1,1,'2017-07-17 00:00:00',NULL,NULL,'2010-07-10 15:03:32','2010-07-10 15:03:09','2015-10-05 19:57:57',1,12,1,NULL,NULL,NULL),(3,1,NULL,NULL,'john','doe','john','8bs6gty5',NULL,2,'phy',NULL,NULL,NULL,NULL,NULL,NULL,'1','johndoe@email.com',NULL,NULL,NULL,NULL,NULL,NULL,1,0,NULL,NULL,NULL,'2011-07-18 21:28:00','2011-07-18 21:10:09','2015-10-03 09:28:46',1,1,1,NULL,NULL,NULL),(4,1,NULL,NULL,'smith','smith','Smith','s6hjp10f',NULL,2,'phy',NULL,NULL,NULL,NULL,NULL,NULL,'11','smith@email.com',NULL,NULL,NULL,NULL,NULL,NULL,1,0,NULL,NULL,NULL,'2011-07-18 21:27:52','2011-07-18 21:27:44','2015-10-03 09:40:27',1,1,1,NULL,NULL,NULL);

--
-- Table structure for table `llx_adherent_extrafields`
--

CREATE TABLE `llx_adherent_extrafields` (
  `rowid` int(11) NOT NULL AUTO_INCREMENT,
  `tms` timestamp NOT NULL DEFAULT CURRENT_TIMESTAMP ON UPDATE CURRENT_TIMESTAMP,
  `fk_object` int(11) NOT NULL,
  `zzz` varchar(125) DEFAULT NULL,
  `aaa` varchar(255) DEFAULT NULL,
  `sssss` varchar(255) DEFAULT NULL,
  `import_key` varchar(14) DEFAULT NULL,
  PRIMARY KEY (`rowid`),
  KEY `idx_adherent_options` (`fk_object`),
  KEY `idx_adherent_extrafields` (`fk_object`)
) ENGINE=InnoDB AUTO_INCREMENT=64 DEFAULT CHARSET=utf8;

--
-- Dumping data for table `llx_adherent_extrafields`
--

INSERT INTO `llx_adherent_extrafields` VALUES (62,'2011-07-18 19:10:09',3,NULL,NULL,NULL,NULL),(63,'2011-07-18 19:27:44',4,NULL,NULL,NULL,NULL);

--
-- Table structure for table `llx_adherent_type`
--

CREATE TABLE `llx_adherent_type` (
  `rowid` int(11) NOT NULL AUTO_INCREMENT,
  `entity` int(11) NOT NULL DEFAULT '1',
  `tms` timestamp NOT NULL DEFAULT CURRENT_TIMESTAMP ON UPDATE CURRENT_TIMESTAMP,
  `statut` smallint(6) NOT NULL DEFAULT '0',
  `libelle` varchar(50) NOT NULL,
  `subscription` varchar(3) NOT NULL DEFAULT '1',
  `vote` varchar(3) NOT NULL DEFAULT 'yes',
  `note` text,
  `mail_valid` text,
  PRIMARY KEY (`rowid`),
  UNIQUE KEY `uk_adherent_type_libelle` (`libelle`,`entity`)
) ENGINE=InnoDB AUTO_INCREMENT=3 DEFAULT CHARSET=utf8;

--
-- Dumping data for table `llx_adherent_type`
--

INSERT INTO `llx_adherent_type` VALUES (1,1,'2010-07-08 21:41:55',1,'Board members','1','1','','<br />'),(2,1,'2010-07-08 21:41:43',1,'Standard members','1','0','','<br />');

--
-- Table structure for table `llx_adherent_type_extrafields`
--

CREATE TABLE `llx_adherent_type_extrafields` (
  `rowid` int(11) NOT NULL AUTO_INCREMENT,
  `tms` timestamp NOT NULL DEFAULT CURRENT_TIMESTAMP ON UPDATE CURRENT_TIMESTAMP,
  `fk_object` int(11) NOT NULL,
  `import_key` varchar(14) DEFAULT NULL,
  PRIMARY KEY (`rowid`),
  KEY `idx_adherent_type_extrafields` (`fk_object`)
) ENGINE=InnoDB DEFAULT CHARSET=utf8;

--
-- Dumping data for table `llx_adherent_type_extrafields`
--


--
-- Table structure for table `llx_advtargetemailing`
--

CREATE TABLE `llx_advtargetemailing` (
  `rowid` int(11) NOT NULL AUTO_INCREMENT,
  `name` varchar(200) NOT NULL,
  `entity` int(11) NOT NULL DEFAULT '1',
  `fk_mailing` int(11) NOT NULL,
  `filtervalue` text,
  `fk_user_author` int(11) NOT NULL,
  `datec` datetime NOT NULL,
  `fk_user_mod` int(11) NOT NULL,
  `tms` timestamp NOT NULL DEFAULT CURRENT_TIMESTAMP ON UPDATE CURRENT_TIMESTAMP,
  PRIMARY KEY (`rowid`),
  UNIQUE KEY `uk_advtargetemailing_name` (`name`)
) ENGINE=InnoDB DEFAULT CHARSET=utf8;

--
-- Dumping data for table `llx_advtargetemailing`
--


--
-- Table structure for table `llx_bank`
--

CREATE TABLE `llx_bank` (
  `rowid` int(11) NOT NULL AUTO_INCREMENT,
  `datec` datetime DEFAULT NULL,
  `tms` timestamp NOT NULL DEFAULT CURRENT_TIMESTAMP ON UPDATE CURRENT_TIMESTAMP,
  `datev` date DEFAULT NULL,
  `dateo` date DEFAULT NULL,
  `amount` double(24,8) NOT NULL DEFAULT '0.00000000',
  `label` varchar(255) DEFAULT NULL,
  `fk_account` int(11) DEFAULT NULL,
  `fk_user_author` int(11) DEFAULT NULL,
  `fk_user_rappro` int(11) DEFAULT NULL,
  `fk_type` varchar(6) DEFAULT NULL,
  `num_releve` varchar(50) DEFAULT NULL,
  `num_chq` varchar(50) DEFAULT NULL,
  `rappro` tinyint(4) DEFAULT '0',
  `note` text,
  `fk_bordereau` int(11) DEFAULT '0',
  `banque` varchar(255) DEFAULT NULL,
  `emetteur` varchar(255) DEFAULT NULL,
  `author` varchar(40) DEFAULT NULL,
  PRIMARY KEY (`rowid`),
  KEY `idx_bank_datev` (`datev`),
  KEY `idx_bank_dateo` (`dateo`),
  KEY `idx_bank_fk_account` (`fk_account`),
  KEY `idx_bank_rappro` (`rappro`),
  KEY `idx_bank_num_releve` (`num_releve`)
) ENGINE=InnoDB AUTO_INCREMENT=38 DEFAULT CHARSET=utf8;

--
-- Dumping data for table `llx_bank`
--

INSERT INTO `llx_bank` VALUES (1,'2010-07-08 23:56:14','2016-07-30 15:16:10','2016-07-08','2016-07-08',2000.00000000,'(Initial balance)',1,NULL,1,'SOLD','201210',NULL,1,NULL,0,NULL,NULL,NULL),(2,'2010-07-09 00:00:24','2016-07-30 15:16:10','2016-07-09','2016-07-09',500.00000000,'(Initial balance)',2,NULL,NULL,'SOLD',NULL,NULL,0,NULL,0,NULL,NULL,NULL),(3,'2010-07-10 13:33:42','2016-07-30 15:16:10','2016-07-10','2016-07-10',0.00000000,'(Solde initial)',3,NULL,NULL,'SOLD',NULL,NULL,0,NULL,0,NULL,NULL,NULL),(5,'2011-07-18 20:50:24','2016-07-30 15:16:10','2016-07-08','2016-07-08',20.00000000,'(CustomerInvoicePayment)',1,1,NULL,'CB','201107',NULL,1,NULL,0,NULL,NULL,NULL),(6,'2011-07-18 20:50:47','2016-07-30 15:16:10','2016-07-08','2016-07-08',10.00000000,'(CustomerInvoicePayment)',3,1,NULL,'LIQ',NULL,NULL,0,NULL,0,NULL,NULL,NULL),(8,'2011-08-01 03:34:11','2016-07-30 15:21:31','2015-08-01','2015-08-01',5.63000000,'(CustomerInvoicePayment)',1,1,1,'CB','201210',NULL,1,NULL,0,NULL,NULL,NULL),(12,'2011-08-05 23:11:37','2016-07-30 15:21:31','2015-08-05','2015-08-05',-10.00000000,'(SocialContributionPayment)',1,1,1,'VIR','201210',NULL,1,NULL,0,NULL,NULL,NULL),(13,'2011-08-06 20:33:54','2016-07-30 15:21:31','2015-08-06','2015-08-06',5.98000000,'(CustomerInvoicePayment)',3,1,NULL,'LIQ',NULL,NULL,0,NULL,0,NULL,NULL,NULL),(14,'2011-08-08 02:53:40','2016-07-30 15:21:31','2015-08-08','2015-08-08',26.10000000,'(CustomerInvoicePayment)',3,1,NULL,'LIQ',NULL,NULL,0,NULL,0,NULL,NULL,NULL),(15,'2011-08-08 02:55:58','2016-07-30 15:21:31','2015-08-08','2015-08-08',26.96000000,'(CustomerInvoicePayment)',1,1,1,'TIP','201211',NULL,1,NULL,0,NULL,NULL,NULL),(16,'2012-12-09 15:28:44','2016-07-30 15:21:31','2015-12-09','2015-12-09',2.00000000,'(CustomerInvoicePayment)',3,1,NULL,'LIQ',NULL,NULL,0,NULL,0,NULL,NULL,NULL),(17,'2012-12-09 15:28:53','2016-07-30 15:21:31','2015-12-09','2015-12-09',-2.00000000,'(CustomerInvoicePaymentBack)',3,1,NULL,'LIQ',NULL,NULL,0,NULL,0,NULL,NULL,NULL),(18,'2012-12-09 17:35:55','2016-07-30 15:21:31','2015-12-09','2015-12-09',-2.00000000,'(CustomerInvoicePaymentBack)',3,1,NULL,'LIQ',NULL,NULL,0,NULL,0,NULL,NULL,NULL),(19,'2012-12-09 17:37:02','2016-07-30 15:21:31','2015-12-09','2015-12-09',2.00000000,'(CustomerInvoicePayment)',3,1,NULL,'LIQ',NULL,NULL,0,NULL,0,NULL,NULL,NULL),(20,'2012-12-09 18:35:07','2016-07-30 15:21:31','2015-12-09','2015-12-09',-2.00000000,'(CustomerInvoicePaymentBack)',3,1,NULL,'LIQ',NULL,NULL,0,NULL,0,NULL,NULL,NULL),(21,'2012-12-12 18:54:33','2016-07-30 15:21:31','2015-12-12','2015-12-12',1.00000000,'(CustomerInvoicePayment)',1,1,1,'TIP','201210',NULL,1,NULL,0,NULL,NULL,NULL),(22,'2013-03-06 16:48:16','2016-07-30 15:16:10','2016-03-06','2016-03-06',20.00000000,'(SubscriptionPayment)',3,1,NULL,'LIQ',NULL,NULL,0,NULL,0,NULL,NULL,NULL),(23,'2013-03-20 14:30:11','2016-07-30 15:16:10','2016-03-20','2016-03-20',10.00000000,'(SubscriptionPayment)',1,1,NULL,'VIR',NULL,NULL,0,NULL,0,NULL,NULL,NULL),(24,'2014-03-02 19:57:58','2016-07-30 15:16:10','2016-07-09','2016-07-09',605.00000000,'(CustomerInvoicePayment)',1,1,NULL,'VIR',NULL,NULL,0,NULL,0,NULL,'111',NULL),(26,'2014-03-02 20:01:39','2016-07-30 15:16:10','2016-03-19','2016-03-19',500.00000000,'(CustomerInvoicePayment)',3,1,NULL,'LIQ',NULL,NULL,0,NULL,0,NULL,NULL,NULL),(27,'2014-03-02 20:02:06','2016-07-30 15:16:10','2016-03-21','2016-03-21',400.00000000,'(CustomerInvoicePayment)',1,1,NULL,'VIR',NULL,NULL,0,NULL,0,NULL,'ABC and Co',NULL),(28,'2014-03-03 19:22:32','2016-07-30 15:21:31','2015-10-03','2015-10-03',-400.00000000,'(CustomerInvoicePaymentBack)',3,1,NULL,'LIQ',NULL,NULL,0,NULL,0,NULL,NULL,NULL),(29,'2014-03-03 19:23:16','2016-07-30 15:16:10','2016-03-10','2016-03-10',-300.00000000,'(CustomerInvoicePaymentBack)',3,1,NULL,'LIQ',NULL,NULL,0,NULL,0,NULL,NULL,NULL),(30,'2016-01-22 18:56:34','2016-01-22 17:56:34','2016-01-22','2016-01-22',-900.00000000,'(SupplierInvoicePayment)',1,12,NULL,'LIQ',NULL,NULL,0,NULL,0,NULL,NULL,NULL),(31,'2016-07-30 22:42:14','2016-07-30 14:42:14','2016-07-30','2016-07-30',0.00000000,'(Initial balance)',4,0,NULL,'SOLD',NULL,NULL,0,NULL,0,NULL,NULL,NULL),(32,'2017-02-01 19:02:44','2017-02-01 15:02:44','2017-02-01','2017-02-01',-200.00000000,'(SupplierInvoicePayment)',3,12,NULL,'LIQ',NULL,NULL,0,NULL,0,NULL,NULL,NULL),(33,'2017-02-06 08:10:24','2017-02-06 04:12:05','2016-03-22','2016-03-22',150.00000000,'(CustomerInvoicePayment)',1,12,NULL,'CHQ',NULL,NULL,0,NULL,2,NULL,'Magic Food Store',NULL),(34,'2017-02-06 08:10:50','2017-02-06 04:10:50','2016-03-25','2016-03-25',140.00000000,'(CustomerInvoicePayment)',1,12,NULL,'PRE',NULL,NULL,0,NULL,0,NULL,NULL,NULL),(35,'2017-02-12 23:18:33','2017-02-12 19:18:33','2017-02-12','2017-02-12',50.00000000,'Patient payment',4,12,NULL,'CHQ',NULL,NULL,0,NULL,0,NULL,'aaa',NULL),(36,'2017-02-16 02:22:09','2017-02-15 22:22:09','2017-02-16','2017-02-16',-1.00000000,'(ExpenseReportPayment)',4,12,NULL,'CHQ',NULL,NULL,0,NULL,0,NULL,NULL,NULL),(37,'2017-02-21 16:07:43','2017-02-21 12:07:43','2017-02-21','2017-02-21',50.00000000,'(WithdrawalPayment)',1,12,NULL,'PRE',NULL,'T170201',0,NULL,0,NULL,NULL,NULL);

--
-- Table structure for table `llx_bank_account`
--

CREATE TABLE `llx_bank_account` (
  `rowid` int(11) NOT NULL AUTO_INCREMENT,
  `datec` datetime DEFAULT NULL,
  `tms` timestamp NOT NULL DEFAULT CURRENT_TIMESTAMP ON UPDATE CURRENT_TIMESTAMP,
  `ref` varchar(12) NOT NULL,
  `label` varchar(30) NOT NULL,
  `entity` int(11) NOT NULL DEFAULT '1',
  `bank` varchar(60) DEFAULT NULL,
  `code_banque` varchar(128) DEFAULT NULL,
  `code_guichet` varchar(6) DEFAULT NULL,
  `number` varchar(255) DEFAULT NULL,
  `cle_rib` varchar(5) DEFAULT NULL,
  `bic` varchar(11) DEFAULT NULL,
  `iban_prefix` varchar(34) DEFAULT NULL,
  `country_iban` varchar(2) DEFAULT NULL,
  `cle_iban` varchar(2) DEFAULT NULL,
  `domiciliation` varchar(255) DEFAULT NULL,
  `state_id` varchar(50) DEFAULT NULL,
  `fk_pays` int(11) NOT NULL,
  `proprio` varchar(60) DEFAULT NULL,
  `owner_address` text,
  `courant` smallint(6) NOT NULL DEFAULT '0',
  `clos` smallint(6) NOT NULL DEFAULT '0',
  `rappro` smallint(6) DEFAULT '1',
  `url` varchar(128) DEFAULT NULL,
  `account_number` varchar(32) DEFAULT NULL,
  `accountancy_journal` varchar(16) DEFAULT NULL,
  `currency_code` varchar(3) NOT NULL,
  `min_allowed` int(11) DEFAULT '0',
  `min_desired` int(11) DEFAULT '0',
  `comment` text,
  `fk_user_author` int(11) DEFAULT NULL,
  `fk_user_modif` int(11) DEFAULT NULL,
  `note_public` text,
  `model_pdf` varchar(255) DEFAULT NULL,
  `import_key` varchar(14) DEFAULT NULL,
  `extraparams` varchar(255) DEFAULT NULL,
  PRIMARY KEY (`rowid`),
  UNIQUE KEY `uk_bank_account_label` (`label`,`entity`)
) ENGINE=InnoDB AUTO_INCREMENT=5 DEFAULT CHARSET=utf8;

--
-- Dumping data for table `llx_bank_account`
--

INSERT INTO `llx_bank_account` VALUES (1,'2010-07-08 23:56:14','2016-07-30 14:45:12','SWIBAC','Swiss bank account',1,'Switz Gold Bank','','','123456789','','','NL39RABO0314043352',NULL,NULL,'21 jum street',NULL,6,'Mac Golder','11 big road,\r\nZurich',1,0,1,NULL,'','','EUR',1500,1500,'',NULL,NULL,NULL,NULL,NULL,NULL),(2,'2010-07-09 00:00:24','2016-07-30 15:17:18','SWIBAC2','Swiss bank account old',1,'Switz Silver Bank','','','','','','NL07SNSB0908534915',NULL,NULL,'Road bankrupt\r\nZurich',NULL,6,'','',1,1,1,NULL,'','','EUR',200,400,'',NULL,NULL,NULL,NULL,NULL,NULL),(3,'2010-07-10 13:33:42','2010-07-10 11:33:42','ACCOUNTCASH','Account for cash',1,NULL,NULL,NULL,NULL,NULL,NULL,NULL,NULL,NULL,NULL,'3',1,NULL,NULL,2,0,1,NULL,'',NULL,'EUR',0,0,'<br />',NULL,NULL,NULL,NULL,NULL,NULL),(4,'2016-07-30 18:42:14','2016-07-30 14:44:45','LUXBAC','Luxemburg Bank Account',1,'Lux Platinuium Bank','','','','','','NL46INGB0687674581',NULL,NULL,'',NULL,140,'','',1,0,1,NULL,'','','EUR',NULL,NULL,'',NULL,NULL,NULL,NULL,NULL,NULL);

--
-- Table structure for table `llx_bank_account_extrafields`
--

CREATE TABLE `llx_bank_account_extrafields` (
  `rowid` int(11) NOT NULL AUTO_INCREMENT,
  `tms` timestamp NOT NULL DEFAULT CURRENT_TIMESTAMP ON UPDATE CURRENT_TIMESTAMP,
  `fk_object` int(11) NOT NULL,
  `import_key` varchar(14) DEFAULT NULL,
  PRIMARY KEY (`rowid`),
  KEY `idx_bank_account_extrafields` (`fk_object`)
) ENGINE=InnoDB DEFAULT CHARSET=utf8;

--
-- Dumping data for table `llx_bank_account_extrafields`
--


--
-- Table structure for table `llx_bank_categ`
--

CREATE TABLE `llx_bank_categ` (
  `rowid` int(11) NOT NULL AUTO_INCREMENT,
  `label` varchar(255) DEFAULT NULL,
  `entity` int(11) NOT NULL DEFAULT '1',
  PRIMARY KEY (`rowid`)
) ENGINE=InnoDB AUTO_INCREMENT=3 DEFAULT CHARSET=utf8;

--
-- Dumping data for table `llx_bank_categ`
--

INSERT INTO `llx_bank_categ` VALUES (1,'Bank category one',1),(2,'Bank category two',1);

--
-- Table structure for table `llx_bank_class`
--

CREATE TABLE `llx_bank_class` (
  `lineid` int(11) NOT NULL,
  `fk_categ` int(11) NOT NULL,
  UNIQUE KEY `uk_bank_class_lineid` (`lineid`,`fk_categ`)
) ENGINE=InnoDB DEFAULT CHARSET=utf8;

--
-- Dumping data for table `llx_bank_class`
--


--
-- Table structure for table `llx_bank_url`
--

CREATE TABLE `llx_bank_url` (
  `rowid` int(11) NOT NULL AUTO_INCREMENT,
  `fk_bank` int(11) DEFAULT NULL,
  `url_id` int(11) DEFAULT NULL,
  `url` varchar(255) DEFAULT NULL,
  `label` varchar(255) DEFAULT NULL,
  `type` varchar(24) NOT NULL,
  PRIMARY KEY (`rowid`),
  UNIQUE KEY `uk_bank_url` (`fk_bank`,`type`)
) ENGINE=InnoDB AUTO_INCREMENT=67 DEFAULT CHARSET=utf8;

--
-- Dumping data for table `llx_bank_url`
--

INSERT INTO `llx_bank_url` VALUES (3,5,2,'/compta/paiement/card.php?id=','(paiement)','payment'),(4,5,2,'/comm/card.php?socid=','Belin SARL','company'),(5,6,3,'/compta/paiement/card.php?id=','(paiement)','payment'),(6,6,2,'/comm/card.php?socid=','Belin SARL','company'),(9,8,5,'/compta/paiement/card.php?id=','(paiement)','payment'),(10,8,7,'/comm/card.php?socid=','Generic customer','company'),(17,12,4,'/compta/payment_sc/card.php?id=','(paiement)','payment_sc'),(18,12,4,'/compta/charges.php?id=','Assurance Chomage (fff)','sc'),(19,13,6,'/dolibarrnew/compta/paiement/card.php?id=','(paiement)','payment'),(20,13,7,'/dolibarrnew/comm/card.php?socid=','Generic customer','company'),(21,14,8,'/compta/paiement/card.php?id=','(paiement)','payment'),(22,14,2,'/comm/card.php?socid=','Belin SARL','company'),(23,15,9,'/compta/paiement/card.php?id=','(paiement)','payment'),(24,15,10,'/comm/card.php?socid=','Smith Vick','company'),(25,16,17,'/dolibarrnew/compta/paiement/card.php?id=','(paiement)','payment'),(26,16,10,'/dolibarrnew/comm/card.php?socid=','Smith Vick','company'),(27,17,18,'/dolibarrnew/compta/paiement/card.php?id=','(paiement)','payment'),(28,17,10,'/dolibarrnew/comm/card.php?socid=','Smith Vick','company'),(29,18,19,'/dolibarrnew/compta/paiement/card.php?id=','(paiement)','payment'),(30,18,10,'/dolibarrnew/comm/card.php?socid=','Smith Vick','company'),(31,19,20,'/dolibarrnew/compta/paiement/card.php?id=','(paiement)','payment'),(32,19,10,'/dolibarrnew/comm/card.php?socid=','Smith Vick','company'),(33,20,21,'/dolibarrnew/compta/paiement/card.php?id=','(paiement)','payment'),(34,20,10,'/dolibarrnew/comm/card.php?socid=','Smith Vick','company'),(35,21,23,'/compta/paiement/card.php?id=','(paiement)','payment'),(36,21,1,'/comm/card.php?socid=','ABC and Co','company'),(37,22,24,'/dolibarrnew/compta/paiement/card.php?id=','(paiement)','payment'),(38,22,12,'/dolibarrnew/comm/card.php?socid=','Dupont Alain','company'),(39,23,25,'/dolibarrnew/compta/paiement/card.php?id=','(paiement)','payment'),(40,23,10,'/dolibarrnew/comm/card.php?socid=','Smith Vick','company'),(41,24,26,'/compta/paiement/card.php?id=','(paiement)','payment'),(42,24,1,'/comm/card.php?socid=','ABC and Co','company'),(45,26,29,'/compta/paiement/card.php?id=','(paiement)','payment'),(46,26,1,'/comm/card.php?socid=','ABC and Co','company'),(47,27,30,'/compta/paiement/card.php?id=','(paiement)','payment'),(48,27,1,'/comm/card.php?socid=','ABC and Co','company'),(49,28,32,'/dolibarr_new/compta/paiement/card.php?id=','(paiement)','payment'),(50,28,1,'/dolibarr_new/comm/card.php?socid=','ABC and Co','company'),(51,29,33,'/dolibarr_new/compta/paiement/card.php?id=','(paiement)','payment'),(52,29,1,'/dolibarr_new/comm/card.php?socid=','ABC and Co','company'),(53,30,1,'/dolibarr_3.8/htdocs/fourn/paiement/card.php?id=','(paiement)','payment_supplier'),(54,30,1,'/dolibarr_3.8/htdocs/fourn/card.php?socid=','Indian SAS','company'),(55,32,2,'/dolibarr_5.0/htdocs/fourn/paiement/card.php?id=','(paiement)','payment_supplier'),(56,32,13,'/dolibarr_5.0/htdocs/fourn/card.php?socid=','Company Corp 2','company'),(57,33,34,'/dolibarr_5.0/htdocs/compta/paiement/card.php?id=','(paiement)','payment'),(58,33,19,'/dolibarr_5.0/htdocs/comm/card.php?socid=','Magic Food Store','company'),(59,34,35,'/dolibarr_5.0/htdocs/compta/paiement/card.php?id=','(paiement)','payment'),(60,34,19,'/dolibarr_5.0/htdocs/comm/card.php?socid=','Magic Food Store','company'),(61,35,2,'/dolibarr_5.0/htdocs/dolimed_5.0/cabinetmed/consultations.php?action=edit&socid=26&id=','Consultation','consultation'),(62,35,26,'','aaa','company'),(63,36,2,'/dolibarr_5.0/htdocs/expensereport/payment/card.php?rowid=','(paiement)','payment_expensereport'),(64,36,0,'/dolibarr_5.0/htdocs/user/card.php?id=','','user'),(65,37,36,'/dolibarr_5.0/htdocs/compta/paiement/card.php?id=','(paiement)','payment'),(66,37,1,'/dolibarr_5.0/htdocs/compta/prelevement/card.php?id=','T170201','withdraw');

--
-- Table structure for table `llx_bookmark`
--

CREATE TABLE `llx_bookmark` (
  `rowid` int(11) NOT NULL AUTO_INCREMENT,
  `fk_soc` int(11) DEFAULT NULL,
  `fk_user` int(11) NOT NULL,
  `dateb` datetime DEFAULT NULL,
  `url` varchar(255) NOT NULL,
  `target` varchar(16) DEFAULT NULL,
  `title` varchar(64) DEFAULT NULL,
  `favicon` varchar(24) DEFAULT NULL,
  `position` int(11) DEFAULT '0',
  `entity` int(11) NOT NULL DEFAULT '1',
  PRIMARY KEY (`rowid`),
  UNIQUE KEY `uk_bookmark_url` (`fk_user`,`url`),
  UNIQUE KEY `uk_bookmark_title` (`fk_user`,`title`)
) ENGINE=InnoDB AUTO_INCREMENT=8 DEFAULT CHARSET=utf8;

--
-- Dumping data for table `llx_bookmark`
--

INSERT INTO `llx_bookmark` VALUES (1,NULL,0,'2010-07-09 01:29:03','http://wiki.dolibarr.org','1','Online documentation','none',1,1),(2,NULL,0,'2010-07-09 01:30:15','http://www.dolibarr.org','1','Official portal','none',2,1),(3,NULL,0,'2010-07-09 01:30:53','http://www.dolistore.com','1','DoliStore','none',10,1),(4,NULL,0,'2010-07-09 01:31:35','http://asso.dolibarr.org/index.php/Main_Page','1','The foundation','none',0,1),(5,NULL,0,'2014-03-02 16:40:41','http://www.facebook.com/dolibarr','1','Facebook page','none',50,1),(6,NULL,0,'2014-03-02 16:41:12','http://www.twitter.com/dolibarr','1','Twitter channel','none',60,1),(7,NULL,0,'2014-03-02 16:42:08','http://plus.google.com/+DolibarrOrg','1','Google+ page','none',55,1);

--
-- Table structure for table `llx_bordereau_cheque`
--

CREATE TABLE `llx_bordereau_cheque` (
  `rowid` int(11) NOT NULL AUTO_INCREMENT,
  `datec` datetime NOT NULL,
  `date_bordereau` date DEFAULT NULL,
  `ref` varchar(30) NOT NULL,
  `entity` int(11) NOT NULL DEFAULT '1',
  `amount` double(24,8) NOT NULL,
  `nbcheque` smallint(6) NOT NULL,
  `fk_bank_account` int(11) DEFAULT NULL,
  `fk_user_author` int(11) DEFAULT NULL,
  `note` text,
  `statut` smallint(6) NOT NULL DEFAULT '0',
  `ref_ext` varchar(255) DEFAULT NULL,
  `tms` timestamp NOT NULL DEFAULT CURRENT_TIMESTAMP ON UPDATE CURRENT_TIMESTAMP,
  PRIMARY KEY (`rowid`),
  UNIQUE KEY `uk_bordereau_cheque` (`ref`,`entity`)
) ENGINE=InnoDB AUTO_INCREMENT=3 DEFAULT CHARSET=utf8;

--
-- Dumping data for table `llx_bordereau_cheque`
--

INSERT INTO `llx_bordereau_cheque` VALUES (2,'2017-02-06 08:12:05','2017-02-06','CHK1702-0001',1,150.00000000,1,1,12,NULL,1,'','2017-02-06 04:12:13');

--
-- Table structure for table `llx_boxes`
--

CREATE TABLE `llx_boxes` (
  `rowid` int(11) NOT NULL AUTO_INCREMENT,
  `entity` int(11) NOT NULL DEFAULT '1',
  `box_id` int(11) NOT NULL,
  `position` smallint(6) NOT NULL,
  `box_order` varchar(3) NOT NULL,
  `fk_user` int(11) NOT NULL DEFAULT '0',
  `maxline` int(11) DEFAULT NULL,
  `params` varchar(255) DEFAULT NULL,
  PRIMARY KEY (`rowid`),
  UNIQUE KEY `uk_boxes` (`entity`,`box_id`,`position`,`fk_user`),
  KEY `idx_boxes_boxid` (`box_id`),
  KEY `idx_boxes_fk_user` (`fk_user`),
  CONSTRAINT `fk_boxes_box_id` FOREIGN KEY (`box_id`) REFERENCES `llx_boxes_def` (`rowid`)
) ENGINE=InnoDB AUTO_INCREMENT=1120 DEFAULT CHARSET=utf8;

--
-- Dumping data for table `llx_boxes`
--

INSERT INTO `llx_boxes` VALUES (253,2,323,0,'0',0,NULL,NULL),(304,2,324,0,'0',0,NULL,NULL),(305,2,325,0,'0',0,NULL,NULL),(306,2,326,0,'0',0,NULL,NULL),(307,2,327,0,'0',0,NULL,NULL),(308,2,328,0,'0',0,NULL,NULL),(309,2,329,0,'0',0,NULL,NULL),(310,2,330,0,'0',0,NULL,NULL),(311,2,331,0,'0',0,NULL,NULL),(312,2,332,0,'0',0,NULL,NULL),(313,2,333,0,'0',0,NULL,NULL),(314,1,347,0,'A01',0,NULL,NULL),(315,1,348,0,'B18',0,NULL,NULL),(316,1,349,0,'A19',0,NULL,NULL),(317,1,350,0,'B20',0,NULL,NULL),(344,1,374,0,'A21',0,NULL,NULL),(347,1,377,0,'B22',0,NULL,NULL),(348,1,378,0,'A23',0,NULL,NULL),(358,1,388,0,'A25',0,NULL,NULL),(359,1,389,0,'B26',0,NULL,NULL),(360,1,390,0,'A27',0,NULL,NULL),(362,1,392,0,'A29',0,NULL,NULL),(363,1,393,0,'B30',0,NULL,NULL),(366,1,396,0,'A17',0,NULL,NULL),(387,1,403,0,'B16',0,NULL,NULL),(392,1,409,0,'A15',0,NULL,NULL),(393,1,410,0,'B02',0,NULL,NULL),(394,1,411,0,'A03',0,NULL,NULL),(395,1,412,0,'B04',0,NULL,NULL),(396,1,413,0,'A05',0,NULL,NULL),(397,1,414,0,'B06',0,NULL,NULL),(398,1,415,0,'A07',0,NULL,NULL),(399,1,416,0,'B08',0,NULL,NULL),(400,1,417,0,'A09',0,NULL,NULL),(401,1,418,0,'B10',0,NULL,NULL),(501,1,419,0,'A11',0,NULL,NULL),(1019,1,392,0,'A01',2,NULL,NULL),(1021,1,412,0,'A03',2,NULL,NULL),(1022,1,347,0,'A04',2,NULL,NULL),(1023,1,393,0,'A05',2,NULL,NULL),(1025,1,389,0,'A07',2,NULL,NULL),(1026,1,416,0,'A08',2,NULL,NULL),(1027,1,396,0,'B01',2,NULL,NULL),(1028,1,377,0,'B02',2,NULL,NULL),(1031,1,419,0,'B05',2,NULL,NULL),(1036,1,424,0,'0',0,NULL,NULL),(1037,1,425,0,'0',0,NULL,NULL),(1038,1,426,0,'0',0,NULL,NULL),(1039,1,427,0,'0',0,NULL,NULL),(1115,1,412,0,'A01',12,NULL,NULL),(1116,1,392,0,'A02',12,NULL,NULL),(1117,1,377,0,'A03',12,NULL,NULL),(1118,1,347,0,'A04',12,NULL,NULL),(1119,1,396,0,'B01',12,NULL,NULL);

--
-- Table structure for table `llx_boxes_def`
--

CREATE TABLE `llx_boxes_def` (
  `rowid` int(11) NOT NULL AUTO_INCREMENT,
  `file` varchar(200) NOT NULL,
  `entity` int(11) NOT NULL DEFAULT '1',
  `tms` timestamp NOT NULL DEFAULT CURRENT_TIMESTAMP ON UPDATE CURRENT_TIMESTAMP,
  `note` varchar(130) DEFAULT NULL,
  PRIMARY KEY (`rowid`),
  UNIQUE KEY `uk_boxes_def` (`file`,`entity`,`note`)
) ENGINE=InnoDB AUTO_INCREMENT=429 DEFAULT CHARSET=utf8;

--
-- Dumping data for table `llx_boxes_def`
--

INSERT INTO `llx_boxes_def` VALUES (188,'box_services_vendus.php',1,'2011-08-05 20:40:27',NULL),(323,'box_actions.php',2,'2013-03-13 15:29:19',NULL),(324,'box_clients.php',2,'2013-03-13 20:21:35',NULL),(325,'box_prospect.php',2,'2013-03-13 20:21:35',NULL),(326,'box_contacts.php',2,'2013-03-13 20:21:35',NULL),(327,'box_activity.php',2,'2013-03-13 20:21:35','(WarningUsingThisBoxSlowDown)'),(328,'box_propales.php',2,'2013-03-13 20:32:38',NULL),(329,'box_comptes.php',2,'2013-03-13 20:33:09',NULL),(330,'box_factures_imp.php',2,'2013-03-13 20:33:09',NULL),(331,'box_factures.php',2,'2013-03-13 20:33:09',NULL),(332,'box_produits.php',2,'2013-03-13 20:33:09',NULL),(333,'box_produits_alerte_stock.php',2,'2013-03-13 20:33:09',NULL),(346,'box_googlemaps@google',1,'2013-11-07 00:01:39',NULL),(347,'box_clients.php',1,'2015-11-15 22:05:57',NULL),(348,'box_prospect.php',1,'2015-11-15 22:05:57',NULL),(349,'box_contacts.php',1,'2015-11-15 22:05:57',NULL),(350,'box_activity.php',1,'2015-11-15 22:05:57','(WarningUsingThisBoxSlowDown)'),(374,'box_services_contracts.php',1,'2015-11-15 22:38:37',NULL),(377,'box_project.php',1,'2015-11-15 22:38:44',NULL),(378,'box_task.php',1,'2015-11-15 22:38:44',NULL),(388,'box_contracts.php',1,'2015-11-15 22:39:52',NULL),(389,'box_services_expired.php',1,'2015-11-15 22:39:52',NULL),(390,'box_ficheinter.php',1,'2015-11-15 22:39:56',NULL),(392,'box_graph_propales_permonth.php',1,'2015-11-15 22:41:47',NULL),(393,'box_propales.php',1,'2015-11-15 22:41:47',NULL),(396,'box_graph_product_distribution.php',1,'2015-11-15 22:41:47',NULL),(403,'box_goodcustomers.php',1,'2016-07-30 11:13:20','(WarningUsingThisBoxSlowDown)'),(404,'box_external_rss.php',1,'2016-07-30 11:15:25','1 (Dolibarr.org News)'),(409,'box_produits.php',1,'2016-07-30 13:38:11',NULL),(410,'box_produits_alerte_stock.php',1,'2016-07-30 13:38:11',NULL),(411,'box_commandes.php',1,'2016-07-30 13:38:11',NULL),(412,'box_graph_orders_permonth.php',1,'2016-07-30 13:38:11',NULL),(413,'box_graph_invoices_supplier_permonth.php',1,'2016-07-30 13:38:11',NULL),(414,'box_graph_orders_supplier_permonth.php',1,'2016-07-30 13:38:11',NULL),(415,'box_fournisseurs.php',1,'2016-07-30 13:38:11',NULL),(416,'box_factures_fourn_imp.php',1,'2016-07-30 13:38:11',NULL),(417,'box_factures_fourn.php',1,'2016-07-30 13:38:11',NULL),(418,'box_supplier_orders.php',1,'2016-07-30 13:38:11',NULL),(419,'box_actions.php',1,'2016-07-30 15:42:32',NULL),(424,'box_factures_imp.php',1,'2017-02-07 18:56:12',NULL),(425,'box_factures.php',1,'2017-02-07 18:56:12',NULL),(426,'box_graph_invoices_permonth.php',1,'2017-02-07 18:56:12',NULL),(427,'box_comptes.php',1,'2017-02-07 18:56:12',NULL);

--
-- Table structure for table `llx_budget`
--

CREATE TABLE `llx_budget` (
  `rowid` int(11) NOT NULL AUTO_INCREMENT,
  `entity` int(11) NOT NULL DEFAULT '1',
  `label` varchar(255) NOT NULL,
  `status` int(11) DEFAULT NULL,
  `note` text,
  `date_start` date DEFAULT NULL,
  `date_end` date DEFAULT NULL,
  `datec` datetime DEFAULT NULL,
  `tms` timestamp NOT NULL DEFAULT CURRENT_TIMESTAMP ON UPDATE CURRENT_TIMESTAMP,
  `fk_user_creat` int(11) DEFAULT NULL,
  `fk_user_modif` int(11) DEFAULT NULL,
  `import_key` int(11) DEFAULT NULL,
  PRIMARY KEY (`rowid`)
) ENGINE=InnoDB DEFAULT CHARSET=utf8;

--
-- Dumping data for table `llx_budget`
--


--
-- Table structure for table `llx_budget_lines`
--

CREATE TABLE `llx_budget_lines` (
  `rowid` int(11) NOT NULL AUTO_INCREMENT,
  `fk_budget` int(11) NOT NULL,
  `fk_project_ids` varchar(255) NOT NULL,
  `amount` double(24,8) NOT NULL,
  `datec` datetime DEFAULT NULL,
  `tms` timestamp NOT NULL DEFAULT CURRENT_TIMESTAMP ON UPDATE CURRENT_TIMESTAMP,
  `fk_user_creat` int(11) DEFAULT NULL,
  `fk_user_modif` int(11) DEFAULT NULL,
  `import_key` int(11) DEFAULT NULL,
  PRIMARY KEY (`rowid`),
  UNIQUE KEY `uk_budget_lines` (`fk_budget`,`fk_project_ids`),
  CONSTRAINT `fk_budget_lines_budget` FOREIGN KEY (`fk_budget`) REFERENCES `llx_budget` (`rowid`)
) ENGINE=InnoDB DEFAULT CHARSET=utf8;

--
-- Dumping data for table `llx_budget_lines`
--


--
-- Table structure for table `llx_c_accounting_category`
--

CREATE TABLE `llx_c_accounting_category` (
  `rowid` int(11) NOT NULL AUTO_INCREMENT,
  `code` varchar(16) NOT NULL,
  `label` varchar(255) NOT NULL,
  `range_account` varchar(255) NOT NULL,
  `sens` tinyint(4) NOT NULL DEFAULT '0',
  `category_type` tinyint(4) NOT NULL DEFAULT '0',
  `formula` varchar(255) NOT NULL,
  `position` int(11) DEFAULT '0',
  `fk_country` int(11) DEFAULT NULL,
  `active` int(11) DEFAULT '1',
  PRIMARY KEY (`rowid`),
  UNIQUE KEY `uk_c_accounting_category` (`code`)
) ENGINE=InnoDB AUTO_INCREMENT=7 DEFAULT CHARSET=utf8;

--
-- Dumping data for table `llx_c_accounting_category`
--

INSERT INTO `llx_c_accounting_category` VALUES (1,'VTE','Ventes de marchandises','707xxx',0,0,'',10,1,1),(2,'MAR','Coût d achats marchandises vendues','603xxx | 607xxx | 609xxx',0,0,'',20,1,1),(3,'MARGE','Marge commerciale','',0,1,'1 + 2',30,1,1),(4,'123','ddd','603xxx | 607xxx | 609xxx',0,0,'0',4,14,1);

--
-- Table structure for table `llx_c_action_trigger`
--

CREATE TABLE `llx_c_action_trigger` (
  `rowid` int(11) NOT NULL AUTO_INCREMENT,
  `code` varchar(32) NOT NULL,
  `label` varchar(128) NOT NULL,
  `description` varchar(255) DEFAULT NULL,
  `elementtype` varchar(16) NOT NULL,
  `rang` int(11) DEFAULT '0',
  PRIMARY KEY (`rowid`),
  UNIQUE KEY `uk_action_trigger_code` (`code`),
  KEY `idx_action_trigger_rang` (`rang`)
) ENGINE=InnoDB AUTO_INCREMENT=180 DEFAULT CHARSET=utf8;

--
-- Dumping data for table `llx_c_action_trigger`
--

INSERT INTO `llx_c_action_trigger` VALUES (131,'COMPANY_SENTBYMAIL','Mails sent from third party card','Executed when you send email from third party card','societe',1),(132,'COMPANY_CREATE','Third party created','Executed when a third party is created','societe',1),(133,'PROPAL_VALIDATE','Customer proposal validated','Executed when a commercial proposal is validated','propal',2),(134,'PROPAL_SENTBYMAIL','Commercial proposal sent by mail','Executed when a commercial proposal is sent by mail','propal',3),(135,'ORDER_VALIDATE','Customer order validate','Executed when a customer order is validated','commande',4),(136,'ORDER_CLOSE','Customer order classify delivered','Executed when a customer order is set delivered','commande',5),(137,'ORDER_CLASSIFY_BILLED','Customer order classify billed','Executed when a customer order is set to billed','commande',5),(138,'ORDER_CANCEL','Customer order canceled','Executed when a customer order is canceled','commande',5),(139,'ORDER_SENTBYMAIL','Customer order sent by mail','Executed when a customer order is sent by mail ','commande',5),(140,'BILL_VALIDATE','Customer invoice validated','Executed when a customer invoice is approved','facture',6),(141,'BILL_PAYED','Customer invoice payed','Executed when a customer invoice is payed','facture',7),(142,'BILL_CANCEL','Customer invoice canceled','Executed when a customer invoice is conceled','facture',8),(143,'BILL_SENTBYMAIL','Customer invoice sent by mail','Executed when a customer invoice is sent by mail','facture',9),(144,'BILL_UNVALIDATE','Customer invoice unvalidated','Executed when a customer invoice status set back to draft','facture',10),(145,'ORDER_SUPPLIER_VALIDATE','Supplier order validated','Executed when a supplier order is validated','order_supplier',11),(146,'ORDER_SUPPLIER_APPROVE','Supplier order request approved','Executed when a supplier order is approved','order_supplier',12),(147,'ORDER_SUPPLIER_REFUSE','Supplier order request refused','Executed when a supplier order is refused','order_supplier',13),(148,'ORDER_SUPPLIER_SENTBYMAIL','Supplier order sent by mail','Executed when a supplier order is sent by mail','order_supplier',14),(149,'BILL_SUPPLIER_VALIDATE','Supplier invoice validated','Executed when a supplier invoice is validated','invoice_supplier',15),(150,'BILL_SUPPLIER_PAYED','Supplier invoice payed','Executed when a supplier invoice is payed','invoice_supplier',16),(151,'BILL_SUPPLIER_SENTBYMAIL','Supplier invoice sent by mail','Executed when a supplier invoice is sent by mail','invoice_supplier',17),(152,'BILL_SUPPLIER_CANCELED','Supplier invoice cancelled','Executed when a supplier invoice is cancelled','invoice_supplier',17),(153,'CONTRACT_VALIDATE','Contract validated','Executed when a contract is validated','contrat',18),(154,'SHIPPING_VALIDATE','Shipping validated','Executed when a shipping is validated','shipping',20),(155,'SHIPPING_SENTBYMAIL','Shipping sent by mail','Executed when a shipping is sent by mail','shipping',21),(156,'MEMBER_VALIDATE','Member validated','Executed when a member is validated','member',22),(157,'MEMBER_SUBSCRIPTION','Member subscribed','Executed when a member is subscribed','member',23),(158,'MEMBER_RESILIATE','Member resiliated','Executed when a member is resiliated','member',24),(159,'MEMBER_MODIFY','Member modified','Executed when a member is modified','member',24),(160,'MEMBER_DELETE','Member deleted','Executed when a member is deleted','member',25),(161,'FICHINTER_VALIDATE','Intervention validated','Executed when a intervention is validated','ficheinter',19),(162,'FICHINTER_CLASSIFY_BILLED','Intervention set billed','Executed when a intervention is set to billed (when option FICHINTER_CLASSIFY_BILLED is set)','ficheinter',19),(163,'FICHINTER_CLASSIFY_UNBILLED','Intervention set unbilled','Executed when a intervention is set to unbilled (when option FICHINTER_CLASSIFY_BILLED is set)','ficheinter',19),(164,'FICHINTER_REOPEN','Intervention opened','Executed when a intervention is re-opened','ficheinter',19),(165,'FICHINTER_SENTBYMAIL','Intervention sent by mail','Executed when a intervention is sent by mail','ficheinter',19),(166,'PROJECT_CREATE','Project creation','Executed when a project is created','project',140),(167,'PROPAL_CLOSE_SIGNED','Customer proposal closed signed','Executed when a customer proposal is closed signed','propal',2),(168,'PROPAL_CLOSE_REFUSED','Customer proposal closed refused','Executed when a customer proposal is closed refused','propal',2),(169,'PROPAL_CLASSIFY_BILLED','Customer proposal set billed','Executed when a customer proposal is set to billed','propal',2),(170,'TASK_CREATE','Task created','Executed when a project task is created','project',35),(171,'TASK_MODIFY','Task modified','Executed when a project task is modified','project',36),(172,'TASK_DELETE','Task deleted','Executed when a project task is deleted','project',37),(173,'BILL_SUPPLIER_UNVALIDATE','Supplier invoice unvalidated','Executed when a supplier invoice status is set back to draft','invoice_supplier',15),(174,'PROJECT_MODIFY','Project modified','Executed when a project is modified','project',141),(175,'PROJECT_DELETE','Project deleted','Executed when a project is deleted','project',142),(176,'ORDER_SUPPLIER_CREATE','Supplier order validated','Executed when a supplier order is validated','order_supplier',11),(177,'ORDER_SUPPLIER_SUBMIT','Supplier order request submited','Executed when a supplier order is approved','order_supplier',12),(178,'ORDER_SUPPLIER_RECEIVE','Supplier order request received','Executed when a supplier order is received','order_supplier',12),(179,'ORDER_SUPPLIER_CLASSIFY_BILLED','Supplier order set billed','Executed when a supplier order is set as billed','order_supplier',14);

--
-- Table structure for table `llx_c_actioncomm`
--

CREATE TABLE `llx_c_actioncomm` (
  `id` int(11) NOT NULL,
  `code` varchar(12) NOT NULL,
  `type` varchar(50) NOT NULL DEFAULT 'system',
  `libelle` varchar(48) NOT NULL,
  `module` varchar(16) DEFAULT NULL,
  `active` tinyint(4) NOT NULL DEFAULT '1',
  `todo` tinyint(4) DEFAULT NULL,
  `position` int(11) NOT NULL DEFAULT '0',
  `color` varchar(9) DEFAULT NULL,
  `picto` varchar(48) DEFAULT NULL,
  PRIMARY KEY (`id`),
  UNIQUE KEY `uk_c_actioncomm` (`code`)
) ENGINE=InnoDB DEFAULT CHARSET=utf8;

--
-- Dumping data for table `llx_c_actioncomm`
--

INSERT INTO `llx_c_actioncomm` VALUES (1,'AC_TEL','system','Phone call',NULL,1,NULL,2,NULL,NULL),(2,'AC_FAX','system','Send Fax',NULL,1,NULL,3,NULL,NULL),(3,'AC_PROP','systemauto','Send commercial proposal by email','propal',0,NULL,10,NULL,NULL),(4,'AC_EMAIL','system','Send Email',NULL,1,NULL,4,NULL,NULL),(5,'AC_RDV','system','Rendez-vous',NULL,1,NULL,1,NULL,NULL),(8,'AC_COM','systemauto','Send customer order by email','order',0,NULL,8,NULL,NULL),(9,'AC_FAC','systemauto','Send customer invoice by email','invoice',0,NULL,6,NULL,NULL),(10,'AC_SHIP','systemauto','Send shipping by email','shipping',0,NULL,11,NULL,NULL),(11,'AC_INT','system','Intervention on site',NULL,1,NULL,4,NULL,NULL),(30,'AC_SUP_ORD','systemauto','Send supplier order by email','order_supplier',0,NULL,9,NULL,NULL),(31,'AC_SUP_INV','systemauto','Send supplier invoice by email','invoice_supplier',0,NULL,7,NULL,NULL),(40,'AC_OTH_AUTO','systemauto','Other (automatically inserted events)',NULL,1,NULL,20,NULL,NULL),(50,'AC_OTH','system','Other (manually inserted events)',NULL,1,NULL,5,NULL,NULL),(100700,'AC_CABMED','module','Send document by email','cabinetmed',0,NULL,100,NULL,NULL);

--
-- Table structure for table `llx_c_availability`
--

CREATE TABLE `llx_c_availability` (
  `rowid` int(11) NOT NULL AUTO_INCREMENT,
  `code` varchar(30) NOT NULL,
  `label` varchar(60) NOT NULL,
  `active` tinyint(4) NOT NULL DEFAULT '1',
  PRIMARY KEY (`rowid`),
  UNIQUE KEY `uk_c_availability` (`code`)
) ENGINE=InnoDB AUTO_INCREMENT=5 DEFAULT CHARSET=utf8;

--
-- Dumping data for table `llx_c_availability`
--

INSERT INTO `llx_c_availability` VALUES (1,'AV_NOW','Immediate',1),(2,'AV_1W','1 week',1),(3,'AV_2W','2 weeks',1),(4,'AV_3W','3 weeks',1);

--
-- Table structure for table `llx_c_barcode_type`
--

CREATE TABLE `llx_c_barcode_type` (
  `rowid` int(11) NOT NULL AUTO_INCREMENT,
  `code` varchar(16) NOT NULL,
  `entity` int(11) NOT NULL DEFAULT '1',
  `libelle` varchar(50) NOT NULL,
  `coder` varchar(16) NOT NULL,
  `example` varchar(16) NOT NULL,
  PRIMARY KEY (`rowid`),
  UNIQUE KEY `uk_c_barcode_type` (`code`,`entity`)
) ENGINE=InnoDB AUTO_INCREMENT=31 DEFAULT CHARSET=utf8;

--
-- Dumping data for table `llx_c_barcode_type`
--

INSERT INTO `llx_c_barcode_type` VALUES (1,'EAN8',1,'EAN8','0','1234567'),(2,'EAN13',1,'EAN13','phpbarcode','123456789012'),(3,'UPC',1,'UPC','0','123456789012'),(4,'ISBN',1,'ISBN','0','123456789'),(5,'C39',1,'Code 39','0','1234567890'),(6,'C128',1,'Code 128','tcpdfbarcode','ABCD1234567890'),(13,'DATAMATRIX',1,'Datamatrix','0','1234567xyz'),(14,'QRCODE',1,'Qr Code','0','www.dolibarr.org');

--
-- Table structure for table `llx_c_chargesociales`
--

CREATE TABLE `llx_c_chargesociales` (
  `id` int(11) NOT NULL AUTO_INCREMENT,
  `libelle` varchar(80) DEFAULT NULL,
  `deductible` smallint(6) NOT NULL DEFAULT '0',
  `active` tinyint(4) NOT NULL DEFAULT '1',
  `code` varchar(12) NOT NULL,
  `fk_pays` int(11) NOT NULL DEFAULT '1',
  `module` varchar(32) DEFAULT NULL,
  `accountancy_code` varchar(32) DEFAULT NULL,
  PRIMARY KEY (`id`)
) ENGINE=InnoDB AUTO_INCREMENT=4110 DEFAULT CHARSET=utf8;

--
-- Dumping data for table `llx_c_chargesociales`
--

INSERT INTO `llx_c_chargesociales` VALUES (1,'Allocations familiales',1,1,'TAXFAM',1,NULL,NULL),(2,'CSG Deductible',1,1,'TAXCSGD',1,NULL,NULL),(3,'CSG/CRDS NON Deductible',0,1,'TAXCSGND',1,NULL,NULL),(10,'Taxe apprentissage',0,1,'TAXAPP',1,NULL,NULL),(11,'Taxe professionnelle',0,1,'TAXPRO',1,NULL,NULL),(12,'Cotisation foncière des entreprises',0,1,'TAXCFE',1,NULL,NULL),(13,'Cotisation sur la valeur ajoutée des entreprises',0,1,'TAXCVAE',1,NULL,NULL),(20,'Impots locaux/fonciers',0,1,'TAXFON',1,NULL,NULL),(25,'Impots revenus',0,1,'TAXREV',1,NULL,NULL),(30,'Assurance Sante',0,1,'TAXSECU',1,NULL,NULL),(40,'Mutuelle',0,1,'TAXMUT',1,NULL,NULL),(50,'Assurance vieillesse',0,1,'TAXRET',1,NULL,NULL),(60,'Assurance Chomage',0,1,'TAXCHOM',1,NULL,NULL),(201,'ONSS',1,1,'TAXBEONSS',2,NULL,NULL),(210,'Precompte professionnel',1,1,'TAXBEPREPRO',2,NULL,NULL),(220,'Prime d\'existence',1,1,'TAXBEPRIEXI',2,NULL,NULL),(230,'Precompte immobilier',1,1,'TAXBEPREIMMO',2,NULL,NULL),(4101,'Krankenversicherung',1,1,'TAXATKV',41,NULL,NULL),(4102,'Unfallversicherung',1,1,'TAXATUV',41,NULL,NULL),(4103,'Pensionsversicherung',1,1,'TAXATPV',41,NULL,NULL),(4104,'Arbeitslosenversicherung',1,1,'TAXATAV',41,NULL,NULL),(4105,'Insolvenzentgeltsicherungsfond',1,1,'TAXATIESG',41,NULL,NULL),(4106,'Wohnbauförderung',1,1,'TAXATWF',41,NULL,NULL),(4107,'Arbeiterkammerumlage',1,1,'TAXATAK',41,NULL,NULL),(4108,'Mitarbeitervorsorgekasse',1,1,'TAXATMVK',41,NULL,NULL),(4109,'Familienlastenausgleichsfond',1,1,'TAXATFLAF',41,NULL,NULL);

--
-- Table structure for table `llx_c_civility`
--

CREATE TABLE `llx_c_civility` (
  `rowid` int(11) NOT NULL,
  `code` varchar(6) NOT NULL,
  `label` varchar(50) DEFAULT NULL,
  `active` tinyint(4) NOT NULL DEFAULT '1',
  `module` varchar(32) DEFAULT NULL,
  PRIMARY KEY (`rowid`),
  UNIQUE KEY `uk_c_civility` (`code`)
) ENGINE=InnoDB DEFAULT CHARSET=utf8;

--
-- Dumping data for table `llx_c_civility`
--

INSERT INTO `llx_c_civility` VALUES (1,'MME','Madame',1,NULL),(3,'MR','Monsieur',1,NULL),(5,'MLE','Mademoiselle',1,NULL),(7,'MTRE','Maître',1,NULL),(8,'DR','Docteur',1,NULL);

--
-- Table structure for table `llx_c_country`
--

CREATE TABLE `llx_c_country` (
  `rowid` int(11) NOT NULL,
  `code` varchar(2) NOT NULL,
  `code_iso` varchar(3) DEFAULT NULL,
  `label` varchar(50) NOT NULL,
  `active` tinyint(4) NOT NULL DEFAULT '1',
  `favorite` tinyint(4) NOT NULL DEFAULT '0',
  PRIMARY KEY (`rowid`),
  UNIQUE KEY `idx_c_country_code` (`code`),
  UNIQUE KEY `idx_c_country_label` (`label`),
  UNIQUE KEY `idx_c_country_code_iso` (`code_iso`)
) ENGINE=InnoDB DEFAULT CHARSET=utf8;

--
-- Dumping data for table `llx_c_country`
--

INSERT INTO `llx_c_country` VALUES (0,'',NULL,'-',1,1),(1,'FR','FRA','France',1,0),(2,'BE','BEL','Belgium',1,0),(3,'IT','ITA','Italy',1,0),(4,'ES','ESP','Spain',1,0),(5,'DE','DEU','Germany',1,0),(6,'CH','CHE','Switzerland',1,0),(7,'GB','GBR','United Kingdom',1,0),(8,'IE','IRL','Irland',1,0),(9,'CN','CHN','China',1,0),(10,'TN','TUN','Tunisia',1,0),(11,'US','USA','United States',1,0),(12,'MA','MAR','Maroc',1,0),(13,'DZ','DZA','Algeria',1,0),(14,'CA','CAN','Canada',1,0),(15,'TG','TGO','Togo',1,0),(16,'GA','GAB','Gabon',1,0),(17,'NL','NLD','Nerderland',1,0),(18,'HU','HUN','Hongrie',1,0),(19,'RU','RUS','Russia',1,0),(20,'SE','SWE','Sweden',1,0),(21,'CI','CIV','Côte d\'Ivoire',1,0),(22,'SN','SEN','Senegal',1,0),(23,'AR','ARG','Argentine',1,0),(24,'CM','CMR','Cameroun',1,0),(25,'PT','PRT','Portugal',1,0),(26,'SA','SAU','Saudi Arabia',1,0),(27,'MC','MCO','Monaco',1,0),(28,'AU','AUS','Australia',1,0),(29,'SG','SGP','Singapour',1,0),(30,'AF','AFG','Afghanistan',1,0),(31,'AX','ALA','Iles Aland',1,0),(32,'AL','ALB','Albanie',1,0),(33,'AS','ASM','Samoa américaines',1,0),(34,'AD','AND','Andorre',1,0),(35,'AO','AGO','Angola',1,0),(36,'AI','AIA','Anguilla',1,0),(37,'AQ','ATA','Antarctique',1,0),(38,'AG','ATG','Antigua-et-Barbuda',1,0),(39,'AM','ARM','Arménie',1,0),(40,'AW','ABW','Aruba',1,0),(41,'AT','AUT','Autriche',1,0),(42,'AZ','AZE','Azerbaïdjan',1,0),(43,'BS','BHS','Bahamas',1,0),(44,'BH','BHR','Bahreïn',1,0),(45,'BD','BGD','Bangladesh',1,0),(46,'BB','BRB','Barbade',1,0),(47,'BY','BLR','Biélorussie',1,0),(48,'BZ','BLZ','Belize',1,0),(49,'BJ','BEN','Bénin',1,0),(50,'BM','BMU','Bermudes',1,0),(51,'BT','BTN','Bhoutan',1,0),(52,'BO','BOL','Bolivie',1,0),(53,'BA','BIH','Bosnie-Herzégovine',1,0),(54,'BW','BWA','Botswana',1,0),(55,'BV','BVT','Ile Bouvet',1,0),(56,'BR','BRA','Brazil',1,0),(57,'IO','IOT','Territoire britannique de l\'Océan Indien',1,0),(58,'BN','BRN','Brunei',1,0),(59,'BG','BGR','Bulgarie',1,0),(60,'BF','BFA','Burkina Faso',1,0),(61,'BI','BDI','Burundi',1,0),(62,'KH','KHM','Cambodge',1,0),(63,'CV','CPV','Cap-Vert',1,0),(64,'KY','CYM','Iles Cayman',1,0),(65,'CF','CAF','République centrafricaine',1,0),(66,'TD','TCD','Tchad',1,0),(67,'CL','CHL','Chili',1,0),(68,'CX','CXR','Ile Christmas',1,0),(69,'CC','CCK','Iles des Cocos (Keeling)',1,0),(70,'CO','COL','Colombie',1,0),(71,'KM','COM','Comores',1,0),(72,'CG','COG','Congo',1,0),(73,'CD','COD','République démocratique du Congo',1,0),(74,'CK','COK','Iles Cook',1,0),(75,'CR','CRI','Costa Rica',1,0),(76,'HR','HRV','Croatie',1,0),(77,'CU','CUB','Cuba',1,0),(78,'CY','CYP','Chypre',1,0),(79,'CZ','CZE','République Tchèque',1,0),(80,'DK','DNK','Danemark',1,0),(81,'DJ','DJI','Djibouti',1,0),(82,'DM','DMA','Dominique',1,0),(83,'DO','DOM','République Dominicaine',1,0),(84,'EC','ECU','Equateur',1,0),(85,'EG','EGY','Egypte',1,0),(86,'SV','SLV','Salvador',1,0),(87,'GQ','GNQ','Guinée Equatoriale',1,0),(88,'ER','ERI','Erythrée',1,0),(89,'EE','EST','Estonia',1,0),(90,'ET','ETH','Ethiopie',1,0),(91,'FK','FLK','Iles Falkland',1,0),(92,'FO','FRO','Iles Féroé',1,0),(93,'FJ','FJI','Iles Fidji',1,0),(94,'FI','FIN','Finlande',1,0),(95,'GF','GUF','Guyane française',1,0),(96,'PF','PYF','Polynésie française',1,0),(97,'TF','ATF','Terres australes françaises',1,0),(98,'GM','GMB','Gambie',1,0),(99,'GE','GEO','Georgia',1,0),(100,'GH','GHA','Ghana',1,0),(101,'GI','GIB','Gibraltar',1,0),(102,'GR','GRC','Greece',1,0),(103,'GL','GRL','Groenland',1,0),(104,'GD','GRD','Grenade',1,0),(106,'GU','GUM','Guam',1,0),(107,'GT','GTM','Guatemala',1,0),(108,'GN','GIN','Guinea',1,0),(109,'GW','GNB','Guinea-Bissao',1,0),(111,'HT','HTI','Haiti',1,0),(112,'HM','HMD','Iles Heard et McDonald',1,0),(113,'VA','VAT','Saint-Siège (Vatican)',1,0),(114,'HN','HND','Honduras',1,0),(115,'HK','HKG','Hong Kong',1,0),(116,'IS','ISL','Islande',1,0),(117,'IN','IND','India',1,0),(118,'ID','IDN','Indonésie',1,0),(119,'IR','IRN','Iran',1,0),(120,'IQ','IRQ','Iraq',1,0),(121,'IL','ISR','Israel',1,0),(122,'JM','JAM','Jamaïque',1,0),(123,'JP','JPN','Japon',1,0),(124,'JO','JOR','Jordanie',1,0),(125,'KZ','KAZ','Kazakhstan',1,0),(126,'KE','KEN','Kenya',1,0),(127,'KI','KIR','Kiribati',1,0),(128,'KP','PRK','North Corea',1,0),(129,'KR','KOR','South Corea',1,0),(130,'KW','KWT','Koweït',1,0),(131,'KG','KGZ','Kirghizistan',1,0),(132,'LA','LAO','Laos',1,0),(133,'LV','LVA','Lettonie',1,0),(134,'LB','LBN','Liban',1,0),(135,'LS','LSO','Lesotho',1,0),(136,'LR','LBR','Liberia',1,0),(137,'LY','LBY','Libye',1,0),(138,'LI','LIE','Liechtenstein',1,0),(139,'LT','LTU','Lituanie',1,0),(140,'LU','LUX','Luxembourg',1,0),(141,'MO','MAC','Macao',1,0),(142,'MK','MKD','ex-République yougoslave de Macédoine',1,0),(143,'MG','MDG','Madagascar',1,0),(144,'MW','MWI','Malawi',1,0),(145,'MY','MYS','Malaisie',1,0),(146,'MV','MDV','Maldives',1,0),(147,'ML','MLI','Mali',1,0),(148,'MT','MLT','Malte',1,0),(149,'MH','MHL','Iles Marshall',1,0),(151,'MR','MRT','Mauritanie',1,0),(152,'MU','MUS','Maurice',1,0),(153,'YT','MYT','Mayotte',1,0),(154,'MX','MEX','Mexique',1,0),(155,'FM','FSM','Micronésie',1,0),(156,'MD','MDA','Moldavie',1,0),(157,'MN','MNG','Mongolie',1,0),(158,'MS','MSR','Monserrat',1,0),(159,'MZ','MOZ','Mozambique',1,0),(160,'MM','MMR','Birmanie (Myanmar)',1,0),(161,'NA','NAM','Namibie',1,0),(162,'NR','NRU','Nauru',1,0),(163,'NP','NPL','Népal',1,0),(164,'AN',NULL,'Antilles néerlandaises',1,0),(165,'NC','NCL','Nouvelle-Calédonie',1,0),(166,'NZ','NZL','Nouvelle-Zélande',1,0),(167,'NI','NIC','Nicaragua',1,0),(168,'NE','NER','Niger',1,0),(169,'NG','NGA','Nigeria',1,0),(170,'NU','NIU','Nioué',1,0),(171,'NF','NFK','Ile Norfolk',1,0),(172,'MP','MNP','Mariannes du Nord',1,0),(173,'NO','NOR','Norvège',1,0),(174,'OM','OMN','Oman',1,0),(175,'PK','PAK','Pakistan',1,0),(176,'PW','PLW','Palaos',1,0),(177,'PS','PSE','Territoire Palestinien Occupé',1,0),(178,'PA','PAN','Panama',1,0),(179,'PG','PNG','Papouasie-Nouvelle-Guinée',1,0),(180,'PY','PRY','Paraguay',1,0),(181,'PE','PER','Peru',1,0),(182,'PH','PHL','Philippines',1,0),(183,'PN','PCN','Iles Pitcairn',1,0),(184,'PL','POL','Pologne',1,0),(185,'PR','PRI','Porto Rico',1,0),(186,'QA','QAT','Qatar',1,0),(188,'RO','ROU','Roumanie',1,0),(189,'RW','RWA','Rwanda',1,0),(190,'SH','SHN','Sainte-Hélène',1,0),(191,'KN','KNA','Saint-Christophe-et-Niévès',1,0),(192,'LC','LCA','Sainte-Lucie',1,0),(193,'PM','SPM','Saint-Pierre-et-Miquelon',1,0),(194,'VC','VCT','Saint-Vincent-et-les-Grenadines',1,0),(195,'WS','WSM','Samoa',1,0),(196,'SM','SMR','Saint-Marin',1,0),(197,'ST','STP','Sao Tomé-et-Principe',1,0),(198,'RS','SRB','Serbie',1,0),(199,'SC','SYC','Seychelles',1,0),(200,'SL','SLE','Sierra Leone',1,0),(201,'SK','SVK','Slovaquie',1,0),(202,'SI','SVN','Slovénie',1,0),(203,'SB','SLB','Iles Salomon',1,0),(204,'SO','SOM','Somalie',1,0),(205,'ZA','ZAF','Afrique du Sud',1,0),(206,'GS','SGS','Iles Géorgie du Sud et Sandwich du Sud',1,0),(207,'LK','LKA','Sri Lanka',1,0),(208,'SD','SDN','Soudan',1,0),(209,'SR','SUR','Suriname',1,0),(210,'SJ','SJM','Iles Svalbard et Jan Mayen',1,0),(211,'SZ','SWZ','Swaziland',1,0),(212,'SY','SYR','Syrie',1,0),(213,'TW','TWN','Taïwan',1,0),(214,'TJ','TJK','Tadjikistan',1,0),(215,'TZ','TZA','Tanzanie',1,0),(216,'TH','THA','Thaïlande',1,0),(217,'TL','TLS','Timor Oriental',1,0),(218,'TK','TKL','Tokélaou',1,0),(219,'TO','TON','Tonga',1,0),(220,'TT','TTO','Trinité-et-Tobago',1,0),(221,'TR','TUR','Turquie',1,0),(222,'TM','TKM','Turkménistan',1,0),(223,'TC','TCA','Iles Turks-et-Caicos',1,0),(224,'TV','TUV','Tuvalu',1,0),(225,'UG','UGA','Ouganda',1,0),(226,'UA','UKR','Ukraine',1,0),(227,'xx','ARE','Émirats arabes unishh',1,0),(228,'UM','UMI','Iles mineures éloignées des États-Unis',1,0),(229,'UY','URY','Uruguay',1,0),(230,'UZ','UZB','Ouzbékistan',1,0),(231,'VU','VUT','Vanuatu',1,0),(232,'VE','VEN','Vénézuela',1,0),(233,'VN','VNM','Viêt Nam',1,0),(234,'VG','VGB','Iles Vierges britanniques',1,0),(235,'VI','VIR','Iles Vierges américaines',1,0),(236,'WF','WLF','Wallis-et-Futuna',1,0),(237,'EH','ESH','Sahara occidental',1,0),(238,'YE','YEM','Yémen',1,0),(239,'ZM','ZMB','Zambie',1,0),(240,'ZW','ZWE','Zimbabwe',1,0),(241,'GG','GGY','Guernesey',1,0),(242,'IM','IMN','Ile de Man',1,0),(243,'JE','JEY','Jersey',1,0),(244,'ME','MNE','Monténégro',1,0),(245,'BL','BLM','Saint-Barthélemy',1,0),(246,'MF','MAF','Saint-Martin',1,0),(247,'hh',NULL,'hhh',1,0);

--
-- Table structure for table `llx_c_currencies`
--

CREATE TABLE `llx_c_currencies` (
  `code_iso` varchar(3) NOT NULL,
  `label` varchar(64) NOT NULL,
  `unicode` varchar(32) DEFAULT NULL,
  `active` tinyint(4) NOT NULL DEFAULT '1',
  PRIMARY KEY (`code_iso`),
  UNIQUE KEY `uk_c_currencies_code_iso` (`code_iso`)
) ENGINE=InnoDB DEFAULT CHARSET=utf8;

--
-- Dumping data for table `llx_c_currencies`
--

INSERT INTO `llx_c_currencies` VALUES ('AED','United Arab Emirates Dirham',NULL,1),('AFN','Afghanistan Afghani','[1547]',1),('ALL','Albania Leklll','[76,101,107]',1),('ANG','Netherlands Antilles Guilder','[402]',1),('ARP','Pesos argentins',NULL,0),('ARS','Argentino Peso','[36]',1),('ATS','Shiliing autrichiens',NULL,0),('AUD','Australia Dollar','[36]',1),('AWG','Aruba Guilder','[402]',1),('AZN','Azerbaijan New Manat','[1084,1072,1085]',1),('BAM','Bosnia and Herzegovina Convertible Marka','[75,77]',1),('BBD','Barbados Dollar','[36]',1),('BEF','Francs belges',NULL,0),('BGN','Bulgaria Lev','[1083,1074]',1),('BMD','Bermuda Dollar','[36]',1),('BND','Brunei Darussalam Dollar','[36]',1),('BOB','Bolivia Boliviano','[36,98]',1),('BRL','Brazil Real','[82,36]',1),('BSD','Bahamas Dollar','[36]',1),('BWP','Botswana Pula','[80]',1),('BYR','Belarus Ruble','[112,46]',1),('BZD','Belize Dollar','[66,90,36]',1),('CAD','Canada Dollar','[36]',1),('CHF','Switzerland Franc','[67,72,70]',1),('CLP','Chile Peso','[36]',1),('CNY','China Yuan Renminbi','[165]',1),('COP','Colombia Peso','[36]',1),('CRC','Costa Rica Colon','[8353]',1),('CUP','Cuba Peso','[8369]',1),('CZK','Czech Republic Koruna','[75,269]',1),('DEM','Deutsch mark',NULL,0),('DKK','Denmark Krone','[107,114]',1),('DOP','Dominican Republic Peso','[82,68,36]',1),('DZD','Algeria Dinar',NULL,1),('EEK','Estonia Kroon','[107,114]',1),('EGP','Egypt Pound','[163]',1),('ESP','Pesete',NULL,0),('EUR','Euro Member Countries','[8364]',1),('FIM','Mark finlandais',NULL,0),('FJD','Fiji Dollar','[36]',1),('FKP','Falkland Islands (Malvinas) Pound','[163]',1),('FRF','Francs francais',NULL,0),('GBP','United Kingdom Pound','[163]',1),('GGP','Guernsey Pound','[163]',1),('GHC','Ghana Cedis','[162]',1),('GIP','Gibraltar Pound','[163]',1),('GRD','Drachme (grece)',NULL,0),('GTQ','Guatemala Quetzal','[81]',1),('GYD','Guyana Dollar','[36]',1),('hhh','ddd','[]',1),('HKD','Hong Kong Dollar','[36]',1),('HNL','Honduras Lempira','[76]',1),('HRK','Croatia Kuna','[107,110]',1),('HUF','Hungary Forint','[70,116]',1),('IDR','Indonesia Rupiah','[82,112]',1),('IEP','Livres irlandaises',NULL,0),('ILS','Israel Shekel','[8362]',1),('IMP','Isle of Man Pound','[163]',1),('INR','India Rupee',NULL,1),('IRR','Iran Rial','[65020]',1),('ISK','Iceland Krona','[107,114]',1),('ITL','Lires',NULL,0),('JEP','Jersey Pound','[163]',1),('JMD','Jamaica Dollar','[74,36]',1),('JPY','Japan Yen','[165]',1),('KES','Kenya Shilling',NULL,1),('KGS','Kyrgyzstan Som','[1083,1074]',1),('KHR','Cambodia Riel','[6107]',1),('KPW','Korea (North) Won','[8361]',1),('KRW','Korea (South) Won','[8361]',1),('KYD','Cayman Islands Dollar','[36]',1),('KZT','Kazakhstan Tenge','[1083,1074]',1),('LAK','Laos Kip','[8365]',1),('LBP','Lebanon Pound','[163]',1),('LKR','Sri Lanka Rupee','[8360]',1),('LRD','Liberia Dollar','[36]',1),('LTL','Lithuania Litas','[76,116]',1),('LUF','Francs luxembourgeois',NULL,0),('LVL','Latvia Lat','[76,115]',1),('MAD','Morocco Dirham',NULL,1),('MKD','Macedonia Denar','[1076,1077,1085]',1),('MNT','Mongolia Tughrik','[8366]',1),('MRO','Mauritania Ouguiya',NULL,1),('MUR','Mauritius Rupee','[8360]',1),('MXN','Mexico Peso','[36]',1),('MXP','Pesos Mexicans',NULL,0),('MYR','Malaysia Ringgit','[82,77]',1),('MZN','Mozambique Metical','[77,84]',1),('NAD','Namibia Dollar','[36]',1),('NGN','Nigeria Naira','[8358]',1),('NIO','Nicaragua Cordoba','[67,36]',1),('NLG','Florins',NULL,0),('NOK','Norway Krone','[107,114]',1),('NPR','Nepal Rupee','[8360]',1),('NZD','New Zealand Dollar','[36]',1),('OMR','Oman Rial','[65020]',1),('PAB','Panama Balboa','[66,47,46]',1),('PEN','Peru Nuevo Sol','[83,47,46]',1),('PHP','Philippines Peso','[8369]',1),('PKR','Pakistan Rupee','[8360]',1),('PLN','Poland Zloty','[122,322]',1),('PTE','Escudos',NULL,0),('PYG','Paraguay Guarani','[71,115]',1),('QAR','Qatar Riyal','[65020]',1),('RON','Romania New Leu','[108,101,105]',1),('RSD','Serbia Dinar','[1044,1080,1085,46]',1),('RUB','Russia Ruble','[1088,1091,1073]',1),('SAR','Saudi Arabia Riyal','[65020]',1),('SBD','Solomon Islands Dollar','[36]',1),('SCR','Seychelles Rupee','[8360]',1),('SEK','Sweden Krona','[107,114]',1),('SGD','Singapore Dollar','[36]',1),('SHP','Saint Helena Pound','[163]',1),('SKK','Couronnes slovaques',NULL,0),('SOS','Somalia Shilling','[83]',1),('SRD','Suriname Dollar','[36]',1),('SUR','Rouble',NULL,0),('SVC','El Salvador Colon','[36]',1),('SYP','Syria Pound','[163]',1),('THB','Thailand Baht','[3647]',1),('TND','Tunisia Dinar',NULL,1),('TRL','Turkey Lira','[84,76]',1),('TRY','Turkey Lira','[8356]',1),('TTD','Trinidad and Tobago Dollar','[84,84,36]',1),('TVD','Tuvalu Dollar','[36]',1),('TWD','Taiwan New Dollar','[78,84,36]',1),('UAH','Ukraine Hryvna','[8372]',1),('USD','United States Dollar','[36]',1),('UYU','Uruguay Peso','[36,85]',1),('UZS','Uzbekistan Som','[1083,1074]',1),('VEF','Venezuela Bolivar Fuerte','[66,115]',1),('VND','Viet Nam Dong','[8363]',1),('XAF','Communaute Financiere Africaine (BEAC) CFA Franc',NULL,1),('XCD','East Caribbean Dollar','[36]',1),('XEU','Ecus',NULL,0),('XOF','Communaute Financiere Africaine (BCEAO) Franc',NULL,1),('XPF','Franc pacifique (XPF)',NULL,1),('YER','Yemen Rial','[65020]',1),('ZAR','South Africa Rand','[82]',1),('ZWD','Zimbabwe Dollar','[90,36]',1);

--
-- Table structure for table `llx_c_departements`
--

CREATE TABLE `llx_c_departements` (
  `rowid` int(11) NOT NULL AUTO_INCREMENT,
  `code_departement` varchar(6) NOT NULL,
  `fk_region` int(11) DEFAULT NULL,
  `cheflieu` varchar(50) DEFAULT NULL,
  `tncc` int(11) DEFAULT NULL,
  `ncc` varchar(50) DEFAULT NULL,
  `nom` varchar(50) DEFAULT NULL,
  `active` tinyint(4) NOT NULL DEFAULT '1',
  PRIMARY KEY (`rowid`),
  UNIQUE KEY `uk_departements` (`code_departement`,`fk_region`),
  KEY `idx_departements_fk_region` (`fk_region`),
  CONSTRAINT `fk_departements_code_region` FOREIGN KEY (`fk_region`) REFERENCES `llx_c_regions` (`code_region`),
  CONSTRAINT `fk_departements_fk_region` FOREIGN KEY (`fk_region`) REFERENCES `llx_c_regions` (`code_region`)
) ENGINE=InnoDB AUTO_INCREMENT=2066 DEFAULT CHARSET=utf8;

--
-- Dumping data for table `llx_c_departements`
--

INSERT INTO `llx_c_departements` VALUES (1,'0',0,'0',0,'-','-',1),(2,'01',82,'01053',5,'AIN','Ain',1),(3,'02',22,'02408',5,'AISNE','Aisne',1),(4,'03',83,'03190',5,'ALLIER','Allier',1),(5,'04',93,'04070',4,'ALPES-DE-HAUTE-PROVENCE','Alpes-de-Haute-Provence',1),(6,'05',93,'05061',4,'HAUTES-ALPES','Hautes-Alpes',1),(7,'06',93,'06088',4,'ALPES-MARITIMES','Alpes-Maritimes',1),(8,'07',82,'07186',5,'ARDECHE','Ardèche',1),(9,'08',21,'08105',4,'ARDENNES','Ardennes',1),(10,'09',73,'09122',5,'ARIEGE','Ariège',1),(11,'10',21,'10387',5,'AUBE','Aube',1),(12,'11',91,'11069',5,'AUDE','Aude',1),(13,'12',73,'12202',5,'AVEYRON','Aveyron',1),(14,'13',93,'13055',4,'BOUCHES-DU-RHONE','Bouches-du-Rhône',1),(15,'14',25,'14118',2,'CALVADOS','Calvados',1),(16,'15',83,'15014',2,'CANTAL','Cantal',1),(17,'16',54,'16015',3,'CHARENTE','Charente',1),(18,'17',54,'17300',3,'CHARENTE-MARITIME','Charente-Maritime',1),(19,'18',24,'18033',2,'CHER','Cher',1),(20,'19',74,'19272',3,'CORREZE','Corrèze',1),(21,'2A',94,'2A004',3,'CORSE-DU-SUD','Corse-du-Sud',1),(22,'2B',94,'2B033',3,'HAUTE-CORSE','Haute-Corse',1),(23,'21',26,'21231',3,'COTE-D\'OR','Côte-d\'Or',1),(24,'22',53,'22278',4,'COTES-D\'ARMOR','Côtes-d\'Armor',1),(25,'23',74,'23096',3,'CREUSE','Creuse',1),(26,'24',72,'24322',3,'DORDOGNE','Dordogne',1),(27,'25',43,'25056',2,'DOUBS','Doubs',1),(28,'26',82,'26362',3,'DROME','Drôme',1),(29,'27',23,'27229',5,'EURE','Eure',1),(30,'28',24,'28085',1,'EURE-ET-LOIR','Eure-et-Loir',1),(31,'29',53,'29232',2,'FINISTERE','Finistère',1),(32,'30',91,'30189',2,'GARD','Gard',1),(33,'31',73,'31555',3,'HAUTE-GARONNE','Haute-Garonne',1),(34,'32',73,'32013',2,'GERS','Gers',1),(35,'33',72,'33063',3,'GIRONDE','Gironde',1),(36,'34',91,'34172',5,'HERAULT','Hérault',1),(37,'35',53,'35238',1,'ILLE-ET-VILAINE','Ille-et-Vilaine',1),(38,'36',24,'36044',5,'INDRE','Indre',1),(39,'37',24,'37261',1,'INDRE-ET-LOIRE','Indre-et-Loire',1),(40,'38',82,'38185',5,'ISERE','Isère',1),(41,'39',43,'39300',2,'JURA','Jura',1),(42,'40',72,'40192',4,'LANDES','Landes',1),(43,'41',24,'41018',0,'LOIR-ET-CHER','Loir-et-Cher',1),(44,'42',82,'42218',3,'LOIRE','Loire',1),(45,'43',83,'43157',3,'HAUTE-LOIRE','Haute-Loire',1),(46,'44',52,'44109',3,'LOIRE-ATLANTIQUE','Loire-Atlantique',1),(47,'45',24,'45234',2,'LOIRET','Loiret',1),(48,'46',73,'46042',2,'LOT','Lot',1),(49,'47',72,'47001',0,'LOT-ET-GARONNE','Lot-et-Garonne',1),(50,'48',91,'48095',3,'LOZERE','Lozère',1),(51,'49',52,'49007',0,'MAINE-ET-LOIRE','Maine-et-Loire',1),(52,'50',25,'50502',3,'MANCHE','Manche',1),(53,'51',21,'51108',3,'MARNE','Marne',1),(54,'52',21,'52121',3,'HAUTE-MARNE','Haute-Marne',1),(55,'53',52,'53130',3,'MAYENNE','Mayenne',1),(56,'54',41,'54395',0,'MEURTHE-ET-MOSELLE','Meurthe-et-Moselle',1),(57,'55',41,'55029',3,'MEUSE','Meuse',1),(58,'56',53,'56260',2,'MORBIHAN','Morbihan',1),(59,'57',41,'57463',3,'MOSELLE','Moselle',1),(60,'58',26,'58194',3,'NIEVRE','Nièvre',1),(61,'59',31,'59350',2,'NORD','Nord',1),(62,'60',22,'60057',5,'OISE','Oise',1),(63,'61',25,'61001',5,'ORNE','Orne',1),(64,'62',31,'62041',2,'PAS-DE-CALAIS','Pas-de-Calais',1),(65,'63',83,'63113',2,'PUY-DE-DOME','Puy-de-Dôme',1),(66,'64',72,'64445',4,'PYRENEES-ATLANTIQUES','Pyrénées-Atlantiques',1),(67,'65',73,'65440',4,'HAUTES-PYRENEES','Hautes-Pyrénées',1),(68,'66',91,'66136',4,'PYRENEES-ORIENTALES','Pyrénées-Orientales',1),(69,'67',42,'67482',2,'BAS-RHIN','Bas-Rhin',1),(70,'68',42,'68066',2,'HAUT-RHIN','Haut-Rhin',1),(71,'69',82,'69123',2,'RHONE','Rhône',1),(72,'70',43,'70550',3,'HAUTE-SAONE','Haute-Saône',1),(73,'71',26,'71270',0,'SAONE-ET-LOIRE','Saône-et-Loire',1),(74,'72',52,'72181',3,'SARTHE','Sarthe',1),(75,'73',82,'73065',3,'SAVOIE','Savoie',1),(76,'74',82,'74010',3,'HAUTE-SAVOIE','Haute-Savoie',1),(77,'75',11,'75056',0,'PARIS','Paris',1),(78,'76',23,'76540',3,'SEINE-MARITIME','Seine-Maritime',1),(79,'77',11,'77288',0,'SEINE-ET-MARNE','Seine-et-Marne',1),(80,'78',11,'78646',4,'YVELINES','Yvelines',1),(81,'79',54,'79191',4,'DEUX-SEVRES','Deux-Sèvres',1),(82,'80',22,'80021',3,'SOMME','Somme',1),(83,'81',73,'81004',2,'TARN','Tarn',1),(84,'82',73,'82121',0,'TARN-ET-GARONNE','Tarn-et-Garonne',1),(85,'83',93,'83137',2,'VAR','Var',1),(86,'84',93,'84007',0,'VAUCLUSE','Vaucluse',1),(87,'85',52,'85191',3,'VENDEE','Vendée',1),(88,'86',54,'86194',3,'VIENNE','Vienne',1),(89,'87',74,'87085',3,'HAUTE-VIENNE','Haute-Vienne',1),(90,'88',41,'88160',4,'VOSGES','Vosges',1),(91,'89',26,'89024',5,'YONNE','Yonne',1),(92,'90',43,'90010',0,'TERRITOIRE DE BELFORT','Territoire de Belfort',1),(93,'91',11,'91228',5,'ESSONNE','Essonne',1),(94,'92',11,'92050',4,'HAUTS-DE-SEINE','Hauts-de-Seine',1),(95,'93',11,'93008',3,'SEINE-SAINT-DENIS','Seine-Saint-Denis',1),(96,'94',11,'94028',2,'VAL-DE-MARNE','Val-de-Marne',1),(97,'95',11,'95500',2,'VAL-D\'OISE','Val-d\'Oise',1),(98,'971',1,'97105',3,'GUADELOUPE','Guadeloupe',1),(99,'972',2,'97209',3,'MARTINIQUE','Martinique',1),(100,'973',3,'97302',3,'GUYANE','Guyane',1),(101,'974',4,'97411',3,'REUNION','Réunion',1),(102,'01',201,'',1,'ANVERS','Anvers',1),(103,'02',203,'',3,'BRUXELLES-CAPITALE','Bruxelles-Capitale',1),(104,'03',202,'',2,'BRABANT-WALLON','Brabant-Wallon',1),(105,'04',201,'',1,'BRABANT-FLAMAND','Brabant-Flamand',1),(106,'05',201,'',1,'FLANDRE-OCCIDENTALE','Flandre-Occidentale',1),(107,'06',201,'',1,'FLANDRE-ORIENTALE','Flandre-Orientale',1),(108,'07',202,'',2,'HAINAUT','Hainaut',1),(109,'08',201,'',2,'LIEGE','Liège',1),(110,'09',202,'',1,'LIMBOURG','Limbourg',1),(111,'10',202,'',2,'LUXEMBOURG','Luxembourg',1),(112,'11',201,'',2,'NAMUR','Namur',1),(113,'NSW',2801,'',1,'','New South Wales',1),(114,'VIC',2801,'',1,'','Victoria',1),(115,'QLD',2801,'',1,'','Queensland',1),(116,'SA',2801,'',1,'','South Australia',1),(117,'ACT',2801,'',1,'','Australia Capital Territory',1),(118,'TAS',2801,'',1,'','Tasmania',1),(119,'WA',2801,'',1,'','Western Australia',1),(120,'NT',2801,'',1,'','Northern Territory',1),(121,'VI',419,'',19,'ALAVA','Álava',1),(122,'AB',404,'',4,'ALBACETE','Albacete',1),(123,'A',411,'',11,'ALICANTE','Alicante',1),(124,'AL',401,'',1,'ALMERIA','Almería',1),(125,'AV',403,'',3,'AVILA','Avila',1),(126,'BA',412,'',12,'BADAJOZ','Badajoz',1),(127,'PM',414,'',14,'ISLAS BALEARES','Islas Baleares',1),(128,'B',406,'',6,'BARCELONA','Barcelona',1),(129,'BU',403,'',8,'BURGOS','Burgos',1),(130,'CC',412,'',12,'CACERES','Cáceres',1),(131,'CA',401,'',1,'CADIz','Cádiz',1),(132,'CS',411,'',11,'CASTELLON','Castellón',1),(133,'CR',404,'',4,'CIUDAD REAL','Ciudad Real',1),(134,'CO',401,'',1,'CORDOBA','Córdoba',1),(135,'C',413,'',13,'LA CORUÑA','La Coruña',1),(136,'CU',404,'',4,'CUENCA','Cuenca',1),(137,'GI',406,'',6,'GERONA','Gerona',1),(138,'GR',401,'',1,'GRANADA','Granada',1),(139,'GU',404,'',4,'GUADALAJARA','Guadalajara',1),(140,'SS',419,'',19,'GUIPUZCOA','Guipúzcoa',1),(141,'H',401,'',1,'HUELVA','Huelva',1),(142,'HU',402,'',2,'HUESCA','Huesca',1),(143,'J',401,'',1,'JAEN','Jaén',1),(144,'LE',403,'',3,'LEON','León',1),(145,'L',406,'',6,'LERIDA','Lérida',1),(146,'LO',415,'',15,'LA RIOJA','La Rioja',1),(147,'LU',413,'',13,'LUGO','Lugo',1),(148,'M',416,'',16,'MADRID','Madrid',1),(149,'MA',401,'',1,'MALAGA','Málaga',1),(150,'MU',417,'',17,'MURCIA','Murcia',1),(151,'NA',408,'',8,'NAVARRA','Navarra',1),(152,'OR',413,'',13,'ORENSE','Orense',1),(153,'O',418,'',18,'ASTURIAS','Asturias',1),(154,'P',403,'',3,'PALENCIA','Palencia',1),(155,'GC',405,'',5,'LAS PALMAS','Las Palmas',1),(156,'PO',413,'',13,'PONTEVEDRA','Pontevedra',1),(157,'SA',403,'',3,'SALAMANCA','Salamanca',1),(158,'TF',405,'',5,'STA. CRUZ DE TENERIFE','Sta. Cruz de Tenerife',1),(159,'S',410,'',10,'CANTABRIA','Cantabria',1),(160,'SG',403,'',3,'SEGOVIA','Segovia',1),(161,'SE',401,'',1,'SEVILLA','Sevilla',1),(162,'SO',403,'',3,'SORIA','Soria',1),(163,'T',406,'',6,'TARRAGONA','Tarragona',1),(164,'TE',402,'',2,'TERUEL','Teruel',1),(165,'TO',404,'',5,'TOLEDO','Toledo',1),(166,'V',411,'',11,'VALENCIA','Valencia',1),(167,'VA',403,'',3,'VALLADOLID','Valladolid',1),(168,'BI',419,'',19,'VIZCAYA','Vizcaya',1),(169,'ZA',403,'',3,'ZAMORA','Zamora',1),(170,'Z',402,'',1,'ZARAGOZA','Zaragoza',1),(171,'CE',407,'',7,'CEUTA','Ceuta',1),(172,'ML',409,'',9,'MELILLA','Melilla',1),(174,'AG',601,NULL,NULL,'ARGOVIE','Argovie',1),(175,'AI',601,NULL,NULL,'APPENZELL RHODES INTERIEURES','Appenzell Rhodes intérieures',1),(176,'AR',601,NULL,NULL,'APPENZELL RHODES EXTERIEURES','Appenzell Rhodes extérieures',1),(177,'BE',601,NULL,NULL,'BERNE','Berne',1),(178,'BL',601,NULL,NULL,'BALE CAMPAGNE','Bâle Campagne',1),(179,'BS',601,NULL,NULL,'BALE VILLE','Bâle Ville',1),(180,'FR',601,NULL,NULL,'FRIBOURG','Fribourg',1),(181,'GE',601,NULL,NULL,'GENEVE','Genève',1),(182,'GL',601,NULL,NULL,'GLARIS','Glaris',1),(183,'GR',601,NULL,NULL,'GRISONS','Grisons',1),(184,'JU',601,NULL,NULL,'JURA','Jura',1),(185,'LU',601,NULL,NULL,'LUCERNE','Lucerne',1),(186,'NE',601,NULL,NULL,'NEUCHATEL','Neuchâtel',1),(187,'NW',601,NULL,NULL,'NIDWALD','Nidwald',1),(188,'OW',601,NULL,NULL,'OBWALD','Obwald',1),(189,'SG',601,NULL,NULL,'SAINT-GALL','Saint-Gall',1),(190,'SH',601,NULL,NULL,'SCHAFFHOUSE','Schaffhouse',1),(191,'SO',601,NULL,NULL,'SOLEURE','Soleure',1),(192,'SZ',601,NULL,NULL,'SCHWYZ','Schwyz',1),(193,'TG',601,NULL,NULL,'THURGOVIE','Thurgovie',1),(194,'TI',601,NULL,NULL,'TESSIN','Tessin',1),(195,'UR',601,NULL,NULL,'URI','Uri',1),(196,'VD',601,NULL,NULL,'VAUD','Vaud',1),(197,'VS',601,NULL,NULL,'VALAIS','Valais',1),(198,'ZG',601,NULL,NULL,'ZUG','Zug',1),(199,'ZH',601,NULL,NULL,'ZURICH','Zürich',1),(200,'AL',1101,'',0,'ALABAMA','Alabama',1),(201,'AK',1101,'',0,'ALASKA','Alaska',1),(202,'AZ',1101,'',0,'ARIZONA','Arizona',1),(203,'AR',1101,'',0,'ARKANSAS','Arkansas',1),(204,'CA',1101,'',0,'CALIFORNIA','California',1),(205,'CO',1101,'',0,'COLORADO','Colorado',1),(206,'CT',1101,'',0,'CONNECTICUT','Connecticut',1),(207,'DE',1101,'',0,'DELAWARE','Delaware',1),(208,'FL',1101,'',0,'FLORIDA','Florida',1),(209,'GA',1101,'',0,'GEORGIA','Georgia',1),(210,'HI',1101,'',0,'HAWAII','Hawaii',1),(211,'ID',1101,'',0,'IDAHO','Idaho',1),(212,'IL',1101,'',0,'ILLINOIS','Illinois',1),(213,'IN',1101,'',0,'INDIANA','Indiana',1),(214,'IA',1101,'',0,'IOWA','Iowa',1),(215,'KS',1101,'',0,'KANSAS','Kansas',1),(216,'KY',1101,'',0,'KENTUCKY','Kentucky',1),(217,'LA',1101,'',0,'LOUISIANA','Louisiana',1),(218,'ME',1101,'',0,'MAINE','Maine',1),(219,'MD',1101,'',0,'MARYLAND','Maryland',1),(220,'MA',1101,'',0,'MASSACHUSSETTS','Massachusetts',1),(221,'MI',1101,'',0,'MICHIGAN','Michigan',1),(222,'MN',1101,'',0,'MINNESOTA','Minnesota',1),(223,'MS',1101,'',0,'MISSISSIPPI','Mississippi',1),(224,'MO',1101,'',0,'MISSOURI','Missouri',1),(225,'MT',1101,'',0,'MONTANA','Montana',1),(226,'NE',1101,'',0,'NEBRASKA','Nebraska',1),(227,'NV',1101,'',0,'NEVADA','Nevada',1),(228,'NH',1101,'',0,'NEW HAMPSHIRE','New Hampshire',1),(229,'NJ',1101,'',0,'NEW JERSEY','New Jersey',1),(230,'NM',1101,'',0,'NEW MEXICO','New Mexico',1),(231,'NY',1101,'',0,'NEW YORK','New York',1),(232,'NC',1101,'',0,'NORTH CAROLINA','North Carolina',1),(233,'ND',1101,'',0,'NORTH DAKOTA','North Dakota',1),(234,'OH',1101,'',0,'OHIO','Ohio',1),(235,'OK',1101,'',0,'OKLAHOMA','Oklahoma',1),(236,'OR',1101,'',0,'OREGON','Oregon',1),(237,'PA',1101,'',0,'PENNSYLVANIA','Pennsylvania',1),(238,'RI',1101,'',0,'RHODE ISLAND','Rhode Island',1),(239,'SC',1101,'',0,'SOUTH CAROLINA','South Carolina',1),(240,'SD',1101,'',0,'SOUTH DAKOTA','South Dakota',1),(241,'TN',1101,'',0,'TENNESSEE','Tennessee',1),(242,'TX',1101,'',0,'TEXAS','Texas',1),(243,'UT',1101,'',0,'UTAH','Utah',1),(244,'VT',1101,'',0,'VERMONT','Vermont',1),(245,'VA',1101,'',0,'VIRGINIA','Virginia',1),(246,'WA',1101,'',0,'WASHINGTON','Washington',1),(247,'WV',1101,'',0,'WEST VIRGINIA','West Virginia',1),(248,'WI',1101,'',0,'WISCONSIN','Wisconsin',1),(249,'WY',1101,'',0,'WYOMING','Wyoming',1),(250,'SS',8601,NULL,NULL,NULL,'San Salvador',1),(251,'SA',8603,NULL,NULL,NULL,'Santa Ana',1),(252,'AH',8603,NULL,NULL,NULL,'Ahuachapan',1),(253,'SO',8603,NULL,NULL,NULL,'Sonsonate',1),(254,'US',8602,NULL,NULL,NULL,'Usulutan',1),(255,'SM',8602,NULL,NULL,NULL,'San Miguel',1),(256,'MO',8602,NULL,NULL,NULL,'Morazan',1),(257,'LU',8602,NULL,NULL,NULL,'La Union',1),(258,'LL',8601,NULL,NULL,NULL,'La Libertad',1),(259,'CH',8601,NULL,NULL,NULL,'Chalatenango',1),(260,'CA',8601,NULL,NULL,NULL,'Cabañas',1),(261,'LP',8601,NULL,NULL,NULL,'La Paz',1),(262,'SV',8601,NULL,NULL,NULL,'San Vicente',1),(263,'CU',8601,NULL,NULL,NULL,'Cuscatlan',1),(264,'2301',2301,'',0,'CATAMARCA','Catamarca',1),(265,'2302',2301,'',0,'JUJUY','Jujuy',1),(266,'2303',2301,'',0,'TUCAMAN','Tucamán',1),(267,'2304',2301,'',0,'SANTIAGO DEL ESTERO','Santiago del Estero',1),(268,'2305',2301,'',0,'SALTA','Salta',1),(269,'2306',2302,'',0,'CHACO','Chaco',1),(270,'2307',2302,'',0,'CORRIENTES','Corrientes',1),(271,'2308',2302,'',0,'ENTRE RIOS','Entre Ríos',1),(272,'2309',2302,'',0,'FORMOSA','Formosa',1),(273,'2310',2302,'',0,'SANTA FE','Santa Fe',1),(274,'2311',2303,'',0,'LA RIOJA','La Rioja',1),(275,'2312',2303,'',0,'MENDOZA','Mendoza',1),(276,'2313',2303,'',0,'SAN JUAN','San Juan',1),(277,'2314',2303,'',0,'SAN LUIS','San Luis',1),(278,'2315',2304,'',0,'CORDOBA','Córdoba',1),(279,'2316',2304,'',0,'BUENOS AIRES','Buenos Aires',1),(280,'2317',2304,'',0,'CABA','Caba',1),(281,'2318',2305,'',0,'LA PAMPA','La Pampa',1),(282,'2319',2305,'',0,'NEUQUEN','Neuquén',1),(283,'2320',2305,'',0,'RIO NEGRO','Río Negro',1),(284,'2321',2305,'',0,'CHUBUT','Chubut',1),(285,'2322',2305,'',0,'SANTA CRUZ','Santa Cruz',1),(286,'2323',2305,'',0,'TIERRA DEL FUEGO','Tierra del Fuego',1),(287,'2324',2305,'',0,'ISLAS MALVINAS','Islas Malvinas',1),(288,'2325',2305,'',0,'ANTARTIDA','Antártida',1),(289,'AN',11701,NULL,0,'AN','Andaman & Nicobar',1),(290,'AP',11701,NULL,0,'AP','Andhra Pradesh',1),(291,'AR',11701,NULL,0,'AR','Arunachal Pradesh',1),(292,'AS',11701,NULL,0,'AS','Assam',1),(293,'BR',11701,NULL,0,'BR','Bihar',1),(294,'CG',11701,NULL,0,'CG','Chattisgarh',1),(295,'CH',11701,NULL,0,'CH','Chandigarh',1),(296,'DD',11701,NULL,0,'DD','Daman & Diu',1),(297,'DL',11701,NULL,0,'DL','Delhi',1),(298,'DN',11701,NULL,0,'DN','Dadra and Nagar Haveli',1),(299,'GA',11701,NULL,0,'GA','Goa',1),(300,'GJ',11701,NULL,0,'GJ','Gujarat',1),(301,'HP',11701,NULL,0,'HP','Himachal Pradesh',1),(302,'HR',11701,NULL,0,'HR','Haryana',1),(303,'JH',11701,NULL,0,'JH','Jharkhand',1),(304,'JK',11701,NULL,0,'JK','Jammu & Kashmir',1),(305,'KA',11701,NULL,0,'KA','Karnataka',1),(306,'KL',11701,NULL,0,'KL','Kerala',1),(307,'LD',11701,NULL,0,'LD','Lakshadweep',1),(308,'MH',11701,NULL,0,'MH','Maharashtra',1),(309,'ML',11701,NULL,0,'ML','Meghalaya',1),(310,'MN',11701,NULL,0,'MN','Manipur',1),(311,'MP',11701,NULL,0,'MP','Madhya Pradesh',1),(312,'MZ',11701,NULL,0,'MZ','Mizoram',1),(313,'NL',11701,NULL,0,'NL','Nagaland',1),(314,'OR',11701,NULL,0,'OR','Orissa',1),(315,'PB',11701,NULL,0,'PB','Punjab',1),(316,'PY',11701,NULL,0,'PY','Puducherry',1),(317,'RJ',11701,NULL,0,'RJ','Rajasthan',1),(318,'SK',11701,NULL,0,'SK','Sikkim',1),(319,'TN',11701,NULL,0,'TN','Tamil Nadu',1),(320,'TR',11701,NULL,0,'TR','Tripura',1),(321,'UL',11701,NULL,0,'UL','Uttarakhand',1),(322,'UP',11701,NULL,0,'UP','Uttar Pradesh',1),(323,'WB',11701,NULL,0,'WB','West Bengal',1),(374,'151',6715,'',0,'151','Arica',1),(375,'152',6715,'',0,'152','Parinacota',1),(376,'011',6701,'',0,'011','Iquique',1),(377,'014',6701,'',0,'014','Tamarugal',1),(378,'021',6702,'',0,'021','Antofagasa',1),(379,'022',6702,'',0,'022','El Loa',1),(380,'023',6702,'',0,'023','Tocopilla',1),(381,'031',6703,'',0,'031','Copiapó',1),(382,'032',6703,'',0,'032','Chañaral',1),(383,'033',6703,'',0,'033','Huasco',1),(384,'041',6704,'',0,'041','Elqui',1),(385,'042',6704,'',0,'042','Choapa',1),(386,'043',6704,'',0,'043','Limarí',1),(387,'051',6705,'',0,'051','Valparaíso',1),(388,'052',6705,'',0,'052','Isla de Pascua',1),(389,'053',6705,'',0,'053','Los Andes',1),(390,'054',6705,'',0,'054','Petorca',1),(391,'055',6705,'',0,'055','Quillota',1),(392,'056',6705,'',0,'056','San Antonio',1),(393,'057',6705,'',0,'057','San Felipe de Aconcagua',1),(394,'058',6705,'',0,'058','Marga Marga',1),(395,'061',6706,'',0,'061','Cachapoal',1),(396,'062',6706,'',0,'062','Cardenal Caro',1),(397,'063',6706,'',0,'063','Colchagua',1),(398,'071',6707,'',0,'071','Talca',1),(399,'072',6707,'',0,'072','Cauquenes',1),(400,'073',6707,'',0,'073','Curicó',1),(401,'074',6707,'',0,'074','Linares',1),(402,'081',6708,'',0,'081','Concepción',1),(403,'082',6708,'',0,'082','Arauco',1),(404,'083',6708,'',0,'083','Biobío',1),(405,'084',6708,'',0,'084','Ñuble',1),(406,'091',6709,'',0,'091','Cautín',1),(407,'092',6709,'',0,'092','Malleco',1),(408,'141',6714,'',0,'141','Valdivia',1),(409,'142',6714,'',0,'142','Ranco',1),(410,'101',6710,'',0,'101','Llanquihue',1),(411,'102',6710,'',0,'102','Chiloé',1),(412,'103',6710,'',0,'103','Osorno',1),(413,'104',6710,'',0,'104','Palena',1),(414,'111',6711,'',0,'111','Coihaique',1),(415,'112',6711,'',0,'112','Aisén',1),(416,'113',6711,'',0,'113','Capitán Prat',1),(417,'114',6711,'',0,'114','General Carrera',1),(418,'121',6712,'',0,'121','Magallanes',1),(419,'122',6712,'',0,'122','Antártica Chilena',1),(420,'123',6712,'',0,'123','Tierra del Fuego',1),(421,'124',6712,'',0,'124','Última Esperanza',1),(422,'131',6713,'',0,'131','Santiago',1),(423,'132',6713,'',0,'132','Cordillera',1),(424,'133',6713,'',0,'133','Chacabuco',1),(425,'134',6713,'',0,'134','Maipo',1),(426,'135',6713,'',0,'135','Melipilla',1),(427,'136',6713,'',0,'136','Talagante',1),(428,'DIF',15401,'',0,'DIF','Distrito Federal',1),(429,'AGS',15401,'',0,'AGS','Aguascalientes',1),(430,'BCN',15401,'',0,'BCN','Baja California Norte',1),(431,'BCS',15401,'',0,'BCS','Baja California Sur',1),(432,'CAM',15401,'',0,'CAM','Campeche',1),(433,'CHP',15401,'',0,'CHP','Chiapas',1),(434,'CHI',15401,'',0,'CHI','Chihuahua',1),(435,'COA',15401,'',0,'COA','Coahuila',1),(436,'COL',15401,'',0,'COL','Colima',1),(437,'DUR',15401,'',0,'DUR','Durango',1),(438,'GTO',15401,'',0,'GTO','Guanajuato',1),(439,'GRO',15401,'',0,'GRO','Guerrero',1),(440,'HGO',15401,'',0,'HGO','Hidalgo',1),(441,'JAL',15401,'',0,'JAL','Jalisco',1),(442,'MEX',15401,'',0,'MEX','México',1),(443,'MIC',15401,'',0,'MIC','Michoacán de Ocampo',1),(444,'MOR',15401,'',0,'MOR','Morelos',1),(445,'NAY',15401,'',0,'NAY','Nayarit',1),(446,'NLE',15401,'',0,'NLE','Nuevo León',1),(447,'OAX',15401,'',0,'OAX','Oaxaca',1),(448,'PUE',15401,'',0,'PUE','Puebla',1),(449,'QRO',15401,'',0,'QRO','Querétaro',1),(451,'ROO',15401,'',0,'ROO','Quintana Roo',1),(452,'SLP',15401,'',0,'SLP','San Luis Potosí',1),(453,'SIN',15401,'',0,'SIN','Sinaloa',1),(454,'SON',15401,'',0,'SON','Sonora',1),(455,'TAB',15401,'',0,'TAB','Tabasco',1),(456,'TAM',15401,'',0,'TAM','Tamaulipas',1),(457,'TLX',15401,'',0,'TLX','Tlaxcala',1),(458,'VER',15401,'',0,'VER','Veracruz',1),(459,'YUC',15401,'',0,'YUC','Yucatán',1),(460,'ZAC',15401,'',0,'ZAC','Zacatecas',1),(461,'ANT',7001,'',0,'ANT','Antioquia',1),(462,'BOL',7001,'',0,'BOL','Bolívar',1),(463,'BOY',7001,'',0,'BOY','Boyacá',1),(464,'CAL',7001,'',0,'CAL','Caldas',1),(465,'CAU',7001,'',0,'CAU','Cauca',1),(466,'CUN',7001,'',0,'CUN','Cundinamarca',1),(467,'HUI',7001,'',0,'HUI','Huila',1),(468,'LAG',7001,'',0,'LAG','La Guajira',1),(469,'MET',7001,'',0,'MET','Meta',1),(470,'NAR',7001,'',0,'NAR','Nariño',1),(471,'NDS',7001,'',0,'NDS','Norte de Santander',1),(472,'SAN',7001,'',0,'SAN','Santander',1),(473,'SUC',7001,'',0,'SUC','Sucre',1),(474,'TOL',7001,'',0,'TOL','Tolima',1),(475,'VAC',7001,'',0,'VAC','Valle del Cauca',1),(476,'RIS',7001,'',0,'RIS','Risalda',1),(477,'ATL',7001,'',0,'ATL','Atlántico',1),(478,'COR',7001,'',0,'COR','Córdoba',1),(479,'SAP',7001,'',0,'SAP','San Andrés, Providencia y Santa Catalina',1),(480,'ARA',7001,'',0,'ARA','Arauca',1),(481,'CAS',7001,'',0,'CAS','Casanare',1),(482,'AMA',7001,'',0,'AMA','Amazonas',1),(483,'CAQ',7001,'',0,'CAQ','Caquetá',1),(484,'CHO',7001,'',0,'CHO','Chocó',1),(485,'GUA',7001,'',0,'GUA','Guainía',1),(486,'GUV',7001,'',0,'GUV','Guaviare',1),(487,'PUT',7001,'',0,'PUT','Putumayo',1),(488,'QUI',7001,'',0,'QUI','Quindío',1),(489,'VAU',7001,'',0,'VAU','Vaupés',1),(490,'BOG',7001,'',0,'BOG','Bogotá',1),(491,'VID',7001,'',0,'VID','Vichada',1),(492,'CES',7001,'',0,'CES','Cesar',1),(493,'MAG',7001,'',0,'MAG','Magdalena',1),(494,'AT',11401,'',0,'AT','Atlántida',1),(495,'CH',11401,'',0,'CH','Choluteca',1),(496,'CL',11401,'',0,'CL','Colón',1),(497,'CM',11401,'',0,'CM','Comayagua',1),(498,'CO',11401,'',0,'CO','Copán',1),(499,'CR',11401,'',0,'CR','Cortés',1),(500,'EP',11401,'',0,'EP','El Paraíso',1),(501,'FM',11401,'',0,'FM','Francisco Morazán',1),(502,'GD',11401,'',0,'GD','Gracias a Dios',1),(503,'IN',11401,'',0,'IN','Intibucá',1),(504,'IB',11401,'',0,'IB','Islas de la Bahía',1),(505,'LP',11401,'',0,'LP','La Paz',1),(506,'LM',11401,'',0,'LM','Lempira',1),(507,'OC',11401,'',0,'OC','Ocotepeque',1),(508,'OL',11401,'',0,'OL','Olancho',1),(509,'SB',11401,'',0,'SB','Santa Bárbara',1),(510,'VL',11401,'',0,'VL','Valle',1),(511,'YO',11401,'',0,'YO','Yoro',1),(512,'DC',11401,'',0,'DC','Distrito Central',1),(652,'CC',4601,'Oistins',0,'CC','Christ Church',1),(655,'SA',4601,'Greenland',0,'SA','Saint Andrew',1),(656,'SG',4601,'Bulkeley',0,'SG','Saint George',1),(657,'JA',4601,'Holetown',0,'JA','Saint James',1),(658,'SJ',4601,'Four Roads',0,'SJ','Saint John',1),(659,'SB',4601,'Bathsheba',0,'SB','Saint Joseph',1),(660,'SL',4601,'Crab Hill',0,'SL','Saint Lucy',1),(661,'SM',4601,'Bridgetown',0,'SM','Saint Michael',1),(662,'SP',4601,'Speightstown',0,'SP','Saint Peter',1),(663,'SC',4601,'Crane',0,'SC','Saint Philip',1),(664,'ST',4601,'Hillaby',0,'ST','Saint Thomas',1),(777,'AG',315,NULL,NULL,NULL,'AGRIGENTO',1),(778,'AL',312,NULL,NULL,NULL,'ALESSANDRIA',1),(779,'AN',310,NULL,NULL,NULL,'ANCONA',1),(780,'AO',319,NULL,NULL,NULL,'AOSTA',1),(781,'AR',316,NULL,NULL,NULL,'AREZZO',1),(782,'AP',310,NULL,NULL,NULL,'ASCOLI PICENO',1),(783,'AT',312,NULL,NULL,NULL,'ASTI',1),(784,'AV',304,NULL,NULL,NULL,'AVELLINO',1),(785,'BA',313,NULL,NULL,NULL,'BARI',1),(786,'BT',313,NULL,NULL,NULL,'BARLETTA-ANDRIA-TRANI',1),(787,'BL',320,NULL,NULL,NULL,'BELLUNO',1),(788,'BN',304,NULL,NULL,NULL,'BENEVENTO',1),(789,'BG',309,NULL,NULL,NULL,'BERGAMO',1),(790,'BI',312,NULL,NULL,NULL,'BIELLA',1),(791,'BO',305,NULL,NULL,NULL,'BOLOGNA',1),(792,'BZ',317,NULL,NULL,NULL,'BOLZANO',1),(793,'BS',309,NULL,NULL,NULL,'BRESCIA',1),(794,'BR',313,NULL,NULL,NULL,'BRINDISI',1),(795,'CA',314,NULL,NULL,NULL,'CAGLIARI',1),(796,'CL',315,NULL,NULL,NULL,'CALTANISSETTA',1),(797,'CB',311,NULL,NULL,NULL,'CAMPOBASSO',1),(798,'CI',314,NULL,NULL,NULL,'CARBONIA-IGLESIAS',1),(799,'CE',304,NULL,NULL,NULL,'CASERTA',1),(800,'CT',315,NULL,NULL,NULL,'CATANIA',1),(801,'CZ',303,NULL,NULL,NULL,'CATANZARO',1),(802,'CH',301,NULL,NULL,NULL,'CHIETI',1),(803,'CO',309,NULL,NULL,NULL,'COMO',1),(804,'CS',303,NULL,NULL,NULL,'COSENZA',1),(805,'CR',309,NULL,NULL,NULL,'CREMONA',1),(806,'KR',303,NULL,NULL,NULL,'CROTONE',1),(807,'CN',312,NULL,NULL,NULL,'CUNEO',1),(808,'EN',315,NULL,NULL,NULL,'ENNA',1),(809,'FM',310,NULL,NULL,NULL,'FERMO',1),(810,'FE',305,NULL,NULL,NULL,'FERRARA',1),(811,'FI',316,NULL,NULL,NULL,'FIRENZE',1),(812,'FG',313,NULL,NULL,NULL,'FOGGIA',1),(813,'FC',305,NULL,NULL,NULL,'FORLI-CESENA',1),(814,'FR',307,NULL,NULL,NULL,'FROSINONE',1),(815,'GE',308,NULL,NULL,NULL,'GENOVA',1),(816,'GO',306,NULL,NULL,NULL,'GORIZIA',1),(817,'GR',316,NULL,NULL,NULL,'GROSSETO',1),(818,'IM',308,NULL,NULL,NULL,'IMPERIA',1),(819,'IS',311,NULL,NULL,NULL,'ISERNIA',1),(820,'SP',308,NULL,NULL,NULL,'LA SPEZIA',1),(821,'AQ',301,NULL,NULL,NULL,'L AQUILA',1),(822,'LT',307,NULL,NULL,NULL,'LATINA',1),(823,'LE',313,NULL,NULL,NULL,'LECCE',1),(824,'LC',309,NULL,NULL,NULL,'LECCO',1),(825,'LI',314,NULL,NULL,NULL,'LIVORNO',1),(826,'LO',309,NULL,NULL,NULL,'LODI',1),(827,'LU',316,NULL,NULL,NULL,'LUCCA',1),(828,'MC',310,NULL,NULL,NULL,'MACERATA',1),(829,'MN',309,NULL,NULL,NULL,'MANTOVA',1),(830,'MS',316,NULL,NULL,NULL,'MASSA-CARRARA',1),(831,'MT',302,NULL,NULL,NULL,'MATERA',1),(832,'VS',314,NULL,NULL,NULL,'MEDIO CAMPIDANO',1),(833,'ME',315,NULL,NULL,NULL,'MESSINA',1),(834,'MI',309,NULL,NULL,NULL,'MILANO',1),(835,'MB',309,NULL,NULL,NULL,'MONZA e BRIANZA',1),(836,'MO',305,NULL,NULL,NULL,'MODENA',1),(837,'NA',304,NULL,NULL,NULL,'NAPOLI',1),(838,'NO',312,NULL,NULL,NULL,'NOVARA',1),(839,'NU',314,NULL,NULL,NULL,'NUORO',1),(840,'OG',314,NULL,NULL,NULL,'OGLIASTRA',1),(841,'OT',314,NULL,NULL,NULL,'OLBIA-TEMPIO',1),(842,'OR',314,NULL,NULL,NULL,'ORISTANO',1),(843,'PD',320,NULL,NULL,NULL,'PADOVA',1),(844,'PA',315,NULL,NULL,NULL,'PALERMO',1),(845,'PR',305,NULL,NULL,NULL,'PARMA',1),(846,'PV',309,NULL,NULL,NULL,'PAVIA',1),(847,'PG',318,NULL,NULL,NULL,'PERUGIA',1),(848,'PU',310,NULL,NULL,NULL,'PESARO e URBINO',1),(849,'PE',301,NULL,NULL,NULL,'PESCARA',1),(850,'PC',305,NULL,NULL,NULL,'PIACENZA',1),(851,'PI',316,NULL,NULL,NULL,'PISA',1),(852,'PT',316,NULL,NULL,NULL,'PISTOIA',1),(853,'PN',306,NULL,NULL,NULL,'PORDENONE',1),(854,'PZ',302,NULL,NULL,NULL,'POTENZA',1),(855,'PO',316,NULL,NULL,NULL,'PRATO',1),(856,'RG',315,NULL,NULL,NULL,'RAGUSA',1),(857,'RA',305,NULL,NULL,NULL,'RAVENNA',1),(858,'RC',303,NULL,NULL,NULL,'REGGIO CALABRIA',1),(859,'RE',305,NULL,NULL,NULL,'REGGIO NELL EMILIA',1),(860,'RI',307,NULL,NULL,NULL,'RIETI',1),(861,'RN',305,NULL,NULL,NULL,'RIMINI',1),(862,'RM',307,NULL,NULL,NULL,'ROMA',1),(863,'RO',320,NULL,NULL,NULL,'ROVIGO',1),(864,'SA',304,NULL,NULL,NULL,'SALERNO',1),(865,'SS',314,NULL,NULL,NULL,'SASSARI',1),(866,'SV',308,NULL,NULL,NULL,'SAVONA',1),(867,'SI',316,NULL,NULL,NULL,'SIENA',1),(868,'SR',315,NULL,NULL,NULL,'SIRACUSA',1),(869,'SO',309,NULL,NULL,NULL,'SONDRIO',1),(870,'TA',313,NULL,NULL,NULL,'TARANTO',1),(871,'TE',301,NULL,NULL,NULL,'TERAMO',1),(872,'TR',318,NULL,NULL,NULL,'TERNI',1),(873,'TO',312,NULL,NULL,NULL,'TORINO',1),(874,'TP',315,NULL,NULL,NULL,'TRAPANI',1),(875,'TN',317,NULL,NULL,NULL,'TRENTO',1),(876,'TV',320,NULL,NULL,NULL,'TREVISO',1),(877,'TS',306,NULL,NULL,NULL,'TRIESTE',1),(878,'UD',306,NULL,NULL,NULL,'UDINE',1),(879,'VA',309,NULL,NULL,NULL,'VARESE',1),(880,'VE',320,NULL,NULL,NULL,'VENEZIA',1),(881,'VB',312,NULL,NULL,NULL,'VERBANO-CUSIO-OSSOLA',1),(882,'VC',312,NULL,NULL,NULL,'VERCELLI',1),(883,'VR',320,NULL,NULL,NULL,'VERONA',1),(884,'VV',303,NULL,NULL,NULL,'VIBO VALENTIA',1),(885,'VI',320,NULL,NULL,NULL,'VICENZA',1),(886,'VT',307,NULL,NULL,NULL,'VITERBO',1),(1036,'VE-L',23201,'',0,'VE-L','Mérida',1),(1037,'VE-T',23201,'',0,'VE-T','Trujillo',1),(1038,'VE-E',23201,'',0,'VE-E','Barinas',1),(1039,'VE-M',23202,'',0,'VE-M','Miranda',1),(1040,'VE-W',23202,'',0,'VE-W','Vargas',1),(1041,'VE-A',23202,'',0,'VE-A','Distrito Capital',1),(1042,'VE-D',23203,'',0,'VE-D','Aragua',1),(1043,'VE-G',23203,'',0,'VE-G','Carabobo',1),(1044,'VE-I',23204,'',0,'VE-I','Falcón',1),(1045,'VE-K',23204,'',0,'VE-K','Lara',1),(1046,'VE-U',23204,'',0,'VE-U','Yaracuy',1),(1047,'VE-F',23205,'',0,'VE-F','Bolívar',1),(1048,'VE-X',23205,'',0,'VE-X','Amazonas',1),(1049,'VE-Y',23205,'',0,'VE-Y','Delta Amacuro',1),(1050,'VE-O',23206,'',0,'VE-O','Nueva Esparta',1),(1051,'VE-Z',23206,'',0,'VE-Z','Dependencias Federales',1),(1052,'VE-C',23207,'',0,'VE-C','Apure',1),(1053,'VE-J',23207,'',0,'VE-J','Guárico',1),(1054,'VE-H',23207,'',0,'VE-H','Cojedes',1),(1055,'VE-P',23207,'',0,'VE-P','Portuguesa',1),(1056,'VE-B',23208,'',0,'VE-B','Anzoátegui',1),(1057,'VE-N',23208,'',0,'VE-N','Monagas',1),(1058,'VE-R',23208,'',0,'VE-R','Sucre',1),(1059,'VE-V',23209,'',0,'VE-V','Zulia',1),(1060,'VE-S',23209,'',0,'VE-S','Táchira',1),(1061,'66',10201,NULL,NULL,NULL,'?????',1),(1062,'00',10205,NULL,NULL,NULL,'?????',1),(1063,'01',10205,NULL,NULL,NULL,'?????',1),(1064,'02',10205,NULL,NULL,NULL,'?????',1),(1065,'03',10205,NULL,NULL,NULL,'??????',1),(1066,'04',10205,NULL,NULL,NULL,'?????',1),(1067,'05',10205,NULL,NULL,NULL,'??????',1),(1068,'06',10203,NULL,NULL,NULL,'??????',1),(1069,'07',10203,NULL,NULL,NULL,'???????????',1),(1070,'08',10203,NULL,NULL,NULL,'??????',1),(1071,'09',10203,NULL,NULL,NULL,'?????',1),(1072,'10',10203,NULL,NULL,NULL,'??????',1),(1073,'11',10203,NULL,NULL,NULL,'??????',1),(1074,'12',10203,NULL,NULL,NULL,'?????????',1),(1075,'13',10206,NULL,NULL,NULL,'????',1),(1076,'14',10206,NULL,NULL,NULL,'?????????',1),(1077,'15',10206,NULL,NULL,NULL,'????????',1),(1078,'16',10206,NULL,NULL,NULL,'???????',1),(1079,'17',10213,NULL,NULL,NULL,'???????',1),(1080,'18',10213,NULL,NULL,NULL,'????????',1),(1081,'19',10213,NULL,NULL,NULL,'??????',1),(1082,'20',10213,NULL,NULL,NULL,'???????',1),(1083,'21',10212,NULL,NULL,NULL,'????????',1),(1084,'22',10212,NULL,NULL,NULL,'??????',1),(1085,'23',10212,NULL,NULL,NULL,'????????',1),(1086,'24',10212,NULL,NULL,NULL,'???????',1),(1087,'25',10212,NULL,NULL,NULL,'????????',1),(1088,'26',10212,NULL,NULL,NULL,'???????',1),(1089,'27',10202,NULL,NULL,NULL,'??????',1),(1090,'28',10202,NULL,NULL,NULL,'?????????',1),(1091,'29',10202,NULL,NULL,NULL,'????????',1),(1092,'30',10202,NULL,NULL,NULL,'??????',1),(1093,'31',10209,NULL,NULL,NULL,'????????',1),(1094,'32',10209,NULL,NULL,NULL,'???????',1),(1095,'33',10209,NULL,NULL,NULL,'????????',1),(1096,'34',10209,NULL,NULL,NULL,'???????',1),(1097,'35',10209,NULL,NULL,NULL,'????????',1),(1098,'36',10211,NULL,NULL,NULL,'???????????????',1),(1099,'37',10211,NULL,NULL,NULL,'?????',1),(1100,'38',10211,NULL,NULL,NULL,'?????',1),(1101,'39',10207,NULL,NULL,NULL,'????????',1),(1102,'40',10207,NULL,NULL,NULL,'???????',1),(1103,'41',10207,NULL,NULL,NULL,'??????????',1),(1104,'42',10207,NULL,NULL,NULL,'?????',1),(1105,'43',10207,NULL,NULL,NULL,'???????',1),(1106,'44',10208,NULL,NULL,NULL,'??????',1),(1107,'45',10208,NULL,NULL,NULL,'??????',1),(1108,'46',10208,NULL,NULL,NULL,'??????',1),(1109,'47',10208,NULL,NULL,NULL,'?????',1),(1110,'48',10208,NULL,NULL,NULL,'????',1),(1111,'49',10210,NULL,NULL,NULL,'??????',1),(1112,'50',10210,NULL,NULL,NULL,'????',1),(1113,'51',10210,NULL,NULL,NULL,'????????',1),(1114,'52',10210,NULL,NULL,NULL,'????????',1),(1115,'53',10210,NULL,NULL,NULL,'???-??????',1),(1116,'54',10210,NULL,NULL,NULL,'??',1),(1117,'55',10210,NULL,NULL,NULL,'?????',1),(1118,'56',10210,NULL,NULL,NULL,'???????',1),(1119,'57',10210,NULL,NULL,NULL,'?????',1),(1120,'58',10210,NULL,NULL,NULL,'?????',1),(1121,'59',10210,NULL,NULL,NULL,'?????',1),(1122,'60',10210,NULL,NULL,NULL,'?????',1),(1123,'61',10210,NULL,NULL,NULL,'?????',1),(1124,'62',10204,NULL,NULL,NULL,'????????',1),(1125,'63',10204,NULL,NULL,NULL,'??????',1),(1126,'64',10204,NULL,NULL,NULL,'???????',1),(1127,'65',10204,NULL,NULL,NULL,'?????',1),(1128,'AL01',1301,'',0,'','Wilaya d\'Adrar',1),(1129,'AL02',1301,'',0,'','Wilaya de Chlef',1),(1130,'AL03',1301,'',0,'','Wilaya de Laghouat',1),(1131,'AL04',1301,'',0,'','Wilaya d\'Oum El Bouaghi',1),(1132,'AL05',1301,'',0,'','Wilaya de Batna',1),(1133,'AL06',1301,'',0,'','Wilaya de Béjaïa',1),(1134,'AL07',1301,'',0,'','Wilaya de Biskra',1),(1135,'AL08',1301,'',0,'','Wilaya de Béchar',1),(1136,'AL09',1301,'',0,'','Wilaya de Blida',1),(1137,'AL11',1301,'',0,'','Wilaya de Bouira',1),(1138,'AL12',1301,'',0,'','Wilaya de Tamanrasset',1),(1139,'AL13',1301,'',0,'','Wilaya de Tébessa',1),(1140,'AL14',1301,'',0,'','Wilaya de Tlemcen',1),(1141,'AL15',1301,'',0,'','Wilaya de Tiaret',1),(1142,'AL16',1301,'',0,'','Wilaya de Tizi Ouzou',1),(1143,'AL17',1301,'',0,'','Wilaya d\'Alger',1),(1144,'AL18',1301,'',0,'','Wilaya de Djelfa',1),(1145,'AL19',1301,'',0,'','Wilaya de Jijel',1),(1146,'AL20',1301,'',0,'','Wilaya de Sétif	',1),(1147,'AL21',1301,'',0,'','Wilaya de Saïda',1),(1148,'AL22',1301,'',0,'','Wilaya de Skikda',1),(1149,'AL23',1301,'',0,'','Wilaya de Sidi Bel Abbès',1),(1150,'AL24',1301,'',0,'','Wilaya d\'Annaba',1),(1151,'AL25',1301,'',0,'','Wilaya de Guelma',1),(1152,'AL26',1301,'',0,'','Wilaya de Constantine',1),(1153,'AL27',1301,'',0,'','Wilaya de Médéa',1),(1154,'AL28',1301,'',0,'','Wilaya de Mostaganem',1),(1155,'AL29',1301,'',0,'','Wilaya de M\'Sila',1),(1156,'AL30',1301,'',0,'','Wilaya de Mascara',1),(1157,'AL31',1301,'',0,'','Wilaya d\'Ouargla',1),(1158,'AL32',1301,'',0,'','Wilaya d\'Oran',1),(1159,'AL33',1301,'',0,'','Wilaya d\'El Bayadh',1),(1160,'AL34',1301,'',0,'','Wilaya d\'Illizi',1),(1161,'AL35',1301,'',0,'','Wilaya de Bordj Bou Arreridj',1),(1162,'AL36',1301,'',0,'','Wilaya de Boumerdès',1),(1163,'AL37',1301,'',0,'','Wilaya d\'El Tarf',1),(1164,'AL38',1301,'',0,'','Wilaya de Tindouf',1),(1165,'AL39',1301,'',0,'','Wilaya de Tissemsilt',1),(1166,'AL40',1301,'',0,'','Wilaya d\'El Oued',1),(1167,'AL41',1301,'',0,'','Wilaya de Khenchela',1),(1168,'AL42',1301,'',0,'','Wilaya de Souk Ahras',1),(1169,'AL43',1301,'',0,'','Wilaya de Tipaza',1),(1170,'AL44',1301,'',0,'','Wilaya de Mila',1),(1171,'AL45',1301,'',0,'','Wilaya d\'Aïn Defla',1),(1172,'AL46',1301,'',0,'','Wilaya de Naâma',1),(1173,'AL47',1301,'',0,'','Wilaya d\'Aïn Témouchent',1),(1174,'AL48',1301,'',0,'','Wilaya de Ghardaia',1),(1175,'AL49',1301,'',0,'','Wilaya de Relizane',1),(1176,'MA',1209,'',0,'','Province de Benslimane',1),(1177,'MA1',1209,'',0,'','Province de Berrechid',1),(1178,'MA2',1209,'',0,'','Province de Khouribga',1),(1179,'MA3',1209,'',0,'','Province de Settat',1),(1180,'MA4',1210,'',0,'','Province d\'El Jadida',1),(1181,'MA5',1210,'',0,'','Province de Safi',1),(1182,'MA6',1210,'',0,'','Province de Sidi Bennour',1),(1183,'MA7',1210,'',0,'','Province de Youssoufia',1),(1184,'MA6B',1205,'',0,'','Préfecture de Fès',1),(1185,'MA7B',1205,'',0,'','Province de Boulemane',1),(1186,'MA8',1205,'',0,'','Province de Moulay Yacoub',1),(1187,'MA9',1205,'',0,'','Province de Sefrou',1),(1188,'MA8A',1202,'',0,'','Province de Kénitra',1),(1189,'MA9A',1202,'',0,'','Province de Sidi Kacem',1),(1190,'MA10',1202,'',0,'','Province de Sidi Slimane',1),(1191,'MA11',1208,'',0,'','Préfecture de Casablanca',1),(1192,'MA12',1208,'',0,'','Préfecture de Mohammédia',1),(1193,'MA13',1208,'',0,'','Province de Médiouna',1),(1194,'MA14',1208,'',0,'','Province de Nouaceur',1),(1195,'MA15',1214,'',0,'','Province d\'Assa-Zag',1),(1196,'MA16',1214,'',0,'','Province d\'Es-Semara',1),(1197,'MA17A',1214,'',0,'','Province de Guelmim',1),(1198,'MA18',1214,'',0,'','Province de Tata',1),(1199,'MA19',1214,'',0,'','Province de Tan-Tan',1),(1200,'MA15',1215,'',0,'','Province de Boujdour',1),(1201,'MA16',1215,'',0,'','Province de Lâayoune',1),(1202,'MA17',1215,'',0,'','Province de Tarfaya',1),(1203,'MA18',1211,'',0,'','Préfecture de Marrakech',1),(1204,'MA19',1211,'',0,'','Province d\'Al Haouz',1),(1205,'MA20',1211,'',0,'','Province de Chichaoua',1),(1206,'MA21',1211,'',0,'','Province d\'El Kelâa des Sraghna',1),(1207,'MA22',1211,'',0,'','Province d\'Essaouira',1),(1208,'MA23',1211,'',0,'','Province de Rehamna',1),(1209,'MA24',1206,'',0,'','Préfecture de Meknès',1),(1210,'MA25',1206,'',0,'','Province d’El Hajeb',1),(1211,'MA26',1206,'',0,'','Province d\'Errachidia',1),(1212,'MA27',1206,'',0,'','Province d’Ifrane',1),(1213,'MA28',1206,'',0,'','Province de Khénifra',1),(1214,'MA29',1206,'',0,'','Province de Midelt',1),(1215,'MA30',1204,'',0,'','Préfecture d\'Oujda-Angad',1),(1216,'MA31',1204,'',0,'','Province de Berkane',1),(1217,'MA32',1204,'',0,'','Province de Driouch',1),(1218,'MA33',1204,'',0,'','Province de Figuig',1),(1219,'MA34',1204,'',0,'','Province de Jerada',1),(1220,'MA35',1204,'',0,'','Province de Nadorgg',1),(1221,'MA36',1204,'',0,'','Province de Taourirt',1),(1222,'MA37',1216,'',0,'','Province d\'Aousserd',1),(1223,'MA38',1216,'',0,'','Province d\'Oued Ed-Dahab',1),(1224,'MA39',1207,'',0,'','Préfecture de Rabat',1),(1225,'MA40',1207,'',0,'','Préfecture de Skhirat-Témara',1),(1226,'MA41',1207,'',0,'','Préfecture de Salé',1),(1227,'MA42',1207,'',0,'','Province de Khémisset',1),(1228,'MA43',1213,'',0,'','Préfecture d\'Agadir Ida-Outanane',1),(1229,'MA44',1213,'',0,'','Préfecture d\'Inezgane-Aït Melloul',1),(1230,'MA45',1213,'',0,'','Province de Chtouka-Aït Baha',1),(1231,'MA46',1213,'',0,'','Province d\'Ouarzazate',1),(1232,'MA47',1213,'',0,'','Province de Sidi Ifni',1),(1233,'MA48',1213,'',0,'','Province de Taroudant',1),(1234,'MA49',1213,'',0,'','Province de Tinghir',1),(1235,'MA50',1213,'',0,'','Province de Tiznit',1),(1236,'MA51',1213,'',0,'','Province de Zagora',1),(1237,'MA52',1212,'',0,'','Province d\'Azilal',1),(1238,'MA53',1212,'',0,'','Province de Beni Mellal',1),(1239,'MA54',1212,'',0,'','Province de Fquih Ben Salah',1),(1240,'MA55',1201,'',0,'','Préfecture de M\'diq-Fnideq',1),(1241,'MA56',1201,'',0,'','Préfecture de Tanger-Asilah',1),(1242,'MA57',1201,'',0,'','Province de Chefchaouen',1),(1243,'MA58',1201,'',0,'','Province de Fahs-Anjra',1),(1244,'MA59',1201,'',0,'','Province de Larache',1),(1245,'MA60',1201,'',0,'','Province d\'Ouezzane',1),(1246,'MA61',1201,'',0,'','Province de Tétouan',1),(1247,'MA62',1203,'',0,'','Province de Guercif',1),(1248,'MA63',1203,'',0,'','Province d\'Al Hoceïma',1),(1249,'MA64',1203,'',0,'','Province de Taounate',1),(1250,'MA65',1203,'',0,'','Province de Taza',1),(1251,'MA6A',1205,'',0,'','Préfecture de Fès',1),(1252,'MA7A',1205,'',0,'','Province de Boulemane',1),(1253,'MA15A',1214,'',0,'','Province d\'Assa-Zag',1),(1254,'MA16A',1214,'',0,'','Province d\'Es-Semara',1),(1255,'MA18A',1211,'',0,'','Préfecture de Marrakech',1),(1256,'MA19A',1214,'',0,'','Province de Tan-Tan',1),(1257,'MA19B',1214,'',0,'','Province de Tan-Tan',1),(1258,'TN01',1001,'',0,'','Ariana',1),(1259,'TN02',1001,'',0,'','Béja',1),(1260,'TN03',1001,'',0,'','Ben Arous',1),(1261,'TN04',1001,'',0,'','Bizerte',1),(1262,'TN05',1001,'',0,'','Gabès',1),(1263,'TN06',1001,'',0,'','Gafsa',1),(1264,'TN07',1001,'',0,'','Jendouba',1),(1265,'TN08',1001,'',0,'','Kairouan',1),(1266,'TN09',1001,'',0,'','Kasserine',1),(1267,'TN10',1001,'',0,'','Kébili',1),(1268,'TN11',1001,'',0,'','La Manouba',1),(1269,'TN12',1001,'',0,'','Le Kef',1),(1270,'TN13',1001,'',0,'','Mahdia',1),(1271,'TN14',1001,'',0,'','Médenine',1),(1272,'TN15',1001,'',0,'','Monastir',1),(1273,'TN16',1001,'',0,'','Nabeul',1),(1274,'TN17',1001,'',0,'','Sfax',1),(1275,'TN18',1001,'',0,'','Sidi Bouzid',1),(1276,'TN19',1001,'',0,'','Siliana',1),(1277,'TN20',1001,'',0,'','Sousse',1),(1278,'TN21',1001,'',0,'','Tataouine',1),(1279,'TN22',1001,'',0,'','Tozeur',1),(1280,'TN23',1001,'',0,'','Tunis',1),(1281,'TN24',1001,'',0,'','Zaghouan',1),(1287,'976',6,'97601',3,'MAYOTTE','Mayotte',1),(1513,'ON',1401,'',1,'','Ontario',1),(1514,'QC',1401,'',1,'','Quebec',1),(1515,'NS',1401,'',1,'','Nova Scotia',1),(1516,'NB',1401,'',1,'','New Brunswick',1),(1517,'MB',1401,'',1,'','Manitoba',1),(1518,'BC',1401,'',1,'','British Columbia',1),(1519,'PE',1401,'',1,'','Prince Edward Island',1),(1520,'SK',1401,'',1,'','Saskatchewan',1),(1521,'AB',1401,'',1,'','Alberta',1),(1522,'NL',1401,'',1,'','Newfoundland and Labrador',1),(1575,'BW',501,NULL,NULL,'BADEN-WÜRTTEMBERG','Baden-Württemberg',1),(1576,'BY',501,NULL,NULL,'BAYERN','Bayern',1),(1577,'BE',501,NULL,NULL,'BERLIN','Berlin',1),(1578,'BB',501,NULL,NULL,'BRANDENBURG','Brandenburg',1),(1579,'HB',501,NULL,NULL,'BREMEN','Bremen',1),(1580,'HH',501,NULL,NULL,'HAMBURG','Hamburg',1),(1581,'HE',501,NULL,NULL,'HESSEN','Hessen',1),(1582,'MV',501,NULL,NULL,'MECKLENBURG-VORPOMMERN','Mecklenburg-Vorpommern',1),(1583,'NI',501,NULL,NULL,'NIEDERSACHSEN','Niedersachsen',1),(1584,'NW',501,NULL,NULL,'NORDRHEIN-WESTFALEN','Nordrhein-Westfalen',1),(1585,'RP',501,NULL,NULL,'RHEINLAND-PFALZ','Rheinland-Pfalz',1),(1586,'SL',501,NULL,NULL,'SAARLAND','Saarland',1),(1587,'SN',501,NULL,NULL,'SACHSEN','Sachsen',1),(1588,'ST',501,NULL,NULL,'SACHSEN-ANHALT','Sachsen-Anhalt',1),(1589,'SH',501,NULL,NULL,'SCHLESWIG-HOLSTEIN','Schleswig-Holstein',1),(1590,'TH',501,NULL,NULL,'THÜRINGEN','Thüringen',1),(1592,'67',10205,'',0,'','Δράμα',1),(1684,'701',701,NULL,0,NULL,'Bedfordshire',1),(1685,'702',701,NULL,0,NULL,'Berkshire',1),(1686,'703',701,NULL,0,NULL,'Bristol, City of',1),(1687,'704',701,NULL,0,NULL,'Buckinghamshire',1),(1688,'705',701,NULL,0,NULL,'Cambridgeshire',1),(1689,'706',701,NULL,0,NULL,'Cheshire',1),(1690,'707',701,NULL,0,NULL,'Cleveland',1),(1691,'708',701,NULL,0,NULL,'Cornwall',1),(1692,'709',701,NULL,0,NULL,'Cumberland',1),(1693,'710',701,NULL,0,NULL,'Cumbria',1),(1694,'711',701,NULL,0,NULL,'Derbyshire',1),(1695,'712',701,NULL,0,NULL,'Devon',1),(1696,'713',701,NULL,0,NULL,'Dorset',1),(1697,'714',701,NULL,0,NULL,'Co. Durham',1),(1698,'715',701,NULL,0,NULL,'East Riding of Yorkshire',1),(1699,'716',701,NULL,0,NULL,'East Sussex',1),(1700,'717',701,NULL,0,NULL,'Essex',1),(1701,'718',701,NULL,0,NULL,'Gloucestershire',1),(1702,'719',701,NULL,0,NULL,'Greater Manchester',1),(1703,'720',701,NULL,0,NULL,'Hampshire',1),(1704,'721',701,NULL,0,NULL,'Hertfordshire',1),(1705,'722',701,NULL,0,NULL,'Hereford and Worcester',1),(1706,'723',701,NULL,0,NULL,'Herefordshire',1),(1707,'724',701,NULL,0,NULL,'Huntingdonshire',1),(1708,'725',701,NULL,0,NULL,'Isle of Man',1),(1709,'726',701,NULL,0,NULL,'Isle of Wight',1),(1710,'727',701,NULL,0,NULL,'Jersey',1),(1711,'728',701,NULL,0,NULL,'Kent',1),(1712,'729',701,NULL,0,NULL,'Lancashire',1),(1713,'730',701,NULL,0,NULL,'Leicestershire',1),(1714,'731',701,NULL,0,NULL,'Lincolnshire',1),(1715,'732',701,NULL,0,NULL,'London - City of London',1),(1716,'733',701,NULL,0,NULL,'Merseyside',1),(1717,'734',701,NULL,0,NULL,'Middlesex',1),(1718,'735',701,NULL,0,NULL,'Norfolk',1),(1719,'736',701,NULL,0,NULL,'North Yorkshire',1),(1720,'737',701,NULL,0,NULL,'North Riding of Yorkshire',1),(1721,'738',701,NULL,0,NULL,'Northamptonshire',1),(1722,'739',701,NULL,0,NULL,'Northumberland',1),(1723,'740',701,NULL,0,NULL,'Nottinghamshire',1),(1724,'741',701,NULL,0,NULL,'Oxfordshire',1),(1725,'742',701,NULL,0,NULL,'Rutland',1),(1726,'743',701,NULL,0,NULL,'Shropshire',1),(1727,'744',701,NULL,0,NULL,'Somerset',1),(1728,'745',701,NULL,0,NULL,'Staffordshire',1),(1729,'746',701,NULL,0,NULL,'Suffolk',1),(1730,'747',701,NULL,0,NULL,'Surrey',1),(1731,'748',701,NULL,0,NULL,'Sussex',1),(1732,'749',701,NULL,0,NULL,'Tyne and Wear',1),(1733,'750',701,NULL,0,NULL,'Warwickshire',1),(1734,'751',701,NULL,0,NULL,'West Midlands',1),(1735,'752',701,NULL,0,NULL,'West Sussex',1),(1736,'753',701,NULL,0,NULL,'West Yorkshire',1),(1737,'754',701,NULL,0,NULL,'West Riding of Yorkshire',1),(1738,'755',701,NULL,0,NULL,'Wiltshire',1),(1739,'756',701,NULL,0,NULL,'Worcestershire',1),(1740,'757',701,NULL,0,NULL,'Yorkshire',1),(1741,'758',702,NULL,0,NULL,'Anglesey',1),(1742,'759',702,NULL,0,NULL,'Breconshire',1),(1743,'760',702,NULL,0,NULL,'Caernarvonshire',1),(1744,'761',702,NULL,0,NULL,'Cardiganshire',1),(1745,'762',702,NULL,0,NULL,'Carmarthenshire',1),(1746,'763',702,NULL,0,NULL,'Ceredigion',1),(1747,'764',702,NULL,0,NULL,'Denbighshire',1),(1748,'765',702,NULL,0,NULL,'Flintshire',1),(1749,'766',702,NULL,0,NULL,'Glamorgan',1),(1750,'767',702,NULL,0,NULL,'Gwent',1),(1751,'768',702,NULL,0,NULL,'Gwynedd',1),(1752,'769',702,NULL,0,NULL,'Merionethshire',1),(1753,'770',702,NULL,0,NULL,'Monmouthshire',1),(1754,'771',702,NULL,0,NULL,'Mid Glamorgan',1),(1755,'772',702,NULL,0,NULL,'Montgomeryshire',1),(1756,'773',702,NULL,0,NULL,'Pembrokeshire',1),(1757,'774',702,NULL,0,NULL,'Powys',1),(1758,'775',702,NULL,0,NULL,'Radnorshire',1),(1759,'776',702,NULL,0,NULL,'South Glamorgan',1),(1760,'777',703,NULL,0,NULL,'Aberdeen, City of',1),(1761,'778',703,NULL,0,NULL,'Angus',1),(1762,'779',703,NULL,0,NULL,'Argyll',1),(1763,'780',703,NULL,0,NULL,'Ayrshire',1),(1764,'781',703,NULL,0,NULL,'Banffshire',1),(1765,'782',703,NULL,0,NULL,'Berwickshire',1),(1766,'783',703,NULL,0,NULL,'Bute',1),(1767,'784',703,NULL,0,NULL,'Caithness',1),(1768,'785',703,NULL,0,NULL,'Clackmannanshire',1),(1769,'786',703,NULL,0,NULL,'Dumfriesshire',1),(1770,'787',703,NULL,0,NULL,'Dumbartonshire',1),(1771,'788',703,NULL,0,NULL,'Dundee, City of',1),(1772,'789',703,NULL,0,NULL,'East Lothian',1),(1773,'790',703,NULL,0,NULL,'Fife',1),(1774,'791',703,NULL,0,NULL,'Inverness',1),(1775,'792',703,NULL,0,NULL,'Kincardineshire',1),(1776,'793',703,NULL,0,NULL,'Kinross-shire',1),(1777,'794',703,NULL,0,NULL,'Kirkcudbrightshire',1),(1778,'795',703,NULL,0,NULL,'Lanarkshire',1),(1779,'796',703,NULL,0,NULL,'Midlothian',1),(1780,'797',703,NULL,0,NULL,'Morayshire',1),(1781,'798',703,NULL,0,NULL,'Nairnshire',1),(1782,'799',703,NULL,0,NULL,'Orkney',1),(1783,'800',703,NULL,0,NULL,'Peebleshire',1),(1784,'801',703,NULL,0,NULL,'Perthshire',1),(1785,'802',703,NULL,0,NULL,'Renfrewshire',1),(1786,'803',703,NULL,0,NULL,'Ross & Cromarty',1),(1787,'804',703,NULL,0,NULL,'Roxburghshire',1),(1788,'805',703,NULL,0,NULL,'Selkirkshire',1),(1789,'806',703,NULL,0,NULL,'Shetland',1),(1790,'807',703,NULL,0,NULL,'Stirlingshire',1),(1791,'808',703,NULL,0,NULL,'Sutherland',1),(1792,'809',703,NULL,0,NULL,'West Lothian',1),(1793,'810',703,NULL,0,NULL,'Wigtownshire',1),(1794,'811',704,NULL,0,NULL,'Antrim',1),(1795,'812',704,NULL,0,NULL,'Armagh',1),(1796,'813',704,NULL,0,NULL,'Co. Down',1),(1797,'814',704,NULL,0,NULL,'Co. Fermanagh',1),(1798,'815',704,NULL,0,NULL,'Co. Londonderry',1),(1849,'GR',1701,NULL,NULL,NULL,'Groningen',1),(1850,'FR',1701,NULL,NULL,NULL,'Friesland',1),(1851,'DR',1701,NULL,NULL,NULL,'Drenthe',1),(1852,'OV',1701,NULL,NULL,NULL,'Overijssel',1),(1853,'GD',1701,NULL,NULL,NULL,'Gelderland',1),(1854,'FL',1701,NULL,NULL,NULL,'Flevoland',1),(1855,'UT',1701,NULL,NULL,NULL,'Utrecht',1),(1856,'NH',1701,NULL,NULL,NULL,'Noord-Holland',1),(1857,'ZH',1701,NULL,NULL,NULL,'Zuid-Holland',1),(1858,'ZL',1701,NULL,NULL,NULL,'Zeeland',1),(1859,'NB',1701,NULL,NULL,NULL,'Noord-Brabant',1),(1860,'LB',1701,NULL,NULL,NULL,'Limburg',1),(1900,'AC',5601,'ACRE',0,'AC','Acre',1),(1901,'AL',5601,'ALAGOAS',0,'AL','Alagoas',1),(1902,'AP',5601,'AMAPA',0,'AP','Amapá',1),(1903,'AM',5601,'AMAZONAS',0,'AM','Amazonas',1),(1904,'BA',5601,'BAHIA',0,'BA','Bahia',1),(1905,'CE',5601,'CEARA',0,'CE','Ceará',1),(1906,'ES',5601,'ESPIRITO SANTO',0,'ES','Espirito Santo',1),(1907,'GO',5601,'GOIAS',0,'GO','Goiás',1),(1908,'MA',5601,'MARANHAO',0,'MA','Maranhão',1),(1909,'MT',5601,'MATO GROSSO',0,'MT','Mato Grosso',1),(1910,'MS',5601,'MATO GROSSO DO SUL',0,'MS','Mato Grosso do Sul',1),(1911,'MG',5601,'MINAS GERAIS',0,'MG','Minas Gerais',1),(1912,'PA',5601,'PARA',0,'PA','Pará',1),(1913,'PB',5601,'PARAIBA',0,'PB','Paraiba',1),(1914,'PR',5601,'PARANA',0,'PR','Paraná',1),(1915,'PE',5601,'PERNAMBUCO',0,'PE','Pernambuco',1),(1916,'PI',5601,'PIAUI',0,'PI','Piauí',1),(1917,'RJ',5601,'RIO DE JANEIRO',0,'RJ','Rio de Janeiro',1),(1918,'RN',5601,'RIO GRANDE DO NORTE',0,'RN','Rio Grande do Norte',1),(1919,'RS',5601,'RIO GRANDE DO SUL',0,'RS','Rio Grande do Sul',1),(1920,'RO',5601,'RONDONIA',0,'RO','Rondônia',1),(1921,'RR',5601,'RORAIMA',0,'RR','Roraima',1),(1922,'SC',5601,'SANTA CATARINA',0,'SC','Santa Catarina',1),(1923,'SE',5601,'SERGIPE',0,'SE','Sergipe',1),(1924,'SP',5601,'SAO PAULO',0,'SP','Sao Paulo',1),(1925,'TO',5601,'TOCANTINS',0,'TO','Tocantins',1),(1926,'DF',5601,'DISTRITO FEDERAL',0,'DF','Distrito Federal',1),(1927,'001',5201,'',0,'','Belisario Boeto',1),(1928,'002',5201,'',0,'','Hernando Siles',1),(1929,'003',5201,'',0,'','Jaime Zudáñez',1),(1930,'004',5201,'',0,'','Juana Azurduy de Padilla',1),(1931,'005',5201,'',0,'','Luis Calvo',1),(1932,'006',5201,'',0,'','Nor Cinti',1),(1933,'007',5201,'',0,'','Oropeza',1),(1934,'008',5201,'',0,'','Sud Cinti',1),(1935,'009',5201,'',0,'','Tomina',1),(1936,'010',5201,'',0,'','Yamparáez',1),(1937,'011',5202,'',0,'','Abel Iturralde',1),(1938,'012',5202,'',0,'','Aroma',1),(1939,'013',5202,'',0,'','Bautista Saavedra',1),(1940,'014',5202,'',0,'','Caranavi',1),(1941,'015',5202,'',0,'','Eliodoro Camacho',1),(1942,'016',5202,'',0,'','Franz Tamayo',1),(1943,'017',5202,'',0,'','Gualberto Villarroel',1),(1944,'018',5202,'',0,'','Ingaví',1),(1945,'019',5202,'',0,'','Inquisivi',1),(1946,'020',5202,'',0,'','José Ramón Loayza',1),(1947,'021',5202,'',0,'','Larecaja',1),(1948,'022',5202,'',0,'','Los Andes (Bolivia)',1),(1949,'023',5202,'',0,'','Manco Kapac',1),(1950,'024',5202,'',0,'','Muñecas',1),(1951,'025',5202,'',0,'','Nor Yungas',1),(1952,'026',5202,'',0,'','Omasuyos',1),(1953,'027',5202,'',0,'','Pacajes',1),(1954,'028',5202,'',0,'','Pedro Domingo Murillo',1),(1955,'029',5202,'',0,'','Sud Yungas',1),(1956,'030',5202,'',0,'','General José Manuel Pando',1),(1957,'031',5203,'',0,'','Arani',1),(1958,'032',5203,'',0,'','Arque',1),(1959,'033',5203,'',0,'','Ayopaya',1),(1960,'034',5203,'',0,'','Bolívar (Bolivia)',1),(1961,'035',5203,'',0,'','Campero',1),(1962,'036',5203,'',0,'','Capinota',1),(1963,'037',5203,'',0,'','Cercado (Cochabamba)',1),(1964,'038',5203,'',0,'','Esteban Arze',1),(1965,'039',5203,'',0,'','Germán Jordán',1),(1966,'040',5203,'',0,'','José Carrasco',1),(1967,'041',5203,'',0,'','Mizque',1),(1968,'042',5203,'',0,'','Punata',1),(1969,'043',5203,'',0,'','Quillacollo',1),(1970,'044',5203,'',0,'','Tapacarí',1),(1971,'045',5203,'',0,'','Tiraque',1),(1972,'046',5203,'',0,'','Chapare',1),(1973,'047',5204,'',0,'','Carangas',1),(1974,'048',5204,'',0,'','Cercado (Oruro)',1),(1975,'049',5204,'',0,'','Eduardo Avaroa',1),(1976,'050',5204,'',0,'','Ladislao Cabrera',1),(1977,'051',5204,'',0,'','Litoral de Atacama',1),(1978,'052',5204,'',0,'','Mejillones',1),(1979,'053',5204,'',0,'','Nor Carangas',1),(1980,'054',5204,'',0,'','Pantaleón Dalence',1),(1981,'055',5204,'',0,'','Poopó',1),(1982,'056',5204,'',0,'','Sabaya',1),(1983,'057',5204,'',0,'','Sajama',1),(1984,'058',5204,'',0,'','San Pedro de Totora',1),(1985,'059',5204,'',0,'','Saucarí',1),(1986,'060',5204,'',0,'','Sebastián Pagador',1),(1987,'061',5204,'',0,'','Sud Carangas',1),(1988,'062',5204,'',0,'','Tomás Barrón',1),(1989,'063',5205,'',0,'','Alonso de Ibáñez',1),(1990,'064',5205,'',0,'','Antonio Quijarro',1),(1991,'065',5205,'',0,'','Bernardino Bilbao',1),(1992,'066',5205,'',0,'','Charcas (Potosí)',1),(1993,'067',5205,'',0,'','Chayanta',1),(1994,'068',5205,'',0,'','Cornelio Saavedra',1),(1995,'069',5205,'',0,'','Daniel Campos',1),(1996,'070',5205,'',0,'','Enrique Baldivieso',1),(1997,'071',5205,'',0,'','José María Linares',1),(1998,'072',5205,'',0,'','Modesto Omiste',1),(1999,'073',5205,'',0,'','Nor Chichas',1),(2000,'074',5205,'',0,'','Nor Lípez',1),(2001,'075',5205,'',0,'','Rafael Bustillo',1),(2002,'076',5205,'',0,'','Sud Chichas',1),(2003,'077',5205,'',0,'','Sud Lípez',1),(2004,'078',5205,'',0,'','Tomás Frías',1),(2005,'079',5206,'',0,'','Aniceto Arce',1),(2006,'080',5206,'',0,'','Burdet O\'Connor',1),(2007,'081',5206,'',0,'','Cercado (Tarija)',1),(2008,'082',5206,'',0,'','Eustaquio Méndez',1),(2009,'083',5206,'',0,'','José María Avilés',1),(2010,'084',5206,'',0,'','Gran Chaco',1),(2011,'085',5207,'',0,'','Andrés Ibáñez',1),(2012,'086',5207,'',0,'','Caballero',1),(2013,'087',5207,'',0,'','Chiquitos',1),(2014,'088',5207,'',0,'','Cordillera (Bolivia)',1),(2015,'089',5207,'',0,'','Florida',1),(2016,'090',5207,'',0,'','Germán Busch',1),(2017,'091',5207,'',0,'','Guarayos',1),(2018,'092',5207,'',0,'','Ichilo',1),(2019,'093',5207,'',0,'','Obispo Santistevan',1),(2020,'094',5207,'',0,'','Sara',1),(2021,'095',5207,'',0,'','Vallegrande',1),(2022,'096',5207,'',0,'','Velasco',1),(2023,'097',5207,'',0,'','Warnes',1),(2024,'098',5207,'',0,'','Ángel Sandóval',1),(2025,'099',5207,'',0,'','Ñuflo de Chaves',1),(2026,'100',5208,'',0,'','Cercado (Beni)',1),(2027,'101',5208,'',0,'','Iténez',1),(2028,'102',5208,'',0,'','Mamoré',1),(2029,'103',5208,'',0,'','Marbán',1),(2030,'104',5208,'',0,'','Moxos',1),(2031,'105',5208,'',0,'','Vaca Díez',1),(2032,'106',5208,'',0,'','Yacuma',1),(2033,'107',5208,'',0,'','General José Ballivián Segurola',1),(2034,'108',5209,'',0,'','Abuná',1),(2035,'109',5209,'',0,'','Madre de Dios',1),(2036,'110',5209,'',0,'','Manuripi',1),(2037,'111',5209,'',0,'','Nicolás Suárez',1),(2038,'112',5209,'',0,'','General Federico Román',1),(2039,'B',4101,NULL,NULL,'BURGENLAND','Burgenland',1),(2040,'K',4101,NULL,NULL,'KAERNTEN','Kärnten',1),(2041,'N',4101,NULL,NULL,'NIEDEROESTERREICH','Niederösterreich',1),(2042,'O',4101,NULL,NULL,'OBEROESTERREICH','Oberösterreich',1),(2043,'S',4101,NULL,NULL,'SALZBURG','Salzburg',1),(2044,'ST',4101,NULL,NULL,'STEIERMARK','Steiermark',1),(2045,'T',4101,NULL,NULL,'TIROL','Tirol',1),(2046,'V',4101,NULL,NULL,'VORARLBERG','Vorarlberg',1),(2047,'W',4101,NULL,NULL,'WIEN','Wien',1),(2048,'2326',2305,'',0,'MISIONES','Misiones',1),(2049,'PA-1',17801,'',0,'','Bocas del Toro',1),(2050,'PA-2',17801,'',0,'','Coclé',1),(2051,'PA-3',17801,'',0,'','Colón',1),(2052,'PA-4',17801,'',0,'','Chiriquí',1),(2053,'PA-5',17801,'',0,'','Darién',1),(2054,'PA-6',17801,'',0,'','Herrera',1),(2055,'PA-7',17801,'',0,'','Los Santos',1),(2056,'PA-8',17801,'',0,'','Panamá',1),(2057,'PA-9',17801,'',0,'','Veraguas',1),(2058,'PA-13',17801,'',0,'','Panamá Oeste',1),(2059,'AE-1',22701,'',0,'','Abu Dhabi',1),(2060,'AE-2',22701,'',0,'','Dubai',1),(2061,'AE-3',22701,'',0,'','Ajman',1),(2062,'AE-4',22701,'',0,'','Fujairah',1),(2063,'AE-5',22701,'',0,'','Ras al-Khaimah',1),(2064,'AE-6',22701,'',0,'','Sharjah',1),(2065,'AE-7',22701,'',0,'','Umm al-Quwain',1);

--
-- Table structure for table `llx_c_ecotaxe`
--

CREATE TABLE `llx_c_ecotaxe` (
  `rowid` int(11) NOT NULL AUTO_INCREMENT,
  `code` varchar(64) NOT NULL,
  `libelle` varchar(255) DEFAULT NULL,
  `price` double(24,8) DEFAULT NULL,
  `organization` varchar(255) DEFAULT NULL,
  `fk_pays` int(11) NOT NULL,
  `active` tinyint(4) NOT NULL DEFAULT '1',
  PRIMARY KEY (`rowid`),
  UNIQUE KEY `uk_c_ecotaxe` (`code`)
) ENGINE=InnoDB AUTO_INCREMENT=39 DEFAULT CHARSET=utf8;

--
-- Dumping data for table `llx_c_ecotaxe`
--

INSERT INTO `llx_c_ecotaxe` VALUES (1,'ER-A-A','Materiels electriques < 0,2kg',0.01000000,'ERP',1,1),(2,'ER-A-B','Materiels electriques >= 0,2 kg et < 0,5 kg',0.03000000,'ERP',1,1),(3,'ER-A-C','Materiels electriques >= 0,5 kg et < 1 kg',0.04000000,'ERP',1,1),(4,'ER-A-D','Materiels electriques >= 1 kg et < 2 kg',0.13000000,'ERP',1,1),(5,'ER-A-E','Materiels electriques >= 2 kg et < 4kg',0.21000000,'ERP',1,1),(6,'ER-A-F','Materiels electriques >= 4 kg et < 8 kg',0.42000000,'ERP',1,1),(7,'ER-A-G','Materiels electriques >= 8 kg et < 15 kg',0.84000000,'ERP',1,1),(8,'ER-A-H','Materiels electriques >= 15 kg et < 20 kg',1.25000000,'ERP',1,1),(9,'ER-A-I','Materiels electriques >= 20 kg et < 30 kg',1.88000000,'ERP',1,1),(10,'ER-A-J','Materiels electriques >= 30 kg',3.34000000,'ERP',1,1),(11,'ER-M-1','TV, Moniteurs < 9kg',0.84000000,'ERP',1,1),(12,'ER-M-2','TV, Moniteurs >= 9kg et < 15kg',1.67000000,'ERP',1,1),(13,'ER-M-3','TV, Moniteurs >= 15kg et < 30kg',3.34000000,'ERP',1,1),(14,'ER-M-4','TV, Moniteurs >= 30 kg',6.69000000,'ERP',1,1),(15,'EC-A-A','Materiels electriques  0,2 kg max',0.00840000,'Ecologic',1,1),(16,'EC-A-B','Materiels electriques 0,21 kg min - 0,50 kg max',0.02500000,'Ecologic',1,1),(17,'EC-A-C','Materiels electriques  0,51 kg min - 1 kg max',0.04000000,'Ecologic',1,1),(18,'EC-A-D','Materiels electriques  1,01 kg min - 2,5 kg max',0.13000000,'Ecologic',1,1),(19,'EC-A-E','Materiels electriques  2,51 kg min - 4 kg max',0.21000000,'Ecologic',1,1),(20,'EC-A-F','Materiels electriques 4,01 kg min - 8 kg max',0.42000000,'Ecologic',1,1),(21,'EC-A-G','Materiels electriques  8,01 kg min - 12 kg max',0.63000000,'Ecologic',1,1),(22,'EC-A-H','Materiels electriques 12,01 kg min - 20 kg max',1.05000000,'Ecologic',1,1),(23,'EC-A-I','Materiels electriques  20,01 kg min',1.88000000,'Ecologic',1,1),(24,'EC-M-1','TV, Moniteurs 9 kg max',0.84000000,'Ecologic',1,1),(25,'EC-M-2','TV, Moniteurs 9,01 kg min - 18 kg max',1.67000000,'Ecologic',1,1),(26,'EC-M-3','TV, Moniteurs 18,01 kg min - 36 kg max',3.34000000,'Ecologic',1,1),(27,'EC-M-4','TV, Moniteurs 36,01 kg min',6.69000000,'Ecologic',1,1),(28,'ES-M-1','TV, Moniteurs <= 20 pouces',0.84000000,'Eco-systemes',1,1),(29,'ES-M-2','TV, Moniteurs > 20 pouces et <= 32 pouces',3.34000000,'Eco-systemes',1,1),(30,'ES-M-3','TV, Moniteurs > 32 pouces et autres grands ecrans',6.69000000,'Eco-systemes',1,1),(31,'ES-A-A','Ordinateur fixe, Audio home systems (HIFI), elements hifi separes',0.84000000,'Eco-systemes',1,1),(32,'ES-A-B','Ordinateur portable, CD-RCR, VCR, lecteurs et enregistreurs DVD, instruments de musique et caisses de resonance, haut parleurs...',0.25000000,'Eco-systemes',1,1),(33,'ES-A-C','Imprimante, photocopieur, telecopieur',0.42000000,'Eco-systemes',1,1),(34,'ES-A-D','Accessoires, clavier, souris, PDA, imprimante photo, appareil photo, gps, telephone, repondeur, telephone sans fil, modem, telecommande, casque, camescope, baladeur mp3, radio portable, radio K7 et CD portable, radio reveil',0.08400000,'Eco-systemes',1,1),(35,'ES-A-E','GSM',0.00840000,'Eco-systemes',1,1),(36,'ES-A-F','Jouets et equipements de loisirs et de sports < 0,5 kg',0.04200000,'Eco-systemes',1,1),(37,'ES-A-G','Jouets et equipements de loisirs et de sports > 0,5 kg',0.17000000,'Eco-systemes',1,1),(38,'ES-A-H','Jouets et equipements de loisirs et de sports > 10 kg',1.25000000,'Eco-systemes',1,1);

--
-- Table structure for table `llx_c_effectif`
--

CREATE TABLE `llx_c_effectif` (
  `id` int(11) NOT NULL,
  `code` varchar(12) NOT NULL,
  `libelle` varchar(30) DEFAULT NULL,
  `active` tinyint(4) NOT NULL DEFAULT '1',
  `module` varchar(32) DEFAULT NULL,
  PRIMARY KEY (`id`),
  UNIQUE KEY `uk_c_effectif` (`code`)
) ENGINE=InnoDB DEFAULT CHARSET=utf8;

--
-- Dumping data for table `llx_c_effectif`
--

INSERT INTO `llx_c_effectif` VALUES (0,'EF0','-',1,NULL),(1,'EF1-5','1 - 5',1,NULL),(2,'EF6-10','6 - 10',1,NULL),(3,'EF11-50','11 - 50',1,NULL),(4,'EF51-100','51 - 100',1,NULL),(5,'EF100-500','100 - 500',1,NULL),(6,'EF500-','> 500',1,NULL);

--
-- Table structure for table `llx_c_email_templates`
--

CREATE TABLE `llx_c_email_templates` (
  `rowid` int(11) NOT NULL AUTO_INCREMENT,
  `entity` int(11) NOT NULL DEFAULT '1',
  `module` varchar(32) DEFAULT NULL,
  `type_template` varchar(32) DEFAULT NULL,
  `lang` varchar(6) DEFAULT NULL,
  `private` smallint(6) NOT NULL DEFAULT '0',
  `fk_user` int(11) DEFAULT NULL,
  `datec` datetime DEFAULT NULL,
  `tms` timestamp NOT NULL DEFAULT CURRENT_TIMESTAMP ON UPDATE CURRENT_TIMESTAMP,
  `label` varchar(255) DEFAULT NULL,
  `position` smallint(6) DEFAULT NULL,
  `active` tinyint(4) NOT NULL DEFAULT '1',
  `topic` text,
  `content` text,
  PRIMARY KEY (`rowid`),
  UNIQUE KEY `uk_c_email_templates` (`entity`,`label`,`lang`),
  KEY `idx_type` (`type_template`)
) ENGINE=InnoDB AUTO_INCREMENT=2 DEFAULT CHARSET=utf8;

--
-- Dumping data for table `llx_c_email_templates`
--

INSERT INTO `llx_c_email_templates` VALUES (1,1,NULL,'propal_send',NULL,1,NULL,NULL,'2017-02-12 16:42:47','ggg',1,1,'gg','gggfff');

--
-- Table structure for table `llx_c_field_list`
--

CREATE TABLE `llx_c_field_list` (
  `rowid` int(11) NOT NULL AUTO_INCREMENT,
  `tms` timestamp NOT NULL DEFAULT CURRENT_TIMESTAMP ON UPDATE CURRENT_TIMESTAMP,
  `element` varchar(64) NOT NULL,
  `entity` int(11) NOT NULL DEFAULT '1',
  `name` varchar(32) NOT NULL,
  `alias` varchar(32) NOT NULL,
  `title` varchar(32) NOT NULL,
  `align` varchar(6) DEFAULT 'left',
  `sort` tinyint(4) NOT NULL DEFAULT '1',
  `search` tinyint(4) NOT NULL DEFAULT '0',
  `enabled` varchar(255) DEFAULT '1',
  `rang` int(11) DEFAULT '0',
  PRIMARY KEY (`rowid`)
) ENGINE=InnoDB AUTO_INCREMENT=9 DEFAULT CHARSET=utf8;

--
-- Dumping data for table `llx_c_field_list`
--

INSERT INTO `llx_c_field_list` VALUES (1,'2011-02-06 11:18:30','product_default',1,'p.ref','ref','Ref','left',1,1,'1',1),(2,'2011-02-06 11:18:30','product_default',1,'p.label','label','Label','left',1,1,'1',2),(3,'2011-02-06 11:18:30','product_default',1,'p.barcode','barcode','BarCode','center',1,1,'$conf->barcode->enabled',3),(4,'2011-02-06 11:18:30','product_default',1,'p.tms','datem','DateModification','center',1,0,'1',4),(5,'2011-02-06 11:18:30','product_default',1,'p.price','price','SellingPriceHT','right',1,0,'1',5),(6,'2011-02-06 11:18:30','product_default',1,'p.price_ttc','price_ttc','SellingPriceTTC','right',1,0,'1',6),(7,'2011-02-06 11:18:30','product_default',1,'p.stock','stock','Stock','right',0,0,'$conf->stock->enabled',7),(8,'2011-02-06 11:18:30','product_default',1,'p.envente','status','Status','right',1,0,'1',8);

--
-- Table structure for table `llx_c_format_cards`
--

CREATE TABLE `llx_c_format_cards` (
  `rowid` int(11) NOT NULL AUTO_INCREMENT,
  `code` varchar(50) NOT NULL,
  `name` varchar(50) NOT NULL,
  `paper_size` varchar(20) NOT NULL,
  `orientation` varchar(1) NOT NULL,
  `metric` varchar(5) NOT NULL,
  `leftmargin` double(24,8) NOT NULL,
  `topmargin` double(24,8) NOT NULL,
  `nx` int(11) NOT NULL,
  `ny` int(11) NOT NULL,
  `spacex` double(24,8) NOT NULL,
  `spacey` double(24,8) NOT NULL,
  `width` double(24,8) NOT NULL,
  `height` double(24,8) NOT NULL,
  `font_size` int(11) NOT NULL,
  `custom_x` double(24,8) NOT NULL,
  `custom_y` double(24,8) NOT NULL,
  `active` int(11) NOT NULL,
  PRIMARY KEY (`rowid`)
) ENGINE=InnoDB AUTO_INCREMENT=12 DEFAULT CHARSET=utf8;

--
-- Dumping data for table `llx_c_format_cards`
--

INSERT INTO `llx_c_format_cards` VALUES (1,'5160','Avery-5160, WL-875WX','letter','P','mm',5.58165000,12.70000000,3,10,3.55600000,0.00000000,65.87490000,25.40000000,7,0.00000000,0.00000000,1),(2,'5161','Avery-5161, WL-75WX','letter','P','mm',4.44500000,12.70000000,2,10,3.96800000,0.00000000,101.60000000,25.40000000,7,0.00000000,0.00000000,1),(3,'5162','Avery-5162, WL-100WX','letter','P','mm',3.87350000,22.35200000,2,7,4.95400000,0.00000000,101.60000000,33.78100000,8,0.00000000,0.00000000,1),(4,'5163','Avery-5163, WL-125WX','letter','P','mm',4.57200000,12.70000000,2,5,3.55600000,0.00000000,101.60000000,50.80000000,10,0.00000000,0.00000000,1),(5,'5164','5164 (Letter)','letter','P','in',0.14800000,0.50000000,2,3,0.20310000,0.00000000,4.00000000,3.33000000,12,0.00000000,0.00000000,0),(6,'8600','Avery-8600','letter','P','mm',7.10000000,19.00000000,3,10,9.50000000,3.10000000,66.60000000,25.40000000,7,0.00000000,0.00000000,1),(7,'99012','DYMO 99012 89*36mm','custom','L','mm',1.00000000,1.00000000,1,1,0.00000000,0.00000000,36.00000000,89.00000000,10,36.00000000,89.00000000,1),(8,'99014','DYMO 99014 101*54mm','custom','L','mm',1.00000000,1.00000000,1,1,0.00000000,0.00000000,54.00000000,101.00000000,10,54.00000000,101.00000000,1),(9,'AVERYC32010','Avery-C32010','A4','P','mm',15.00000000,13.00000000,2,5,10.00000000,0.00000000,85.00000000,54.00000000,10,0.00000000,0.00000000,1),(10,'CARD','Dolibarr Business cards','A4','P','mm',15.00000000,15.00000000,2,5,0.00000000,0.00000000,85.00000000,54.00000000,10,0.00000000,0.00000000,1),(11,'L7163','Avery-L7163','A4','P','mm',5.00000000,15.00000000,2,7,2.50000000,0.00000000,99.10000000,38.10000000,8,0.00000000,0.00000000,1);

--
-- Table structure for table `llx_c_forme_juridique`
--

CREATE TABLE `llx_c_forme_juridique` (
  `rowid` int(11) NOT NULL AUTO_INCREMENT,
  `code` int(11) NOT NULL,
  `fk_pays` int(11) NOT NULL,
  `libelle` varchar(255) DEFAULT NULL,
  `isvatexempted` tinyint(4) NOT NULL DEFAULT '0',
  `active` tinyint(4) NOT NULL DEFAULT '1',
  `module` varchar(32) DEFAULT NULL,
  `position` int(11) NOT NULL DEFAULT '0',
  PRIMARY KEY (`rowid`),
  UNIQUE KEY `uk_c_forme_juridique` (`code`)
) ENGINE=InnoDB AUTO_INCREMENT=100221 DEFAULT CHARSET=utf8;

--
-- Dumping data for table `llx_c_forme_juridique`
--

INSERT INTO `llx_c_forme_juridique` VALUES (100001,100001,1,'Etudiant',0,0,'cabinetmed',0),(100002,100002,1,'Retraité',0,0,'cabinetmed',0),(100003,100003,1,'Artisan',0,0,'cabinetmed',0),(100004,100004,1,'Femme de ménage',0,0,'cabinetmed',0),(100005,100005,1,'Professeur',0,0,'cabinetmed',0),(100006,100006,1,'Profession libérale',0,0,'cabinetmed',0),(100007,100007,1,'Informaticien',0,0,'cabinetmed',0),(100009,0,0,'-',0,1,NULL,0),(100010,2301,23,'Monotributista',0,1,NULL,0),(100011,2302,23,'Sociedad Civil',0,1,NULL,0),(100012,2303,23,'Sociedades Comerciales',0,1,NULL,0),(100013,2304,23,'Sociedades de Hecho',0,1,NULL,0),(100014,2305,23,'Sociedades Irregulares',0,1,NULL,0),(100015,2306,23,'Sociedad Colectiva',0,1,NULL,0),(100016,2307,23,'Sociedad en Comandita Simple',0,1,NULL,0),(100017,2308,23,'Sociedad de Capital e Industria',0,1,NULL,0),(100018,2309,23,'Sociedad Accidental o en participación',0,1,NULL,0),(100019,2310,23,'Sociedad de Responsabilidad Limitada',0,1,NULL,0),(100020,2311,23,'Sociedad Anónima',0,1,NULL,0),(100021,2312,23,'Sociedad Anónima con Participación Estatal Mayoritaria',0,1,NULL,0),(100022,2313,23,'Sociedad en Comandita por Acciones (arts. 315 a 324, LSC)',0,1,NULL,0),(100023,11,1,'Artisan Commerçant (EI)',0,1,NULL,0),(100024,12,1,'Commerçant (EI)',0,1,NULL,0),(100025,13,1,'Artisan (EI)',0,1,NULL,0),(100026,14,1,'Officier public ou ministériel',0,1,NULL,0),(100027,15,1,'Profession libérale (EI)',0,1,NULL,0),(100028,16,1,'Exploitant agricole',0,1,NULL,0),(100029,17,1,'Agent commercial',0,1,NULL,0),(100030,18,1,'Associé Gérant de société',0,1,NULL,0),(100031,19,1,'Personne physique',0,1,NULL,0),(100032,21,1,'Indivision',0,1,NULL,0),(100033,22,1,'Société créée de fait',0,1,NULL,0),(100034,23,1,'Société en participation',0,1,NULL,0),(100035,27,1,'Paroisse hors zone concordataire',0,1,NULL,0),(100036,29,1,'Groupement de droit privé non doté de la personnalité morale',0,1,NULL,0),(100037,31,1,'Personne morale de droit étranger, immatriculée au RCS',0,1,NULL,0),(100038,32,1,'Personne morale de droit étranger, non immatriculée au RCS',0,1,NULL,0),(100039,35,1,'Régime auto-entrepreneur',0,1,NULL,0),(100040,41,1,'Etablissement public ou régie à caractère industriel ou commercial',0,1,NULL,0),(100041,51,1,'Société coopérative commerciale particulière',0,1,NULL,0),(100042,52,1,'Société en nom collectif',0,1,NULL,0),(100043,53,1,'Société en commandite',0,1,NULL,0),(100044,54,1,'Société à responsabilité limitée (SARL)',0,1,NULL,0),(100045,55,1,'Société anonyme à conseil d administration',0,1,NULL,0),(100046,56,1,'Société anonyme à directoire',0,1,NULL,0),(100047,57,1,'Société par actions simplifiée (SAS)',0,1,NULL,0),(100048,58,1,'Entreprise Unipersonnelle à Responsabilité Limitée (EURL)',0,1,NULL,0),(100049,59,1,'Société par actions simplifiée unipersonnelle (SASU)',0,1,NULL,0),(100050,60,1,'Entreprise Individuelle à Responsabilité Limitée (EIRL)',0,1,NULL,0),(100051,61,1,'Caisse d\'épargne et de prévoyance',0,1,NULL,0),(100052,62,1,'Groupement d\'intérêt économique (GIE)',0,1,NULL,0),(100053,63,1,'Société coopérative agricole',0,1,NULL,0),(100054,64,1,'Société non commerciale d assurances',0,1,NULL,0),(100055,65,1,'Société civile',0,1,NULL,0),(100056,69,1,'Personnes de droit privé inscrites au RCS',0,1,NULL,0),(100057,71,1,'Administration de l état',0,1,NULL,0),(100058,72,1,'Collectivité territoriale',0,1,NULL,0),(100059,73,1,'Etablissement public administratif',0,1,NULL,0),(100060,74,1,'Personne morale de droit public administratif',0,1,NULL,0),(100061,81,1,'Organisme gérant régime de protection social à adhésion obligatoire',0,1,NULL,0),(100062,82,1,'Organisme mutualiste',0,1,NULL,0),(100063,83,1,'Comité d entreprise',0,1,NULL,0),(100064,84,1,'Organisme professionnel',0,1,NULL,0),(100065,85,1,'Organisme de retraite à adhésion non obligatoire',0,1,NULL,0),(100066,91,1,'Syndicat de propriétaires',0,1,NULL,0),(100067,92,1,'Association loi 1901 ou assimilé',0,1,NULL,0),(100068,93,1,'Fondation',0,1,NULL,0),(100069,99,1,'Personne morale de droit privé',0,1,NULL,0),(100070,200,2,'Indépendant',0,1,NULL,0),(100071,201,2,'SPRL - Société à responsabilité limitée',0,1,NULL,0),(100072,202,2,'SA   - Société Anonyme',0,1,NULL,0),(100073,203,2,'SCRL - Société coopérative à responsabilité limitée',0,1,NULL,0),(100074,204,2,'ASBL - Association sans but Lucratif',0,1,NULL,0),(100075,205,2,'SCRI - Société coopérative à responsabilité illimitée',0,1,NULL,0),(100076,206,2,'SCS  - Société en commandite simple',0,1,NULL,0),(100077,207,2,'SCA  - Société en commandite par action',0,1,NULL,0),(100078,208,2,'SNC  - Société en nom collectif',0,1,NULL,0),(100079,209,2,'GIE  - Groupement d intérêt économique',0,1,NULL,0),(100080,210,2,'GEIE - Groupement européen d intérêt économique',0,1,NULL,0),(100081,220,2,'Eenmanszaak',0,1,NULL,0),(100082,221,2,'BVBA - Besloten vennootschap met beperkte aansprakelijkheid',0,1,NULL,0),(100083,222,2,'NV   - Naamloze Vennootschap',0,1,NULL,0),(100084,223,2,'CVBA - Coöperatieve vennootschap met beperkte aansprakelijkheid',0,1,NULL,0),(100085,224,2,'VZW  - Vereniging zonder winstoogmerk',0,1,NULL,0),(100086,225,2,'CVOA - Coöperatieve vennootschap met onbeperkte aansprakelijkheid ',0,1,NULL,0),(100087,226,2,'GCV  - Gewone commanditaire vennootschap',0,1,NULL,0),(100088,227,2,'Comm.VA - Commanditaire vennootschap op aandelen',0,1,NULL,0),(100089,228,2,'VOF  - Vennootschap onder firma',0,1,NULL,0),(100090,229,2,'VS0  - Vennootschap met sociaal oogmerk',0,1,NULL,0),(100091,500,5,'GmbH - Gesellschaft mit beschränkter Haftung',0,1,NULL,0),(100092,501,5,'AG - Aktiengesellschaft ',0,1,NULL,0),(100093,502,5,'GmbH&Co. KG - Gesellschaft mit beschränkter Haftung & Compagnie Kommanditgesellschaft',0,1,NULL,0),(100094,503,5,'Gewerbe - Personengesellschaft',0,1,NULL,0),(100095,504,5,'UG - Unternehmergesellschaft -haftungsbeschränkt-',0,1,NULL,0),(100096,505,5,'GbR - Gesellschaft des bürgerlichen Rechts',0,1,NULL,0),(100097,506,5,'KG - Kommanditgesellschaft',0,1,NULL,0),(100098,507,5,'Ltd. - Limited Company',0,1,NULL,0),(100099,508,5,'OHG - Offene Handelsgesellschaft',0,1,NULL,0),(100100,10201,102,'Ατομική επιχείρηση',0,1,NULL,0),(100101,10202,102,'Εταιρική  επιχείρηση',0,1,NULL,0),(100102,10203,102,'Ομόρρυθμη Εταιρεία Ο.Ε',0,1,NULL,0),(100103,10204,102,'Ετερόρρυθμη Εταιρεία Ε.Ε',0,1,NULL,0),(100104,10205,102,'Εταιρεία Περιορισμένης Ευθύνης Ε.Π.Ε',0,1,NULL,0),(100105,10206,102,'Ανώνυμη Εταιρεία Α.Ε',0,1,NULL,0),(100106,10207,102,'Ανώνυμη ναυτιλιακή εταιρεία Α.Ν.Ε',0,1,NULL,0),(100107,10208,102,'Συνεταιρισμός',0,1,NULL,0),(100108,10209,102,'Συμπλοιοκτησία',0,1,NULL,0),(100109,301,3,'Società semplice',0,1,NULL,0),(100110,302,3,'Società in nome collettivo s.n.c.',0,1,NULL,0),(100111,303,3,'Società in accomandita semplice s.a.s.',0,1,NULL,0),(100112,304,3,'Società per azioni s.p.a.',0,1,NULL,0),(100113,305,3,'Società a responsabilità limitata s.r.l.',0,1,NULL,0),(100114,306,3,'Società in accomandita per azioni s.a.p.a.',0,1,NULL,0),(100115,307,3,'Società cooperativa a r.l.',0,1,NULL,0),(100116,308,3,'Società consortile',0,1,NULL,0),(100117,309,3,'Società europea',0,1,NULL,0),(100118,310,3,'Società cooperativa europea',0,1,NULL,0),(100119,311,3,'Società unipersonale',0,1,NULL,0),(100120,312,3,'Società di professionisti',0,1,NULL,0),(100121,313,3,'Società di fatto',0,1,NULL,0),(100122,315,3,'Società apparente',0,1,NULL,0),(100123,316,3,'Impresa individuale ',0,1,NULL,0),(100124,317,3,'Impresa coniugale',0,1,NULL,0),(100125,318,3,'Impresa familiare',0,1,NULL,0),(100126,319,3,'Consorzio cooperativo',0,1,NULL,0),(100127,320,3,'Società cooperativa sociale',0,1,NULL,0),(100128,321,3,'Società cooperativa di consumo',0,1,NULL,0),(100129,322,3,'Società cooperativa agricola',0,1,NULL,0),(100130,323,3,'A.T.I. Associazione temporanea di imprese',0,1,NULL,0),(100131,324,3,'R.T.I. Raggruppamento temporaneo di imprese',0,1,NULL,0),(100132,325,3,'Studio associato',0,1,NULL,0),(100133,600,6,'Raison Individuelle',0,1,NULL,0),(100134,601,6,'Société Simple',0,1,NULL,0),(100135,602,6,'Société en nom collectif',0,1,NULL,0),(100136,603,6,'Société en commandite',0,1,NULL,0),(100137,604,6,'Société anonyme (SA)',0,1,NULL,0),(100138,605,6,'Société en commandite par actions',0,1,NULL,0),(100139,606,6,'Société à responsabilité limitée (SARL)',0,1,NULL,0),(100140,607,6,'Société coopérative',0,1,NULL,0),(100141,608,6,'Association',0,1,NULL,0),(100142,609,6,'Fondation',0,1,NULL,0),(100143,700,7,'Sole Trader',0,1,NULL,0),(100144,701,7,'Partnership',0,1,NULL,0),(100145,702,7,'Private Limited Company by shares (LTD)',0,1,NULL,0),(100146,703,7,'Public Limited Company',0,1,NULL,0),(100147,704,7,'Workers Cooperative',0,1,NULL,0),(100148,705,7,'Limited Liability Partnership',0,1,NULL,0),(100149,706,7,'Franchise',0,1,NULL,0),(100150,1000,10,'Société à responsabilité limitée (SARL)',0,1,NULL,0),(100151,1001,10,'Société en Nom Collectif (SNC)',0,1,NULL,0),(100152,1002,10,'Société en Commandite Simple (SCS)',0,1,NULL,0),(100153,1003,10,'société en participation',0,1,NULL,0),(100154,1004,10,'Société Anonyme (SA)',0,1,NULL,0),(100155,1005,10,'Société Unipersonnelle à Responsabilité Limitée (SUARL)',0,1,NULL,0),(100156,1006,10,'Groupement d\'intérêt économique (GEI)',0,1,NULL,0),(100157,1007,10,'Groupe de sociétés',0,1,NULL,0),(100158,1701,17,'Eenmanszaak',0,1,NULL,0),(100159,1702,17,'Maatschap',0,1,NULL,0),(100160,1703,17,'Vennootschap onder firma',0,1,NULL,0),(100161,1704,17,'Commanditaire vennootschap',0,1,NULL,0),(100162,1705,17,'Besloten vennootschap (BV)',0,1,NULL,0),(100163,1706,17,'Naamloze Vennootschap (NV)',0,1,NULL,0),(100164,1707,17,'Vereniging',0,1,NULL,0),(100165,1708,17,'Stichting',0,1,NULL,0),(100166,1709,17,'Coöperatie met beperkte aansprakelijkheid (BA)',0,1,NULL,0),(100167,1710,17,'Coöperatie met uitgesloten aansprakelijkheid (UA)',0,1,NULL,0),(100168,1711,17,'Coöperatie met wettelijke aansprakelijkheid (WA)',0,1,NULL,0),(100169,1712,17,'Onderlinge waarborgmaatschappij',0,1,NULL,0),(100170,401,4,'Empresario Individual',0,1,NULL,0),(100171,402,4,'Comunidad de Bienes',0,1,NULL,0),(100172,403,4,'Sociedad Civil',0,1,NULL,0),(100173,404,4,'Sociedad Colectiva',0,1,NULL,0),(100174,405,4,'Sociedad Limitada',0,1,NULL,0),(100175,406,4,'Sociedad Anónima',0,1,NULL,0),(100176,407,4,'Sociedad Comanditaria por Acciones',0,1,NULL,0),(100177,408,4,'Sociedad Comanditaria Simple',0,1,NULL,0),(100178,409,4,'Sociedad Laboral',0,1,NULL,0),(100179,410,4,'Sociedad Cooperativa',0,1,NULL,0),(100180,411,4,'Sociedad de Garantía Recíproca',0,1,NULL,0),(100181,412,4,'Entidad de Capital-Riesgo',0,1,NULL,0),(100182,413,4,'Agrupación de Interés Económico',0,1,NULL,0),(100183,414,4,'Sociedad de Inversión Mobiliaria',0,1,NULL,0),(100184,415,4,'Agrupación sin Ánimo de Lucro',0,1,NULL,0),(100185,15201,152,'Mauritius Private Company Limited By Shares',0,1,NULL,0),(100186,15202,152,'Mauritius Company Limited By Guarantee',0,1,NULL,0),(100187,15203,152,'Mauritius Public Company Limited By Shares',0,1,NULL,0),(100188,15204,152,'Mauritius Foreign Company',0,1,NULL,0),(100189,15205,152,'Mauritius GBC1 (Offshore Company)',0,1,NULL,0),(100190,15206,152,'Mauritius GBC2 (International Company)',0,1,NULL,0),(100191,15207,152,'Mauritius General Partnership',0,1,NULL,0),(100192,15208,152,'Mauritius Limited Partnership',0,1,NULL,0),(100193,15209,152,'Mauritius Sole Proprietorship',0,1,NULL,0),(100194,15210,152,'Mauritius Trusts',0,1,NULL,0),(100195,15401,154,'Sociedad en nombre colectivo',0,1,NULL,0),(100196,15402,154,'Sociedad en comandita simple',0,1,NULL,0),(100197,15403,154,'Sociedad de responsabilidad limitada',0,1,NULL,0),(100198,15404,154,'Sociedad anónima',0,1,NULL,0),(100199,15405,154,'Sociedad en comandita por acciones',0,1,NULL,0),(100200,15406,154,'Sociedad cooperativa',0,1,NULL,0),(100201,4100,41,'GmbH - Gesellschaft mit beschränkter Haftung',0,1,NULL,0),(100202,4101,41,'GesmbH - Gesellschaft mit beschränkter Haftung',0,1,NULL,0),(100203,4102,41,'AG - Aktiengesellschaft',0,1,NULL,0),(100204,4103,41,'EWIV - Europäische wirtschaftliche Interessenvereinigung',0,1,NULL,0),(100205,4104,41,'KEG - Kommanditerwerbsgesellschaft',0,1,NULL,0),(100206,4105,41,'OEG - Offene Erwerbsgesellschaft',0,1,NULL,0),(100207,4106,41,'OHG - Offene Handelsgesellschaft',0,1,NULL,0),(100208,4107,41,'AG & Co KG - Kommanditgesellschaft',0,1,NULL,0),(100209,4108,41,'GmbH & Co KG - Kommanditgesellschaft',0,1,NULL,0),(100210,4109,41,'KG - Kommanditgesellschaft',0,1,NULL,0),(100211,4110,41,'OG - Offene Gesellschaft',0,1,NULL,0),(100212,4111,41,'GbR - Gesellschaft nach bürgerlichem Recht',0,1,NULL,0),(100213,4112,41,'GesbR - Gesellschaft nach bürgerlichem Recht',0,1,NULL,0),(100214,4113,41,'GesnbR - Gesellschaft nach bürgerlichem Recht',0,1,NULL,0),(100215,4114,41,'e.U. - eingetragener Einzelunternehmer',0,1,NULL,0),(100216,17801,178,'Empresa individual',0,1,NULL,0),(100217,17802,178,'Asociación General',0,1,NULL,0),(100218,17803,178,'Sociedad de Responsabilidad Limitada',0,1,NULL,0),(100219,17804,178,'Sociedad Civil',0,1,NULL,0),(100220,17805,178,'Sociedad Anónima',0,1,NULL,0);

--
-- Table structure for table `llx_c_holiday_types`
--

CREATE TABLE `llx_c_holiday_types` (
  `rowid` int(11) NOT NULL AUTO_INCREMENT,
  `code` varchar(16) NOT NULL,
  `label` varchar(255) NOT NULL,
  `affect` int(11) NOT NULL,
  `delay` int(11) NOT NULL,
  `newByMonth` double(8,5) NOT NULL DEFAULT '0.00000',
  `fk_country` int(11) DEFAULT NULL,
  `active` int(11) DEFAULT '1',
  PRIMARY KEY (`rowid`),
  UNIQUE KEY `uk_c_holiday_types` (`code`)
) ENGINE=InnoDB AUTO_INCREMENT=6 DEFAULT CHARSET=utf8;

--
-- Dumping data for table `llx_c_holiday_types`
--

INSERT INTO `llx_c_holiday_types` VALUES (1,'LEAVE_SICK','Sick leave',0,0,0.00000,NULL,1),(2,'LEAVE_OTHER','Other leave',0,0,0.00000,NULL,1),(3,'LEAVE_PAID','Paid vacation',1,7,0.00000,NULL,1),(4,'LEAVE_RTT_FR','RTT',1,7,0.83000,1,0),(5,'LEAVE_PAID_FR','Paid vacation',1,30,2.08334,1,0);

--
-- Table structure for table `llx_c_hrm_department`
--

CREATE TABLE `llx_c_hrm_department` (
  `rowid` int(11) NOT NULL,
  `pos` tinyint(4) NOT NULL DEFAULT '0',
  `code` varchar(16) NOT NULL,
  `label` varchar(50) DEFAULT NULL,
  `active` tinyint(4) NOT NULL DEFAULT '1',
  PRIMARY KEY (`rowid`)
) ENGINE=InnoDB DEFAULT CHARSET=utf8;

--
-- Dumping data for table `llx_c_hrm_department`
--

INSERT INTO `llx_c_hrm_department` VALUES (1,5,'MANAGEMENT','Management',1),(2,10,'GESTION','Gestion',1),(3,15,'TRAINING','Training',1),(4,20,'IT','Inform. Technology (IT)',1),(5,25,'MARKETING','Marketing',1),(6,30,'SALES','Sales',1),(7,35,'LEGAL','Legal',1),(8,40,'FINANCIAL','Financial accounting',1),(9,45,'HUMANRES','Human resources',1),(10,50,'PURCHASING','Purchasing',1),(11,55,'SERVICES','Services',1),(12,60,'CUSTOMSERV','Customer service',1),(13,65,'CONSULTING','Consulting',1),(14,70,'LOGISTIC','Logistics',1),(15,75,'CONSTRUCT','Engineering/design',1),(16,80,'PRODUCTION','Manufacturing',1),(17,85,'QUALITY','Quality assurance',1),(18,85,'MAINT','Plant assurance',1);

--
-- Table structure for table `llx_c_hrm_function`
--

CREATE TABLE `llx_c_hrm_function` (
  `rowid` int(11) NOT NULL,
  `pos` tinyint(4) NOT NULL DEFAULT '0',
  `code` varchar(16) NOT NULL,
  `label` varchar(50) DEFAULT NULL,
  `c_level` tinyint(4) NOT NULL DEFAULT '0',
  `active` tinyint(4) NOT NULL DEFAULT '1',
  PRIMARY KEY (`rowid`)
) ENGINE=InnoDB DEFAULT CHARSET=utf8;

--
-- Dumping data for table `llx_c_hrm_function`
--

INSERT INTO `llx_c_hrm_function` VALUES (1,5,'EXECBOARD','Executive board',0,1),(2,10,'MANAGDIR','Managing director',1,1),(3,15,'ACCOUNTMANAG','Account manager',0,1),(4,20,'ENGAGDIR','Engagement director',1,1),(5,25,'DIRECTOR','Director',1,1),(6,30,'PROJMANAG','Project manager',0,1),(7,35,'DEPHEAD','Department head',0,1),(8,40,'SECRETAR','Secretary',0,1),(9,45,'EMPLOYEE','Department employee',0,1);

--
-- Table structure for table `llx_c_incoterms`
--

CREATE TABLE `llx_c_incoterms` (
  `rowid` int(11) NOT NULL AUTO_INCREMENT,
  `code` varchar(3) NOT NULL,
  `libelle` varchar(255) NOT NULL,
  `active` tinyint(4) NOT NULL DEFAULT '1',
  PRIMARY KEY (`rowid`),
  UNIQUE KEY `uk_c_incoterms` (`code`)
) ENGINE=InnoDB AUTO_INCREMENT=12 DEFAULT CHARSET=utf8;

--
-- Dumping data for table `llx_c_incoterms`
--

INSERT INTO `llx_c_incoterms` VALUES (1,'EXW','Ex Works, au départ non chargé, non dédouané sortie d\'usine (uniquement adapté aux flux domestiques, nationaux)',1),(2,'FCA','Free Carrier, marchandises dédouanées et chargées dans le pays de départ, chez le vendeur ou chez le commissionnaire de transport de l\'acheteur',1),(3,'FAS','Free Alongside Ship, sur le quai du port de départ',1),(4,'FOB','Free On Board, chargé sur le bateau, les frais de chargement dans celui-ci étant fonction du liner term indiqué par la compagnie maritime (à la charge du vendeur)',1),(5,'CFR','Cost and Freight, chargé dans le bateau, livraison au port de départ, frais payés jusqu\'au port d\'arrivée, sans assurance pour le transport, non déchargé du navire à destination (les frais de déchargement sont inclus ou non au port d\'arrivée)',1),(6,'CIF','Cost, Insurance and Freight, chargé sur le bateau, frais jusqu\'au port d\'arrivée, avec l\'assurance marchandise transportée souscrite par le vendeur pour le compte de l\'acheteur',1),(7,'CPT','Carriage Paid To, livraison au premier transporteur, frais jusqu\'au déchargement du mode de transport, sans assurance pour le transport',1),(8,'CIP','Carriage and Insurance Paid to, idem CPT, avec assurance marchandise transportée souscrite par le vendeur pour le compte de l\'acheteur',1),(9,'DAT','Delivered At Terminal, marchandises (déchargées) livrées sur quai, dans un terminal maritime, fluvial, aérien, routier ou ferroviaire désigné (dédouanement import, et post-acheminement payés par l\'acheteur)',1),(10,'DAP','Delivered At Place, marchandises (non déchargées) mises à disposition de l\'acheteur dans le pays d\'importation au lieu précisé dans le contrat (déchargement, dédouanement import payé par l\'acheteur)',1),(11,'DDP','Delivered Duty Paid, marchandises (non déchargées) livrées à destination finale, dédouanement import et taxes à la charge du vendeur ; l\'acheteur prend en charge uniquement le déchargement (si exclusion des taxes type TVA, le préciser clairement)',1);

--
-- Table structure for table `llx_c_input_method`
--

CREATE TABLE `llx_c_input_method` (
  `rowid` int(11) NOT NULL AUTO_INCREMENT,
  `code` varchar(30) DEFAULT NULL,
  `libelle` varchar(60) DEFAULT NULL,
  `active` tinyint(4) NOT NULL DEFAULT '1',
  `module` varchar(32) DEFAULT NULL,
  PRIMARY KEY (`rowid`),
  UNIQUE KEY `uk_c_methode_commande_fournisseur` (`code`),
  UNIQUE KEY `uk_c_input_method` (`code`)
) ENGINE=InnoDB AUTO_INCREMENT=6 DEFAULT CHARSET=utf8;

--
-- Dumping data for table `llx_c_input_method`
--

INSERT INTO `llx_c_input_method` VALUES (1,'OrderByMail','Courrier',1,NULL),(2,'OrderByFax','Fax',1,NULL),(3,'OrderByEMail','EMail',1,NULL),(4,'OrderByPhone','Téléphone',1,NULL),(5,'OrderByWWW','En ligne',1,NULL);

--
-- Table structure for table `llx_c_input_reason`
--

CREATE TABLE `llx_c_input_reason` (
  `rowid` int(11) NOT NULL AUTO_INCREMENT,
  `code` varchar(30) NOT NULL,
  `label` varchar(60) NOT NULL,
  `active` tinyint(4) NOT NULL DEFAULT '1',
  `module` varchar(32) DEFAULT NULL,
  PRIMARY KEY (`rowid`),
  UNIQUE KEY `uk_c_input_reason` (`code`)
) ENGINE=MyISAM AUTO_INCREMENT=12 DEFAULT CHARSET=utf8;

--
-- Dumping data for table `llx_c_input_reason`
--

INSERT INTO `llx_c_input_reason` VALUES (1,'SRC_INTE','Web site',1,NULL),(2,'SRC_CAMP_MAIL','Mailing campaign',1,NULL),(3,'SRC_CAMP_PHO','Phone campaign',1,NULL),(4,'SRC_CAMP_FAX','Fax campaign',1,NULL),(5,'SRC_COMM','Commercial contact',1,NULL),(6,'SRC_SHOP','Shop contact',1,NULL),(7,'SRC_CAMP_EMAIL','EMailing campaign',1,NULL),(8,'SRC_WOM','Word of mouth',1,NULL),(9,'SRC_PARTNER','Partner',1,NULL),(10,'SRC_EMPLOYEE','Employee',1,NULL),(11,'SRC_SPONSORING','Sponsoring',1,NULL);

--
-- Table structure for table `llx_c_lead_status`
--

CREATE TABLE `llx_c_lead_status` (
  `rowid` int(11) NOT NULL AUTO_INCREMENT,
  `code` varchar(10) DEFAULT NULL,
  `label` varchar(50) DEFAULT NULL,
  `position` int(11) DEFAULT NULL,
  `percent` double(5,2) DEFAULT NULL,
  `active` tinyint(4) NOT NULL DEFAULT '1',
  PRIMARY KEY (`rowid`),
  UNIQUE KEY `uk_c_lead_status_code` (`code`)
) ENGINE=InnoDB AUTO_INCREMENT=8 DEFAULT CHARSET=utf8;

--
-- Dumping data for table `llx_c_lead_status`
--

INSERT INTO `llx_c_lead_status` VALUES (1,'PROSP','Prospection',10,0.00,1),(2,'QUAL','Qualification',20,20.00,1),(3,'PROPO','Proposal',30,40.00,1),(4,'NEGO','Negotiation',40,60.00,1),(5,'PENDING','Pending',50,50.00,0),(6,'WON','Won',60,100.00,1),(7,'LOST','Lost',70,0.00,1);

--
-- Table structure for table `llx_c_methode_commande_fournisseur`
--

CREATE TABLE `llx_c_methode_commande_fournisseur` (
  `rowid` int(11) NOT NULL AUTO_INCREMENT,
  `code` varchar(30) DEFAULT NULL,
  `libelle` varchar(60) DEFAULT NULL,
  `active` tinyint(4) NOT NULL DEFAULT '1',
  PRIMARY KEY (`rowid`),
  UNIQUE KEY `uk_c_methode_commande_fournisseur` (`code`)
) ENGINE=InnoDB AUTO_INCREMENT=6 DEFAULT CHARSET=utf8;

--
-- Dumping data for table `llx_c_methode_commande_fournisseur`
--

INSERT INTO `llx_c_methode_commande_fournisseur` VALUES (1,'OrderByMail','Courrier',1),(2,'OrderByFax','Fax',1),(3,'OrderByEMail','EMail',1),(4,'OrderByPhone','Téléphone',1),(5,'OrderByWWW','En ligne',1);

--
-- Table structure for table `llx_c_paiement`
--

CREATE TABLE `llx_c_paiement` (
  `id` int(11) NOT NULL,
  `code` varchar(6) NOT NULL,
  `libelle` varchar(62) DEFAULT NULL,
  `type` smallint(6) DEFAULT NULL,
  `active` tinyint(4) NOT NULL DEFAULT '1',
  `accountancy_code` varchar(32) DEFAULT NULL,
  `module` varchar(32) DEFAULT NULL,
  PRIMARY KEY (`id`),
  UNIQUE KEY `uk_c_paiement` (`code`)
) ENGINE=InnoDB DEFAULT CHARSET=utf8;

--
-- Dumping data for table `llx_c_paiement`
--

INSERT INTO `llx_c_paiement` VALUES (0,'','-',3,1,NULL,NULL),(1,'TIP','TIP',2,0,NULL,NULL),(2,'VIR','Virement',2,1,NULL,NULL),(3,'PRE','Prélèvement',2,1,NULL,NULL),(4,'LIQ','Espèces',2,1,NULL,NULL),(6,'CB','Carte Bancaire',2,1,NULL,NULL),(7,'CHQ','Chèque',2,1,NULL,NULL),(50,'VAD','Paiement en ligne',2,0,NULL,NULL),(51,'TRA','Traite',2,0,NULL,NULL),(52,'LCR','LCR',2,0,NULL,NULL),(53,'FAC','Factor',2,0,NULL,NULL);

--
-- Table structure for table `llx_c_paper_format`
--

CREATE TABLE `llx_c_paper_format` (
  `rowid` int(11) NOT NULL AUTO_INCREMENT,
  `code` varchar(16) NOT NULL,
  `label` varchar(50) NOT NULL,
  `width` float(6,2) DEFAULT '0.00',
  `height` float(6,2) DEFAULT '0.00',
  `unit` varchar(5) NOT NULL,
  `active` tinyint(4) NOT NULL DEFAULT '1',
  `module` varchar(32) DEFAULT NULL,
  PRIMARY KEY (`rowid`)
) ENGINE=InnoDB AUTO_INCREMENT=226 DEFAULT CHARSET=utf8;

--
-- Dumping data for table `llx_c_paper_format`
--

INSERT INTO `llx_c_paper_format` VALUES (1,'EU4A0','Format 4A0',1682.00,2378.00,'mm',1,NULL),(2,'EU2A0','Format 2A0',1189.00,1682.00,'mm',1,NULL),(3,'EUA0','Format A0',840.00,1189.00,'mm',1,NULL),(4,'EUA1','Format A1',594.00,840.00,'mm',1,NULL),(5,'EUA2','Format A2',420.00,594.00,'mm',1,NULL),(6,'EUA3','Format A3',297.00,420.00,'mm',1,NULL),(7,'EUA4','Format A4',210.00,297.00,'mm',1,NULL),(8,'EUA5','Format A5',148.00,210.00,'mm',1,NULL),(9,'EUA6','Format A6',105.00,148.00,'mm',1,NULL),(100,'USLetter','Format Letter (A)',216.00,279.00,'mm',1,NULL),(105,'USLegal','Format Legal',216.00,356.00,'mm',1,NULL),(110,'USExecutive','Format Executive',190.00,254.00,'mm',1,NULL),(115,'USLedger','Format Ledger/Tabloid (B)',279.00,432.00,'mm',1,NULL),(200,'CAP1','Format Canadian P1',560.00,860.00,'mm',1,NULL),(205,'CAP2','Format Canadian P2',430.00,560.00,'mm',1,NULL),(210,'CAP3','Format Canadian P3',280.00,430.00,'mm',1,NULL),(215,'CAP4','Format Canadian P4',215.00,280.00,'mm',1,NULL),(220,'CAP5','Format Canadian P5',140.00,215.00,'mm',1,NULL),(225,'CAP6','Format Canadian P6',107.00,140.00,'mm',1,NULL);

--
-- Table structure for table `llx_c_payment_term`
--

CREATE TABLE `llx_c_payment_term` (
  `rowid` int(11) NOT NULL,
  `code` varchar(16) DEFAULT NULL,
  `sortorder` smallint(6) DEFAULT NULL,
  `active` tinyint(4) DEFAULT '1',
  `libelle` varchar(255) DEFAULT NULL,
  `libelle_facture` text,
  `type_cdr` tinyint(4) DEFAULT NULL,
  `nbjour` smallint(6) DEFAULT NULL,
  `decalage` smallint(6) DEFAULT NULL,
  `module` varchar(32) DEFAULT NULL,
  PRIMARY KEY (`rowid`)
) ENGINE=InnoDB DEFAULT CHARSET=utf8;

--
-- Dumping data for table `llx_c_payment_term`
--

INSERT INTO `llx_c_payment_term` VALUES (1,'RECEP',1,1,'A réception','Réception de facture',0,0,NULL,NULL),(2,'30D',2,1,'30 jours','Réglement à 30 jours',0,30,NULL,NULL),(3,'30DENDMONTH',3,1,'30 jours fin de mois','Réglement à 30 jours fin de mois',1,30,NULL,NULL),(4,'60D',4,1,'60 jours','Réglement à 60 jours',0,60,NULL,NULL),(5,'60DENDMONTH',5,1,'60 jours fin de mois','Réglement à 60 jours fin de mois',1,60,NULL,NULL),(6,'PT_ORDER',6,1,'A réception de commande','A réception de commande',0,0,NULL,NULL),(7,'PT_DELIVERY',7,1,'Livraison','Règlement à la livraison',0,0,NULL,NULL),(8,'PT_5050',8,1,'50 et 50','Règlement 50% à la commande, 50% à la livraison',0,0,NULL,NULL);

--
-- Table structure for table `llx_c_pays`
--

CREATE TABLE `llx_c_pays` (
  `rowid` int(11) NOT NULL,
  `code` varchar(2) NOT NULL,
  `code_iso` varchar(3) DEFAULT NULL,
  `libelle` varchar(50) NOT NULL,
  `active` tinyint(4) NOT NULL DEFAULT '1',
  PRIMARY KEY (`rowid`),
  UNIQUE KEY `idx_c_pays_code` (`code`),
  UNIQUE KEY `idx_c_pays_libelle` (`libelle`),
  UNIQUE KEY `idx_c_pays_code_iso` (`code_iso`)
) ENGINE=InnoDB DEFAULT CHARSET=utf8;

--
-- Dumping data for table `llx_c_pays`
--

INSERT INTO `llx_c_pays` VALUES (0,'',NULL,'-',1),(1,'FR',NULL,'France',1),(2,'BE',NULL,'Belgium',1),(3,'IT',NULL,'Italy',1),(4,'ES',NULL,'Spain',1),(5,'DE',NULL,'Germany',1),(6,'CH',NULL,'Suisse',1),(7,'GB',NULL,'United Kingdow',1),(8,'IE',NULL,'Irland',1),(9,'CN',NULL,'China',1),(10,'TN',NULL,'Tunisie',1),(11,'US',NULL,'United States',1),(12,'MA',NULL,'Maroc',1),(13,'DZ',NULL,'Algérie',1),(14,'CA',NULL,'Canada',1),(15,'TG',NULL,'Togo',1),(16,'GA',NULL,'Gabon',1),(17,'NL',NULL,'Nerderland',1),(18,'HU',NULL,'Hongrie',1),(19,'RU',NULL,'Russia',1),(20,'SE',NULL,'Sweden',1),(21,'CI',NULL,'Côte d\'Ivoire',1),(22,'SN',NULL,'Sénégal',1),(23,'AR',NULL,'Argentine',1),(24,'CM',NULL,'Cameroun',1),(25,'PT',NULL,'Portugal',1),(26,'SA',NULL,'Arabie Saoudite',1),(27,'MC',NULL,'Monaco',1),(28,'AU',NULL,'Australia',1),(29,'SG',NULL,'Singapour',1),(30,'AF',NULL,'Afghanistan',1),(31,'AX',NULL,'Iles Aland',1),(32,'AL',NULL,'Albanie',1),(33,'AS',NULL,'Samoa américaines',1),(34,'AD',NULL,'Andorre',1),(35,'AO',NULL,'Angola',1),(36,'AI',NULL,'Anguilla',1),(37,'AQ',NULL,'Antarctique',1),(38,'AG',NULL,'Antigua-et-Barbuda',1),(39,'AM',NULL,'Arménie',1),(40,'AW',NULL,'Aruba',1),(41,'AT',NULL,'Autriche',1),(42,'AZ',NULL,'Azerbaïdjan',1),(43,'BS',NULL,'Bahamas',1),(44,'BH',NULL,'Bahreïn',1),(45,'BD',NULL,'Bangladesh',1),(46,'BB',NULL,'Barbade',1),(47,'BY',NULL,'Biélorussie',1),(48,'BZ',NULL,'Belize',1),(49,'BJ',NULL,'Bénin',1),(50,'BM',NULL,'Bermudes',1),(51,'BT',NULL,'Bhoutan',1),(52,'BO',NULL,'Bolivie',1),(53,'BA',NULL,'Bosnie-Herzégovine',1),(54,'BW',NULL,'Botswana',1),(55,'BV',NULL,'Ile Bouvet',1),(56,'BR',NULL,'Brésil',1),(57,'IO',NULL,'Territoire britannique de l\'Océan Indien',1),(58,'BN',NULL,'Brunei',1),(59,'BG',NULL,'Bulgarie',1),(60,'BF',NULL,'Burkina Faso',1),(61,'BI',NULL,'Burundi',1),(62,'KH',NULL,'Cambodge',1),(63,'CV',NULL,'Cap-Vert',1),(64,'KY',NULL,'Iles Cayman',1),(65,'CF',NULL,'République centrafricaine',1),(66,'TD',NULL,'Tchad',1),(67,'CL',NULL,'Chili',1),(68,'CX',NULL,'Ile Christmas',1),(69,'CC',NULL,'Iles des Cocos (Keeling)',1),(70,'CO',NULL,'Colombie',1),(71,'KM',NULL,'Comores',1),(72,'CG',NULL,'Congo',1),(73,'CD',NULL,'République démocratique du Congo',1),(74,'CK',NULL,'Iles Cook',1),(75,'CR',NULL,'Costa Rica',1),(76,'HR',NULL,'Croatie',1),(77,'CU',NULL,'Cuba',1),(78,'CY',NULL,'Chypre',1),(79,'CZ',NULL,'République Tchèque',1),(80,'DK',NULL,'Danemark',1),(81,'DJ',NULL,'Djibouti',1),(82,'DM',NULL,'Dominique',1),(83,'DO',NULL,'République Dominicaine',1),(84,'EC',NULL,'Equateur',1),(85,'EG',NULL,'Egypte',1),(86,'SV',NULL,'Salvador',1),(87,'GQ',NULL,'Guinée Equatoriale',1),(88,'ER',NULL,'Erythrée',1),(89,'EE',NULL,'Estonie',1),(90,'ET',NULL,'Ethiopie',1),(91,'FK',NULL,'Iles Falkland',1),(92,'FO',NULL,'Iles Féroé',1),(93,'FJ',NULL,'Iles Fidji',1),(94,'FI',NULL,'Finlande',1),(95,'GF',NULL,'Guyane française',1),(96,'PF',NULL,'Polynésie française',1),(97,'TF',NULL,'Terres australes françaises',1),(98,'GM',NULL,'Gambie',1),(99,'GE',NULL,'Géorgie',1),(100,'GH',NULL,'Ghana',1),(101,'GI',NULL,'Gibraltar',1),(102,'GR',NULL,'Grèce',1),(103,'GL',NULL,'Groenland',1),(104,'GD',NULL,'Grenade',1),(105,'GP',NULL,'Guadeloupe',1),(106,'GU',NULL,'Guam',1),(107,'GT',NULL,'Guatemala',1),(108,'GN',NULL,'Guinée',1),(109,'GW',NULL,'Guinée-Bissao',1),(110,'GY',NULL,'Guyana',1),(111,'HT',NULL,'Haiti',1),(112,'HM',NULL,'Iles Heard et McDonald',1),(113,'VA',NULL,'Saint-Siège (Vatican)',1),(114,'HN',NULL,'Honduras',1),(115,'HK',NULL,'Hong Kong',1),(116,'IS',NULL,'Islande',1),(117,'IN',NULL,'India',1),(118,'ID',NULL,'Indonésie',1),(119,'IR',NULL,'Iran',1),(120,'IQ',NULL,'Iraq',1),(121,'IL',NULL,'Israel',1),(122,'JM',NULL,'Jamaïque',1),(123,'JP',NULL,'Japon',1),(124,'JO',NULL,'Jordanie',1),(125,'KZ',NULL,'Kazakhstan',1),(126,'KE',NULL,'Kenya',1),(127,'KI',NULL,'Kiribati',1),(128,'KP',NULL,'Corée du Nord',1),(129,'KR',NULL,'Corée du Sud',1),(130,'KW',NULL,'Koweït',1),(131,'KG',NULL,'Kirghizistan',1),(132,'LA',NULL,'Laos',1),(133,'LV',NULL,'Lettonie',1),(134,'LB',NULL,'Liban',1),(135,'LS',NULL,'Lesotho',1),(136,'LR',NULL,'Liberia',1),(137,'LY',NULL,'Libye',1),(138,'LI',NULL,'Liechtenstein',1),(139,'LT',NULL,'Lituanie',1),(140,'LU',NULL,'Luxembourg',1),(141,'MO',NULL,'Macao',1),(142,'MK',NULL,'ex-République yougoslave de Macédoine',1),(143,'MG',NULL,'Madagascar',1),(144,'MW',NULL,'Malawi',1),(145,'MY',NULL,'Malaisie',1),(146,'MV',NULL,'Maldives',1),(147,'ML',NULL,'Mali',1),(148,'MT',NULL,'Malte',1),(149,'MH',NULL,'Iles Marshall',1),(150,'MQ',NULL,'Martinique',1),(151,'MR',NULL,'Mauritanie',1),(152,'MU',NULL,'Maurice',1),(153,'YT',NULL,'Mayotte',1),(154,'MX',NULL,'Mexique',1),(155,'FM',NULL,'Micronésie',1),(156,'MD',NULL,'Moldavie',1),(157,'MN',NULL,'Mongolie',1),(158,'MS',NULL,'Monserrat',1),(159,'MZ',NULL,'Mozambique',1),(160,'MM',NULL,'Birmanie (Myanmar)',1),(161,'NA',NULL,'Namibie',1),(162,'NR',NULL,'Nauru',1),(163,'NP',NULL,'Népal',1),(164,'AN',NULL,'Antilles néerlandaises',1),(165,'NC',NULL,'Nouvelle-Calédonie',1),(166,'NZ',NULL,'Nouvelle-Zélande',1),(167,'NI',NULL,'Nicaragua',1),(168,'NE',NULL,'Niger',1),(169,'NG',NULL,'Nigeria',1),(170,'NU',NULL,'Nioué',1),(171,'NF',NULL,'Ile Norfolk',1),(172,'MP',NULL,'Mariannes du Nord',1),(173,'NO',NULL,'Norvège',1),(174,'OM',NULL,'Oman',1),(175,'PK',NULL,'Pakistan',1),(176,'PW',NULL,'Palaos',1),(177,'PS',NULL,'territoire Palestinien Occupé',1),(178,'PA',NULL,'Panama',1),(179,'PG',NULL,'Papouasie-Nouvelle-Guinée',1),(180,'PY',NULL,'Paraguay',1),(181,'PE',NULL,'Pérou',1),(182,'PH',NULL,'Philippines',1),(183,'PN',NULL,'Iles Pitcairn',1),(184,'PL',NULL,'Pologne',1),(185,'PR',NULL,'Porto Rico',1),(186,'QA',NULL,'Qatar',1),(187,'RE',NULL,'Réunion',1),(188,'RO',NULL,'Roumanie',1),(189,'RW',NULL,'Rwanda',1),(190,'SH',NULL,'Sainte-Hélène',1),(191,'KN',NULL,'Saint-Christophe-et-Niévès',1),(192,'LC',NULL,'Sainte-Lucie',1),(193,'PM',NULL,'Saint-Pierre-et-Miquelon',1),(194,'VC',NULL,'Saint-Vincent-et-les-Grenadines',1),(195,'WS',NULL,'Samoa',1),(196,'SM',NULL,'Saint-Marin',1),(197,'ST',NULL,'Sao Tomé-et-Principe',1),(198,'RS',NULL,'Serbie',1),(199,'SC',NULL,'Seychelles',1),(200,'SL',NULL,'Sierra Leone',1),(201,'SK',NULL,'Slovaquie',1),(202,'SI',NULL,'Slovénie',1),(203,'SB',NULL,'Iles Salomon',1),(204,'SO',NULL,'Somalie',1),(205,'ZA',NULL,'Afrique du Sud',1),(206,'GS',NULL,'Iles Géorgie du Sud et Sandwich du Sud',1),(207,'LK',NULL,'Sri Lanka',1),(208,'SD',NULL,'Soudan',1),(209,'SR',NULL,'Suriname',1),(210,'SJ',NULL,'Iles Svalbard et Jan Mayen',1),(211,'SZ',NULL,'Swaziland',1),(212,'SY',NULL,'Syrie',1),(213,'TW',NULL,'Taïwan',1),(214,'TJ',NULL,'Tadjikistan',1),(215,'TZ',NULL,'Tanzanie',1),(216,'TH',NULL,'Thaïlande',1),(217,'TL',NULL,'Timor Oriental',1),(218,'TK',NULL,'Tokélaou',1),(219,'TO',NULL,'Tonga',1),(220,'TT',NULL,'Trinité-et-Tobago',1),(221,'TR',NULL,'Turquie',1),(222,'TM',NULL,'Turkménistan',1),(223,'TC',NULL,'Iles Turks-et-Caicos',1),(224,'TV',NULL,'Tuvalu',1),(225,'UG',NULL,'Ouganda',1),(226,'UA',NULL,'Ukraine',1),(227,'AE',NULL,'Émirats arabes unis',1),(228,'UM',NULL,'Iles mineures éloignées des États-Unis',1),(229,'UY',NULL,'Uruguay',1),(230,'UZ',NULL,'Ouzbékistan',1),(231,'VU',NULL,'Vanuatu',1),(232,'VE',NULL,'Vénézuela',1),(233,'VN',NULL,'Viêt Nam',1),(234,'VG',NULL,'Iles Vierges britanniques',1),(235,'VI',NULL,'Iles Vierges américaines',1),(236,'WF',NULL,'Wallis-et-Futuna',1),(237,'EH',NULL,'Sahara occidental',1),(238,'YE',NULL,'Yémen',1),(239,'ZM',NULL,'Zambie',1),(240,'ZW',NULL,'Zimbabwe',1),(241,'GG',NULL,'Guernesey',1),(242,'IM',NULL,'Ile de Man',1),(243,'JE',NULL,'Jersey',1),(244,'ME',NULL,'Monténégro',1),(245,'BL',NULL,'Saint-Barthélemy',1),(246,'MF',NULL,'Saint-Martin',1);

--
-- Table structure for table `llx_c_price_expression`
--

CREATE TABLE `llx_c_price_expression` (
  `rowid` int(11) NOT NULL AUTO_INCREMENT,
  `title` varchar(20) NOT NULL,
  `expression` varchar(80) NOT NULL,
  PRIMARY KEY (`rowid`)
) ENGINE=InnoDB DEFAULT CHARSET=utf8;

--
-- Dumping data for table `llx_c_price_expression`
--


--
-- Table structure for table `llx_c_price_global_variable`
--

CREATE TABLE `llx_c_price_global_variable` (
  `rowid` int(11) NOT NULL AUTO_INCREMENT,
  `code` varchar(20) NOT NULL,
  `description` text,
  `value` double(24,8) DEFAULT '0.00000000',
  PRIMARY KEY (`rowid`)
) ENGINE=InnoDB DEFAULT CHARSET=utf8;

--
-- Dumping data for table `llx_c_price_global_variable`
--


--
-- Table structure for table `llx_c_price_global_variable_updater`
--

CREATE TABLE `llx_c_price_global_variable_updater` (
  `rowid` int(11) NOT NULL AUTO_INCREMENT,
  `type` int(11) NOT NULL,
  `description` text,
  `parameters` text,
  `fk_variable` int(11) NOT NULL,
  `update_interval` int(11) DEFAULT '0',
  `next_update` int(11) DEFAULT '0',
  `last_status` text,
  PRIMARY KEY (`rowid`)
) ENGINE=InnoDB DEFAULT CHARSET=utf8;

--
-- Dumping data for table `llx_c_price_global_variable_updater`
--


--
-- Table structure for table `llx_c_propalst`
--

CREATE TABLE `llx_c_propalst` (
  `id` smallint(6) NOT NULL,
  `code` varchar(12) NOT NULL,
  `label` varchar(30) DEFAULT NULL,
  `active` tinyint(4) NOT NULL DEFAULT '1',
  PRIMARY KEY (`id`),
  UNIQUE KEY `uk_c_propalst` (`code`)
) ENGINE=InnoDB DEFAULT CHARSET=utf8;

--
-- Dumping data for table `llx_c_propalst`
--

INSERT INTO `llx_c_propalst` VALUES (0,'PR_DRAFT','Brouillon',1),(1,'PR_OPEN','Ouverte',1),(2,'PR_SIGNED','Signée',1),(3,'PR_NOTSIGNED','Non Signée',1),(4,'PR_FAC','Facturée',1);

--
-- Table structure for table `llx_c_prospectlevel`
--

CREATE TABLE `llx_c_prospectlevel` (
  `code` varchar(12) NOT NULL,
  `label` varchar(30) DEFAULT NULL,
  `sortorder` smallint(6) DEFAULT NULL,
  `active` smallint(6) NOT NULL DEFAULT '1',
  `module` varchar(32) DEFAULT NULL,
  PRIMARY KEY (`code`)
) ENGINE=InnoDB DEFAULT CHARSET=utf8;

--
-- Dumping data for table `llx_c_prospectlevel`
--

INSERT INTO `llx_c_prospectlevel` VALUES ('PL_HIGH','High',4,1,NULL),('PL_LOW','Low',2,1,NULL),('PL_MEDIUM','Medium',3,1,NULL),('PL_NONE','None',1,1,NULL);

--
-- Table structure for table `llx_c_regions`
--

CREATE TABLE `llx_c_regions` (
  `rowid` int(11) NOT NULL AUTO_INCREMENT,
  `code_region` int(11) NOT NULL,
  `fk_pays` int(11) NOT NULL,
  `cheflieu` varchar(50) DEFAULT NULL,
  `tncc` int(11) DEFAULT NULL,
  `nom` varchar(50) DEFAULT NULL,
  `active` tinyint(4) NOT NULL DEFAULT '1',
  PRIMARY KEY (`rowid`),
  UNIQUE KEY `code_region` (`code_region`),
  UNIQUE KEY `uk_code_region` (`code_region`),
  KEY `idx_c_regions_fk_pays` (`fk_pays`),
  CONSTRAINT `fk_c_regions_fk_pays` FOREIGN KEY (`fk_pays`) REFERENCES `llx_c_pays` (`rowid`)
) ENGINE=InnoDB AUTO_INCREMENT=23347 DEFAULT CHARSET=utf8;

--
-- Dumping data for table `llx_c_regions`
--

INSERT INTO `llx_c_regions` VALUES (1,0,0,'0',0,'-',1),(101,1,1,'97105',3,'Guadeloupe',1),(102,2,1,'97209',3,'Martinique',1),(103,3,1,'97302',3,'Guyane',1),(104,4,1,'97411',3,'Réunion',1),(105,11,1,'75056',1,'Île-de-France',1),(106,21,1,'51108',0,'Champagne-Ardenne',1),(107,22,1,'80021',0,'Picardie',1),(108,23,1,'76540',0,'Haute-Normandie',1),(109,24,1,'45234',2,'Centre',1),(110,25,1,'14118',0,'Basse-Normandie',1),(111,26,1,'21231',0,'Bourgogne',1),(112,31,1,'59350',2,'Nord-Pas-de-Calais',1),(113,41,1,'57463',0,'Lorraine',1),(114,42,1,'67482',1,'Alsace',1),(115,43,1,'25056',0,'Franche-Comté',1),(116,52,1,'44109',4,'Pays de la Loire',1),(117,53,1,'35238',0,'Bretagne',1),(118,54,1,'86194',2,'Poitou-Charentes',1),(119,72,1,'33063',1,'Aquitaine',1),(120,73,1,'31555',0,'Midi-Pyrénées',1),(121,74,1,'87085',2,'Limousin',1),(122,82,1,'69123',2,'Rhône-Alpes',1),(123,83,1,'63113',1,'Auvergne',1),(124,91,1,'34172',2,'Languedoc-Roussillon',1),(125,93,1,'13055',0,'Provence-Alpes-Côte d\'Azur',1),(126,94,1,'2A004',0,'Corse',1),(201,201,2,'',1,'Flandre',1),(202,202,2,'',2,'Wallonie',1),(203,203,2,'',3,'Bruxelles-Capitale',1),(301,301,3,NULL,1,'Abruzzo',1),(302,302,3,NULL,1,'Basilicata',1),(303,303,3,NULL,1,'Calabria',1),(304,304,3,NULL,1,'Campania',1),(305,305,3,NULL,1,'Emilia-Romagna',1),(306,306,3,NULL,1,'Friuli-Venezia Giulia',1),(307,307,3,NULL,1,'Lazio',1),(308,308,3,NULL,1,'Liguria',1),(309,309,3,NULL,1,'Lombardia',1),(310,310,3,NULL,1,'Marche',1),(311,311,3,NULL,1,'Molise',1),(312,312,3,NULL,1,'Piemonte',1),(313,313,3,NULL,1,'Puglia',1),(314,314,3,NULL,1,'Sardegna',1),(315,315,3,NULL,1,'Sicilia',1),(316,316,3,NULL,1,'Toscana',1),(317,317,3,NULL,1,'Trentino-Alto Adige',1),(318,318,3,NULL,1,'Umbria',1),(319,319,3,NULL,1,'Valle d Aosta',1),(320,320,3,NULL,1,'Veneto',1),(401,401,4,'',0,'Andalucia',1),(402,402,4,'',0,'Aragón',1),(403,403,4,'',0,'Castilla y León',1),(404,404,4,'',0,'Castilla la Mancha',1),(405,405,4,'',0,'Canarias',1),(406,406,4,'',0,'Cataluña',1),(407,407,4,'',0,'Comunidad de Ceuta',1),(408,408,4,'',0,'Comunidad Foral de Navarra',1),(409,409,4,'',0,'Comunidad de Melilla',1),(410,410,4,'',0,'Cantabria',1),(411,411,4,'',0,'Comunidad Valenciana',1),(412,412,4,'',0,'Extemadura',1),(413,413,4,'',0,'Galicia',1),(414,414,4,'',0,'Islas Baleares',1),(415,415,4,'',0,'La Rioja',1),(416,416,4,'',0,'Comunidad de Madrid',1),(417,417,4,'',0,'Región de Murcia',1),(418,418,4,'',0,'Principado de Asturias',1),(419,419,4,'',0,'Pais Vasco',1),(601,601,6,'',1,'Cantons',1),(1001,1001,10,'',0,'Ariana',1),(1002,1002,10,'',0,'Béja',1),(1003,1003,10,'',0,'Ben Arous',1),(1004,1004,10,'',0,'Bizerte',1),(1005,1005,10,'',0,'Gabès',1),(1006,1006,10,'',0,'Gafsa',1),(1007,1007,10,'',0,'Jendouba',1),(1008,1008,10,'',0,'Kairouan',1),(1009,1009,10,'',0,'Kasserine',1),(1010,1010,10,'',0,'Kébili',1),(1011,1011,10,'',0,'La Manouba',1),(1012,1012,10,'',0,'Le Kef',1),(1013,1013,10,'',0,'Mahdia',1),(1014,1014,10,'',0,'Médenine',1),(1015,1015,10,'',0,'Monastir',1),(1016,1016,10,'',0,'Nabeul',1),(1017,1017,10,'',0,'Sfax',1),(1018,1018,10,'',0,'Sidi Bouzid',1),(1019,1019,10,'',0,'Siliana',1),(1020,1020,10,'',0,'Sousse',1),(1021,1021,10,'',0,'Tataouine',1),(1022,1022,10,'',0,'Tozeur',1),(1023,1023,10,'',0,'Tunis',1),(1024,1024,10,'',0,'Zaghouan',1),(1101,1101,11,'',0,'United-States',1),(1201,1201,12,'',0,'Tanger-Tétouan',1),(1202,1202,12,'',0,'Gharb-Chrarda-Beni Hssen',1),(1203,1203,12,'',0,'Taza-Al Hoceima-Taounate',1),(1204,1204,12,'',0,'L\'Oriental',1),(1205,1205,12,'',0,'Fès-Boulemane',1),(1206,1206,12,'',0,'Meknès-Tafialet',1),(1207,1207,12,'',0,'Rabat-Salé-Zemour-Zaër',1),(1208,1208,12,'',0,'Grand Cassablanca',1),(1209,1209,12,'',0,'Chaouia-Ouardigha',1),(1210,1210,12,'',0,'Doukahla-Adba',1),(1211,1211,12,'',0,'Marrakech-Tensift-Al Haouz',1),(1212,1212,12,'',0,'Tadla-Azilal',1),(1213,1213,12,'',0,'Sous-Massa-Drâa',1),(1214,1214,12,'',0,'Guelmim-Es Smara',1),(1215,1215,12,'',0,'Laâyoune-Boujdour-Sakia el Hamra',1),(1216,1216,12,'',0,'Oued Ed-Dahab Lagouira',1),(1301,1301,13,'',0,'Algerie',1),(2301,2301,23,'',0,'Norte',1),(2302,2302,23,'',0,'Litoral',1),(2303,2303,23,'',0,'Cuyana',1),(2304,2304,23,'',0,'Central',1),(2305,2305,23,'',0,'Patagonia',1),(2801,2801,28,'',0,'Australia',1),(4601,4601,46,'',0,'Barbados',1),(6701,6701,67,NULL,NULL,'Tarapacá',1),(6702,6702,67,NULL,NULL,'Antofagasta',1),(6703,6703,67,NULL,NULL,'Atacama',1),(6704,6704,67,NULL,NULL,'Coquimbo',1),(6705,6705,67,NULL,NULL,'Valparaíso',1),(6706,6706,67,NULL,NULL,'General Bernardo O Higgins',1),(6707,6707,67,NULL,NULL,'Maule',1),(6708,6708,67,NULL,NULL,'Biobío',1),(6709,6709,67,NULL,NULL,'Raucanía',1),(6710,6710,67,NULL,NULL,'Los Lagos',1),(6711,6711,67,NULL,NULL,'Aysén General Carlos Ibáñez del Campo',1),(6712,6712,67,NULL,NULL,'Magallanes y Antártica Chilena',1),(6713,6713,67,NULL,NULL,'Santiago',1),(6714,6714,67,NULL,NULL,'Los Ríos',1),(6715,6715,67,NULL,NULL,'Arica y Parinacota',1),(7001,7001,70,'',0,'Colombie',1),(8601,8601,86,NULL,NULL,'Central',1),(8602,8602,86,NULL,NULL,'Oriental',1),(8603,8603,86,NULL,NULL,'Occidental',1),(10201,10201,102,NULL,NULL,'??????',1),(10202,10202,102,NULL,NULL,'?????? ??????',1),(10203,10203,102,NULL,NULL,'???????? ?????????',1),(10204,10204,102,NULL,NULL,'?????',1),(10205,10205,102,NULL,NULL,'????????? ????????? ??? ?????',1),(10206,10206,102,NULL,NULL,'???????',1),(10207,10207,102,NULL,NULL,'????? ?????',1),(10208,10208,102,NULL,NULL,'?????? ??????',1),(10209,10209,102,NULL,NULL,'????????????',1),(10210,10210,102,NULL,NULL,'????? ??????',1),(10211,10211,102,NULL,NULL,'?????? ??????',1),(10212,10212,102,NULL,NULL,'????????',1),(10213,10213,102,NULL,NULL,'?????? ?????????',1),(11401,11401,114,'',0,'Honduras',1),(11701,11701,117,'',0,'India',1),(15201,15201,152,'',0,'Rivière Noire',1),(15202,15202,152,'',0,'Flacq',1),(15203,15203,152,'',0,'Grand Port',1),(15204,15204,152,'',0,'Moka',1),(15205,15205,152,'',0,'Pamplemousses',1),(15206,15206,152,'',0,'Plaines Wilhems',1),(15207,15207,152,'',0,'Port-Louis',1),(15208,15208,152,'',0,'Rivière du Rempart',1),(15209,15209,152,'',0,'Savanne',1),(15210,15210,152,'',0,'Rodrigues',1),(15211,15211,152,'',0,'Les îles Agaléga',1),(15212,15212,152,'',0,'Les écueils des Cargados Carajos',1),(15401,15401,154,'',0,'Mexique',1),(23201,23201,232,'',0,'Los Andes',1),(23202,23202,232,'',0,'Capital',1),(23203,23203,232,'',0,'Central',1),(23204,23204,232,'',0,'Cento Occidental',1),(23205,23205,232,'',0,'Guayana',1),(23206,23206,232,'',0,'Insular',1),(23207,23207,232,'',0,'Los Llanos',1),(23208,23208,232,'',0,'Nor-Oriental',1),(23209,23209,232,'',0,'Zuliana',1),(23215,6,1,'97601',3,'Mayotte',1),(23280,420,4,'',0,'Otros',1),(23281,501,5,'',0,'Deutschland',1),(23296,701,7,'',0,'England',1),(23297,702,7,'',0,'Wales',1),(23298,703,7,'',0,'Scotland',1),(23299,704,7,'',0,'Northern Ireland',1),(23325,1401,14,'',0,'Canada',1),(23326,1701,17,'',0,'Provincies van Nederland ',1),(23333,5601,56,'',0,'Brasil',1),(23334,5201,52,'',0,'Chuquisaca',1),(23335,5202,52,'',0,'La Paz',1),(23336,5203,52,'',0,'Cochabamba',1),(23337,5204,52,'',0,'Oruro',1),(23338,5205,52,'',0,'Potosí',1),(23339,5206,52,'',0,'Tarija',1),(23340,5207,52,'',0,'Santa Cruz',1),(23341,5208,52,'',0,'El Beni',1),(23342,5209,52,'',0,'Pando',1),(23343,4101,41,'',0,'Österreich',1),(23344,17801,178,'',0,'Panama',1),(23345,22701,227,'',0,'United Arab Emirates',1);

--
-- Table structure for table `llx_c_revenuestamp`
--

CREATE TABLE `llx_c_revenuestamp` (
  `rowid` int(11) NOT NULL AUTO_INCREMENT,
  `fk_pays` int(11) NOT NULL,
  `taux` double NOT NULL,
  `note` varchar(128) DEFAULT NULL,
  `active` tinyint(4) NOT NULL DEFAULT '1',
  `accountancy_code_sell` varchar(32) DEFAULT NULL,
  `accountancy_code_buy` varchar(32) DEFAULT NULL,
  PRIMARY KEY (`rowid`)
) ENGINE=InnoDB AUTO_INCREMENT=102 DEFAULT CHARSET=utf8;

--
-- Dumping data for table `llx_c_revenuestamp`
--

INSERT INTO `llx_c_revenuestamp` VALUES (101,10,0.4,'Revenue stamp tunisia',1,NULL,NULL);

--
-- Table structure for table `llx_c_shipment_mode`
--

CREATE TABLE `llx_c_shipment_mode` (
  `rowid` int(11) NOT NULL AUTO_INCREMENT,
  `tms` timestamp NOT NULL DEFAULT CURRENT_TIMESTAMP ON UPDATE CURRENT_TIMESTAMP,
  `code` varchar(30) NOT NULL,
  `libelle` varchar(50) NOT NULL,
  `description` text,
  `tracking` varchar(256) NOT NULL,
  `active` tinyint(4) DEFAULT '0',
  `module` varchar(32) DEFAULT NULL,
  PRIMARY KEY (`rowid`)
) ENGINE=InnoDB AUTO_INCREMENT=13 DEFAULT CHARSET=utf8;

--
-- Dumping data for table `llx_c_shipment_mode`
--

INSERT INTO `llx_c_shipment_mode` VALUES (1,'2010-10-09 23:43:16','CATCH','Catch','Catch by client','',1,NULL),(2,'2010-10-09 23:43:16','TRANS','Transporter','Generic transporter','',1,NULL),(3,'2010-10-09 23:43:16','COLSUI','Colissimo Suivi','Colissimo Suivi','',0,NULL),(4,'2011-07-18 17:28:27','LETTREMAX','Lettre Max','Courrier Suivi et Lettre Max','',0,NULL),(9,'2013-02-24 01:48:18','UPS','UPS','United Parcel Service','http://wwwapps.ups.com/etracking/tracking.cgi?InquiryNumber2=&InquiryNumber3=&tracknums_displayed=3&loc=fr_FR&TypeOfInquiryNumber=T&HTMLVersion=4.0&InquiryNumber22=&InquiryNumber32=&track=Track&Suivi.x=64&Suivi.y=7&Suivi=Valider&InquiryNumber1={TRACKID}',0,NULL),(10,'2013-02-24 01:48:18','KIALA','KIALA','Relais Kiala','http://www.kiala.fr/tnt/delivery/{TRACKID}',0,NULL),(11,'2013-02-24 01:48:18','GLS','GLS','General Logistics Systems','http://www.gls-group.eu/276-I-PORTAL-WEB/content/GLS/FR01/FR/5004.htm?txtAction=71000&txtRefNo={TRACKID}',0,NULL),(12,'2013-02-24 01:48:18','CHRONO','Chronopost','Chronopost','http://www.chronopost.fr/expedier/inputLTNumbersNoJahia.do?listeNumeros={TRACKID}',0,NULL);

--
-- Table structure for table `llx_c_stcomm`
--

