-- Table structure for table `llx_expedition`
--

CREATE TABLE `llx_expedition` (
  `rowid` int(11) NOT NULL AUTO_INCREMENT,
  `tms` timestamp NOT NULL DEFAULT CURRENT_TIMESTAMP ON UPDATE CURRENT_TIMESTAMP,
  `ref` varchar(30) NOT NULL,
  `entity` int(11) NOT NULL DEFAULT '1',
  `ref_customer` varchar(30) DEFAULT NULL,
  `fk_soc` int(11) NOT NULL,
  `ref_ext` varchar(30) DEFAULT NULL,
  `ref_int` varchar(30) DEFAULT NULL,
  `date_creation` datetime DEFAULT NULL,
  `fk_user_author` int(11) DEFAULT NULL,
  `date_valid` datetime DEFAULT NULL,
  `fk_user_valid` int(11) DEFAULT NULL,
  `date_expedition` datetime DEFAULT NULL,
  `date_delivery` datetime DEFAULT NULL,
  `fk_address` int(11) DEFAULT NULL,
  `fk_shipping_method` int(11) DEFAULT NULL,
  `tracking_number` varchar(50) DEFAULT NULL,
  `fk_statut` smallint(6) DEFAULT '0',
  `height` float DEFAULT NULL,
  `height_unit` int(11) DEFAULT NULL,
  `width` float DEFAULT NULL,
  `size_units` int(11) DEFAULT NULL,
  `size` float DEFAULT NULL,
  `weight_units` int(11) DEFAULT NULL,
  `weight` float DEFAULT NULL,
  `note_private` text,
  `note_public` text,
  `model_pdf` varchar(255) DEFAULT NULL,
  `fk_incoterms` int(11) DEFAULT NULL,
  `location_incoterms` varchar(255) DEFAULT NULL,
  `import_key` varchar(14) DEFAULT NULL,
  `extraparams` varchar(255) DEFAULT NULL,
  `billed` smallint(6) DEFAULT '0',
  `fk_user_modif` int(11) DEFAULT NULL,
  PRIMARY KEY (`rowid`),
  UNIQUE KEY `idx_expedition_uk_ref` (`ref`,`entity`),
  KEY `idx_expedition_fk_soc` (`fk_soc`),
  KEY `idx_expedition_fk_user_author` (`fk_user_author`),
  KEY `idx_expedition_fk_user_valid` (`fk_user_valid`),
  KEY `idx_expedition_fk_shipping_method` (`fk_shipping_method`),
  CONSTRAINT `fk_expedition_fk_shipping_method` FOREIGN KEY (`fk_shipping_method`) REFERENCES `llx_c_shipment_mode` (`rowid`),
  CONSTRAINT `fk_expedition_fk_soc` FOREIGN KEY (`fk_soc`) REFERENCES `llx_societe` (`rowid`),
  CONSTRAINT `fk_expedition_fk_user_author` FOREIGN KEY (`fk_user_author`) REFERENCES `llx_user` (`rowid`),
  CONSTRAINT `fk_expedition_fk_user_valid` FOREIGN KEY (`fk_user_valid`) REFERENCES `llx_user` (`rowid`)
) ENGINE=InnoDB AUTO_INCREMENT=3 DEFAULT CHARSET=utf8;

--
-- Dumping data for table `llx_expedition`
--

INSERT INTO `llx_expedition` VALUES (1,'2016-01-22 17:33:03','SH1302-0001',1,NULL,1,NULL,NULL,'2011-08-08 03:05:34',1,'2013-02-17 18:22:51',1,NULL,'2011-08-09 00:00:00',NULL,NULL,'',1,NULL,NULL,NULL,0,NULL,0,NULL,NULL,NULL,'merou',NULL,NULL,NULL,NULL,0,NULL),(2,'2017-02-15 23:11:35','(PROV2)',1,NULL,4,NULL,NULL,'2017-02-16 03:11:35',12,NULL,NULL,NULL,NULL,NULL,1,'',0,NULL,NULL,NULL,0,NULL,0,NULL,NULL,NULL,'merou',0,'',NULL,NULL,0,NULL);

--
-- Table structure for table `llx_expedition_extrafields`
--

CREATE TABLE `llx_expedition_extrafields` (
  `rowid` int(11) NOT NULL AUTO_INCREMENT,
  `tms` timestamp NOT NULL DEFAULT CURRENT_TIMESTAMP ON UPDATE CURRENT_TIMESTAMP,
  `fk_object` int(11) NOT NULL,
  `import_key` varchar(14) DEFAULT NULL,
  PRIMARY KEY (`rowid`),
  KEY `idx_expedition_extrafields` (`fk_object`)
) ENGINE=InnoDB DEFAULT CHARSET=utf8;

--
-- Dumping data for table `llx_expedition_extrafields`
--


--
-- Table structure for table `llx_expedition_methode`
--

CREATE TABLE `llx_expedition_methode` (
  `rowid` int(11) NOT NULL,
  `tms` timestamp NOT NULL DEFAULT CURRENT_TIMESTAMP ON UPDATE CURRENT_TIMESTAMP,
  `code` varchar(30) NOT NULL,
  `libelle` varchar(50) NOT NULL,
  `description` text,
  `active` tinyint(4) DEFAULT '0',
  PRIMARY KEY (`rowid`)
) ENGINE=InnoDB DEFAULT CHARSET=utf8;

--
-- Dumping data for table `llx_expedition_methode`
--

INSERT INTO `llx_expedition_methode` VALUES (1,'2010-07-08 11:18:00','CATCH','Catch','Catch by client',1),(2,'2010-07-08 11:18:00','TRANS','Transporter','Generic transporter',1),(3,'2010-07-08 11:18:01','COLSUI','Colissimo Suivi','Colissimo Suivi',0);

--
-- Table structure for table `llx_expeditiondet`
--

CREATE TABLE `llx_expeditiondet` (
  `rowid` int(11) NOT NULL AUTO_INCREMENT,
  `fk_expedition` int(11) NOT NULL,
  `fk_origin_line` int(11) DEFAULT NULL,
  `fk_entrepot` int(11) DEFAULT NULL,
  `qty` double DEFAULT NULL,
  `rang` int(11) DEFAULT '0',
  PRIMARY KEY (`rowid`),
  KEY `idx_expeditiondet_fk_expedition` (`fk_expedition`),
  CONSTRAINT `fk_expeditiondet_fk_expedition` FOREIGN KEY (`fk_expedition`) REFERENCES `llx_expedition` (`rowid`)
) ENGINE=InnoDB AUTO_INCREMENT=3 DEFAULT CHARSET=utf8;

--
-- Dumping data for table `llx_expeditiondet`
--

INSERT INTO `llx_expeditiondet` VALUES (1,1,10,3,1,0),(2,2,226,19,2,0);

--
-- Table structure for table `llx_expeditiondet_batch`
--

CREATE TABLE `llx_expeditiondet_batch` (
  `rowid` int(11) NOT NULL AUTO_INCREMENT,
  `fk_expeditiondet` int(11) NOT NULL,
  `eatby` date DEFAULT NULL,
  `sellby` date DEFAULT NULL,
  `batch` varchar(30) DEFAULT NULL,
  `qty` double NOT NULL DEFAULT '0',
  `fk_origin_stock` int(11) NOT NULL,
  PRIMARY KEY (`rowid`),
  KEY `idx_fk_expeditiondet` (`fk_expeditiondet`),
  CONSTRAINT `fk_expeditiondet_batch_fk_expeditiondet` FOREIGN KEY (`fk_expeditiondet`) REFERENCES `llx_expeditiondet` (`rowid`)
) ENGINE=InnoDB DEFAULT CHARSET=utf8;

--
-- Dumping data for table `llx_expeditiondet_batch`
--


--
-- Table structure for table `llx_expeditiondet_extrafields`
--

CREATE TABLE `llx_expeditiondet_extrafields` (
  `rowid` int(11) NOT NULL AUTO_INCREMENT,
  `tms` timestamp NOT NULL DEFAULT CURRENT_TIMESTAMP ON UPDATE CURRENT_TIMESTAMP,
  `fk_object` int(11) NOT NULL,
  `import_key` varchar(14) DEFAULT NULL,
  PRIMARY KEY (`rowid`),
  KEY `idx_expeditiondet_extrafields` (`fk_object`)
) ENGINE=InnoDB DEFAULT CHARSET=utf8;

--
-- Dumping data for table `llx_expeditiondet_extrafields`
--


--
-- Table structure for table `llx_expensereport`
--

CREATE TABLE `llx_expensereport` (
  `rowid` int(11) NOT NULL AUTO_INCREMENT,
  `ref` varchar(50) NOT NULL,
  `entity` int(11) NOT NULL DEFAULT '1',
  `ref_number_int` int(11) DEFAULT NULL,
  `ref_ext` int(11) DEFAULT NULL,
  `total_ht` double(24,8) DEFAULT '0.00000000',
  `total_tva` double(24,8) DEFAULT '0.00000000',
  `localtax1` double(24,8) DEFAULT '0.00000000',
  `localtax2` double(24,8) DEFAULT '0.00000000',
  `total_ttc` double(24,8) DEFAULT '0.00000000',
  `date_debut` date NOT NULL,
  `date_fin` date NOT NULL,
  `date_create` datetime NOT NULL,
  `date_valid` datetime DEFAULT NULL,
  `date_approve` datetime DEFAULT NULL,
  `date_refuse` datetime DEFAULT NULL,
  `date_cancel` datetime DEFAULT NULL,
  `tms` timestamp NOT NULL DEFAULT CURRENT_TIMESTAMP ON UPDATE CURRENT_TIMESTAMP,
  `fk_user_author` int(11) NOT NULL,
  `fk_user_modif` int(11) DEFAULT NULL,
  `fk_user_valid` int(11) DEFAULT NULL,
  `fk_user_validator` int(11) DEFAULT NULL,
  `fk_user_approve` int(11) DEFAULT NULL,
  `fk_user_refuse` int(11) DEFAULT NULL,
  `fk_user_cancel` int(11) DEFAULT NULL,
  `fk_statut` int(11) NOT NULL,
  `fk_c_paiement` int(11) DEFAULT NULL,
  `paid` smallint(6) NOT NULL DEFAULT '0',
  `note_public` text,
  `note_private` text,
  `detail_refuse` varchar(255) DEFAULT NULL,
  `detail_cancel` varchar(255) DEFAULT NULL,
  `integration_compta` int(11) DEFAULT NULL,
  `fk_bank_account` int(11) DEFAULT NULL,
  `model_pdf` varchar(50) DEFAULT NULL,
  `fk_multicurrency` int(11) DEFAULT NULL,
  `multicurrency_code` varchar(255) DEFAULT NULL,
  `multicurrency_tx` double(24,8) DEFAULT '1.00000000',
  `multicurrency_total_ht` double(24,8) DEFAULT '0.00000000',
  `multicurrency_total_tva` double(24,8) DEFAULT '0.00000000',
  `multicurrency_total_ttc` double(24,8) DEFAULT '0.00000000',
  PRIMARY KEY (`rowid`),
  UNIQUE KEY `idx_expensereport_uk_ref` (`ref`,`entity`),
  KEY `idx_expensereport_date_debut` (`date_debut`),
  KEY `idx_expensereport_date_fin` (`date_fin`),
  KEY `idx_expensereport_fk_statut` (`fk_statut`),
  KEY `idx_expensereport_fk_user_author` (`fk_user_author`),
  KEY `idx_expensereport_fk_user_valid` (`fk_user_valid`),
  KEY `idx_expensereport_fk_user_approve` (`fk_user_approve`),
  KEY `idx_expensereport_fk_refuse` (`fk_user_approve`)
) ENGINE=InnoDB AUTO_INCREMENT=4 DEFAULT CHARSET=utf8;

--
-- Dumping data for table `llx_expensereport`
--

INSERT INTO `llx_expensereport` VALUES (1,'ADMIN-ER00002-150101',1,2,NULL,8.33000000,1.67000000,0.00000000,0.00000000,10.00000000,'2015-01-01','2015-01-03','2016-01-22 19:03:37','2016-01-22 19:06:50','2017-02-16 02:12:40',NULL,NULL,'2017-02-15 22:12:40',12,NULL,12,12,12,NULL,NULL,5,NULL,0,'Holidays',NULL,NULL,NULL,NULL,NULL,NULL,NULL,NULL,1.00000000,0.00000000,0.00000000,0.00000000),(2,'(PROV2)',1,NULL,NULL,141.67000000,28.33000000,0.00000000,0.00000000,170.00000000,'2015-02-01','2015-02-28','2016-01-22 19:04:44',NULL,NULL,NULL,NULL,'2016-01-22 18:06:21',12,12,NULL,12,NULL,NULL,NULL,0,NULL,0,'Work on projet X','','',NULL,NULL,NULL,NULL,NULL,NULL,1.00000000,0.00000000,0.00000000,0.00000000),(3,'(PROV3)',1,NULL,NULL,0.00000000,0.00000000,0.00000000,0.00000000,0.00000000,'2017-02-02','2017-02-02','2017-02-02 03:57:03',NULL,NULL,NULL,NULL,'2017-02-01 23:57:03',19,NULL,NULL,NULL,NULL,NULL,NULL,0,NULL,0,NULL,NULL,NULL,NULL,NULL,NULL,NULL,NULL,NULL,1.00000000,0.00000000,0.00000000,0.00000000);

--
-- Table structure for table `llx_expensereport_det`
--

CREATE TABLE `llx_expensereport_det` (
  `rowid` int(11) NOT NULL AUTO_INCREMENT,
  `fk_expensereport` int(11) NOT NULL,
  `fk_c_type_fees` int(11) NOT NULL,
  `fk_projet` int(11) DEFAULT NULL,
  `comments` text NOT NULL,
  `product_type` int(11) DEFAULT '-1',
  `qty` double NOT NULL,
  `value_unit` double NOT NULL,
  `remise_percent` double DEFAULT NULL,
  `tva_tx` double(6,3) DEFAULT NULL,
  `localtax1_tx` double(6,3) DEFAULT '0.000',
  `localtax1_type` varchar(10) DEFAULT NULL,
  `localtax2_tx` double(6,3) DEFAULT '0.000',
  `localtax2_type` varchar(10) DEFAULT NULL,
  `total_ht` double(24,8) NOT NULL DEFAULT '0.00000000',
  `total_tva` double(24,8) NOT NULL DEFAULT '0.00000000',
  `total_localtax1` double(24,8) DEFAULT '0.00000000',
  `total_localtax2` double(24,8) DEFAULT '0.00000000',
  `total_ttc` double(24,8) NOT NULL DEFAULT '0.00000000',
  `date` date NOT NULL,
  `info_bits` int(11) DEFAULT '0',
  `special_code` int(11) DEFAULT '0',
  `rang` int(11) DEFAULT '0',
  `import_key` varchar(14) DEFAULT NULL,
  `fk_multicurrency` int(11) DEFAULT NULL,
  `multicurrency_code` varchar(255) DEFAULT NULL,
  `multicurrency_subprice` double(24,8) DEFAULT '0.00000000',
  `multicurrency_total_ht` double(24,8) DEFAULT '0.00000000',
  `multicurrency_total_tva` double(24,8) DEFAULT '0.00000000',
  `multicurrency_total_ttc` double(24,8) DEFAULT '0.00000000',
  `fk_facture` int(11) DEFAULT '0',
  `fk_code_ventilation` int(11) DEFAULT '0',
  PRIMARY KEY (`rowid`)
) ENGINE=InnoDB AUTO_INCREMENT=4 DEFAULT CHARSET=utf8;

--
-- Dumping data for table `llx_expensereport_det`
--

INSERT INTO `llx_expensereport_det` VALUES (1,1,3,1,'',-1,1,10,NULL,20.000,0.000,NULL,0.000,NULL,8.33000000,1.67000000,0.00000000,0.00000000,10.00000000,'2015-01-01',0,0,0,NULL,NULL,NULL,0.00000000,0.00000000,0.00000000,0.00000000,0,0),(2,2,3,4,'',-1,1,20,NULL,20.000,0.000,NULL,0.000,NULL,16.67000000,3.33000000,0.00000000,0.00000000,20.00000000,'2015-01-07',0,0,0,NULL,NULL,NULL,0.00000000,0.00000000,0.00000000,0.00000000,0,0),(3,2,2,5,'Train',-1,1,150,NULL,20.000,0.000,NULL,0.000,NULL,125.00000000,25.00000000,0.00000000,0.00000000,150.00000000,'2015-02-05',0,0,0,NULL,NULL,NULL,0.00000000,0.00000000,0.00000000,0.00000000,0,0);

--
-- Table structure for table `llx_expensereport_extrafields`
--

CREATE TABLE `llx_expensereport_extrafields` (
  `rowid` int(11) NOT NULL AUTO_INCREMENT,
  `tms` timestamp NOT NULL DEFAULT CURRENT_TIMESTAMP ON UPDATE CURRENT_TIMESTAMP,
  `fk_object` int(11) NOT NULL,
  `import_key` varchar(14) COLLATE utf8_unicode_ci DEFAULT NULL,
  PRIMARY KEY (`rowid`),
  KEY `idx_expensereport_extrafields` (`fk_object`)
) ENGINE=InnoDB DEFAULT CHARSET=utf8 COLLATE=utf8_unicode_ci;

--
-- Dumping data for table `llx_expensereport_extrafields`
--


--
-- Table structure for table `llx_export_compta`
--

CREATE TABLE `llx_export_compta` (
  `rowid` int(11) NOT NULL AUTO_INCREMENT,
  `ref` varchar(12) NOT NULL,
  `date_export` datetime NOT NULL,
  `fk_user` int(11) NOT NULL,
  `note` text,
  PRIMARY KEY (`rowid`)
) ENGINE=InnoDB DEFAULT CHARSET=utf8;

--
-- Dumping data for table `llx_export_compta`
--


--
-- Table structure for table `llx_export_model`
--

CREATE TABLE `llx_export_model` (
  `rowid` int(11) NOT NULL AUTO_INCREMENT,
  `fk_user` int(11) NOT NULL DEFAULT '0',
  `label` varchar(50) NOT NULL,
  `type` varchar(20) NOT NULL,
  `field` text NOT NULL,
  `filter` text,
  PRIMARY KEY (`rowid`),
  UNIQUE KEY `uk_export_model` (`label`,`type`)
) ENGINE=InnoDB DEFAULT CHARSET=utf8;

--
-- Dumping data for table `llx_export_model`
--


--
-- Table structure for table `llx_extrafields`
--

CREATE TABLE `llx_extrafields` (
  `rowid` int(11) NOT NULL AUTO_INCREMENT,
  `elementtype` varchar(64) NOT NULL DEFAULT 'member',
  `name` varchar(64) NOT NULL,
  `entity` int(11) NOT NULL DEFAULT '1',
  `tms` timestamp NOT NULL DEFAULT CURRENT_TIMESTAMP ON UPDATE CURRENT_TIMESTAMP,
  `label` varchar(255) NOT NULL,
  `type` varchar(8) DEFAULT NULL,
  `size` varchar(8) DEFAULT NULL,
  `pos` int(11) DEFAULT '0',
  `alwayseditable` int(11) DEFAULT '0',
  `param` text,
  `fieldunique` int(11) DEFAULT '0',
  `fieldrequired` int(11) DEFAULT '0',
  `perms` varchar(255) DEFAULT NULL,
  `list` int(11) DEFAULT '0',
  `ishidden` int(11) DEFAULT '0',
  PRIMARY KEY (`rowid`),
  UNIQUE KEY `uk_extrafields_name` (`name`,`entity`,`elementtype`)
) ENGINE=InnoDB AUTO_INCREMENT=36 DEFAULT CHARSET=utf8;

--
-- Dumping data for table `llx_extrafields`
--

INSERT INTO `llx_extrafields` VALUES (2,'adherent','zzz',1,'2013-09-08 23:04:20','zzz','varchar','255',0,0,NULL,0,0,NULL,0,0),(27,'projet','priority',1,'2016-07-30 11:28:27','Priority','select','',0,1,'a:1:{s:7:\"options\";a:5:{i:1;s:1:\"1\";i:2;s:1:\"2\";i:3;s:1:\"3\";i:4;s:1:\"4\";i:5;s:1:\"5\";}}',0,0,NULL,0,0);

--
-- Table structure for table `llx_facture`
--

CREATE TABLE `llx_facture` (
  `rowid` int(11) NOT NULL AUTO_INCREMENT,
  `facnumber` varchar(30) NOT NULL,
  `entity` int(11) NOT NULL DEFAULT '1',
  `ref_ext` varchar(255) DEFAULT NULL,
  `ref_int` varchar(255) DEFAULT NULL,
  `type` smallint(6) NOT NULL DEFAULT '0',
  `ref_client` varchar(255) DEFAULT NULL,
  `increment` varchar(10) DEFAULT NULL,
  `fk_soc` int(11) NOT NULL,
  `datec` datetime DEFAULT NULL,
  `datef` date DEFAULT NULL,
  `date_valid` date DEFAULT NULL,
  `tms` timestamp NOT NULL DEFAULT CURRENT_TIMESTAMP ON UPDATE CURRENT_TIMESTAMP,
  `paye` smallint(6) NOT NULL DEFAULT '0',
  `amount` double(24,8) NOT NULL DEFAULT '0.00000000',
  `remise_percent` double DEFAULT '0',
  `remise_absolue` double DEFAULT '0',
  `remise` double DEFAULT '0',
  `close_code` varchar(16) DEFAULT NULL,
  `close_note` varchar(128) DEFAULT NULL,
  `tva` double(24,8) DEFAULT '0.00000000',
  `localtax1` double(24,8) DEFAULT '0.00000000',
  `localtax2` double(24,8) DEFAULT '0.00000000',
  `revenuestamp` double(24,8) DEFAULT '0.00000000',
  `total` double(24,8) DEFAULT '0.00000000',
  `total_ttc` double(24,8) DEFAULT '0.00000000',
  `fk_statut` smallint(6) NOT NULL DEFAULT '0',
  `fk_user_author` int(11) DEFAULT NULL,
  `fk_user_modif` int(11) DEFAULT NULL,
  `fk_user_valid` int(11) DEFAULT NULL,
  `fk_facture_source` int(11) DEFAULT NULL,
  `fk_projet` int(11) DEFAULT NULL,
  `fk_account` int(11) DEFAULT NULL,
  `fk_currency` varchar(3) DEFAULT NULL,
  `fk_cond_reglement` int(11) NOT NULL DEFAULT '1',
  `fk_mode_reglement` int(11) DEFAULT NULL,
  `date_lim_reglement` date DEFAULT NULL,
  `note_private` text,
  `note_public` text,
  `model_pdf` varchar(255) DEFAULT NULL,
  `import_key` varchar(14) DEFAULT NULL,
  `extraparams` varchar(255) DEFAULT NULL,
  `situation_cycle_ref` smallint(6) DEFAULT NULL,
  `situation_counter` smallint(6) DEFAULT NULL,
  `situation_final` smallint(6) DEFAULT NULL,
  `fk_incoterms` int(11) DEFAULT NULL,
  `location_incoterms` varchar(255) DEFAULT NULL,
  `date_pointoftax` date DEFAULT NULL,
  `fk_multicurrency` int(11) DEFAULT NULL,
  `multicurrency_code` varchar(255) DEFAULT NULL,
  `multicurrency_tx` double(24,8) DEFAULT '1.00000000',
  `multicurrency_total_ht` double(24,8) DEFAULT '0.00000000',
  `multicurrency_total_tva` double(24,8) DEFAULT '0.00000000',
  `multicurrency_total_ttc` double(24,8) DEFAULT '0.00000000',
  PRIMARY KEY (`rowid`),
  UNIQUE KEY `idx_facture_uk_facnumber` (`facnumber`,`entity`),
  KEY `idx_facture_fk_soc` (`fk_soc`),
  KEY `idx_facture_fk_user_author` (`fk_user_author`),
  KEY `idx_facture_fk_user_valid` (`fk_user_valid`),
  KEY `idx_facture_fk_facture_source` (`fk_facture_source`),
  KEY `idx_facture_fk_projet` (`fk_projet`),
  KEY `idx_facture_fk_account` (`fk_account`),
  KEY `idx_facture_fk_currency` (`fk_currency`),
  KEY `idx_facture_fk_statut` (`fk_statut`),
  CONSTRAINT `fk_facture_fk_facture_source` FOREIGN KEY (`fk_facture_source`) REFERENCES `llx_facture` (`rowid`),
  CONSTRAINT `fk_facture_fk_projet` FOREIGN KEY (`fk_projet`) REFERENCES `llx_projet` (`rowid`),
  CONSTRAINT `fk_facture_fk_soc` FOREIGN KEY (`fk_soc`) REFERENCES `llx_societe` (`rowid`),
  CONSTRAINT `fk_facture_fk_user_author` FOREIGN KEY (`fk_user_author`) REFERENCES `llx_user` (`rowid`),
  CONSTRAINT `fk_facture_fk_user_valid` FOREIGN KEY (`fk_user_valid`) REFERENCES `llx_user` (`rowid`)
) ENGINE=InnoDB AUTO_INCREMENT=217 DEFAULT CHARSET=utf8;

--
-- Dumping data for table `llx_facture`
--

INSERT INTO `llx_facture` VALUES (2,'FA1007-0002',1,NULL,NULL,0,NULL,NULL,2,'2010-07-10 18:20:13','2016-07-10',NULL,'2016-07-30 15:13:20',1,10.00000000,NULL,NULL,0,NULL,NULL,0.10000000,0.00000000,0.00000000,0.00000000,46.00000000,46.10000000,2,1,NULL,1,NULL,NULL,NULL,NULL,1,0,'2016-07-10',NULL,NULL,'crabe',NULL,NULL,NULL,NULL,NULL,NULL,NULL,NULL,NULL,NULL,1.00000000,0.00000000,0.00000000,0.00000000),(3,'FA1107-0006',1,NULL,NULL,0,NULL,NULL,10,'2011-07-18 20:33:35','2016-07-18',NULL,'2016-07-30 15:13:20',1,0.00000000,NULL,NULL,0,NULL,NULL,0.00000000,0.00000000,0.00000000,0.00000000,15.00000000,15.00000000,2,1,NULL,1,NULL,1,NULL,NULL,1,0,'2016-07-18',NULL,NULL,'crabe',NULL,NULL,NULL,NULL,NULL,NULL,NULL,NULL,NULL,NULL,1.00000000,0.00000000,0.00000000,0.00000000),(5,'FA1108-0003',1,NULL,NULL,0,NULL,NULL,7,'2011-08-01 03:34:11','2015-08-01',NULL,'2016-07-30 15:12:32',1,0.00000000,NULL,NULL,0,NULL,NULL,0.63000000,0.00000000,0.00000000,0.00000000,5.00000000,5.63000000,2,1,NULL,1,NULL,NULL,NULL,NULL,0,6,'2015-08-01',NULL,NULL,'crabe',NULL,NULL,NULL,NULL,NULL,NULL,NULL,NULL,NULL,NULL,1.00000000,0.00000000,0.00000000,0.00000000),(6,'FA1108-0004',1,NULL,NULL,0,NULL,NULL,7,'2011-08-06 20:33:53','2015-08-06',NULL,'2016-07-30 15:12:32',1,0.00000000,NULL,NULL,0,NULL,NULL,0.98000000,0.00000000,0.00000000,0.00000000,5.00000000,5.98000000,2,1,NULL,1,NULL,NULL,NULL,NULL,0,4,'2015-08-06','Cash\nReceived : 6 EUR\nRendu : 0.02 EUR\n\n--------------------------------------',NULL,'crabe',NULL,NULL,NULL,NULL,NULL,NULL,NULL,NULL,NULL,NULL,1.00000000,0.00000000,0.00000000,0.00000000),(8,'FA1108-0005',1,NULL,NULL,3,NULL,NULL,2,'2011-08-08 02:41:44','2015-08-08',NULL,'2016-07-30 15:12:32',1,0.00000000,NULL,NULL,0,NULL,NULL,0.00000000,0.00000000,0.00000000,0.00000000,10.00000000,10.00000000,2,1,NULL,1,NULL,NULL,NULL,NULL,1,0,'2015-08-08',NULL,NULL,'crabe',NULL,NULL,NULL,NULL,NULL,NULL,NULL,NULL,NULL,NULL,1.00000000,0.00000000,0.00000000,0.00000000),(9,'FA1108-0007',1,NULL,NULL,3,NULL,NULL,10,'2011-08-08 02:55:14','2015-08-08',NULL,'2016-07-30 15:12:32',0,0.00000000,NULL,NULL,0,NULL,NULL,1.96000000,0.00000000,0.00000000,0.00000000,10.00000000,11.96000000,1,1,NULL,1,NULL,NULL,NULL,NULL,1,0,'2015-08-08',NULL,NULL,'crabe',NULL,NULL,NULL,NULL,NULL,NULL,NULL,NULL,NULL,NULL,1.00000000,0.00000000,0.00000000,0.00000000),(10,'AV1212-0001',1,NULL,NULL,2,NULL,NULL,10,'2012-12-08 17:45:20','2015-12-08','2015-12-08','2016-07-30 15:12:32',0,0.00000000,NULL,NULL,0,NULL,NULL,-0.63000000,0.00000000,0.00000000,0.00000000,-11.00000000,-11.63000000,1,1,NULL,1,3,NULL,NULL,NULL,0,0,'2015-12-08',NULL,NULL,'crabe',NULL,NULL,NULL,NULL,NULL,NULL,NULL,NULL,NULL,NULL,1.00000000,0.00000000,0.00000000,0.00000000),(12,'AV1212-0002',1,NULL,NULL,2,NULL,NULL,10,'2012-12-08 18:20:14','2015-12-08','2015-12-08','2016-07-30 15:12:32',1,0.00000000,NULL,NULL,0,NULL,NULL,0.00000000,0.00000000,0.00000000,0.00000000,-5.00000000,-5.00000000,2,1,NULL,1,3,NULL,NULL,NULL,0,0,'2015-12-08',NULL,NULL,'crabe',NULL,NULL,NULL,NULL,NULL,NULL,NULL,NULL,NULL,NULL,1.00000000,0.00000000,0.00000000,0.00000000),(13,'FA1212-0011',1,NULL,NULL,0,NULL,NULL,7,'2012-12-09 20:04:19','2015-12-09','2016-02-12','2016-07-30 15:12:32',0,0.00000000,NULL,NULL,0,NULL,NULL,2.74000000,0.00000000,0.00000000,0.00000000,14.00000000,16.74000000,1,1,NULL,1,NULL,NULL,NULL,NULL,1,0,'2015-12-09',NULL,NULL,'crabe',NULL,NULL,NULL,NULL,NULL,NULL,NULL,NULL,NULL,NULL,1.00000000,0.00000000,0.00000000,0.00000000),(32,'FA1212-0021',1,NULL,NULL,0,NULL,NULL,1,'2012-12-11 09:34:23','2015-12-11','2016-03-24','2016-07-30 15:12:32',0,0.00000000,NULL,NULL,0,NULL,NULL,90.00000000,0.00000000,0.00000000,0.60000000,520.00000000,610.60000000,1,1,NULL,1,NULL,NULL,NULL,NULL,1,0,'2015-12-11','This is a comment (private)','This is a comment (public)','crabe',NULL,NULL,NULL,NULL,NULL,NULL,NULL,NULL,NULL,NULL,1.00000000,0.00000000,0.00000000,0.00000000),(33,'FA1212-0023',1,NULL,NULL,0,NULL,NULL,1,'2012-12-11 09:34:23','2015-12-11','2017-03-03','2016-07-30 15:12:32',0,0.00000000,NULL,NULL,0,'abandon',NULL,0.24000000,0.00000000,0.00000000,0.00000000,2.48000000,2.72000000,3,1,NULL,1,NULL,NULL,NULL,NULL,1,0,'2015-12-11','This is a comment (private)','This is a comment (public)','crabe',NULL,NULL,NULL,NULL,NULL,NULL,NULL,NULL,NULL,NULL,1.00000000,0.00000000,0.00000000,0.00000000),(55,'FA1212-0009',1,NULL,NULL,0,NULL,NULL,1,'2012-12-11 09:35:51','2015-12-11','2015-12-12','2016-07-30 15:12:32',0,0.00000000,NULL,NULL,0,NULL,NULL,0.24000000,0.00000000,0.00000000,0.00000000,2.48000000,2.72000000,1,1,NULL,1,NULL,NULL,NULL,NULL,1,0,'2015-12-11','This is a comment (private)','This is a comment (public)','generic_invoice_odt:/home/ldestailleur/git/dolibarr_3.8/documents/doctemplates/invoices/template_invoice.odt',NULL,NULL,NULL,NULL,NULL,NULL,NULL,NULL,NULL,NULL,1.00000000,0.00000000,0.00000000,0.00000000),(148,'FS1301-0001',1,NULL,NULL,0,NULL,NULL,1,'2013-01-19 18:22:48','2016-01-19','2016-01-19','2016-07-30 15:13:20',0,0.00000000,NULL,NULL,0,NULL,NULL,0.63000000,0.00000000,0.00000000,0.00000000,5.00000000,5.63000000,1,1,NULL,1,NULL,NULL,NULL,NULL,0,1,'2016-01-19',NULL,NULL,'',NULL,NULL,NULL,NULL,NULL,NULL,NULL,NULL,NULL,NULL,1.00000000,0.00000000,0.00000000,0.00000000),(149,'(PROV149)',1,NULL,NULL,0,NULL,NULL,1,'2013-01-19 18:30:05','2016-01-19',NULL,'2016-07-30 15:13:20',0,0.00000000,NULL,NULL,0,NULL,NULL,1.96000000,0.00000000,0.00000000,0.00000000,10.00000000,11.96000000,0,1,NULL,NULL,NULL,NULL,NULL,NULL,0,0,'2016-01-19',NULL,NULL,'crabe',NULL,NULL,NULL,NULL,NULL,NULL,NULL,NULL,NULL,NULL,1.00000000,0.00000000,0.00000000,0.00000000),(150,'FA6801-0010',1,NULL,NULL,0,NULL,NULL,1,'2013-01-19 18:31:10','2016-01-19','2016-01-19','2016-07-30 15:13:20',1,0.00000000,NULL,NULL,0,NULL,NULL,0.00000000,0.00000000,0.00000000,0.00000000,0.00000000,0.00000000,2,1,NULL,1,NULL,NULL,NULL,NULL,0,1,'2016-01-19',NULL,NULL,'',NULL,NULL,NULL,NULL,NULL,NULL,NULL,NULL,NULL,NULL,1.00000000,0.00000000,0.00000000,0.00000000),(151,'FS1301-0002',1,NULL,NULL,0,NULL,NULL,1,'2013-01-19 18:31:58','2016-01-19','2016-01-19','2016-07-30 15:13:20',1,0.00000000,NULL,NULL,0,NULL,NULL,0.00000000,0.00000000,0.00000000,0.00000000,0.00000000,0.00000000,2,1,NULL,1,NULL,NULL,NULL,NULL,0,1,'2016-01-19',NULL,NULL,'',NULL,NULL,NULL,NULL,NULL,NULL,NULL,NULL,NULL,NULL,1.00000000,0.00000000,0.00000000,0.00000000),(160,'FA1507-0015',1,NULL,NULL,0,NULL,NULL,12,'2013-03-06 16:47:48','2016-07-18','2014-03-06','2016-07-30 15:13:20',0,0.00000000,NULL,NULL,0,NULL,NULL,1.11000000,0.00000000,0.00000000,0.00000000,8.89000000,10.00000000,1,1,NULL,1,NULL,NULL,NULL,NULL,1,0,'2016-07-18',NULL,NULL,'crabe',NULL,NULL,NULL,NULL,NULL,NULL,NULL,NULL,NULL,NULL,1.00000000,0.00000000,0.00000000,0.00000000),(210,'FA1107-0019',1,NULL,NULL,0,NULL,NULL,10,'2013-03-20 14:30:11','2016-07-10','2018-03-20','2016-07-30 15:13:20',0,0.00000000,NULL,NULL,0,NULL,NULL,0.00000000,0.00000000,0.00000000,0.00000000,10.00000000,10.00000000,1,1,NULL,1,NULL,NULL,NULL,NULL,1,0,'2016-07-10',NULL,NULL,'generic_invoice_odt:/home/ldestailleur/git/dolibarr_3.8/documents/doctemplates/invoices/template_invoice.odt',NULL,NULL,NULL,NULL,NULL,NULL,NULL,NULL,NULL,NULL,1.00000000,0.00000000,0.00000000,0.00000000),(211,'FA1303-0020',1,NULL,NULL,0,NULL,NULL,19,'2013-03-22 09:40:10','2016-03-22','2017-03-02','2017-02-06 04:11:17',0,0.00000000,NULL,NULL,0,NULL,NULL,17.64000000,0.00000000,0.00000000,0.40000000,340.00000000,358.04000000,1,1,NULL,1,NULL,NULL,NULL,NULL,1,3,'2016-03-22',NULL,NULL,'crabe',NULL,NULL,NULL,NULL,NULL,NULL,NULL,NULL,NULL,NULL,1.00000000,0.00000000,0.00000000,0.00000000),(213,'AV1303-0003',1,NULL,NULL,2,NULL,NULL,1,'2014-03-03 19:22:03','2016-03-03','2017-03-03','2016-07-30 15:13:20',0,0.00000000,NULL,NULL,0,NULL,NULL,0.00000000,0.00000000,0.00000000,0.00000000,-1000.00000000,-1000.00000000,1,1,NULL,1,32,NULL,NULL,NULL,0,0,'2016-03-03',NULL,NULL,'crabe',NULL,NULL,NULL,NULL,NULL,NULL,NULL,NULL,NULL,NULL,1.00000000,0.00000000,0.00000000,0.00000000),(216,'(PROV216)',1,NULL,NULL,0,NULL,NULL,26,'2017-02-12 23:21:27','2017-02-12',NULL,'2017-02-12 19:21:27',0,0.00000000,NULL,NULL,0,NULL,NULL,0.00000000,0.00000000,0.00000000,0.00000000,0.00000000,0.00000000,0,12,NULL,NULL,NULL,NULL,NULL,NULL,1,0,'2017-02-12',NULL,NULL,'crabe',NULL,NULL,NULL,NULL,0,0,'',NULL,0,'EUR',1.00000000,0.00000000,0.00000000,0.00000000);

--
-- Table structure for table `llx_facture_extrafields`
--

CREATE TABLE `llx_facture_extrafields` (
  `rowid` int(11) NOT NULL AUTO_INCREMENT,
  `tms` timestamp NOT NULL DEFAULT CURRENT_TIMESTAMP ON UPDATE CURRENT_TIMESTAMP,
  `fk_object` int(11) NOT NULL,
  `import_key` varchar(14) DEFAULT NULL,
  PRIMARY KEY (`rowid`),
  KEY `idx_facture_extrafields` (`fk_object`)
) ENGINE=InnoDB DEFAULT CHARSET=utf8;

--
-- Dumping data for table `llx_facture_extrafields`
--


--
-- Table structure for table `llx_facture_fourn`
--

CREATE TABLE `llx_facture_fourn` (
  `rowid` int(11) NOT NULL AUTO_INCREMENT,
  `ref` varchar(255) NOT NULL,
  `ref_supplier` varchar(255) DEFAULT NULL,
  `entity` int(11) NOT NULL DEFAULT '1',
  `ref_ext` varchar(255) DEFAULT NULL,
  `type` smallint(6) NOT NULL DEFAULT '0',
  `fk_soc` int(11) NOT NULL,
  `datec` datetime DEFAULT NULL,
  `datef` date DEFAULT NULL,
  `tms` timestamp NOT NULL DEFAULT CURRENT_TIMESTAMP ON UPDATE CURRENT_TIMESTAMP,
  `libelle` varchar(255) DEFAULT NULL,
  `paye` smallint(6) NOT NULL DEFAULT '0',
  `amount` double(24,8) NOT NULL DEFAULT '0.00000000',
  `remise` double(24,8) DEFAULT '0.00000000',
  `close_code` varchar(16) DEFAULT NULL,
  `close_note` varchar(128) DEFAULT NULL,
  `tva` double(24,8) DEFAULT '0.00000000',
  `localtax1` double(24,8) DEFAULT '0.00000000',
  `localtax2` double(24,8) DEFAULT '0.00000000',
  `total` double(24,8) DEFAULT '0.00000000',
  `total_ht` double(24,8) DEFAULT '0.00000000',
  `total_tva` double(24,8) DEFAULT '0.00000000',
  `total_ttc` double(24,8) DEFAULT '0.00000000',
  `fk_statut` smallint(6) NOT NULL DEFAULT '0',
  `fk_user_author` int(11) DEFAULT NULL,
  `fk_user_modif` int(11) DEFAULT NULL,
  `fk_user_valid` int(11) DEFAULT NULL,
  `fk_facture_source` int(11) DEFAULT NULL,
  `fk_projet` int(11) DEFAULT NULL,
  `fk_account` int(11) DEFAULT NULL,
  `fk_cond_reglement` int(11) DEFAULT NULL,
  `fk_mode_reglement` int(11) DEFAULT NULL,
  `date_lim_reglement` date DEFAULT NULL,
  `note_private` text,
  `note_public` text,
  `model_pdf` varchar(255) DEFAULT NULL,
  `import_key` varchar(14) DEFAULT NULL,
  `extraparams` varchar(255) DEFAULT NULL,
  `fk_incoterms` int(11) DEFAULT NULL,
  `location_incoterms` varchar(255) DEFAULT NULL,
  `fk_multicurrency` int(11) DEFAULT NULL,
  `multicurrency_code` varchar(255) DEFAULT NULL,
  `multicurrency_tx` double(24,8) DEFAULT '1.00000000',
  `multicurrency_total_ht` double(24,8) DEFAULT '0.00000000',
  `multicurrency_total_tva` double(24,8) DEFAULT '0.00000000',
  `multicurrency_total_ttc` double(24,8) DEFAULT '0.00000000',
  PRIMARY KEY (`rowid`),
  UNIQUE KEY `uk_facture_fourn_ref` (`ref`,`entity`),
  UNIQUE KEY `uk_facture_fourn_ref_supplier` (`ref_supplier`,`fk_soc`,`entity`),
  KEY `idx_facture_fourn_date_lim_reglement` (`date_lim_reglement`),
  KEY `idx_facture_fourn_fk_soc` (`fk_soc`),
  KEY `idx_facture_fourn_fk_user_author` (`fk_user_author`),
  KEY `idx_facture_fourn_fk_user_valid` (`fk_user_valid`),
  KEY `idx_facture_fourn_fk_projet` (`fk_projet`),
  CONSTRAINT `fk_facture_fourn_fk_projet` FOREIGN KEY (`fk_projet`) REFERENCES `llx_projet` (`rowid`),
  CONSTRAINT `fk_facture_fourn_fk_soc` FOREIGN KEY (`fk_soc`) REFERENCES `llx_societe` (`rowid`),
  CONSTRAINT `fk_facture_fourn_fk_user_author` FOREIGN KEY (`fk_user_author`) REFERENCES `llx_user` (`rowid`),
  CONSTRAINT `fk_facture_fourn_fk_user_valid` FOREIGN KEY (`fk_user_valid`) REFERENCES `llx_user` (`rowid`)
) ENGINE=InnoDB AUTO_INCREMENT=21 DEFAULT CHARSET=utf8;

--
-- Dumping data for table `llx_facture_fourn`
--

INSERT INTO `llx_facture_fourn` VALUES (16,'SI1601-0001','FR70813',1,NULL,0,1,'2012-12-19 15:24:11','2003-04-11','2017-02-06 04:08:22','OVH FR70813',0,0.00000000,0.00000000,NULL,NULL,0.00000000,0.00000000,0.00000000,0.00000000,829.00000000,162.48000000,991.48000000,1,1,NULL,12,NULL,NULL,NULL,1,NULL,'2003-04-11','','',NULL,NULL,NULL,NULL,NULL,NULL,NULL,1.00000000,0.00000000,0.00000000,0.00000000),(17,'SI1601-0002','FR81385',1,NULL,0,1,'2013-02-13 17:19:35','2003-06-04','2017-02-06 04:08:31','OVH FR81385',0,0.00000000,0.00000000,NULL,NULL,0.00000000,0.00000000,0.00000000,0.00000000,26.00000000,5.10000000,31.10000000,0,1,NULL,NULL,NULL,NULL,NULL,1,NULL,'2003-06-04','','','canelle',NULL,NULL,NULL,NULL,NULL,NULL,1.00000000,0.00000000,0.00000000,0.00000000),(18,'SI1601-0003','FR81385',1,NULL,0,2,'2013-02-13 17:20:25','2003-06-04','2017-02-06 04:08:35','OVH FR81385',0,0.00000000,0.00000000,NULL,NULL,0.00000000,0.00000000,0.00000000,0.00000000,26.00000000,5.10000000,31.10000000,0,1,NULL,NULL,NULL,NULL,NULL,1,NULL,'2003-06-04','','',NULL,NULL,NULL,NULL,NULL,NULL,NULL,1.00000000,0.00000000,0.00000000,0.00000000),(19,'SI1601-0004','FR813852',1,NULL,0,2,'2013-03-16 17:59:02','2013-03-16','2017-02-06 04:08:38','OVH FR81385',0,0.00000000,0.00000000,NULL,NULL,0.00000000,0.00000000,0.00000000,0.00000000,26.00000000,5.10000000,31.10000000,0,1,NULL,NULL,NULL,NULL,NULL,1,NULL,NULL,'','',NULL,NULL,NULL,NULL,NULL,NULL,NULL,1.00000000,0.00000000,0.00000000,0.00000000),(20,'SI1702-0001','INV-AE56ER08',1,NULL,0,13,'2017-02-01 19:00:31','2017-02-01','2017-02-01 15:05:28','',0,0.00000000,0.00000000,NULL,NULL,0.00000000,0.00000000,0.00000000,0.00000000,200.00000000,39.20000000,239.20000000,1,12,NULL,12,NULL,5,NULL,1,0,'2017-02-01','The customer has called us the 24th april. He agree us to not pay the remain of invoice due to default.<br />\r\nLet\'s see with our book keeper, if we must cancel invoice or ask the supplier a credit note...',NULL,'canelle',NULL,NULL,0,'',0,'EUR',1.00000000,200.00000000,39.20000000,239.20000000);

--
-- Table structure for table `llx_facture_fourn_det`
--

CREATE TABLE `llx_facture_fourn_det` (
  `rowid` int(11) NOT NULL AUTO_INCREMENT,
  `fk_facture_fourn` int(11) NOT NULL,
  `fk_parent_line` int(11) DEFAULT NULL,
  `fk_product` int(11) DEFAULT NULL,
  `ref` varchar(50) DEFAULT NULL,
  `label` varchar(255) DEFAULT NULL,
  `description` text,
  `pu_ht` double(24,8) DEFAULT NULL,
  `pu_ttc` double(24,8) DEFAULT NULL,
  `qty` double DEFAULT NULL,
  `remise_percent` double DEFAULT '0',
  `tva_tx` double(6,3) DEFAULT NULL,
  `vat_src_code` varchar(10) DEFAULT '',
  `localtax1_tx` double(6,3) DEFAULT '0.000',
  `localtax1_type` varchar(10) NOT NULL DEFAULT '0',
  `localtax2_tx` double(6,3) DEFAULT '0.000',
  `localtax2_type` varchar(10) NOT NULL DEFAULT '0',
  `total_ht` double(24,8) DEFAULT NULL,
  `tva` double(24,8) DEFAULT NULL,
  `total_localtax1` double(24,8) DEFAULT '0.00000000',
  `total_localtax2` double(24,8) DEFAULT '0.00000000',
  `total_ttc` double(24,8) DEFAULT NULL,
  `product_type` int(11) DEFAULT '0',
  `date_start` datetime DEFAULT NULL,
  `date_end` datetime DEFAULT NULL,
  `info_bits` int(11) NOT NULL DEFAULT '0',
  `import_key` varchar(14) DEFAULT NULL,
  `fk_code_ventilation` int(11) NOT NULL DEFAULT '0',
  `special_code` int(11) DEFAULT '0',
  `rang` int(11) DEFAULT '0',
  `fk_unit` int(11) DEFAULT NULL,
  `fk_multicurrency` int(11) DEFAULT NULL,
  `multicurrency_code` varchar(255) DEFAULT NULL,
  `multicurrency_subprice` double(24,8) DEFAULT '0.00000000',
  `multicurrency_total_ht` double(24,8) DEFAULT '0.00000000',
  `multicurrency_total_tva` double(24,8) DEFAULT '0.00000000',
  `multicurrency_total_ttc` double(24,8) DEFAULT '0.00000000',
  PRIMARY KEY (`rowid`),
  KEY `idx_facture_fourn_det_fk_facture` (`fk_facture_fourn`),
  KEY `fk_facture_fourn_det_fk_unit` (`fk_unit`),
  KEY `idx_facture_fourn_det_fk_code_ventilation` (`fk_code_ventilation`),
  KEY `idx_facture_fourn_det_fk_product` (`fk_product`),
  CONSTRAINT `fk_facture_fourn_det_fk_facture` FOREIGN KEY (`fk_facture_fourn`) REFERENCES `llx_facture_fourn` (`rowid`),
  CONSTRAINT `fk_facture_fourn_det_fk_unit` FOREIGN KEY (`fk_unit`) REFERENCES `llx_c_units` (`rowid`)
) ENGINE=InnoDB AUTO_INCREMENT=54 DEFAULT CHARSET=utf8;

--
-- Dumping data for table `llx_facture_fourn_det`
--

INSERT INTO `llx_facture_fourn_det` VALUES (44,16,NULL,NULL,NULL,NULL,'<strong>ref :sd.loc.sp.512.6</strong><br>6 mois - Location de SuperPlan avec la connexion 512kbs<br>Du 11/04/2003 &agrave; 11/10/2003',414.00000000,495.14400000,1,0,19.600,'',0.000,'',0.000,'',414.00000000,81.14000000,0.00000000,0.00000000,495.14000000,0,NULL,NULL,0,NULL,0,0,0,NULL,NULL,NULL,0.00000000,0.00000000,0.00000000,0.00000000),(45,16,NULL,NULL,NULL,NULL,'<strong>ref :sd.loc.sp.512.6</strong><br>6 mois - Location de SuperPlan avec la connexion 512kbs<br>Du 11/10/2003 &agrave; 11/04/2004',414.00000000,495.14400000,1,0,19.600,'',0.000,'',0.000,'',414.00000000,81.14000000,0.00000000,0.00000000,495.14000000,0,NULL,NULL,0,NULL,0,0,0,NULL,NULL,NULL,0.00000000,0.00000000,0.00000000,0.00000000),(46,16,NULL,NULL,NULL,NULL,'<strong>ref :sd.installation.annuel</strong><br>Frais de mise en service d\'un serveur dédié pour un paiement annuel<br>',1.00000000,1.19600000,1,0,19.600,'',0.000,'',0.000,'',1.00000000,0.20000000,0.00000000,0.00000000,1.20000000,0,NULL,NULL,0,NULL,0,0,0,NULL,NULL,NULL,0.00000000,0.00000000,0.00000000,0.00000000),(47,17,NULL,NULL,NULL,NULL,'<strong>ref :bk.full250.creation</strong><br>Création du compte backup ftp 250Mo.<br>',1.00000000,1.19600000,1,0,19.600,'',0.000,'',0.000,'',1.00000000,0.20000000,0.00000000,0.00000000,1.20000000,0,NULL,NULL,0,NULL,0,0,0,NULL,NULL,NULL,0.00000000,0.00000000,0.00000000,0.00000000),(48,17,NULL,NULL,NULL,NULL,'<strong>ref :bk.full250.12</strong><br>Redevance pour un backup de 250Mo sur 12 mois<br>',25.00000000,29.90000000,1,0,19.600,'',0.000,'',0.000,'',25.00000000,4.90000000,0.00000000,0.00000000,29.90000000,0,NULL,NULL,0,NULL,0,0,0,NULL,NULL,NULL,0.00000000,0.00000000,0.00000000,0.00000000),(49,18,NULL,NULL,NULL,NULL,'<strong>ref :bk.full250.creation</strong><br>Création du compte backup ftp 250Mo.<br>',1.00000000,1.19600000,1,0,19.600,'',0.000,'',0.000,'',1.00000000,0.20000000,0.00000000,0.00000000,1.20000000,0,NULL,NULL,0,NULL,0,0,0,NULL,NULL,NULL,0.00000000,0.00000000,0.00000000,0.00000000),(50,18,NULL,NULL,NULL,NULL,'<strong>ref :bk.full250.12</strong><br>Redevance pour un backup de 250Mo sur 12 mois<br>',25.00000000,29.90000000,1,0,19.600,'',0.000,'',0.000,'',25.00000000,4.90000000,0.00000000,0.00000000,29.90000000,0,NULL,NULL,0,NULL,0,0,0,NULL,NULL,NULL,0.00000000,0.00000000,0.00000000,0.00000000),(51,19,NULL,NULL,NULL,NULL,'<strong>ref :bk.full250.creation</strong><br>Création du compte backup ftp 250Mo.<br>',1.00000000,1.19600000,1,0,19.600,'',0.000,'0',0.000,'0',1.00000000,0.20000000,0.00000000,0.00000000,1.20000000,0,NULL,NULL,0,NULL,0,0,0,NULL,NULL,NULL,0.00000000,0.00000000,0.00000000,0.00000000),(52,19,NULL,NULL,NULL,NULL,'<strong>ref :bk.full250.12</strong><br>Redevance pour un backup de 250Mo sur 12 mois<br>',25.00000000,29.90000000,1,0,19.600,'',0.000,'0',0.000,'0',25.00000000,4.90000000,0.00000000,0.00000000,29.90000000,0,NULL,NULL,0,NULL,0,0,0,NULL,NULL,NULL,0.00000000,0.00000000,0.00000000,0.00000000),(53,20,NULL,NULL,NULL,NULL,'Chips',20.00000000,23.92000000,10,0,19.600,'',0.000,'0',0.000,'0',200.00000000,39.20000000,0.00000000,0.00000000,239.20000000,0,NULL,NULL,0,NULL,0,0,0,NULL,0,'EUR',20.00000000,200.00000000,39.20000000,239.20000000);

--
-- Table structure for table `llx_facture_fourn_det_extrafields`
--

CREATE TABLE `llx_facture_fourn_det_extrafields` (
  `rowid` int(11) NOT NULL AUTO_INCREMENT,
  `tms` timestamp NOT NULL DEFAULT CURRENT_TIMESTAMP ON UPDATE CURRENT_TIMESTAMP,
  `fk_object` int(11) NOT NULL,
  `import_key` varchar(14) DEFAULT NULL,
  PRIMARY KEY (`rowid`),
  KEY `idx_facture_fourn_det_extrafields` (`fk_object`)
) ENGINE=InnoDB DEFAULT CHARSET=utf8;

--
-- Dumping data for table `llx_facture_fourn_det_extrafields`
--


--
-- Table structure for table `llx_facture_fourn_extrafields`
--

CREATE TABLE `llx_facture_fourn_extrafields` (
  `rowid` int(11) NOT NULL AUTO_INCREMENT,
  `tms` timestamp NOT NULL DEFAULT CURRENT_TIMESTAMP ON UPDATE CURRENT_TIMESTAMP,
  `fk_object` int(11) NOT NULL,
  `import_key` varchar(14) DEFAULT NULL,
  PRIMARY KEY (`rowid`),
  KEY `idx_facture_fourn_extrafields` (`fk_object`)
) ENGINE=InnoDB DEFAULT CHARSET=latin1;

--
-- Dumping data for table `llx_facture_fourn_extrafields`
--


--
-- Table structure for table `llx_facture_rec`
--

CREATE TABLE `llx_facture_rec` (
  `rowid` int(11) NOT NULL AUTO_INCREMENT,
  `titre` varchar(50) NOT NULL,
  `entity` int(11) NOT NULL DEFAULT '1',
  `fk_soc` int(11) NOT NULL,
  `datec` datetime DEFAULT NULL,
  `amount` double(24,8) NOT NULL DEFAULT '0.00000000',
  `remise` double DEFAULT '0',
  `remise_percent` double DEFAULT '0',
  `remise_absolue` double DEFAULT '0',
  `tva` double(24,8) DEFAULT '0.00000000',
  `localtax1` double(24,8) DEFAULT '0.00000000',
  `localtax2` double(24,8) DEFAULT '0.00000000',
  `total` double(24,8) DEFAULT '0.00000000',
  `total_ttc` double(24,8) DEFAULT '0.00000000',
  `fk_user_author` int(11) DEFAULT NULL,
  `fk_projet` int(11) DEFAULT NULL,
  `fk_cond_reglement` int(11) DEFAULT '0',
  `fk_mode_reglement` int(11) DEFAULT '0',
  `date_lim_reglement` date DEFAULT NULL,
  `note_private` text,
  `note_public` text,
  `last_gen` varchar(7) DEFAULT NULL,
  `unit_frequency` varchar(2) DEFAULT 'd',
  `date_when` datetime DEFAULT NULL,
  `date_last_gen` datetime DEFAULT NULL,
  `nb_gen_done` int(11) DEFAULT NULL,
  `nb_gen_max` int(11) DEFAULT NULL,
  `frequency` int(11) DEFAULT NULL,
  `usenewprice` int(11) DEFAULT '0',
  `revenuestamp` double(24,8) DEFAULT '0.00000000',
  `auto_validate` int(11) DEFAULT '0',
  `fk_account` int(11) DEFAULT '0',
  `fk_multicurrency` int(11) DEFAULT NULL,
  `multicurrency_code` varchar(255) DEFAULT NULL,
  `multicurrency_tx` double(24,8) DEFAULT '1.00000000',
  `multicurrency_total_ht` double(24,8) DEFAULT '0.00000000',
  `multicurrency_total_tva` double(24,8) DEFAULT '0.00000000',
  `multicurrency_total_ttc` double(24,8) DEFAULT '0.00000000',
  `fk_user_modif` int(11) DEFAULT NULL,
  PRIMARY KEY (`rowid`),
  UNIQUE KEY `idx_facture_rec_uk_titre` (`titre`,`entity`),
  KEY `idx_facture_rec_fk_soc` (`fk_soc`),
  KEY `idx_facture_rec_fk_user_author` (`fk_user_author`),
  KEY `idx_facture_rec_fk_projet` (`fk_projet`),
  CONSTRAINT `fk_facture_rec_fk_projet` FOREIGN KEY (`fk_projet`) REFERENCES `llx_projet` (`rowid`),
  CONSTRAINT `fk_facture_rec_fk_soc` FOREIGN KEY (`fk_soc`) REFERENCES `llx_societe` (`rowid`),
  CONSTRAINT `fk_facture_rec_fk_user_author` FOREIGN KEY (`fk_user_author`) REFERENCES `llx_user` (`rowid`)
) ENGINE=InnoDB AUTO_INCREMENT=3 DEFAULT CHARSET=utf8;

--
-- Dumping data for table `llx_facture_rec`
--

INSERT INTO `llx_facture_rec` VALUES (1,'fsdfsfsfsf',1,10,'2017-02-07 03:47:00',0.00000000,0,0,0,0.00000000,0.00000000,0.00000000,10.00000000,10.00000000,12,NULL,1,0,NULL,NULL,NULL,NULL,'m',NULL,NULL,0,0,0,0,0.00000000,0,3,NULL,NULL,1.00000000,10.00000000,0.00000000,10.00000000,NULL),(2,'fffff',1,10,'2017-02-07 03:47:58',0.00000000,0,0,0,0.00000000,0.00000000,0.00000000,5.00000000,5.00000000,12,6,1,2,NULL,NULL,NULL,NULL,'m',NULL,NULL,0,0,0,0,0.00000000,0,4,NULL,NULL,1.00000000,5.00000000,0.00000000,5.00000000,NULL);

--
-- Table structure for table `llx_facturedet`
--

CREATE TABLE `llx_facturedet` (
  `rowid` int(11) NOT NULL AUTO_INCREMENT,
  `fk_facture` int(11) NOT NULL,
  `fk_parent_line` int(11) DEFAULT NULL,
  `fk_product` int(11) DEFAULT NULL,
  `label` varchar(255) DEFAULT NULL,
  `description` text,
  `tva_tx` double(6,3) DEFAULT NULL,
  `vat_src_code` varchar(10) DEFAULT '',
  `localtax1_tx` double(6,3) DEFAULT '0.000',
  `localtax1_type` varchar(10) NOT NULL DEFAULT '0',
  `localtax2_tx` double(6,3) DEFAULT '0.000',
  `localtax2_type` varchar(10) NOT NULL DEFAULT '0',
  `qty` double DEFAULT NULL,
  `remise_percent` double DEFAULT '0',
  `remise` double DEFAULT '0',
  `fk_remise_except` int(11) DEFAULT NULL,
  `subprice` double(24,8) DEFAULT NULL,
  `price` double(24,8) DEFAULT NULL,
  `total_ht` double(24,8) DEFAULT NULL,
  `total_tva` double(24,8) DEFAULT NULL,
  `total_localtax1` double(24,8) DEFAULT '0.00000000',
  `total_localtax2` double(24,8) DEFAULT '0.00000000',
  `total_ttc` double(24,8) DEFAULT NULL,
  `product_type` int(11) DEFAULT '0',
  `date_start` datetime DEFAULT NULL,
  `date_end` datetime DEFAULT NULL,
  `info_bits` int(11) DEFAULT '0',
  `fk_product_fournisseur_price` int(11) DEFAULT NULL,
  `buy_price_ht` double(24,8) DEFAULT '0.00000000',
  `fk_code_ventilation` int(11) NOT NULL DEFAULT '0',
  `special_code` int(10) unsigned DEFAULT '0',
  `rang` int(11) DEFAULT '0',
  `fk_contract_line` int(11) DEFAULT NULL,
  `import_key` varchar(14) DEFAULT NULL,
  `situation_percent` double DEFAULT NULL,
  `fk_prev_id` int(11) DEFAULT NULL,
  `fk_unit` int(11) DEFAULT NULL,
  `fk_user_modif` int(11) DEFAULT NULL,
  `fk_user_author` int(11) DEFAULT NULL,
  `fk_multicurrency` int(11) DEFAULT NULL,
  `multicurrency_code` varchar(255) DEFAULT NULL,
  `multicurrency_subprice` double(24,8) DEFAULT '0.00000000',
  `multicurrency_total_ht` double(24,8) DEFAULT '0.00000000',
  `multicurrency_total_tva` double(24,8) DEFAULT '0.00000000',
  `multicurrency_total_ttc` double(24,8) DEFAULT '0.00000000',
  PRIMARY KEY (`rowid`),
  UNIQUE KEY `uk_fk_remise_except` (`fk_remise_except`,`fk_facture`),
  KEY `idx_facturedet_fk_facture` (`fk_facture`),
  KEY `idx_facturedet_fk_product` (`fk_product`),
  KEY `fk_facturedet_fk_unit` (`fk_unit`),
  KEY `idx_facturedet_fk_code_ventilation` (`fk_code_ventilation`),
  CONSTRAINT `fk_facturedet_fk_facture` FOREIGN KEY (`fk_facture`) REFERENCES `llx_facture` (`rowid`),
  CONSTRAINT `fk_facturedet_fk_unit` FOREIGN KEY (`fk_unit`) REFERENCES `llx_c_units` (`rowid`)
) ENGINE=InnoDB AUTO_INCREMENT=1027 DEFAULT CHARSET=utf8;

--
-- Dumping data for table `llx_facturedet`
--

INSERT INTO `llx_facturedet` VALUES (3,2,NULL,3,NULL,'Service S1',0.000,'',0.000,'',0.000,'',1,10,4,NULL,40.00000000,36.00000000,36.00000000,0.00000000,0.00000000,0.00000000,36.00000000,1,'2010-07-10 00:00:00',NULL,0,NULL,0.00000000,0,0,2,NULL,NULL,NULL,NULL,NULL,NULL,NULL,NULL,NULL,0.00000000,0.00000000,0.00000000,0.00000000),(4,2,NULL,NULL,NULL,'Abonnement annuel assurance',1.000,'',0.000,'',0.000,'',1,0,0,NULL,10.00000000,10.00000000,10.00000000,0.10000000,0.00000000,0.00000000,10.10000000,0,'2010-07-10 00:00:00','2011-07-10 00:00:00',0,NULL,0.00000000,0,0,3,NULL,NULL,NULL,NULL,NULL,NULL,NULL,NULL,NULL,0.00000000,0.00000000,0.00000000,0.00000000),(11,3,NULL,4,NULL,'afsdfsdfsdfsdf',0.000,'',0.000,'',0.000,'',1,0,0,NULL,5.00000000,5.00000000,5.00000000,0.00000000,0.00000000,0.00000000,5.00000000,0,NULL,NULL,0,NULL,0.00000000,0,0,0,NULL,NULL,NULL,NULL,NULL,NULL,NULL,NULL,NULL,0.00000000,0.00000000,0.00000000,0.00000000),(12,3,NULL,NULL,NULL,'dfdfd',0.000,'',0.000,'',0.000,'',1,0,0,NULL,10.00000000,10.00000000,10.00000000,0.00000000,0.00000000,0.00000000,10.00000000,0,NULL,NULL,0,NULL,0.00000000,0,0,2,NULL,NULL,NULL,NULL,NULL,NULL,NULL,NULL,NULL,0.00000000,0.00000000,0.00000000,0.00000000),(13,5,NULL,4,NULL,'Decapsuleur',12.500,'',0.000,'',0.000,'',1,0,0,NULL,5.00000000,5.00000000,5.00000000,0.63000000,0.00000000,0.00000000,5.63000000,0,NULL,NULL,0,NULL,0.00000000,0,0,0,NULL,NULL,NULL,NULL,NULL,NULL,NULL,NULL,NULL,0.00000000,0.00000000,0.00000000,0.00000000),(14,6,NULL,4,NULL,'Decapsuleur',19.600,'',0.000,'',0.000,'',1,0,0,NULL,5.00000000,5.00000000,5.00000000,0.98000000,0.00000000,0.00000000,5.98000000,0,NULL,NULL,0,NULL,0.00000000,0,0,0,NULL,NULL,NULL,NULL,NULL,NULL,NULL,NULL,NULL,0.00000000,0.00000000,0.00000000,0.00000000),(21,8,NULL,NULL,NULL,'dddd',0.000,'',0.000,'',0.000,'',1,0,0,NULL,10.00000000,10.00000000,10.00000000,0.00000000,0.00000000,0.00000000,10.00000000,0,NULL,NULL,0,NULL,0.00000000,0,0,1,NULL,NULL,NULL,NULL,NULL,NULL,NULL,NULL,NULL,0.00000000,0.00000000,0.00000000,0.00000000),(22,9,NULL,NULL,NULL,'ggg',19.600,'',0.000,'',0.000,'',1,0,0,NULL,10.00000000,10.00000000,10.00000000,1.96000000,0.00000000,0.00000000,11.96000000,0,NULL,NULL,0,NULL,0.00000000,0,0,1,NULL,NULL,NULL,NULL,NULL,NULL,NULL,NULL,NULL,0.00000000,0.00000000,0.00000000,0.00000000),(23,10,NULL,4,NULL,'',12.500,'',0.000,'',0.000,'',1,0,0,NULL,-5.00000000,NULL,-5.00000000,-0.63000000,0.00000000,0.00000000,-5.63000000,0,NULL,NULL,0,NULL,12.00000000,0,0,1,NULL,NULL,NULL,NULL,NULL,NULL,NULL,NULL,NULL,0.00000000,0.00000000,0.00000000,0.00000000),(24,10,NULL,1,NULL,'A beatifull pink dress\r\nlkm',0.000,'',0.000,'',0.000,'',1,0,0,NULL,-6.00000000,NULL,-6.00000000,0.00000000,0.00000000,0.00000000,-6.00000000,0,NULL,NULL,0,0,0.00000000,0,0,2,NULL,NULL,NULL,NULL,NULL,NULL,NULL,NULL,NULL,0.00000000,0.00000000,0.00000000,0.00000000),(26,12,NULL,1,NULL,'A beatifull pink dress\r\nhfghf',0.000,'',0.000,'',0.000,'',1,0,0,NULL,-5.00000000,NULL,-5.00000000,0.00000000,0.00000000,0.00000000,-5.00000000,0,NULL,NULL,0,0,0.00000000,0,0,1,NULL,NULL,NULL,NULL,NULL,NULL,NULL,NULL,NULL,0.00000000,0.00000000,0.00000000,0.00000000),(27,13,NULL,NULL,NULL,'gdfgdf',19.600,'',0.000,'',0.000,'',1.4,0,0,NULL,10.00000000,NULL,14.00000000,2.74000000,0.00000000,0.00000000,16.74000000,0,NULL,NULL,0,NULL,0.00000000,0,0,1,NULL,NULL,NULL,NULL,NULL,NULL,NULL,NULL,NULL,0.00000000,0.00000000,0.00000000,0.00000000),(137,33,NULL,NULL,NULL,'Desc',10.000,'',0.000,'',0.000,'',1,0,0,NULL,1.24000000,NULL,1.24000000,0.12000000,0.00000000,0.00000000,1.36000000,0,NULL,NULL,0,NULL,0.00000000,0,0,1,NULL,NULL,NULL,NULL,NULL,NULL,NULL,NULL,NULL,0.00000000,0.00000000,0.00000000,0.00000000),(138,33,NULL,NULL,NULL,'Desc',10.000,'',0.000,'',0.000,'',1,0,0,NULL,1.24000000,NULL,1.24000000,0.12000000,0.00000000,0.00000000,1.36000000,0,NULL,NULL,0,NULL,0.00000000,0,0,2,NULL,NULL,NULL,NULL,NULL,NULL,NULL,NULL,NULL,0.00000000,0.00000000,0.00000000,0.00000000),(256,55,NULL,NULL,NULL,'Desc',10.000,'',0.000,'',0.000,'',1,0,0,NULL,1.24000000,NULL,1.24000000,0.12000000,0.00000000,0.00000000,1.36000000,0,NULL,NULL,0,NULL,0.00000000,0,0,1,NULL,NULL,NULL,NULL,NULL,NULL,NULL,NULL,NULL,0.00000000,0.00000000,0.00000000,0.00000000),(257,55,NULL,NULL,NULL,'Desc',10.000,'',0.000,'',0.000,'',1,0,0,NULL,1.24000000,NULL,1.24000000,0.12000000,0.00000000,0.00000000,1.36000000,0,NULL,NULL,0,NULL,0.00000000,0,0,2,NULL,NULL,NULL,NULL,NULL,NULL,NULL,NULL,NULL,0.00000000,0.00000000,0.00000000,0.00000000),(753,13,NULL,2,NULL,'(Pays d\'origine: Albanie)',0.000,'',0.000,'',0.000,'',1,0,0,NULL,0.00000000,NULL,0.00000000,0.00000000,0.00000000,0.00000000,0.00000000,0,NULL,NULL,0,0,0.00000000,0,0,2,NULL,NULL,NULL,NULL,NULL,NULL,NULL,NULL,NULL,0.00000000,0.00000000,0.00000000,0.00000000),(754,148,NULL,11,NULL,'hfghf',0.000,'',0.000,'',0.000,'',1,0,0,NULL,0.00000000,NULL,0.00000000,0.00000000,0.00000000,0.00000000,0.00000000,0,NULL,NULL,0,NULL,0.00000000,0,0,1,NULL,NULL,NULL,NULL,NULL,NULL,NULL,NULL,NULL,0.00000000,0.00000000,0.00000000,0.00000000),(755,148,NULL,4,NULL,'Decapsuleur',12.500,'',0.000,'',0.000,'',1,0,0,NULL,5.00000000,NULL,5.00000000,0.63000000,0.00000000,0.00000000,5.63000000,0,NULL,NULL,0,NULL,0.00000000,0,0,2,NULL,NULL,NULL,NULL,NULL,NULL,NULL,NULL,NULL,0.00000000,0.00000000,0.00000000,0.00000000),(756,149,NULL,5,NULL,'aaaa',19.600,'',0.000,'',0.000,'',1,0,0,NULL,10.00000000,NULL,10.00000000,1.96000000,0.00000000,0.00000000,11.96000000,0,NULL,NULL,0,NULL,0.00000000,0,0,1,NULL,NULL,NULL,NULL,NULL,NULL,NULL,NULL,NULL,0.00000000,0.00000000,0.00000000,0.00000000),(757,150,NULL,2,NULL,'Product P1',12.500,'',0.000,'',0.000,'',1,0,0,NULL,0.00000000,NULL,0.00000000,0.00000000,0.00000000,0.00000000,0.00000000,0,NULL,NULL,0,NULL,0.00000000,0,0,1,NULL,NULL,NULL,NULL,NULL,NULL,NULL,NULL,NULL,0.00000000,0.00000000,0.00000000,0.00000000),(758,151,NULL,2,NULL,'Product P1',12.500,'',0.000,'',0.000,'',1,0,0,NULL,0.00000000,NULL,0.00000000,0.00000000,0.00000000,0.00000000,0.00000000,0,NULL,NULL,0,NULL,0.00000000,0,0,1,NULL,NULL,NULL,NULL,NULL,NULL,NULL,NULL,NULL,0.00000000,0.00000000,0.00000000,0.00000000),(768,32,NULL,NULL,NULL,'mlml',18.000,'',0.000,'',0.000,'',1,0,0,NULL,100.00000000,NULL,100.00000000,18.00000000,0.00000000,0.00000000,118.00000000,0,NULL,NULL,0,NULL,46.00000000,0,0,3,NULL,NULL,NULL,NULL,NULL,NULL,NULL,NULL,NULL,0.00000000,0.00000000,0.00000000,0.00000000),(769,32,NULL,NULL,NULL,'mlkml',18.000,'',0.000,'',0.000,'',1,0,0,NULL,400.00000000,NULL,400.00000000,72.00000000,0.00000000,0.00000000,472.00000000,0,NULL,NULL,0,NULL,300.00000000,0,0,4,NULL,NULL,NULL,NULL,NULL,NULL,NULL,NULL,NULL,0.00000000,0.00000000,0.00000000,0.00000000),(772,160,NULL,NULL,NULL,'Adhésion/cotisation 2015',12.500,'',0.000,'',0.000,'',1,0,0,NULL,8.88889000,NULL,8.89000000,1.11000000,0.00000000,0.00000000,10.00000000,1,'2015-07-18 00:00:00','2016-07-17 00:00:00',0,NULL,0.00000000,0,0,1,NULL,NULL,NULL,NULL,NULL,NULL,NULL,NULL,NULL,0.00000000,0.00000000,0.00000000,0.00000000),(776,32,NULL,NULL,NULL,'fsdfsdfds',0.000,'',0.000,'0',0.000,'0',1,0,0,NULL,10.00000000,NULL,10.00000000,0.00000000,0.00000000,0.00000000,10.00000000,0,NULL,NULL,0,NULL,0.00000000,0,0,5,NULL,NULL,NULL,NULL,NULL,NULL,NULL,NULL,NULL,0.00000000,0.00000000,0.00000000,0.00000000),(777,32,NULL,NULL,NULL,'fsdfsdfds',0.000,'',0.000,'0',0.000,'0',1,0,0,NULL,10.00000000,NULL,10.00000000,0.00000000,0.00000000,0.00000000,10.00000000,0,NULL,NULL,0,NULL,0.00000000,0,0,6,NULL,NULL,NULL,NULL,NULL,NULL,NULL,NULL,NULL,0.00000000,0.00000000,0.00000000,0.00000000),(779,32,NULL,NULL,NULL,'fsdfds',0.000,'',0.000,'0',0.000,'0',0,0,0,NULL,0.00000000,NULL,0.00000000,0.00000000,0.00000000,0.00000000,0.00000000,9,NULL,NULL,0,0,0.00000000,0,0,2,NULL,NULL,NULL,NULL,NULL,NULL,NULL,NULL,NULL,0.00000000,0.00000000,0.00000000,0.00000000),(780,32,NULL,NULL,NULL,'ffsdf',0.000,'',0.000,'0',0.000,'0',0,0,0,NULL,0.00000000,NULL,0.00000000,0.00000000,0.00000000,0.00000000,0.00000000,9,NULL,NULL,0,NULL,0.00000000,0,1790,1,NULL,NULL,NULL,NULL,NULL,NULL,NULL,NULL,NULL,0.00000000,0.00000000,0.00000000,0.00000000),(1022,210,NULL,NULL,NULL,'Adhésion/cotisation 2011',0.000,'',0.000,'0',0.000,'0',1,0,0,NULL,10.00000000,NULL,10.00000000,0.00000000,0.00000000,0.00000000,10.00000000,1,'2011-07-10 00:00:00','2012-07-09 00:00:00',0,NULL,0.00000000,0,0,1,NULL,NULL,NULL,NULL,NULL,NULL,NULL,NULL,NULL,0.00000000,0.00000000,0.00000000,0.00000000),(1023,211,NULL,NULL,NULL,'Samsung Android x4',0.000,'',0.000,'0',0.000,'0',1,0,0,NULL,250.00000000,NULL,250.00000000,0.00000000,0.00000000,0.00000000,250.00000000,0,NULL,NULL,0,NULL,200.00000000,0,0,1,NULL,NULL,NULL,NULL,NULL,NULL,NULL,NULL,NULL,0.00000000,0.00000000,0.00000000,0.00000000),(1024,211,NULL,1,NULL,'A beatifull pink dress\r\nSize XXL',19.600,'',0.000,'0',0.000,'0',1,10,0,NULL,100.00000000,NULL,90.00000000,17.64000000,0.00000000,0.00000000,107.64000000,0,NULL,NULL,0,NULL,90.00000000,0,0,2,NULL,NULL,NULL,NULL,NULL,NULL,NULL,NULL,NULL,0.00000000,0.00000000,0.00000000,0.00000000),(1026,213,NULL,1,NULL,'A beatifull pink dress',0.000,'',0.000,'0',0.000,'0',10,0,0,NULL,-100.00000000,NULL,-1000.00000000,0.00000000,0.00000000,0.00000000,-1000.00000000,0,NULL,NULL,0,NULL,0.00000000,0,0,1,NULL,NULL,NULL,NULL,NULL,NULL,NULL,NULL,NULL,0.00000000,0.00000000,0.00000000,0.00000000);

--
-- Table structure for table `llx_facturedet_extrafields`
--

CREATE TABLE `llx_facturedet_extrafields` (
  `rowid` int(11) NOT NULL AUTO_INCREMENT,
  `tms` timestamp NOT NULL DEFAULT CURRENT_TIMESTAMP ON UPDATE CURRENT_TIMESTAMP,
  `fk_object` int(11) NOT NULL,
  `import_key` varchar(14) DEFAULT NULL,
  PRIMARY KEY (`rowid`),
  KEY `idx_facturedet_extrafields` (`fk_object`)
) ENGINE=InnoDB DEFAULT CHARSET=latin1;

--
-- Dumping data for table `llx_facturedet_extrafields`
--


--
-- Table structure for table `llx_facturedet_rec`
--

CREATE TABLE `llx_facturedet_rec` (
  `rowid` int(11) NOT NULL AUTO_INCREMENT,
  `fk_facture` int(11) NOT NULL,
  `fk_parent_line` int(11) DEFAULT NULL,
  `fk_product` int(11) DEFAULT NULL,
  `product_type` int(11) DEFAULT '0',
  `label` varchar(255) DEFAULT NULL,
  `description` text,
  `tva_tx` double(6,3) DEFAULT NULL,
  `vat_src_code` varchar(10) DEFAULT '',
  `localtax1_tx` double(6,3) DEFAULT '0.000',
  `localtax1_type` varchar(10) NOT NULL DEFAULT '0',
  `localtax2_tx` double(6,3) DEFAULT '0.000',
  `localtax2_type` varchar(10) NOT NULL DEFAULT '0',
  `qty` double DEFAULT NULL,
  `remise_percent` double DEFAULT '0',
  `remise` double DEFAULT '0',
  `subprice` double(24,8) DEFAULT NULL,
  `price` double(24,8) DEFAULT NULL,
  `total_ht` double(24,8) DEFAULT NULL,
  `total_tva` double(24,8) DEFAULT NULL,
  `total_localtax1` double(24,8) DEFAULT '0.00000000',
  `total_localtax2` double(24,8) DEFAULT '0.00000000',
  `total_ttc` double(24,8) DEFAULT NULL,
  `info_bits` int(11) DEFAULT '0',
  `special_code` int(10) unsigned DEFAULT '0',
  `rang` int(11) DEFAULT '0',
  `fk_contract_line` int(11) DEFAULT NULL,
  `fk_unit` int(11) DEFAULT NULL,
  `import_key` varchar(14) DEFAULT NULL,
  `fk_multicurrency` int(11) DEFAULT NULL,
  `multicurrency_code` varchar(255) DEFAULT NULL,
  `multicurrency_subprice` double(24,8) DEFAULT '0.00000000',
  `multicurrency_total_ht` double(24,8) DEFAULT '0.00000000',
  `multicurrency_total_tva` double(24,8) DEFAULT '0.00000000',
  `multicurrency_total_ttc` double(24,8) DEFAULT '0.00000000',
  PRIMARY KEY (`rowid`),
  KEY `fk_facturedet_rec_fk_unit` (`fk_unit`),
  CONSTRAINT `fk_facturedet_rec_fk_unit` FOREIGN KEY (`fk_unit`) REFERENCES `llx_c_units` (`rowid`)
) ENGINE=InnoDB AUTO_INCREMENT=4 DEFAULT CHARSET=utf8;

--
-- Dumping data for table `llx_facturedet_rec`
--

INSERT INTO `llx_facturedet_rec` VALUES (1,1,NULL,NULL,0,NULL,'&ugrave;k&ugrave;',0.000,'',0.000,'0',0.000,'0',1,0,NULL,10.00000000,10.00000000,10.00000000,0.00000000,0.00000000,0.00000000,10.00000000,0,0,1,NULL,NULL,NULL,NULL,NULL,0.00000000,0.00000000,0.00000000,0.00000000),(3,2,NULL,NULL,0,NULL,'ddd',0.000,'',0.000,'0',0.000,'0',1,0,NULL,5.00000000,5.00000000,5.00000000,0.00000000,0.00000000,0.00000000,5.00000000,0,0,1,NULL,NULL,NULL,NULL,NULL,0.00000000,0.00000000,0.00000000,0.00000000);

--
-- Table structure for table `llx_fichinter`
--

CREATE TABLE `llx_fichinter` (
  `rowid` int(11) NOT NULL AUTO_INCREMENT,
  `fk_soc` int(11) NOT NULL,
  `fk_projet` int(11) DEFAULT '0',
  `fk_contrat` int(11) DEFAULT '0',
  `ref` varchar(30) NOT NULL,
  `entity` int(11) NOT NULL DEFAULT '1',
  `tms` timestamp NOT NULL DEFAULT CURRENT_TIMESTAMP ON UPDATE CURRENT_TIMESTAMP,
  `datec` datetime DEFAULT NULL,
  `date_valid` datetime DEFAULT NULL,
  `datei` date DEFAULT NULL,
  `fk_user_author` int(11) DEFAULT NULL,
  `fk_user_modif` int(11) DEFAULT NULL,
  `fk_user_valid` int(11) DEFAULT NULL,
  `fk_statut` smallint(6) DEFAULT '0',
  `duree` double DEFAULT NULL,
  `dateo` date DEFAULT NULL,
  `datee` date DEFAULT NULL,
  `datet` date DEFAULT NULL,
  `description` text,
  `note_private` text,
  `note_public` text,
  `model_pdf` varchar(255) DEFAULT NULL,
  `extraparams` varchar(255) DEFAULT NULL,
  `ref_ext` varchar(255) DEFAULT NULL,
  PRIMARY KEY (`rowid`),
  UNIQUE KEY `uk_fichinter_ref` (`ref`,`entity`),
  KEY `idx_fichinter_fk_soc` (`fk_soc`),
  CONSTRAINT `fk_fichinter_fk_soc` FOREIGN KEY (`fk_soc`) REFERENCES `llx_societe` (`rowid`)
) ENGINE=InnoDB AUTO_INCREMENT=4 DEFAULT CHARSET=utf8;

--
-- Dumping data for table `llx_fichinter`
--

INSERT INTO `llx_fichinter` VALUES (1,2,1,0,'FI1007-0001',1,'2016-01-22 17:39:37','2010-07-09 01:42:41','2016-01-22 18:39:37',NULL,1,NULL,12,1,10800,NULL,NULL,NULL,NULL,NULL,NULL,'soleil',NULL,NULL),(2,1,NULL,0,'FI1007-0002',1,'2012-12-08 13:11:07','2010-07-11 16:07:51',NULL,NULL,1,NULL,NULL,0,3600,NULL,NULL,NULL,'ferfrefeferf',NULL,NULL,'soleil',NULL,NULL),(3,2,NULL,0,'FI1511-0003',1,'2016-07-30 15:51:16','2015-11-18 15:57:34','2016-01-22 18:38:46',NULL,2,NULL,12,1,36000,NULL,NULL,NULL,NULL,NULL,NULL,'soleil',NULL,NULL);

--
-- Table structure for table `llx_fichinter_extrafields`
--

CREATE TABLE `llx_fichinter_extrafields` (
  `rowid` int(11) NOT NULL AUTO_INCREMENT,
  `tms` timestamp NOT NULL DEFAULT CURRENT_TIMESTAMP ON UPDATE CURRENT_TIMESTAMP,
  `fk_object` int(11) NOT NULL,
  `import_key` varchar(14) DEFAULT NULL,
  PRIMARY KEY (`rowid`),
  KEY `idx_ficheinter_extrafields` (`fk_object`)
) ENGINE=InnoDB DEFAULT CHARSET=latin1;

--
-- Dumping data for table `llx_fichinter_extrafields`
--


--
-- Table structure for table `llx_fichinterdet`
--

CREATE TABLE `llx_fichinterdet` (
  `rowid` int(11) NOT NULL AUTO_INCREMENT,
  `fk_fichinter` int(11) DEFAULT NULL,
  `fk_parent_line` int(11) DEFAULT NULL,
  `date` datetime DEFAULT NULL,
  `description` text,
  `duree` int(11) DEFAULT NULL,
  `rang` int(11) DEFAULT '0',
  PRIMARY KEY (`rowid`),
  KEY `idx_fichinterdet_fk_fichinter` (`fk_fichinter`),
  CONSTRAINT `fk_fichinterdet_fk_fichinter` FOREIGN KEY (`fk_fichinter`) REFERENCES `llx_fichinter` (`rowid`)
) ENGINE=InnoDB AUTO_INCREMENT=7 DEFAULT CHARSET=utf8;

--
-- Dumping data for table `llx_fichinterdet`
--

INSERT INTO `llx_fichinterdet` VALUES (1,1,NULL,'2010-07-07 04:00:00','Intervention sur site',3600,0),(2,1,NULL,'2010-07-08 11:00:00','Other actions on client site.',7200,0),(3,2,NULL,'2010-07-11 05:00:00','Pres',3600,0),(5,3,NULL,'2015-11-18 09:00:00','Intervention on building windows 1',32400,0),(6,3,NULL,'2016-01-22 00:00:00','Intervention on building windows 2',3600,0);

--
-- Table structure for table `llx_fichinterdet_extrafields`
--

CREATE TABLE `llx_fichinterdet_extrafields` (
  `rowid` int(11) NOT NULL AUTO_INCREMENT,
  `tms` timestamp NOT NULL DEFAULT CURRENT_TIMESTAMP ON UPDATE CURRENT_TIMESTAMP,
  `fk_object` int(11) NOT NULL,
  `import_key` varchar(14) DEFAULT NULL,
  PRIMARY KEY (`rowid`),
  KEY `idx_ficheinterdet_extrafields` (`fk_object`)
) ENGINE=InnoDB DEFAULT CHARSET=utf8;

--
-- Dumping data for table `llx_fichinterdet_extrafields`
--


--
-- Table structure for table `llx_holiday`
--

CREATE TABLE `llx_holiday` (
  `rowid` int(11) NOT NULL AUTO_INCREMENT,
  `fk_user` int(11) NOT NULL,
  `date_create` datetime NOT NULL,
  `description` varchar(255) NOT NULL,
  `date_debut` date NOT NULL,
  `date_fin` date NOT NULL,
  `halfday` int(11) DEFAULT '0',
  `statut` int(11) NOT NULL DEFAULT '1',
  `fk_validator` int(11) NOT NULL,
  `date_valid` datetime DEFAULT NULL,
  `fk_user_valid` int(11) DEFAULT NULL,
  `date_refuse` datetime DEFAULT NULL,
  `fk_user_refuse` int(11) DEFAULT NULL,
  `date_cancel` datetime DEFAULT NULL,
  `fk_user_cancel` int(11) DEFAULT NULL,
  `detail_refuse` varchar(250) DEFAULT NULL,
  `note_private` text,
  `note_public` text,
  `note` text,
  `fk_user_create` int(11) DEFAULT NULL,
  `fk_type` int(11) NOT NULL DEFAULT '1',
  `tms` timestamp NOT NULL DEFAULT CURRENT_TIMESTAMP ON UPDATE CURRENT_TIMESTAMP,
  `entity` int(11) NOT NULL DEFAULT '1',
  PRIMARY KEY (`rowid`),
  KEY `idx_holiday_fk_user` (`fk_user`),
  KEY `idx_holiday_date_debut` (`date_debut`),
  KEY `idx_holiday_date_fin` (`date_fin`),
  KEY `idx_holiday_fk_user_create` (`fk_user_create`),
  KEY `idx_holiday_date_create` (`date_create`),
  KEY `idx_holiday_fk_validator` (`fk_validator`),
  KEY `idx_holiday_entity` (`entity`)
) ENGINE=InnoDB AUTO_INCREMENT=4 DEFAULT CHARSET=utf8;

--
-- Dumping data for table `llx_holiday`
--

INSERT INTO `llx_holiday` VALUES (1,1,'2013-02-17 19:06:35','gdf','2013-02-10','2013-02-11',0,3,1,'2013-02-17 19:06:57',1,NULL,NULL,NULL,NULL,NULL,NULL,NULL,NULL,NULL,1,'0000-00-00 00:00:00',1),(2,12,'2016-01-22 19:10:01','','2016-01-04','2016-01-08',0,1,11,NULL,NULL,NULL,NULL,NULL,NULL,NULL,NULL,NULL,NULL,12,5,'0000-00-00 00:00:00',1),(3,13,'2016-01-22 19:10:29','','2016-01-11','2016-01-13',0,2,11,NULL,NULL,NULL,NULL,NULL,NULL,NULL,NULL,NULL,NULL,12,5,'0000-00-00 00:00:00',1);

--
-- Table structure for table `llx_holiday_config`
--

CREATE TABLE `llx_holiday_config` (
  `rowid` int(11) NOT NULL AUTO_INCREMENT,
  `name` varchar(255) NOT NULL,
  `value` text,
  PRIMARY KEY (`rowid`),
  UNIQUE KEY `name` (`name`)
) ENGINE=InnoDB AUTO_INCREMENT=9 DEFAULT CHARSET=utf8;

--
-- Dumping data for table `llx_holiday_config`
--

INSERT INTO `llx_holiday_config` VALUES (1,'userGroup','1'),(2,'lastUpdate','20170202035337'),(3,'nbUser',''),(4,'delayForRequest','31'),(5,'AlertValidatorDelay','0'),(6,'AlertValidatorSolde','0'),(7,'nbHolidayDeducted','1'),(8,'nbHolidayEveryMonth','2.08334');

--
-- Table structure for table `llx_holiday_logs`
--

CREATE TABLE `llx_holiday_logs` (
  `rowid` int(11) NOT NULL AUTO_INCREMENT,
  `date_action` datetime NOT NULL,
  `fk_user_action` int(11) NOT NULL,
  `fk_user_update` int(11) NOT NULL,
  `type_action` varchar(255) NOT NULL,
  `prev_solde` varchar(255) NOT NULL,
  `new_solde` varchar(255) NOT NULL,
  `fk_type` int(11) NOT NULL DEFAULT '1',
  PRIMARY KEY (`rowid`)
) ENGINE=InnoDB AUTO_INCREMENT=195 DEFAULT CHARSET=utf8;

--
-- Dumping data for table `llx_holiday_logs`
--

INSERT INTO `llx_holiday_logs` VALUES (1,'2013-01-17 21:03:15',1,1,'Event : Mise à jour mensuelle','0.00','2.08',1),(2,'2013-01-17 21:03:15',1,2,'Event : Mise à jour mensuelle','0.00','2.08',1),(3,'2013-01-17 21:03:15',1,3,'Event : Mise à jour mensuelle','0.00','2.08',1),(4,'2013-02-01 09:53:26',1,1,'Event : Mise à jour mensuelle','2.08','4.16',1),(5,'2013-02-01 09:53:26',1,2,'Event : Mise à jour mensuelle','2.08','4.16',1),(6,'2013-02-01 09:53:26',1,3,'Event : Mise à jour mensuelle','2.08','4.16',1),(7,'2013-02-01 09:53:26',1,1,'Event : Mise à jour mensuelle','4.17','6.25',1),(8,'2013-02-01 09:53:26',1,2,'Event : Mise à jour mensuelle','4.17','6.25',1),(9,'2013-02-01 09:53:26',1,3,'Event : Mise à jour mensuelle','4.17','6.25',1),(10,'2013-02-01 09:53:26',1,4,'Event : Mise à jour mensuelle','0.00','2.08',1),(11,'2013-02-01 09:53:31',1,1,'Event : Mise à jour mensuelle','6.25','8.33',1),(12,'2013-02-01 09:53:31',1,2,'Event : Mise à jour mensuelle','6.25','8.33',1),(13,'2013-02-01 09:53:31',1,3,'Event : Mise à jour mensuelle','6.25','8.33',1),(14,'2013-02-01 09:53:31',1,4,'Event : Mise à jour mensuelle','2.08','4.16',1),(15,'2013-02-01 09:53:31',1,1,'Event : Mise à jour mensuelle','8.33','10.41',1),(16,'2013-02-01 09:53:31',1,2,'Event : Mise à jour mensuelle','8.33','10.41',1),(17,'2013-02-01 09:53:31',1,3,'Event : Mise à jour mensuelle','8.33','10.41',1),(18,'2013-02-01 09:53:31',1,4,'Event : Mise à jour mensuelle','4.17','6.25',1),(19,'2013-02-01 09:53:33',1,1,'Event : Mise à jour mensuelle','10.42','12.50',1),(20,'2013-02-01 09:53:33',1,2,'Event : Mise à jour mensuelle','10.42','12.50',1),(21,'2013-02-01 09:53:33',1,3,'Event : Mise à jour mensuelle','10.42','12.50',1),(22,'2013-02-01 09:53:33',1,4,'Event : Mise à jour mensuelle','6.25','8.33',1),(23,'2013-02-01 09:53:34',1,1,'Event : Mise à jour mensuelle','12.50','14.58',1),(24,'2013-02-01 09:53:34',1,2,'Event : Mise à jour mensuelle','12.50','14.58',1),(25,'2013-02-01 09:53:34',1,3,'Event : Mise à jour mensuelle','12.50','14.58',1),(26,'2013-02-01 09:53:34',1,4,'Event : Mise à jour mensuelle','8.33','10.41',1),(27,'2013-02-01 09:53:34',1,1,'Event : Mise à jour mensuelle','14.58','16.66',1),(28,'2013-02-01 09:53:34',1,2,'Event : Mise à jour mensuelle','14.58','16.66',1),(29,'2013-02-01 09:53:34',1,3,'Event : Mise à jour mensuelle','14.58','16.66',1),(30,'2013-02-01 09:53:34',1,4,'Event : Mise à jour mensuelle','10.42','12.50',1),(31,'2013-02-01 09:53:36',1,1,'Event : Mise à jour mensuelle','16.67','18.75',1),(32,'2013-02-01 09:53:36',1,2,'Event : Mise à jour mensuelle','16.67','18.75',1),(33,'2013-02-01 09:53:36',1,3,'Event : Mise à jour mensuelle','16.67','18.75',1),(34,'2013-02-01 09:53:36',1,4,'Event : Mise à jour mensuelle','12.50','14.58',1),(35,'2013-02-01 09:53:36',1,1,'Event : Mise à jour mensuelle','18.75','20.83',1),(36,'2013-02-01 09:53:36',1,2,'Event : Mise à jour mensuelle','18.75','20.83',1),(37,'2013-02-01 09:53:36',1,3,'Event : Mise à jour mensuelle','18.75','20.83',1),(38,'2013-02-01 09:53:36',1,4,'Event : Mise à jour mensuelle','14.58','16.66',1),(39,'2013-02-01 09:53:37',1,1,'Event : Mise à jour mensuelle','20.83','22.91',1),(40,'2013-02-01 09:53:37',1,2,'Event : Mise à jour mensuelle','20.83','22.91',1),(41,'2013-02-01 09:53:37',1,3,'Event : Mise à jour mensuelle','20.83','22.91',1),(42,'2013-02-01 09:53:37',1,4,'Event : Mise à jour mensuelle','16.67','18.75',1),(43,'2013-02-01 09:53:37',1,1,'Event : Mise à jour mensuelle','22.92','25.00',1),(44,'2013-02-01 09:53:37',1,2,'Event : Mise à jour mensuelle','22.92','25.00',1),(45,'2013-02-01 09:53:37',1,3,'Event : Mise à jour mensuelle','22.92','25.00',1),(46,'2013-02-01 09:53:37',1,4,'Event : Mise à jour mensuelle','18.75','20.83',1),(47,'2013-02-01 09:53:44',1,1,'Event : Mise à jour mensuelle','25.00','27.08',1),(48,'2013-02-01 09:53:44',1,2,'Event : Mise à jour mensuelle','25.00','27.08',1),(49,'2013-02-01 09:53:44',1,3,'Event : Mise à jour mensuelle','25.00','27.08',1),(50,'2013-02-01 09:53:44',1,4,'Event : Mise à jour mensuelle','20.83','22.91',1),(51,'2013-02-01 09:53:47',1,1,'Event : Mise à jour mensuelle','27.08','29.16',1),(52,'2013-02-01 09:53:47',1,2,'Event : Mise à jour mensuelle','27.08','29.16',1),(53,'2013-02-01 09:53:47',1,3,'Event : Mise à jour mensuelle','27.08','29.16',1),(54,'2013-02-01 09:53:47',1,4,'Event : Mise à jour mensuelle','22.92','25.00',1),(55,'2013-02-01 09:53:47',1,1,'Event : Mise à jour mensuelle','29.17','31.25',1),(56,'2013-02-01 09:53:47',1,2,'Event : Mise à jour mensuelle','29.17','31.25',1),(57,'2013-02-01 09:53:47',1,3,'Event : Mise à jour mensuelle','29.17','31.25',1),(58,'2013-02-01 09:53:47',1,4,'Event : Mise à jour mensuelle','25.00','27.08',1),(59,'2013-02-01 09:53:49',1,1,'Event : Mise à jour mensuelle','31.25','33.33',1),(60,'2013-02-01 09:53:49',1,2,'Event : Mise à jour mensuelle','31.25','33.33',1),(61,'2013-02-01 09:53:49',1,3,'Event : Mise à jour mensuelle','31.25','33.33',1),(62,'2013-02-01 09:53:49',1,4,'Event : Mise à jour mensuelle','27.08','29.16',1),(63,'2013-02-01 09:53:52',1,1,'Event : Mise à jour mensuelle','33.33','35.41',1),(64,'2013-02-01 09:53:52',1,2,'Event : Mise à jour mensuelle','33.33','35.41',1),(65,'2013-02-01 09:53:52',1,3,'Event : Mise à jour mensuelle','33.33','35.41',1),(66,'2013-02-01 09:53:52',1,4,'Event : Mise à jour mensuelle','29.17','31.25',1),(67,'2013-02-01 09:53:52',1,1,'Event : Mise à jour mensuelle','35.42','37.50',1),(68,'2013-02-01 09:53:52',1,2,'Event : Mise à jour mensuelle','35.42','37.50',1),(69,'2013-02-01 09:53:52',1,3,'Event : Mise à jour mensuelle','35.42','37.50',1),(70,'2013-02-01 09:53:52',1,4,'Event : Mise à jour mensuelle','31.25','33.33',1),(71,'2013-02-01 09:53:53',1,1,'Event : Mise à jour mensuelle','37.50','39.58',1),(72,'2013-02-01 09:53:53',1,2,'Event : Mise à jour mensuelle','37.50','39.58',1),(73,'2013-02-01 09:53:53',1,3,'Event : Mise à jour mensuelle','37.50','39.58',1),(74,'2013-02-01 09:53:53',1,4,'Event : Mise à jour mensuelle','33.33','35.41',1),(75,'2013-02-01 09:53:54',1,1,'Event : Mise à jour mensuelle','39.58','41.66',1),(76,'2013-02-01 09:53:54',1,2,'Event : Mise à jour mensuelle','39.58','41.66',1),(77,'2013-02-01 09:53:54',1,3,'Event : Mise à jour mensuelle','39.58','41.66',1),(78,'2013-02-01 09:53:54',1,4,'Event : Mise à jour mensuelle','35.42','37.50',1),(79,'2013-02-01 09:53:54',1,1,'Event : Mise à jour mensuelle','41.67','43.75',1),(80,'2013-02-01 09:53:54',1,2,'Event : Mise à jour mensuelle','41.67','43.75',1),(81,'2013-02-01 09:53:54',1,3,'Event : Mise à jour mensuelle','41.67','43.75',1),(82,'2013-02-01 09:53:54',1,4,'Event : Mise à jour mensuelle','37.50','39.58',1),(83,'2013-02-01 09:55:49',1,1,'Event : Mise à jour mensuelle','43.75','45.83',1),(84,'2013-02-01 09:55:49',1,2,'Event : Mise à jour mensuelle','43.75','45.83',1),(85,'2013-02-01 09:55:49',1,3,'Event : Mise à jour mensuelle','43.75','45.83',1),(86,'2013-02-01 09:55:49',1,4,'Event : Mise à jour mensuelle','39.58','41.66',1),(87,'2013-02-01 09:55:56',1,1,'Event : Mise à jour mensuelle','45.83','47.91',1),(88,'2013-02-01 09:55:56',1,2,'Event : Mise à jour mensuelle','45.83','47.91',1),(89,'2013-02-01 09:55:56',1,3,'Event : Mise à jour mensuelle','45.83','47.91',1),(90,'2013-02-01 09:55:56',1,4,'Event : Mise à jour mensuelle','41.67','43.75',1),(91,'2013-02-01 09:56:01',1,1,'Event : Mise à jour mensuelle','47.92','50.00',1),(92,'2013-02-01 09:56:01',1,2,'Event : Mise à jour mensuelle','47.92','50.00',1),(93,'2013-02-01 09:56:01',1,3,'Event : Mise à jour mensuelle','47.92','50.00',1),(94,'2013-02-01 09:56:01',1,4,'Event : Mise à jour mensuelle','43.75','45.83',1),(95,'2013-02-01 09:56:01',1,1,'Event : Mise à jour mensuelle','50.00','52.08',1),(96,'2013-02-01 09:56:01',1,2,'Event : Mise à jour mensuelle','50.00','52.08',1),(97,'2013-02-01 09:56:01',1,3,'Event : Mise à jour mensuelle','50.00','52.08',1),(98,'2013-02-01 09:56:01',1,4,'Event : Mise à jour mensuelle','45.83','47.91',1),(99,'2013-02-01 09:56:03',1,1,'Event : Mise à jour mensuelle','52.08','54.16',1),(100,'2013-02-01 09:56:03',1,2,'Event : Mise à jour mensuelle','52.08','54.16',1),(101,'2013-02-01 09:56:03',1,3,'Event : Mise à jour mensuelle','52.08','54.16',1),(102,'2013-02-01 09:56:03',1,4,'Event : Mise à jour mensuelle','47.92','50.00',1),(103,'2013-02-01 09:56:03',1,1,'Event : Mise à jour mensuelle','54.17','56.25',1),(104,'2013-02-01 09:56:03',1,2,'Event : Mise à jour mensuelle','54.17','56.25',1),(105,'2013-02-01 09:56:03',1,3,'Event : Mise à jour mensuelle','54.17','56.25',1),(106,'2013-02-01 09:56:03',1,4,'Event : Mise à jour mensuelle','50.00','52.08',1),(107,'2013-02-01 09:56:05',1,1,'Event : Mise à jour mensuelle','56.25','58.33',1),(108,'2013-02-01 09:56:05',1,2,'Event : Mise à jour mensuelle','56.25','58.33',1),(109,'2013-02-01 09:56:05',1,3,'Event : Mise à jour mensuelle','56.25','58.33',1),(110,'2013-02-01 09:56:05',1,4,'Event : Mise à jour mensuelle','52.08','54.16',1),(111,'2013-02-01 09:56:06',1,1,'Event : Mise à jour mensuelle','58.33','60.41',1),(112,'2013-02-01 09:56:06',1,2,'Event : Mise à jour mensuelle','58.33','60.41',1),(113,'2013-02-01 09:56:06',1,3,'Event : Mise à jour mensuelle','58.33','60.41',1),(114,'2013-02-01 09:56:06',1,4,'Event : Mise à jour mensuelle','54.17','56.25',1),(115,'2013-02-01 09:56:06',1,1,'Event : Mise à jour mensuelle','60.42','62.50',1),(116,'2013-02-01 09:56:06',1,2,'Event : Mise à jour mensuelle','60.42','62.50',1),(117,'2013-02-01 09:56:06',1,3,'Event : Mise à jour mensuelle','60.42','62.50',1),(118,'2013-02-01 09:56:06',1,4,'Event : Mise à jour mensuelle','56.25','58.33',1),(119,'2013-02-01 09:56:07',1,1,'Event : Mise à jour mensuelle','62.50','64.58',1),(120,'2013-02-01 09:56:07',1,2,'Event : Mise à jour mensuelle','62.50','64.58',1),(121,'2013-02-01 09:56:07',1,3,'Event : Mise à jour mensuelle','62.50','64.58',1),(122,'2013-02-01 09:56:07',1,4,'Event : Mise à jour mensuelle','58.33','60.41',1),(123,'2013-02-01 09:56:07',1,1,'Event : Mise à jour mensuelle','64.58','66.66',1),(124,'2013-02-01 09:56:07',1,2,'Event : Mise à jour mensuelle','64.58','66.66',1),(125,'2013-02-01 09:56:07',1,3,'Event : Mise à jour mensuelle','64.58','66.66',1),(126,'2013-02-01 09:56:07',1,4,'Event : Mise à jour mensuelle','60.42','62.50',1),(127,'2013-02-01 09:56:50',1,1,'Event : Mise à jour mensuelle','66.67','68.75',1),(128,'2013-02-01 09:56:50',1,2,'Event : Mise à jour mensuelle','66.67','68.75',1),(129,'2013-02-01 09:56:50',1,3,'Event : Mise à jour mensuelle','66.67','68.75',1),(130,'2013-02-01 09:56:50',1,4,'Event : Mise à jour mensuelle','62.50','64.58',1),(131,'2013-02-01 09:56:50',1,1,'Event : Mise à jour mensuelle','68.75','70.83',1),(132,'2013-02-01 09:56:50',1,2,'Event : Mise à jour mensuelle','68.75','70.83',1),(133,'2013-02-01 09:56:50',1,3,'Event : Mise à jour mensuelle','68.75','70.83',1),(134,'2013-02-01 09:56:50',1,4,'Event : Mise à jour mensuelle','64.58','66.66',1),(135,'2013-02-17 18:49:21',1,1,'Event : Mise à jour mensuelle','70.83','72.91',1),(136,'2013-02-17 18:49:21',1,2,'Event : Mise à jour mensuelle','70.83','72.91',1),(137,'2013-02-17 18:49:21',1,3,'Event : Mise à jour mensuelle','70.83','72.91',1),(138,'2013-02-17 18:49:21',1,4,'Event : Mise à jour mensuelle','66.67','68.75',1),(139,'2013-02-17 19:06:57',1,1,'Event : Holiday','72.92','71.92',1),(140,'2013-03-01 23:12:31',1,1,'Event : Mise à jour mensuelle','71.92','74.00',1),(141,'2013-03-01 23:12:31',1,2,'Event : Mise à jour mensuelle','72.92','75.00',1),(142,'2013-03-01 23:12:31',1,3,'Event : Mise à jour mensuelle','72.92','75.00',1),(143,'2013-03-01 23:12:31',1,4,'Event : Mise à jour mensuelle','68.75','70.83',1),(145,'2015-07-19 15:44:57',1,1,'Monthly update','0','2.08334',4),(146,'2015-07-19 15:44:57',1,2,'Monthly update','0','2.08334',4),(147,'2015-07-19 15:44:57',1,3,'Monthly update','0','2.08334',4),(148,'2015-07-19 15:44:57',1,4,'Monthly update','0','2.08334',4),(151,'2015-07-19 15:44:57',1,1,'Monthly update','0','2.08334',5),(152,'2015-07-19 15:44:57',1,2,'Monthly update','0','2.08334',5),(153,'2015-07-19 15:44:57',1,3,'Monthly update','0','2.08334',5),(154,'2015-07-19 15:44:57',1,4,'Monthly update','0','2.08334',5),(157,'2015-07-19 15:44:57',1,1,'Monthly update','0','2.08334',9),(158,'2015-07-19 15:44:57',1,2,'Monthly update','0','2.08334',9),(159,'2015-07-19 15:44:57',1,3,'Monthly update','0','2.08334',9),(160,'2015-07-19 15:44:57',1,4,'Monthly update','0','2.08334',9),(163,'2016-01-22 18:59:06',12,1,'Monthly update','0','2.08334',4),(164,'2016-01-22 18:59:06',12,2,'Monthly update','0','2.08334',4),(165,'2016-01-22 18:59:06',12,3,'Monthly update','0','2.08334',4),(166,'2016-01-22 18:59:06',12,4,'Monthly update','0','2.08334',4),(168,'2016-01-22 18:59:06',12,1,'Monthly update','0','2.08334',5),(169,'2016-01-22 18:59:06',12,2,'Monthly update','0','2.08334',5),(170,'2016-01-22 18:59:06',12,3,'Monthly update','0','2.08334',5),(171,'2016-01-22 18:59:06',12,4,'Monthly update','0','2.08334',5),(173,'2016-01-22 18:59:06',12,1,'Monthly update','0','2.08334',9),(174,'2016-01-22 18:59:06',12,2,'Monthly update','0','2.08334',9),(175,'2016-01-22 18:59:06',12,3,'Monthly update','0','2.08334',9),(176,'2016-01-22 18:59:06',12,4,'Monthly update','0','2.08334',9),(178,'2016-01-22 18:59:38',12,18,'Manual update','0','10',5),(179,'2016-01-22 18:59:42',12,16,'Manual update','0','10',5),(180,'2016-01-22 18:59:45',12,12,'Manual update','0','10',5),(181,'2016-01-22 18:59:49',12,1,'Manual update','0','10',5),(182,'2016-01-22 18:59:52',12,2,'Manual update','0','10',5),(183,'2016-01-22 18:59:55',12,3,'Manual update','0','5',5),(184,'2016-07-30 19:45:49',12,1,'Manual update','0','25',3),(185,'2016-07-30 19:45:52',12,2,'Manual update','0','23',3),(186,'2016-07-30 19:45:54',12,3,'Manual update','0','10',3),(187,'2016-07-30 19:45:57',12,4,'Manual update','0','-4',3),(188,'2016-07-30 19:46:02',12,10,'Manual update','0','20',3),(189,'2016-07-30 19:46:04',12,11,'Manual update','0','30',3),(190,'2016-07-30 19:46:07',12,12,'Manual update','0','15',3),(191,'2016-07-30 19:46:09',12,13,'Manual update','0','11',3),(192,'2016-07-30 19:46:12',12,14,'Manual update','0','4',3),(193,'2016-07-30 19:46:14',12,16,'Manual update','0','5',3),(194,'2016-07-30 19:46:16',12,18,'Manual update','0','22',3);

--
-- Table structure for table `llx_holiday_users`
--

CREATE TABLE `llx_holiday_users` (
  `fk_user` int(11) NOT NULL,
  `nb_holiday` double NOT NULL DEFAULT '0',
  `fk_type` int(11) NOT NULL DEFAULT '1'
) ENGINE=InnoDB DEFAULT CHARSET=utf8;

--
-- Dumping data for table `llx_holiday_users`
--

INSERT INTO `llx_holiday_users` VALUES (0,0,1),(1,74.00334000000001,1),(2,75.00024000000003,1),(3,75.00024000000003,1),(4,70.83356000000002,1),(5,2.08334,1),(6,0,1),(18,10,5),(16,10,5),(12,10,5),(1,10,5),(2,10,5),(3,5,5),(1,25,3),(2,23,3),(3,10,3),(4,-4,3),(10,20,3),(11,30,3),(12,15,3),(13,11,3),(14,4,3),(16,5,3),(18,22,3);

--
-- Table structure for table `llx_import_model`
--

CREATE TABLE `llx_import_model` (
  `rowid` int(11) NOT NULL AUTO_INCREMENT,
  `fk_user` int(11) NOT NULL DEFAULT '0',
  `label` varchar(50) NOT NULL,
  `type` varchar(50) DEFAULT NULL,
  `field` text NOT NULL,
  PRIMARY KEY (`rowid`),
  UNIQUE KEY `uk_import_model` (`label`,`type`)
) ENGINE=InnoDB DEFAULT CHARSET=utf8;

--
-- Dumping data for table `llx_import_model`
--


--
-- Table structure for table `llx_links`
--

CREATE TABLE `llx_links` (
  `rowid` int(11) NOT NULL AUTO_INCREMENT,
  `entity` int(11) NOT NULL DEFAULT '1',
  `datea` datetime NOT NULL,
  `url` varchar(255) NOT NULL,
  `label` varchar(255) NOT NULL,
  `objecttype` varchar(255) NOT NULL,
  `objectid` int(11) NOT NULL,
  PRIMARY KEY (`rowid`),
  UNIQUE KEY `uk_links` (`objectid`,`label`)
) ENGINE=InnoDB AUTO_INCREMENT=5 DEFAULT CHARSET=latin1;

--
-- Dumping data for table `llx_links`
--

INSERT INTO `llx_links` VALUES (1,1,'2016-01-16 16:45:35','http://www.dolicloud.com','The DoliCoud service','societe',10),(2,1,'2016-01-16 17:14:35','https://www.dolistore.com/en/tools-documentation/12-SVG-file-for-85cm-x-200cm-rollup.html','Link to rollup file on dolistore.com','product',11),(3,1,'2016-01-22 17:40:23','http://www.nltechno.com','NLtechno portal','societe',10),(4,1,'2016-01-22 18:32:31','https://play.google.com/store/apps/details?id=com.nltechno.dolidroidpro','Link on Google Play','product',5);

--
-- Table structure for table `llx_livraison`
--

CREATE TABLE `llx_livraison` (
  `rowid` int(11) NOT NULL AUTO_INCREMENT,
  `tms` timestamp NOT NULL DEFAULT CURRENT_TIMESTAMP ON UPDATE CURRENT_TIMESTAMP,
  `ref` varchar(30) NOT NULL,
  `entity` int(11) NOT NULL DEFAULT '1',
  `ref_customer` varchar(30) DEFAULT NULL,
  `fk_soc` int(11) NOT NULL,
  `ref_ext` varchar(30) DEFAULT NULL,
  `ref_int` varchar(30) DEFAULT NULL,
  `date_creation` datetime DEFAULT NULL,
  `fk_user_author` int(11) DEFAULT NULL,
  `date_valid` datetime DEFAULT NULL,
  `fk_user_valid` int(11) DEFAULT NULL,
  `date_delivery` datetime DEFAULT NULL,
  `fk_address` int(11) DEFAULT NULL,
  `fk_statut` smallint(6) DEFAULT '0',
  `total_ht` double(24,8) DEFAULT '0.00000000',
  `note_private` text,
  `note_public` text,
  `model_pdf` varchar(255) DEFAULT NULL,
  `fk_incoterms` int(11) DEFAULT NULL,
  `location_incoterms` varchar(255) DEFAULT NULL,
  PRIMARY KEY (`rowid`),
  UNIQUE KEY `idx_livraison_uk_ref` (`ref`,`entity`),
  KEY `idx_livraison_fk_soc` (`fk_soc`),
  KEY `idx_livraison_fk_user_author` (`fk_user_author`),
  KEY `idx_livraison_fk_user_valid` (`fk_user_valid`),
  CONSTRAINT `fk_livraison_fk_soc` FOREIGN KEY (`fk_soc`) REFERENCES `llx_societe` (`rowid`),
  CONSTRAINT `fk_livraison_fk_user_author` FOREIGN KEY (`fk_user_author`) REFERENCES `llx_user` (`rowid`),
  CONSTRAINT `fk_livraison_fk_user_valid` FOREIGN KEY (`fk_user_valid`) REFERENCES `llx_user` (`rowid`)
) ENGINE=InnoDB DEFAULT CHARSET=utf8;

--
-- Dumping data for table `llx_livraison`
--


--
-- Table structure for table `llx_livraison_extrafields`
--

CREATE TABLE `llx_livraison_extrafields` (
  `rowid` int(11) NOT NULL AUTO_INCREMENT,
  `tms` timestamp NOT NULL DEFAULT CURRENT_TIMESTAMP ON UPDATE CURRENT_TIMESTAMP,
  `fk_object` int(11) NOT NULL,
  `import_key` varchar(14) DEFAULT NULL,
  PRIMARY KEY (`rowid`),
  KEY `idx_livraison_extrafields` (`fk_object`)
) ENGINE=InnoDB DEFAULT CHARSET=utf8;

--
-- Dumping data for table `llx_livraison_extrafields`
--


--
-- Table structure for table `llx_livraisondet`
--

CREATE TABLE `llx_livraisondet` (
  `rowid` int(11) NOT NULL AUTO_INCREMENT,
  `fk_livraison` int(11) DEFAULT NULL,
  `fk_origin_line` int(11) DEFAULT NULL,
  `fk_product` int(11) DEFAULT NULL,
  `description` text,
  `qty` double DEFAULT NULL,
  `subprice` double(24,8) DEFAULT '0.00000000',
  `total_ht` double(24,8) DEFAULT '0.00000000',
  `rang` int(11) DEFAULT '0',
  PRIMARY KEY (`rowid`),
  KEY `idx_livraisondet_fk_expedition` (`fk_livraison`),
  CONSTRAINT `fk_livraisondet_fk_livraison` FOREIGN KEY (`fk_livraison`) REFERENCES `llx_livraison` (`rowid`)
) ENGINE=InnoDB DEFAULT CHARSET=utf8;

--
-- Dumping data for table `llx_livraisondet`
--


--
-- Table structure for table `llx_livraisondet_extrafields`
--

CREATE TABLE `llx_livraisondet_extrafields` (
  `rowid` int(11) NOT NULL AUTO_INCREMENT,
  `tms` timestamp NOT NULL DEFAULT CURRENT_TIMESTAMP ON UPDATE CURRENT_TIMESTAMP,
  `fk_object` int(11) NOT NULL,
  `import_key` varchar(14) DEFAULT NULL,
  PRIMARY KEY (`rowid`),
  KEY `idx_livraisondet_extrafields` (`fk_object`)
) ENGINE=InnoDB DEFAULT CHARSET=utf8;

--
-- Dumping data for table `llx_livraisondet_extrafields`
--


--
-- Table structure for table `llx_loan`
--

CREATE TABLE `llx_loan` (
  `rowid` int(11) NOT NULL AUTO_INCREMENT,
  `entity` int(11) NOT NULL DEFAULT '1',
  `datec` datetime DEFAULT NULL,
  `tms` timestamp NOT NULL DEFAULT CURRENT_TIMESTAMP ON UPDATE CURRENT_TIMESTAMP,
  `label` varchar(80) NOT NULL,
  `fk_bank` int(11) DEFAULT NULL,
  `capital` double NOT NULL DEFAULT '0',
  `datestart` date DEFAULT NULL,
  `dateend` date DEFAULT NULL,
  `nbterm` double DEFAULT NULL,
  `rate` double NOT NULL,
  `note_private` text,
  `note_public` text,
  `capital_position` double DEFAULT '0',
  `date_position` date DEFAULT NULL,
  `paid` smallint(6) NOT NULL DEFAULT '0',
  `accountancy_account_capital` varchar(32) DEFAULT NULL,
  `accountancy_account_insurance` varchar(32) DEFAULT NULL,
  `accountancy_account_interest` varchar(32) DEFAULT NULL,
  `fk_user_author` int(11) DEFAULT NULL,
  `fk_user_modif` int(11) DEFAULT NULL,
  `active` tinyint(4) NOT NULL DEFAULT '1',
  PRIMARY KEY (`rowid`)
) ENGINE=InnoDB DEFAULT CHARSET=utf8;

--
-- Dumping data for table `llx_loan`
--


--
-- Table structure for table `llx_localtax`
--

CREATE TABLE `llx_localtax` (
  `rowid` int(11) NOT NULL AUTO_INCREMENT,
  `entity` int(11) NOT NULL DEFAULT '1',
  `localtaxtype` tinyint(4) DEFAULT NULL,
  `tms` timestamp NOT NULL DEFAULT CURRENT_TIMESTAMP ON UPDATE CURRENT_TIMESTAMP,
  `datep` date DEFAULT NULL,
  `datev` date DEFAULT NULL,
  `amount` double NOT NULL DEFAULT '0',
  `label` varchar(255) DEFAULT NULL,
  `note` text,
  `fk_bank` int(11) DEFAULT NULL,
  `fk_user_creat` int(11) DEFAULT NULL,
  `fk_user_modif` int(11) DEFAULT NULL,
  PRIMARY KEY (`rowid`)
) ENGINE=InnoDB DEFAULT CHARSET=utf8;

--
-- Dumping data for table `llx_localtax`
--


--
-- Table structure for table `llx_mailing`
--

CREATE TABLE `llx_mailing` (
  `rowid` int(11) NOT NULL AUTO_INCREMENT,
  `statut` smallint(6) DEFAULT '0',
  `titre` varchar(60) DEFAULT NULL,
  `entity` int(11) NOT NULL DEFAULT '1',
  `sujet` varchar(60) DEFAULT NULL,
  `body` mediumtext,
  `bgcolor` varchar(8) DEFAULT NULL,
  `bgimage` varchar(255) DEFAULT NULL,
  `cible` varchar(60) DEFAULT NULL,
  `nbemail` int(11) DEFAULT NULL,
  `email_from` varchar(160) DEFAULT NULL,
  `email_replyto` varchar(160) DEFAULT NULL,
  `email_errorsto` varchar(160) DEFAULT NULL,
  `tag` varchar(128) DEFAULT NULL,
  `date_creat` datetime DEFAULT NULL,
  `date_valid` datetime DEFAULT NULL,
  `date_appro` datetime DEFAULT NULL,
  `date_envoi` datetime DEFAULT NULL,
  `fk_user_creat` int(11) DEFAULT NULL,
  `fk_user_valid` int(11) DEFAULT NULL,
  `fk_user_appro` int(11) DEFAULT NULL,
  `joined_file1` varchar(255) DEFAULT NULL,
  `joined_file2` varchar(255) DEFAULT NULL,
  `joined_file3` varchar(255) DEFAULT NULL,
  `joined_file4` varchar(255) DEFAULT NULL,
  `extraparams` varchar(255) DEFAULT NULL,
  PRIMARY KEY (`rowid`)
) ENGINE=InnoDB AUTO_INCREMENT=6 DEFAULT CHARSET=utf8;

--
-- Dumping data for table `llx_mailing`
--

INSERT INTO `llx_mailing` VALUES (3,2,'Commercial emailing January',1,'Buy my product','<div style=\"text-align: center; background: #220044\"><span style=\"color:#FFFFFF\"><strong><span style=\"font-size:18px\"><img alt=\"\" src=\"/dolibarr_4.0/htdocs/viewimage.php?modulepart=medias&file=image/myimagesforemailing/dolicloud_logo_white.png\" style=\"height:80px; width:260px\" /></span></strong></span><br />\r\n<a href=\"http://www.facebook.com\" target=\"_new\"><img alt=\"Seguici su facebook\" src=\"https://mosaico.io/templates/versafluid/img/social/facebook.png\" style=\"height:24px; padding:0px 5px 0px 5px; width:24px\" /></a><a href=\"http://www.twitter.com\" target=\"_new\"><img alt=\"Seguici su twitter\" src=\"https://mosaico.io/templates/versafluid/img/social/twitter.png\" style=\"height:24px; padding:0px 5px; width:24px\" /></a><a href=\"http://plus.google.com\" target=\"_new\"><img alt=\"Seguici su G+\" src=\"https://mosaico.io/templates/versafluid/img/social/google-plus.png\" style=\"height:24px; padding:0px 5px; width:24px\" /></a><a href=\"http://www.linkedin.com\" target=\"_new\"><img alt=\"Seguici su linkedin\" src=\"https://mosaico.io/templates/versafluid/img/social/linkedin.png\" style=\"height:24px; padding:0px 5px; width:24px\" /></a></div>\r\n\r\n<table style=\"background:#ffffff; border:0; margin:0; padding:5px; text-align:center; width:100%\">\r\n	<tbody>\r\n		<tr>\r\n			<td>\r\n			<table cellpadding=\"0\" cellspacing=\"0\" style=\"background:#ffffff; border:0; margin:0; padding:5px; width:100%\">\r\n				<tbody>\r\n					<tr>\r\n						<td>\r\n						<table border=\"0\" style=\"background:#ffffff; border:0; margin:0; padding:5px; width:100%\">\r\n							<tbody>\r\n								<tr>\r\n									<td>\r\n									<table border=\"0\" cellpadding=\"0\" cellspacing=\"0\" style=\"background:#ffffff; border:0; margin:0; padding:5px; width:100%\">\r\n										<tbody>\r\n											<tr>\r\n												<td>\r\n												<p style=\"text-align:center\"><span style=\"font-size:16px\"><strong>DoliCloud</strong> is the service to provide you a web hosting solution of Dolibarr ERP CRM in one click. Just enter your email to create your instance and you are ready to work. Backup and full access is to data (SFTP, Mysql) are provided.</span></p>\r\n												</td>\r\n											</tr>\r\n										</tbody>\r\n									</table>\r\n									</td>\r\n								</tr>\r\n								<tr>\r\n									<td>\r\n									<table style=\"background:#ffffff; border:0; margin:0; padding:5px; width:100%\">\r\n										<tbody>\r\n											<tr>\r\n												<td>\r\n												<table align=\"center\" border=\"0\" cellpadding=\"0\" cellspacing=\"0\" class=\"responsive-table\" style=\"width:100%\">\r\n													<tbody>\r\n														<tr>\r\n															<td style=\"text-align:center\"><a class=\"mobile-button\" href=\"https://www.on.dolicloud.com/signUp/index?origin=dolicloudhome&planCode=basic\" style=\"display: inline-block; font-size: 18px; font-family: Helvetica, Arial, sans-serif; font-weight: normal; color: #ffffff; text-decoration: none; background-color: #9C010F; padding-top: 15px; padding-bottom: 15px; padding-left: 25px; padding-right: 25px; border-radius: 3px; -webkit-border-radius: 3px; -moz-border-radius: 3px; border-bottom: 3px solid #5f0109;\" target=\"_new\">Test Dolibarr ERP CRM on Dolicloud →</a></td>\r\n														</tr>\r\n													</tbody>\r\n												</table>\r\n												</td>\r\n											</tr>\r\n										</tbody>\r\n									</table>\r\n									</td>\r\n								</tr>\r\n							</tbody>\r\n						</table>\r\n						</td>\r\n					</tr>\r\n				</tbody>\r\n			</table>\r\n			</td>\r\n		</tr>\r\n	</tbody>\r\n</table>\r\n\r\n<table border=\"0\" cellpadding=\"0\" cellspacing=\"0\" id=\"ko_footerBlock_2\" style=\"min-width:500px; width:100%\">\r\n	<tbody>\r\n		<tr>\r\n			<td>\r\n			<table align=\"center\" border=\"0\" cellpadding=\"0\" cellspacing=\"0\" style=\"width:100%\">\r\n				<tbody>\r\n					<tr>\r\n						<td>\r\n						<table align=\"center\" style=\"background:#ffffff; border:0; margin:0; padding:5px; width:100%\">\r\n							<tbody>\r\n								<tr>\r\n									<td style=\"text-align:center\"><span style=\"color:#3F3D33\">DoliCloud team</span><br />\r\n									<strong><a class=\"original-only\" href=\"%5Bprofile_link%5D\" style=\"color: #3F3D33; text-decoration: none;\" target=\"_new\">Unsubscribe</a><span style=\"color:#444444; font-family:arial,sans-serif; font-size:12px\">   |   </span><a href=\"%5Bshow_link%5D\" style=\"color: #3F3D33; text-decoration: none;\" target=\"_new\">View on web browser</a></strong></td>\r\n								</tr>\r\n							</tbody>\r\n						</table>\r\n						</td>\r\n					</tr>\r\n				</tbody>\r\n			</table>\r\n			</td>\r\n		</tr>\r\n	</tbody>\r\n</table>','','',NULL,26,'dolibarr@domain.com','','',NULL,'2010-07-11 13:15:59','2017-01-29 21:33:11',NULL,'2017-01-29 21:36:40',1,12,NULL,NULL,NULL,NULL,NULL,NULL),(4,0,'Commercial emailing February',1,'Buy my product','This is a new éEéé\"Mailing content<br />\r\n<br />\r\n<style type=\"text/css\">\r\n<!--\r\na:link {\r\n	color: #E2017A;\r\n}\r\n--></style>\r\n<span style=\"color:#800080;\"><strong>You can adit it with the WYSIWYG editor.</strong></span><br />\r\nIt is\r\n<ul>\r\n	<li>\r\n		Fast</li>\r\n	<li>\r\n		Easy to use</li>\r\n	<li>\r\n		Pretty</li>\r\n</ul>','','',NULL,NULL,'dolibarr@domain.com','','',NULL,'2011-07-18 20:44:33',NULL,NULL,NULL,1,NULL,NULL,NULL,NULL,NULL,NULL,NULL),(5,1,'Commercial emailing March',1,'Buy my product','<div style=\"text-align: center; background: #220044\"><span style=\"color:#FFFFFF\"><strong><span style=\"font-size:18px\"><img alt=\"\" src=\"/dolibarr_4.0/htdocs/viewimage.php?modulepart=medias&file=image/myimagesforemailing/dolicloud_logo_white.png\" style=\"height:80px; width:260px\" /></span></strong></span><br />\r\n<a href=\"http://www.facebook.com\" target=\"_new\"><img alt=\"Seguici su facebook\" src=\"https://mosaico.io/templates/versafluid/img/social/facebook.png\" style=\"height:24px; padding:0px 5px 0px 5px; width:24px\" /></a><a href=\"http://www.twitter.com\" target=\"_new\"><img alt=\"Seguici su twitter\" src=\"https://mosaico.io/templates/versafluid/img/social/twitter.png\" style=\"height:24px; padding:0px 5px; width:24px\" /></a><a href=\"http://plus.google.com\" target=\"_new\"><img alt=\"Seguici su G+\" src=\"https://mosaico.io/templates/versafluid/img/social/google-plus.png\" style=\"height:24px; padding:0px 5px; width:24px\" /></a><a href=\"http://www.linkedin.com\" target=\"_new\"><img alt=\"Seguici su linkedin\" src=\"https://mosaico.io/templates/versafluid/img/social/linkedin.png\" style=\"height:24px; padding:0px 5px; width:24px\" /></a></div>\r\n\r\n<table style=\"background:#ffffff; border:0; margin:0; padding:5px; text-align:center; width:100%\">\r\n	<tbody>\r\n		<tr>\r\n			<td>\r\n			<table cellpadding=\"0\" cellspacing=\"0\" style=\"background:#ffffff; border:0; margin:0; padding:5px; width:100%\">\r\n				<tbody>\r\n					<tr>\r\n						<td>\r\n						<table border=\"0\" style=\"background:#ffffff; border:0; margin:0; padding:5px; width:100%\">\r\n							<tbody>\r\n								<tr>\r\n									<td>\r\n									<table border=\"0\" cellpadding=\"0\" cellspacing=\"0\" style=\"background:#ffffff; border:0; margin:0; padding:5px; width:100%\">\r\n										<tbody>\r\n											<tr>\r\n												<td>\r\n												<p style=\"text-align:center\"><span style=\"font-size:16px\"><strong>DoliCloud</strong> is the service to provide you a web hosting solution of Dolibarr ERP CRM in one click. Just enter your email to create your instance and you are ready to work. Backup and full access is to data (SFTP, Mysql) are provided.</span></p>\r\n												</td>\r\n											</tr>\r\n										</tbody>\r\n									</table>\r\n									</td>\r\n								</tr>\r\n								<tr>\r\n									<td>\r\n									<table style=\"background:#ffffff; border:0; margin:0; padding:5px; width:100%\">\r\n										<tbody>\r\n											<tr>\r\n												<td>\r\n												<table align=\"center\" border=\"0\" cellpadding=\"0\" cellspacing=\"0\" class=\"responsive-table\" style=\"width:100%\">\r\n													<tbody>\r\n														<tr>\r\n															<td style=\"text-align:center\"><a class=\"mobile-button\" href=\"https://www.on.dolicloud.com/signUp/index?origin=dolicloudhome&planCode=basic\" style=\"display: inline-block; font-size: 18px; font-family: Helvetica, Arial, sans-serif; font-weight: normal; color: #ffffff; text-decoration: none; background-color: #9C010F; padding-top: 15px; padding-bottom: 15px; padding-left: 25px; padding-right: 25px; border-radius: 3px; -webkit-border-radius: 3px; -moz-border-radius: 3px; border-bottom: 3px solid #5f0109;\" target=\"_new\">Test Dolibarr ERP CRM on Dolicloud →</a></td>\r\n														</tr>\r\n													</tbody>\r\n												</table>\r\n												</td>\r\n											</tr>\r\n										</tbody>\r\n									</table>\r\n									</td>\r\n								</tr>\r\n							</tbody>\r\n						</table>\r\n						</td>\r\n					</tr>\r\n				</tbody>\r\n			</table>\r\n			</td>\r\n		</tr>\r\n	</tbody>\r\n</table>\r\n\r\n<table border=\"0\" cellpadding=\"0\" cellspacing=\"0\" id=\"ko_footerBlock_2\" style=\"min-width:500px; width:100%\">\r\n	<tbody>\r\n		<tr>\r\n			<td>\r\n			<table align=\"center\" border=\"0\" cellpadding=\"0\" cellspacing=\"0\" style=\"width:100%\">\r\n				<tbody>\r\n					<tr>\r\n						<td>\r\n						<table align=\"center\" style=\"background:#ffffff; border:0; margin:0; padding:5px; width:100%\">\r\n							<tbody>\r\n								<tr>\r\n									<td style=\"text-align:center\"><span style=\"color:#3F3D33\">DoliCloud team</span><br />\r\n									<strong><a class=\"original-only\" href=\"%5Bprofile_link%5D\" style=\"color: #3F3D33; text-decoration: none;\" target=\"_new\">Unsubscribe</a><span style=\"color:#444444; font-family:arial,sans-serif; font-size:12px\">   |   </span><a href=\"%5Bshow_link%5D\" style=\"color: #3F3D33; text-decoration: none;\" target=\"_new\">View on web browser</a></strong></td>\r\n								</tr>\r\n							</tbody>\r\n						</table>\r\n						</td>\r\n					</tr>\r\n				</tbody>\r\n			</table>\r\n			</td>\r\n		</tr>\r\n	</tbody>\r\n</table>','','',NULL,28,'dolibarr@domain.com','','',NULL,'2017-01-29 21:47:37','2017-01-29 21:54:55',NULL,NULL,12,12,NULL,NULL,NULL,NULL,NULL,NULL);

--
-- Table structure for table `llx_mailing_cibles`
--

CREATE TABLE `llx_mailing_cibles` (
  `rowid` int(11) NOT NULL AUTO_INCREMENT,
  `fk_mailing` int(11) NOT NULL,
  `fk_contact` int(11) NOT NULL,
  `lastname` varchar(50) DEFAULT NULL,
  `firstname` varchar(50) DEFAULT NULL,
  `email` varchar(160) NOT NULL,
  `other` varchar(255) DEFAULT NULL,
  `tag` varchar(128) DEFAULT NULL,
  `statut` smallint(6) NOT NULL DEFAULT '0',
  `source_url` varchar(160) DEFAULT NULL,
  `source_id` int(11) DEFAULT NULL,
  `source_type` varchar(16) DEFAULT NULL,
  `date_envoi` datetime DEFAULT NULL,
  `error_text` varchar(255) DEFAULT NULL,
  PRIMARY KEY (`rowid`),
  UNIQUE KEY `uk_mailing_cibles` (`fk_mailing`,`email`),
  KEY `idx_mailing_cibles_email` (`email`)
) ENGINE=InnoDB AUTO_INCREMENT=60 DEFAULT CHARSET=utf8;

--
-- Dumping data for table `llx_mailing_cibles`
--

INSERT INTO `llx_mailing_cibles` VALUES (1,1,0,'Dupont','Alain','toto@aa.com','Date fin=10/07/2011',NULL,0,'0',NULL,NULL,NULL,NULL),(2,2,0,'Swiss customer supplier','','abademail@aa.com','',NULL,0,'0',NULL,NULL,NULL,NULL),(3,2,0,'Smith Vick','','vsmith@email.com','',NULL,0,'0',NULL,NULL,NULL,NULL),(4,3,0,'Swiss customer supplier','','abademail@aa.com','',NULL,1,'0',NULL,NULL,'2017-01-29 21:36:40',NULL),(5,3,0,'Smith Vick','','vsmith@email.com','',NULL,1,'0',NULL,NULL,'2017-01-29 21:36:40',NULL),(7,3,0,'Name 2','Firstname 2','emailtest2@example.com','','522b79aedf231576db576d246d82a0d7',1,'',NULL,'file','2017-01-29 21:36:40',NULL),(8,3,0,'Name 3','Firstname 3','emailtest3@example.com','','f3e74e96a64068093af469b6826a75bf',1,'',NULL,'file','2017-01-29 21:36:40',NULL),(9,3,0,'Name 4','Firstname 4','emailtest4@example.com','','fdacf67090698e0216f5c9a449e7404a',2,'',NULL,'file','2017-01-29 21:36:40',NULL),(10,3,0,'Name 5','Firstname 5','emailtest5@example.com','','38b4e4895bf5e7f9969c9ad9bbcd0dce',3,'',NULL,'file','2017-01-29 21:36:40',NULL),(11,3,0,'Name 1','Firstname 1','emailtest1@example.com','','b2543a771e2a10c694fc6437859e29ae',1,'',NULL,'file','2017-01-29 21:36:40',NULL),(12,3,0,'Do','John','johndoe@example.com','','bdb70b6835ca053b113e7ac53c83efbe',-1,'',NULL,'file','2017-01-29 21:36:40','Invalid email'),(13,3,0,'Smith,Alan','','alan.smith@example.com','','326b9fb6d83f58b7ce5ca28a51022c83',2,'',NULL,'file','2017-01-29 21:36:40',NULL),(15,3,0,'Bowl','Kathy','kathy.bowl@example.com','','0848d51a04ad29adf28de7d6efe63091',2,'',NULL,'file','2017-01-29 21:36:40',NULL),(16,3,0,'Ducanseen','Herbert','herbert@example.com','','0585f4366c7b0c8bab592acb7256a409',1,'',NULL,'file','2017-01-29 21:36:40',NULL),(17,3,0,'Djay','Djay','djay@example.com','','fad171648dcd8449d6e2f8246724f153',1,'',NULL,'file','2017-01-29 21:36:40',NULL),(18,3,0,'','','alice.bigo@example.com','','86b03b13caec209e9a9d96979b7154b8',1,'',NULL,'file','2017-01-29 21:36:40',NULL),(19,3,0,'','','bob.markus@example.com','','06df0b2b930718949a5afee280f04e6b',1,'',NULL,'file','2017-01-29 21:36:40',NULL),(20,3,0,'Customer 1','','mycustomer1@example.com','','cac0a5a38fa9e67ed63d0753e08cd919',1,'',NULL,'file','2017-01-29 21:36:40',NULL),(21,3,0,'Customer 2','','mycustomer2@example.com','','19b631ee27e7036684675f2db35c54f0',0,'',NULL,'file',NULL,NULL),(22,3,0,'Customer 3','','mycustomer3@example.com','','bfd49e2db7c511e2d5bde30eda7db07a',0,'',NULL,'file',NULL,NULL),(23,3,0,'Customer 4','','mycustomer4@example.com','','de4640d0684c62dd83ffc27ff20d5938',0,'',NULL,'file',NULL,NULL),(24,3,0,'Customer 5','','mycustomer5@example.com','','2eb5786291928fd23ca0354ac261ec9b',0,'',NULL,'file',NULL,NULL),(25,3,0,'Customer 6','','mycustomer6@example.com','','c50c85b7f3370232c1d1335e17f953ca',0,'',NULL,'file',NULL,NULL),(26,3,0,'Prospect 1','','myprospect1@example.com','','553b1f7417f7c96290cdec5ca4c560f7',0,'',NULL,'file',NULL,NULL),(27,3,0,'Prospect 2','','myprospect2@example.com','','de45e526168546315ff4fedb54e63102',0,'',NULL,'file',NULL,NULL),(28,3,0,'Prospect 3','','myprospect3@example.com','','466d946e7c46881334f4abe427d382fa',0,'',NULL,'file',NULL,NULL),(29,3,0,'Prospect 4','','myprospect4@example.com','','619d1ec47318842971db7fa266b6d74a',0,'',NULL,'file',NULL,NULL),(30,3,0,'Prospect 5','','myprospect5@example.com','','e301713dcbf58d33ef1ae540dee58ad7',0,'',NULL,'file',NULL,NULL),(31,3,0,'Prospect 6','','myprospect6@example.com','','26fcbd0c641a535bfc14a80a867a61f2',0,'',NULL,'file',NULL,NULL),(32,5,0,'Swiss customer supplier','','abademail@aa.com','','0e7d20e3c9b1612a75eab5d12da84060',0,'0',NULL,'',NULL,NULL),(33,5,0,'Smith Vick','','vsmith@email.com','','cab14f12668ccb2c92843969819c6c6e',0,'0',NULL,'',NULL,NULL),(34,5,0,'Name 2','Firstname 2','emailtest2@example.com','','1b6adeceaac7e2b9c399c877f8b1a616',0,'',NULL,'file',NULL,NULL),(35,5,0,'Name 3','Firstname 3','emailtest3@example.com','','c9f6f80ba118c378aef4974e17b01a07',0,'',NULL,'file',NULL,NULL),(36,5,0,'Name 4','Firstname 4','emailtest4@example.com','','75a3051301db736a2bb7722de7b4ece1',0,'',NULL,'file',NULL,NULL),(37,5,0,'Name 5','Firstname 5','emailtest5@example.com','','a9e292e70ec11ed58718c9f5da58f870',0,'',NULL,'file',NULL,NULL),(38,5,0,'Name 1','Firstname 1','emailtest1@example.com','','0243e796981c9e82cc23d8a6a5a23570',0,'',NULL,'file',NULL,NULL),(39,5,0,'Do','John','johndoe@example.com','','7db6219748fbad348b1aa89f2014d529',0,'',NULL,'file',NULL,NULL),(40,5,0,'Smith,Alan','','alan.smith@example.com','','5006f91f3bd97918460b6dc3edf4cd7f',0,'',NULL,'file',NULL,NULL),(41,5,0,'Bowl','Kathy','kathy.bowl@example.com','','377ac5b241f2d5bf421a7162c60bf7b6',0,'',NULL,'file',NULL,NULL),(42,5,0,'Ducanseen','Herbert','herbert@example.com','','10e1b891a249ee8046f1686a0a44d773',0,'',NULL,'file',NULL,NULL),(43,5,0,'Djay','Djay','djay@example.com','','6cf76a2b74874caa6b8eced78f63bca1',0,'',NULL,'file',NULL,NULL),(44,5,0,'','','alice.bigo@example.com','','61651804afc02887a3934ab042285044',0,'',NULL,'file',NULL,NULL),(45,5,0,'','','bob.markus@example.com','','b6d3e934e4bc92d194b43041260564da',0,'',NULL,'file',NULL,NULL),(46,5,0,'Customer 1','','mycustomer1@example.com','','fa9ade908a5a420e7dc64e62d1d9eb65',0,'',NULL,'file',NULL,NULL),(47,5,0,'Customer 2','','mycustomer2@example.com','','5d502923487f0f4226ab9f5f71102857',0,'',NULL,'file',NULL,NULL),(48,5,0,'Customer 3','','mycustomer3@example.com','','0b7da54f9969554eee95684069173f23',0,'',NULL,'file',NULL,NULL),(49,5,0,'Customer 4','','mycustomer4@example.com','','b073cf47a6af4740c76620ab4442033c',0,'',NULL,'file',NULL,NULL),(50,5,0,'Customer 5','','mycustomer5@example.com','','468b7404027e91edf437c3980619c8f6',0,'',NULL,'file',NULL,NULL),(51,5,0,'Customer 6','','mycustomer6@example.com','','cb196086497f64cd23dd68aed2bf5cc8',0,'',NULL,'file',NULL,NULL),(52,5,0,'Prospect 1','','myprospect1@example.com','','9854ed6528267f30c8c22c24384b31ae',0,'',NULL,'file',NULL,NULL),(53,5,0,'Prospect 2','','myprospect2@example.com','','b37ed581bbc51b6d9a334e1626b5fe22',0,'',NULL,'file',NULL,NULL),(54,5,0,'Prospect 3','','myprospect3@example.com','','8bedd7821877a72841efae36691f7765',0,'',NULL,'file',NULL,NULL),(55,5,0,'Prospect 4','','myprospect4@example.com','','518353a5cfb1a628ada10874ac4e0098',0,'',NULL,'file',NULL,NULL),(56,5,0,'Prospect 5','','myprospect5@example.com','','de392a2999e262fec63c9de4a3fe7613',0,'',NULL,'file',NULL,NULL),(57,5,0,'Prospect 6','','myprospect6@example.com','','56256cc297c4870c514819cdb4e6b95c',0,'',NULL,'file',NULL,NULL),(58,5,0,'Prospect 7','','myprospect7@example.com','','d32512607d4e74d6f71d031538128721',0,'',NULL,'file',NULL,NULL),(59,5,0,'Prospect 8','','myprospect8@example.com','','427eeb75492ede5355996a8df998f9de',0,'',NULL,'file',NULL,NULL);

--
-- Table structure for table `llx_menu`
--

CREATE TABLE `llx_menu` (
  `rowid` int(11) NOT NULL AUTO_INCREMENT,
  `menu_handler` varchar(16) NOT NULL,
  `entity` int(11) NOT NULL DEFAULT '1',
  `module` varchar(64) DEFAULT NULL,
  `type` varchar(4) NOT NULL,
  `mainmenu` varchar(100) NOT NULL,
  `fk_menu` int(11) NOT NULL,
  `fk_leftmenu` varchar(24) DEFAULT NULL,
  `fk_mainmenu` varchar(24) DEFAULT NULL,
  `position` int(11) NOT NULL,
  `url` varchar(255) NOT NULL,
  `target` varchar(100) DEFAULT NULL,
  `titre` varchar(255) NOT NULL,
  `langs` varchar(100) DEFAULT NULL,
  `level` smallint(6) DEFAULT NULL,
  `leftmenu` varchar(100) DEFAULT NULL,
  `perms` varchar(255) DEFAULT NULL,
  `enabled` varchar(255) DEFAULT '1',
  `usertype` int(11) NOT NULL DEFAULT '0',
  `tms` timestamp NOT NULL DEFAULT CURRENT_TIMESTAMP ON UPDATE CURRENT_TIMESTAMP,
  PRIMARY KEY (`rowid`),
  UNIQUE KEY `idx_menu_uk_menu` (`menu_handler`,`fk_menu`,`position`,`url`,`entity`),
  KEY `idx_menu_menuhandler_type` (`menu_handler`,`type`)
) ENGINE=InnoDB AUTO_INCREMENT=145152 DEFAULT CHARSET=utf8;

--
-- Dumping data for table `llx_menu`
--

INSERT INTO `llx_menu` VALUES (103094,'all',2,'agenda','top','agenda',0,NULL,NULL,100,'/comm/action/index.php','','Agenda','agenda',NULL,NULL,'$user->rights->agenda->myactions->read','$conf->agenda->enabled',2,'2013-03-13 15:29:19'),(103095,'all',2,'agenda','left','agenda',103094,NULL,NULL,100,'/comm/action/index.php?mainmenu=agenda&amp;leftmenu=agenda','','Actions','agenda',NULL,NULL,'$user->rights->agenda->myactions->read','$conf->agenda->enabled',2,'2013-03-13 15:29:19'),(103096,'all',2,'agenda','left','agenda',103095,NULL,NULL,101,'/comm/action/card.php?mainmenu=agenda&amp;leftmenu=agenda&amp;action=create','','NewAction','commercial',NULL,NULL,'($user->rights->agenda->myactions->create||$user->rights->agenda->allactions->create)','$conf->agenda->enabled',2,'2013-03-13 15:29:19'),(103097,'all',2,'agenda','left','agenda',103095,NULL,NULL,102,'/comm/action/index.php?mainmenu=agenda&amp;leftmenu=agenda','','Calendar','agenda',NULL,NULL,'$user->rights->agenda->myactions->read','$conf->agenda->enabled',2,'2013-03-13 15:29:19'),(103098,'all',2,'agenda','left','agenda',103097,NULL,NULL,103,'/comm/action/index.php?mainmenu=agenda&amp;leftmenu=agenda&amp;status=todo&amp;filter=mine','','MenuToDoMyActions','agenda',NULL,NULL,'$user->rights->agenda->myactions->read','$conf->agenda->enabled',2,'2013-03-13 15:29:19'),(103099,'all',2,'agenda','left','agenda',103097,NULL,NULL,104,'/comm/action/index.php?mainmenu=agenda&amp;leftmenu=agenda&amp;status=done&amp;filter=mine','','MenuDoneMyActions','agenda',NULL,NULL,'$user->rights->agenda->myactions->read','$conf->agenda->enabled',2,'2013-03-13 15:29:19'),(103100,'all',2,'agenda','left','agenda',103097,NULL,NULL,105,'/comm/action/index.php?mainmenu=agenda&amp;leftmenu=agenda&amp;status=todo','','MenuToDoActions','agenda',NULL,NULL,'$user->rights->agenda->allactions->read','$user->rights->agenda->allactions->read',2,'2013-03-13 15:29:19'),(103101,'all',2,'agenda','left','agenda',103097,NULL,NULL,106,'/comm/action/index.php?mainmenu=agenda&amp;leftmenu=agenda&amp;status=done','','MenuDoneActions','agenda',NULL,NULL,'$user->rights->agenda->allactions->read','$user->rights->agenda->allactions->read',2,'2013-03-13 15:29:19'),(103102,'all',2,'agenda','left','agenda',103095,NULL,NULL,112,'/comm/action/listactions.php?mainmenu=agenda&amp;leftmenu=agenda','','List','agenda',NULL,NULL,'$user->rights->agenda->myactions->read','$conf->agenda->enabled',2,'2013-03-13 15:29:19'),(103103,'all',2,'agenda','left','agenda',103102,NULL,NULL,113,'/comm/action/listactions.php?mainmenu=agenda&amp;leftmenu=agenda&amp;status=todo&amp;filter=mine','','MenuToDoMyActions','agenda',NULL,NULL,'$user->rights->agenda->myactions->read','$conf->agenda->enabled',2,'2013-03-13 15:29:19'),(103104,'all',2,'agenda','left','agenda',103102,NULL,NULL,114,'/comm/action/listactions.php?mainmenu=agenda&amp;leftmenu=agenda&amp;status=done&amp;filter=mine','','MenuDoneMyActions','agenda',NULL,NULL,'$user->rights->agenda->myactions->read','$conf->agenda->enabled',2,'2013-03-13 15:29:19'),(103105,'all',2,'agenda','left','agenda',103102,NULL,NULL,115,'/comm/action/listactions.php?mainmenu=agenda&amp;leftmenu=agenda&amp;status=todo','','MenuToDoActions','agenda',NULL,NULL,'$user->rights->agenda->allactions->read','$user->rights->agenda->allactions->read',2,'2013-03-13 15:29:19'),(103106,'all',2,'agenda','left','agenda',103102,NULL,NULL,116,'/comm/action/listactions.php?mainmenu=agenda&amp;leftmenu=agenda&amp;status=done','','MenuDoneActions','agenda',NULL,NULL,'$user->rights->agenda->allactions->read','$user->rights->agenda->allactions->read',2,'2013-03-13 15:29:19'),(103107,'all',2,'agenda','left','agenda',103095,NULL,NULL,120,'/comm/action/rapport/index.php?mainmenu=agenda&amp;leftmenu=agenda','','Reportings','agenda',NULL,NULL,'$user->rights->agenda->allactions->read','$conf->agenda->enabled',2,'2013-03-13 15:29:19'),(103108,'all',2,'pos','top','pos',0,NULL,NULL,100,'/pos/backend/listefac.php','','POS','pos@pos',NULL,'1','1','1',2,'2013-03-13 20:33:09'),(103109,'all',2,'pos','left','pos',103108,NULL,NULL,100,'/pos/backend/list.php','','Tickets','pos@pos',NULL,NULL,'$user->rights->pos->backend','$conf->global->POS_USE_TICKETS',0,'2013-03-13 20:33:09'),(103110,'all',2,'pos','left','pos',103109,NULL,NULL,100,'/pos/backend/list.php','','List','main',NULL,NULL,'$user->rights->pos->backend','$conf->global->POS_USE_TICKETS',0,'2013-03-13 20:33:09'),(103111,'all',2,'pos','left','pos',103110,NULL,NULL,100,'/pos/backend/list.php?viewstatut=0','','StatusTicketDraft','pos@pos',NULL,NULL,'$user->rights->pos->backend','$conf->global->POS_USE_TICKETS',0,'2013-03-13 20:33:09'),(103112,'all',2,'pos','left','@pos',103110,NULL,NULL,100,'/pos/backend/list.php?viewstatut=1','','StatusTicketClosed','main',NULL,NULL,'$user->rights->pos->backend','$conf->global->POS_USE_TICKETS',0,'2013-03-13 20:33:09'),(103113,'all',2,'pos','left','@pos',103110,NULL,NULL,100,'/pos/backend/list.php?viewstatut=2','','StatusTicketProcessed','main',NULL,NULL,'$user->rights->pos->backend','$conf->global->POS_USE_TICKETS',0,'2013-03-13 20:33:09'),(103114,'all',2,'pos','left','@pos',103110,NULL,NULL,100,'/pos/backend/list.php?viewtype=1','','StatusTicketReturned','main',NULL,NULL,'$user->rights->pos->backend','$conf->global->POS_USE_TICKETS',0,'2013-03-13 20:33:09'),(103115,'all',2,'pos','left','pos',103108,NULL,NULL,100,'/pos/backend/listefac.php','','Factures','pos@pos',NULL,NULL,'$user->rights->pos->backend','1',0,'2013-03-13 20:33:09'),(103116,'all',2,'pos','left','pos',103115,NULL,NULL,100,'/pos/backend/listefac.php','','List','main',NULL,NULL,'$user->rights->pos->backend','1',0,'2013-03-13 20:33:09'),(103117,'all',2,'pos','left','pos',103116,NULL,NULL,100,'/pos/backend/listefac.php?viewstatut=0','','BillStatusDraft','bills',NULL,NULL,'$user->rights->pos->backend','1',0,'2013-03-13 20:33:09'),(103118,'all',2,'pos','left','@pos',103116,NULL,NULL,100,'/pos/backend/listefac.php?viewstatut=1','','BillStatusValidated','bills',NULL,NULL,'$user->rights->pos->backend','1',0,'2013-03-13 20:33:09'),(103119,'all',2,'pos','left','@pos',103116,NULL,NULL,100,'/pos/backend/listefac.php?viewstatut=2&viewtype=0','','BillStatusPaid','bills',NULL,NULL,'$user->rights->pos->backend','1',0,'2013-03-13 20:33:09'),(103120,'all',2,'pos','left','@pos',103116,NULL,NULL,100,'/pos/backend/listefac.php?viewtype=2','','BillStatusReturned','main',NULL,NULL,'$user->rights->pos->backend','1',0,'2013-03-13 20:33:09'),(103121,'all',2,'pos','left','@pos',103108,NULL,NULL,100,'/pos/frontend/index.php','','POS','main',NULL,NULL,'$user->rights->pos->frontend','1',0,'2013-03-13 20:33:09'),(103122,'all',2,'pos','left','@pos',103121,NULL,NULL,100,'/pos/frontend/index.php','','NewTicket','main',NULL,NULL,'$user->rights->pos->frontend','1',0,'2013-03-13 20:33:09'),(103123,'all',2,'pos','left','@pos',103121,NULL,NULL,101,'/pos/backend/closes.php','','CloseandArching','main',NULL,NULL,'$user->rights->pos->backend','1',0,'2013-03-13 20:33:09'),(103124,'all',2,'pos','left','@pos',103108,NULL,NULL,100,'/pos/backend/terminal/cash.php','','Terminal','main',NULL,NULL,'$user->rights->pos->backend','1',0,'2013-03-13 20:33:09'),(103125,'all',2,'pos','left','@pos',103124,NULL,NULL,100,'/pos/backend/terminal/card.php?action=create','','NewCash','main',NULL,NULL,'$user->rights->pos->backend','1',0,'2013-03-13 20:33:09'),(103126,'all',2,'pos','left','@pos',103124,NULL,NULL,101,'/pos/backend/terminal/cash.php','','List','main',NULL,NULL,'$user->rights->pos->backend','1',0,'2013-03-13 20:33:09'),(103127,'all',2,'pos','left','@pos',103123,NULL,NULL,101,'/pos/backend/closes.php?viewstatut=0','','Arqueo','main',NULL,NULL,'$user->rights->pos->backend','1',0,'2013-03-13 20:33:09'),(103128,'all',2,'pos','left','@pos',103123,NULL,NULL,102,'/pos/backend/closes.php?viewstatut=1','','Closes','main',NULL,NULL,'$user->rights->pos->backend','1',0,'2013-03-13 20:33:09'),(103129,'all',2,'pos','left','@pos',103108,NULL,NULL,102,'/pos/backend/transfers.php','','Transfer','main',NULL,NULL,'$user->rights->pos->transfer','1',0,'2013-03-13 20:33:09'),(103130,'all',2,'pos','left','@pos',103108,NULL,NULL,102,'/pos/backend/resultat/index.php','','Rapport','main',NULL,NULL,'$user->rights->pos->stats','1',0,'2013-03-13 20:33:09'),(103131,'all',2,'pos','left','@pos',103130,NULL,NULL,102,'/pos/backend/resultat/casoc.php','','ReportsCustomer','main',NULL,NULL,'$user->rights->pos->stats','1',0,'2013-03-13 20:33:09'),(103132,'all',2,'pos','left','@pos',103130,NULL,NULL,102,'/pos/backend/resultat/causer.php','','ReportsUser','main',NULL,NULL,'$user->rights->pos->stats','1',0,'2013-03-13 20:33:09'),(103133,'all',2,'pos','left','@pos',103130,NULL,NULL,102,'/pos/backend/resultat/sellsjournal.php','','ReportsSells','main',NULL,NULL,'$user->rights->pos->stats','1',0,'2013-03-13 20:33:09'),(103134,'all',2,'opensurvey','top','opensurvey',0,NULL,NULL,200,'/opensurvey/index.php','','Surveys','opensurvey',NULL,NULL,'$user->rights->opensurvey->survey->read','$conf->opensurvey->enabled',0,'2013-03-13 20:33:42'),(103135,'all',2,'opensurvey','left','opensurvey',-1,NULL,'opensurvey',200,'/opensurvey/index.php?mainmenu=opensurvey&leftmenu=opensurvey','','Survey','opensurvey@opensurvey',NULL,'opensurvey','','$conf->opensurvey->enabled',0,'2013-03-13 20:33:42'),(103136,'all',2,'opensurvey','left','opensurvey',-1,'opensurvey','opensurvey',210,'/opensurvey/public/index.php','_blank','NewSurvey','opensurvey@opensurvey',NULL,'opensurvey_new','','$conf->opensurvey->enabled',0,'2013-03-13 20:33:42'),(103137,'all',2,'opensurvey','left','opensurvey',-1,'opensurvey','opensurvey',220,'/opensurvey/list.php','','List','opensurvey@opensurvey',NULL,'opensurvey_list','','$conf->opensurvey->enabled',0,'2013-03-13 20:33:42'),(124179,'all',1,'cashdesk','top','cashdesk',0,NULL,NULL,100,'/cashdesk/index.php?user=__LOGIN__','pointofsale','CashDeskMenu','cashdesk',NULL,NULL,'$user->rights->cashdesk->use','$conf->cashdesk->enabled',0,'2015-11-15 22:38:33'),(124210,'all',1,'margins','left','accountancy',-1,NULL,'accountancy',100,'/margin/index.php','','Margins','margins',NULL,'margins','$user->rights->margins->liretous','$conf->margin->enabled',2,'2015-11-15 22:41:47'),(134675,'all',1,'ecm','top','ecm',0,NULL,NULL,100,'/ecm/index.php','','MenuECM','ecm',NULL,NULL,'$user->rights->ecm->read || $user->rights->ecm->upload || $user->rights->ecm->setup','$conf->ecm->enabled',2,'2016-01-22 17:26:43'),(134676,'all',1,'ecm','left','ecm',-1,NULL,'ecm',101,'/ecm/index.php?mainmenu=ecm&leftmenu=ecm','','ECMArea','ecm',NULL,'ecm','$user->rights->ecm->read || $user->rights->ecm->upload','$user->rights->ecm->read || $user->rights->ecm->upload',2,'2016-01-22 17:26:43'),(134677,'all',1,'ecm','left','ecm',-1,'ecm','ecm',102,'/ecm/index.php?action=file_manager&mainmenu=ecm&leftmenu=ecm','','ECMSectionsManual','ecm',NULL,'ecm_manual','$user->rights->ecm->read || $user->rights->ecm->upload','$user->rights->ecm->read || $user->rights->ecm->upload',2,'2016-01-22 17:26:43'),(134678,'all',1,'ecm','left','ecm',-1,'ecm','ecm',103,'/ecm/index_auto.php?action=file_manager&mainmenu=ecm&leftmenu=ecm','','ECMSectionsAuto','ecm',NULL,NULL,'$user->rights->ecm->read || $user->rights->ecm->upload','$user->rights->ecm->read || $user->rights->ecm->upload',2,'2016-01-22 17:26:43'),(139885,'auguria',1,'','top','home',0,NULL,NULL,10,'/index.php?mainmenu=home&amp;leftmenu=','','Home','',-1,'','','1',2,'2016-07-30 11:13:00'),(139886,'auguria',1,'societe|fournisseur','top','companies',0,NULL,NULL,20,'/societe/index.php?mainmenu=companies&amp;leftmenu=','','ThirdParties','companies',-1,'','$user->rights->societe->lire || $user->rights->societe->contact->lire','( ! empty($conf->societe->enabled) && (empty($conf->global->SOCIETE_DISABLE_PROSPECTS) || empty($conf->global->SOCIETE_DISABLE_CUSTOMERS))) || ! empty($conf->fournisseur->enabled)',2,'2016-07-30 11:13:00'),(139887,'auguria',1,'product|service','top','products',0,NULL,NULL,30,'/product/index.php?mainmenu=products&amp;leftmenu=','','Products/Services','products',-1,'','$user->rights->produit->lire||$user->rights->service->lire','$conf->product->enabled || $conf->service->enabled',0,'2016-07-30 11:13:00'),(139889,'auguria',1,'propal|commande|fournisseur|contrat|ficheinter','top','commercial',0,NULL,NULL,40,'/comm/index.php?mainmenu=commercial&amp;leftmenu=','','Commercial','commercial',-1,'','$user->rights->societe->lire || $user->rights->societe->contact->lire','$conf->propal->enabled || $conf->commande->enabled || $conf->supplier_order->enabled || $conf->contrat->enabled || $conf->ficheinter->enabled',2,'2016-07-30 11:13:00'),(139890,'auguria',1,'comptabilite|accounting|facture|don|tax|salaries|loan','top','accountancy',0,NULL,NULL,50,'/compta/index.php?mainmenu=accountancy&amp;leftmenu=','','MenuFinancial','compta',-1,'','$user->rights->compta->resultat->lire || $user->rights->accounting->plancompte->lire || $user->rights->facture->lire|| $user->rights->don->lire || $user->rights->tax->charges->lire || $user->rights->salaries->read || $user->rights->loan->read','$conf->comptabilite->enabled || $conf->accounting->enabled || $conf->facture->enabled || $conf->don->enabled  || $conf->tax->enabled || $conf->salaries->enabled || $conf->supplier_invoice->enabled || $conf->loan->enabled',2,'2016-07-30 11:13:00'),(139891,'auguria',1,'projet','top','project',0,NULL,NULL,70,'/projet/index.php?mainmenu=project&amp;leftmenu=','','Projects','projects',-1,'','$user->rights->projet->lire','$conf->projet->enabled',2,'2016-07-30 11:13:00'),(139892,'auguria',1,'mailing|export|import|opensurvey|resource','top','tools',0,NULL,NULL,90,'/core/tools.php?mainmenu=tools&amp;leftmenu=','','Tools','other',-1,'','$user->rights->mailing->lire || $user->rights->export->lire || $user->rights->import->run || $user->rights->opensurvey->read || $user->rights->resource->read','$conf->mailing->enabled || $conf->export->enabled || $conf->import->enabled || $conf->opensurvey->enabled || $conf->resource->enabled',2,'2016-07-30 11:13:00'),(139898,'auguria',1,'banque|prelevement','top','bank',0,NULL,NULL,60,'/compta/bank/index.php?mainmenu=bank&amp;leftmenu=bank','','MenuBankCash','banks',-1,'','$user->rights->banque->lire || $user->rights->prelevement->bons->lire','$conf->banque->enabled || $conf->prelevement->enabled',0,'2016-07-30 11:13:00'),(139899,'auguria',1,'hrm|holiday|deplacement|expensereport','top','hrm',0,NULL,NULL,80,'/hrm/hrm.php?mainmenu=hrm&amp;leftmenu=','','HRM','holiday',-1,'','$user->rights->hrm->employee->read || $user->rights->holiday->write || $user->rights->deplacement->lire || $user->rights->expensereport->lire','$conf->hrm->enabled || $conf->holiday->enabled || $conf->deplacement->enabled || $conf->expensereport->enabled',0,'2016-07-30 11:13:00'),(139974,'auguria',1,'','left','home',139885,NULL,NULL,0,'/index.php','','Dashboard','',0,'','','1',2,'2016-07-30 11:13:00'),(139984,'auguria',1,'','left','home',139885,NULL,NULL,1,'/admin/index.php?leftmenu=setup','','Setup','admin',0,'setup','','$user->admin',2,'2016-07-30 11:13:00'),(139985,'auguria',1,'','left','home',139984,NULL,NULL,1,'/admin/company.php?leftmenu=setup','','MenuCompanySetup','admin',1,'','','$leftmenu==\"setup\"',2,'2016-07-30 11:13:00'),(139986,'auguria',1,'','left','home',139984,NULL,NULL,4,'/admin/ihm.php?leftmenu=setup','','GUISetup','admin',1,'','','$leftmenu==\"setup\"',2,'2016-07-30 11:13:00'),(139987,'auguria',1,'','left','home',139984,NULL,NULL,2,'/admin/modules.php?leftmenu=setup','','Modules','admin',1,'','','$leftmenu==\"setup\"',2,'2016-07-30 11:13:00'),(139988,'auguria',1,'','left','home',139984,NULL,NULL,6,'/admin/boxes.php?leftmenu=setup','','Boxes','admin',1,'','','$leftmenu==\"setup\"',2,'2016-07-30 11:13:00'),(139989,'auguria',1,'','left','home',139984,NULL,NULL,3,'/admin/menus.php?leftmenu=setup','','Menus','admin',1,'','','$leftmenu==\"setup\"',2,'2016-07-30 11:13:00'),(139990,'auguria',1,'','left','home',139984,NULL,NULL,7,'/admin/delais.php?leftmenu=setup','','Alerts','admin',1,'','','$leftmenu==\"setup\"',2,'2016-07-30 11:13:00'),(139991,'auguria',1,'','left','home',139984,NULL,NULL,10,'/admin/pdf.php?leftmenu=setup','','PDF','admin',1,'','','$leftmenu==\"setup\"',2,'2016-07-30 11:13:00'),(139992,'auguria',1,'','left','home',139984,NULL,NULL,8,'/admin/security_other.php?leftmenu=setup','','Security','admin',1,'','','$leftmenu==\"setup\"',2,'2016-07-30 11:13:00'),(139993,'auguria',1,'','left','home',139984,NULL,NULL,11,'/admin/mails.php?leftmenu=setup','','Emails','admin',1,'','','$leftmenu==\"setup\"',2,'2016-07-30 11:13:00'),(139994,'auguria',1,'','left','home',139984,NULL,NULL,9,'/admin/limits.php?leftmenu=setup','','MenuLimits','admin',1,'','','$leftmenu==\"setup\"',2,'2016-07-30 11:13:00'),(139995,'auguria',1,'','left','home',139984,NULL,NULL,13,'/admin/dict.php?leftmenu=setup','','Dictionary','admin',1,'','','$leftmenu==\"setup\"',2,'2016-07-30 11:13:00'),(139996,'auguria',1,'','left','home',139984,NULL,NULL,14,'/admin/const.php?leftmenu=setup','','OtherSetup','admin',1,'','','$leftmenu==\"setup\"',2,'2016-07-30 11:13:00'),(139997,'auguria',1,'','left','home',139984,NULL,NULL,12,'/admin/sms.php?leftmenu=setup','','SMS','admin',1,'','','$leftmenu==\"setup\"',2,'2016-07-30 11:13:00'),(139998,'auguria',1,'','left','home',139984,NULL,NULL,4,'/admin/translation.php?leftmenu=setup','','Translation','admin',1,'','','$leftmenu==\"setup\"',2,'2016-07-30 11:13:00'),(139999,'auguria',1,'','left','home',139984,NULL,NULL,4,'/accountancy/admin/fiscalyear.php?mainmenu=setup','','Fiscalyear','admin',1,'','','$leftmenu==\"setup\" && $conf->accounting->enabled',2,'2016-07-30 11:13:00'),(140085,'auguria',1,'','left','home',140184,NULL,NULL,0,'/admin/system/dolibarr.php?leftmenu=admintools','','InfoDolibarr','admin',1,'','','$leftmenu==\"admintools\"',2,'2016-07-30 11:13:00'),(140086,'auguria',1,'','left','home',140085,NULL,NULL,2,'/admin/system/modules.php?leftmenu=admintools','','Modules','admin',2,'','','$leftmenu==\"admintools\"',2,'2016-07-30 11:13:00'),(140087,'auguria',1,'','left','home',140085,NULL,NULL,3,'/admin/triggers.php?leftmenu=admintools','','Triggers','admin',2,'','','$leftmenu==\"admintools\"',2,'2016-07-30 11:13:00'),(140089,'auguria',1,'','left','home',140184,NULL,NULL,1,'/admin/system/browser.php?leftmenu=admintools','','InfoBrowser','admin',1,'','','$leftmenu==\"admintools\"',2,'2016-07-30 11:13:00'),(140090,'auguria',1,'','left','home',140184,NULL,NULL,2,'/admin/system/os.php?leftmenu=admintools','','InfoOS','admin',1,'','','$leftmenu==\"admintools\"',2,'2016-07-30 11:13:00'),(140091,'auguria',1,'','left','home',140184,NULL,NULL,3,'/admin/system/web.php?leftmenu=admintools','','InfoWebServer','admin',1,'','','$leftmenu==\"admintools\"',2,'2016-07-30 11:13:00'),(140092,'auguria',1,'','left','home',140184,NULL,NULL,4,'/admin/system/phpinfo.php?leftmenu=admintools','','InfoPHP','admin',1,'','','$leftmenu==\"admintools\"',2,'2016-07-30 11:13:00'),(140094,'auguria',1,'','left','home',140184,NULL,NULL,5,'/admin/system/database.php?leftmenu=admintools','','InfoDatabase','admin',1,'','','$leftmenu==\"admintools\"',2,'2016-07-30 11:13:00'),(140184,'auguria',1,'','left','home',139885,NULL,NULL,2,'/admin/tools/index.php?leftmenu=admintools','','AdminTools','admin',0,'admintools','','$user->admin',2,'2016-07-30 11:13:00'),(140185,'auguria',1,'','left','home',140184,NULL,NULL,6,'/admin/tools/dolibarr_export.php?leftmenu=admintools','','Backup','admin',1,'','','$leftmenu==\"admintools\"',2,'2016-07-30 11:13:00'),(140186,'auguria',1,'','left','home',140184,NULL,NULL,7,'/admin/tools/dolibarr_import.php?leftmenu=admintools','','Restore','admin',1,'','','$leftmenu==\"admintools\"',2,'2016-07-30 11:13:00'),(140189,'auguria',1,'','left','home',140184,NULL,NULL,8,'/admin/tools/update.php?leftmenu=admintools','','MenuUpgrade','admin',1,'','','$leftmenu==\"admintools\"',2,'2016-07-30 11:13:00'),(140190,'auguria',1,'','left','home',140184,NULL,NULL,9,'/admin/tools/eaccelerator.php?leftmenu=admintools','','EAccelerator','admin',1,'','','$leftmenu==\"admintools\" && function_exists(\"eaccelerator_info\")',2,'2016-07-30 11:13:00'),(140191,'auguria',1,'','left','home',140184,NULL,NULL,10,'/admin/tools/listevents.php?leftmenu=admintools','','Audit','admin',1,'','','$leftmenu==\"admintools\"',2,'2016-07-30 11:13:00'),(140192,'auguria',1,'','left','home',140184,NULL,NULL,11,'/admin/tools/listsessions.php?leftmenu=admintools','','Sessions','admin',1,'','','$leftmenu==\"admintools\"',2,'2016-07-30 11:13:00'),(140193,'auguria',1,'','left','home',140184,NULL,NULL,12,'/admin/tools/purge.php?leftmenu=admintools','','Purge','admin',1,'','','$leftmenu==\"admintools\"',2,'2016-07-30 11:13:00'),(140194,'auguria',1,'','left','home',140184,NULL,NULL,13,'/support/index.php?leftmenu=admintools','_blank','HelpCenter','help',1,'','','$leftmenu==\"admintools\"',2,'2016-07-30 11:13:00'),(140195,'auguria',1,'','left','home',140184,NULL,NULL,14,'/admin/system/about.php?leftmenu=admintools','','About','admin',1,'','','$leftmenu==\"admintools\"',2,'2016-07-30 11:13:00'),(140204,'auguria',1,'','left','home',140184,NULL,NULL,0,'/product/admin/product_tools.php?mainmenu=home&amp;leftmenu=admintools','','ProductVatMassChange','products',1,'','','$leftmenu==\"admintools\"',2,'2016-07-30 11:13:00'),(140205,'auguria',1,'','left','home',140184,NULL,NULL,0,'/accountancy/admin/productaccount.php?mainmenu=home&amp;leftmenu=admintools','','InitAccountancy','accountancy',1,'','','$leftmenu==\"admintools\" && $conf->accounting->enabled',2,'2016-07-30 11:13:00'),(140284,'auguria',1,'','left','home',139885,NULL,NULL,4,'/user/home.php?leftmenu=users','','MenuUsersAndGroups','users',0,'users','','1',2,'2016-07-30 11:13:00'),(140285,'auguria',1,'','left','home',140284,NULL,NULL,0,'/user/index.php?leftmenu=users','','Users','users',1,'','$user->rights->user->user->lire || $user->admin','$leftmenu==\"users\"',2,'2016-07-30 11:13:00'),(140286,'auguria',1,'','left','home',140285,NULL,NULL,0,'/user/card.php?leftmenu=users&amp;action=create','','NewUser','users',2,'','$user->rights->user->user->creer || $user->admin','$leftmenu==\"users\"',2,'2016-07-30 11:13:00'),(140287,'auguria',1,'','left','home',140284,NULL,NULL,1,'/user/group/index.php?leftmenu=users','','Groups','users',1,'','($conf->global->MAIN_USE_ADVANCED_PERMS?$user->rights->user->group_advance->read:$user->rights->user->user->lire) || $user->admin','$leftmenu==\"users\"',2,'2016-07-30 11:13:00'),(140288,'auguria',1,'','left','home',140287,NULL,NULL,0,'/user/group/card.php?leftmenu=users&amp;action=create','','NewGroup','users',2,'','($conf->global->MAIN_USE_ADVANCED_PERMS?$user->rights->user->group_advance->write:$user->rights->user->user->creer) || $user->admin','$leftmenu==\"users\"',2,'2016-07-30 11:13:00'),(140384,'auguria',1,'','left','companies',139886,NULL,NULL,0,'/societe/index.php?leftmenu=thirdparties','','ThirdParty','companies',0,'thirdparties','$user->rights->societe->lire','$conf->societe->enabled',2,'2016-07-30 11:13:00'),(140385,'auguria',1,'','left','companies',140384,NULL,NULL,0,'/societe/soc.php?action=create','','MenuNewThirdParty','companies',1,'','$user->rights->societe->lire','$conf->societe->enabled',2,'2016-07-30 11:13:00'),(140386,'auguria',1,'','left','companies',140384,NULL,NULL,0,'/societe/list.php?action=create','','List','companies',1,'','$user->rights->societe->lire','$conf->societe->enabled',2,'2016-07-30 11:13:00'),(140387,'auguria',1,'','left','companies',140384,NULL,NULL,5,'/societe/list.php?type=f&leftmenu=suppliers','','ListSuppliersShort','suppliers',1,'','$user->rights->societe->lire && $user->rights->fournisseur->lire','$conf->societe->enabled && $conf->fournisseur->enabled',2,'2016-07-30 11:13:00'),(140388,'auguria',1,'','left','companies',140387,NULL,NULL,0,'/societe/soc.php?leftmenu=supplier&amp;action=create&amp;type=f','','NewSupplier','suppliers',2,'','$user->rights->societe->creer','$conf->societe->enabled && $conf->fournisseur->enabled',2,'2016-07-30 11:13:00'),(140390,'auguria',1,'','left','companies',140384,NULL,NULL,3,'/societe/list.php?type=p&leftmenu=prospects','','ListProspectsShort','companies',1,'','$user->rights->societe->lire','$conf->societe->enabled',2,'2016-07-30 11:13:00'),(140391,'auguria',1,'','left','companies',140390,NULL,NULL,0,'/societe/soc.php?leftmenu=prospects&amp;action=create&amp;type=p','','MenuNewProspect','companies',2,'','$user->rights->societe->creer','$conf->societe->enabled',2,'2016-07-30 11:13:00'),(140393,'auguria',1,'','left','companies',140384,NULL,NULL,4,'/societe/list.php?type=c&leftmenu=customers','','ListCustomersShort','companies',1,'','$user->rights->societe->lire','$conf->societe->enabled',2,'2016-07-30 11:13:00'),(140394,'auguria',1,'','left','companies',140393,NULL,NULL,0,'/societe/soc.php?leftmenu=customers&amp;action=create&amp;type=c','','MenuNewCustomer','companies',2,'','$user->rights->societe->creer','$conf->societe->enabled',2,'2016-07-30 11:13:00'),(140484,'auguria',1,'','left','companies',139886,NULL,NULL,1,'/contact/list.php?leftmenu=contacts','','ContactsAddresses','companies',0,'contacts','$user->rights->societe->lire','$conf->societe->enabled',2,'2016-07-30 11:13:00'),(140485,'auguria',1,'','left','companies',140484,NULL,NULL,0,'/contact/card.php?leftmenu=contacts&amp;action=create','','NewContactAddress','companies',1,'','$user->rights->societe->creer','$conf->societe->enabled',2,'2016-07-30 11:13:00'),(140486,'auguria',1,'','left','companies',140484,NULL,NULL,1,'/contact/list.php?leftmenu=contacts','','List','companies',1,'','$user->rights->societe->lire','$conf->societe->enabled',2,'2016-07-30 11:13:00'),(140488,'auguria',1,'','left','companies',140486,NULL,NULL,1,'/contact/list.php?leftmenu=contacts&amp;type=p','','ThirdPartyProspects','companies',2,'','$user->rights->societe->contact->lire','$conf->societe->enabled',2,'2016-07-30 11:13:00'),(140489,'auguria',1,'','left','companies',140486,NULL,NULL,2,'/contact/list.php?leftmenu=contacts&amp;type=c','','ThirdPartyCustomers','companies',2,'','$user->rights->societe->contact->lire','$conf->societe->enabled',2,'2016-07-30 11:13:00'),(140490,'auguria',1,'','left','companies',140486,NULL,NULL,3,'/contact/list.php?leftmenu=contacts&amp;type=f','','ThirdPartySuppliers','companies',2,'','$user->rights->societe->contact->lire','$conf->societe->enabled && $conf->fournisseur->enabled',2,'2016-07-30 11:13:00'),(140491,'auguria',1,'','left','companies',140486,NULL,NULL,4,'/contact/list.php?leftmenu=contacts&amp;type=o','','Others','companies',2,'','$user->rights->societe->contact->lire','$conf->societe->enabled',2,'2016-07-30 11:13:00'),(140534,'auguria',1,'','left','companies',139886,NULL,NULL,3,'/categories/index.php?leftmenu=cat&amp;type=1','','SuppliersCategoriesShort','categories',0,'cat','$user->rights->categorie->lire','$conf->societe->enabled && $conf->categorie->enabled',2,'2016-07-30 11:13:00'),(140535,'auguria',1,'','left','companies',140534,NULL,NULL,0,'/categories/card.php?action=create&amp;type=1','','NewCategory','categories',1,'','$user->rights->categorie->creer','$conf->societe->enabled && $conf->categorie->enabled',2,'2016-07-30 11:13:00'),(140544,'auguria',1,'','left','companies',139886,NULL,NULL,4,'/categories/index.php?leftmenu=cat&amp;type=2','','CustomersProspectsCategoriesShort','categories',0,'cat','$user->rights->categorie->lire','$conf->fournisseur->enabled && $conf->categorie->enabled',2,'2016-07-30 11:13:00'),(140545,'auguria',1,'','left','companies',140544,NULL,NULL,0,'/categories/card.php?action=create&amp;type=2','','NewCategory','categories',1,'','$user->rights->categorie->creer','$conf->fournisseur->enabled && $conf->categorie->enabled',2,'2016-07-30 11:13:00'),(140554,'auguria',1,'','left','companies',139886,NULL,NULL,3,'/categories/index.php?leftmenu=cat&amp;type=4','','ContactCategoriesShort','categories',0,'cat','$user->rights->categorie->lire','$conf->societe->enabled && $conf->categorie->enabled',2,'2016-07-30 11:13:00'),(140555,'auguria',1,'','left','companies',140554,NULL,NULL,0,'/categories/card.php?action=create&amp;type=4','','NewCategory','categories',1,'','$user->rights->categorie->creer','$conf->societe->enabled && $conf->categorie->enabled',2,'2016-07-30 11:13:00'),(140984,'auguria',1,'','left','commercial',139889,NULL,NULL,4,'/comm/propal/index.php?leftmenu=propals','','Prop','propal',0,'propals','$user->rights->propale->lire','$conf->propal->enabled',2,'2016-07-30 11:13:00'),(140985,'auguria',1,'','left','commercial',140984,NULL,NULL,0,'/comm/propal/card.php?action=create&amp;leftmenu=propals','','NewPropal','propal',1,'','$user->rights->propale->creer','$conf->propal->enabled',2,'2016-07-30 11:13:00'),(140986,'auguria',1,'','left','commercial',140984,NULL,NULL,1,'/comm/propal/list.php?leftmenu=propals','','List','propal',1,'','$user->rights->propale->lire','$conf->propal->enabled',2,'2016-07-30 11:13:00'),(140987,'auguria',1,'','left','commercial',140986,NULL,NULL,2,'/comm/propal/list.php?leftmenu=propals&amp;viewstatut=0','','PropalsDraft','propal',1,'','$user->rights->propale->lire','$conf->propal->enabled && $leftmenu==\"propals\"',2,'2016-07-30 11:13:00'),(140988,'auguria',1,'','left','commercial',140986,NULL,NULL,3,'/comm/propal/list.php?leftmenu=propals&amp;viewstatut=1','','PropalsOpened','propal',1,'','$user->rights->propale->lire','$conf->propal->enabled && $leftmenu==\"propals\"',2,'2016-07-30 11:13:00'),(140989,'auguria',1,'','left','commercial',140986,NULL,NULL,4,'/comm/propal/list.php?leftmenu=propals&amp;viewstatut=2','','PropalStatusSigned','propal',1,'','$user->rights->propale->lire','$conf->propal->enabled && $leftmenu==\"propals\"',2,'2016-07-30 11:13:00'),(140990,'auguria',1,'','left','commercial',140986,NULL,NULL,5,'/comm/propal/list.php?leftmenu=propals&amp;viewstatut=3','','PropalStatusNotSigned','propal',1,'','$user->rights->propale->lire','$conf->propal->enabled && $leftmenu==\"propals\"',2,'2016-07-30 11:13:00'),(140991,'auguria',1,'','left','commercial',140986,NULL,NULL,6,'/comm/propal/list.php?leftmenu=propals&amp;viewstatut=4','','PropalStatusBilled','propal',1,'','$user->rights->propale->lire','$conf->propal->enabled && $leftmenu==\"propals\"',2,'2016-07-30 11:13:00'),(140994,'auguria',1,'','left','commercial',140984,NULL,NULL,4,'/comm/propal/stats/index.php?leftmenu=propals','','Statistics','propal',1,'','$user->rights->propale->lire','$conf->propal->enabled',2,'2016-07-30 11:13:00'),(141084,'auguria',1,'','left','commercial',139889,NULL,NULL,5,'/commande/index.php?leftmenu=orders','','CustomersOrders','orders',0,'orders','$user->rights->commande->lire','$conf->commande->enabled',2,'2016-07-30 11:13:00'),(141085,'auguria',1,'','left','commercial',141084,NULL,NULL,0,'/commande/card.php?action=create&amp;leftmenu=orders','','NewOrder','orders',1,'','$user->rights->commande->creer','$conf->commande->enabled',2,'2016-07-30 11:13:00'),(141086,'auguria',1,'','left','commercial',141084,NULL,NULL,1,'/commande/list.php?leftmenu=orders','','List','orders',1,'','$user->rights->commande->lire','$conf->commande->enabled',2,'2016-07-30 11:13:00'),(141087,'auguria',1,'','left','commercial',141086,NULL,NULL,2,'/commande/list.php?leftmenu=orders&amp;viewstatut=0','','StatusOrderDraftShort','orders',1,'','$user->rights->commande->lire','$conf->commande->enabled && $leftmenu==\"orders\"',2,'2016-07-30 11:13:00'),(141088,'auguria',1,'','left','commercial',141086,NULL,NULL,3,'/commande/list.php?leftmenu=orders&amp;viewstatut=1','','StatusOrderValidated','orders',1,'','$user->rights->commande->lire','$conf->commande->enabled && $leftmenu==\"orders\"',2,'2016-07-30 11:13:00'),(141089,'auguria',1,'','left','commercial',141086,NULL,NULL,4,'/commande/list.php?leftmenu=orders&amp;viewstatut=2','','StatusOrderOnProcessShort','orders',1,'','$user->rights->commande->lire','$conf->commande->enabled && $leftmenu==\"orders\"',2,'2016-07-30 11:13:00'),(141090,'auguria',1,'','left','commercial',141086,NULL,NULL,5,'/commande/list.php?leftmenu=orders&amp;viewstatut=3','','StatusOrderToBill','orders',1,'','$user->rights->commande->lire','$conf->commande->enabled && $leftmenu==\"orders\"',2,'2016-07-30 11:13:00'),(141091,'auguria',1,'','left','commercial',141086,NULL,NULL,6,'/commande/list.php?leftmenu=orders&amp;viewstatut=4','','StatusOrderProcessed','orders',1,'','$user->rights->commande->lire','$conf->commande->enabled && $leftmenu==\"orders\"',2,'2016-07-30 11:13:00'),(141092,'auguria',1,'','left','commercial',141086,NULL,NULL,7,'/commande/list.php?leftmenu=orders&amp;viewstatut=-1','','StatusOrderCanceledShort','orders',1,'','$user->rights->commande->lire','$conf->commande->enabled && $leftmenu==\"orders\"',2,'2016-07-30 11:13:00'),(141093,'auguria',1,'','left','commercial',141084,NULL,NULL,4,'/commande/stats/index.php?leftmenu=orders','','Statistics','orders',1,'','$user->rights->commande->lire','$conf->commande->enabled',2,'2016-07-30 11:13:00'),(141184,'auguria',1,'','left','commercial',139887,NULL,NULL,6,'/expedition/index.php?leftmenu=sendings','','Shipments','sendings',0,'sendings','$user->rights->expedition->lire','$conf->expedition->enabled',2,'2016-07-30 11:13:00'),(141185,'auguria',1,'','left','commercial',141184,NULL,NULL,0,'/expedition/card.php?action=create2&leftmenu=sendings','','NewSending','sendings',1,'','$user->rights->expedition->creer','$conf->expedition->enabled && $leftmenu==\"sendings\"',2,'2016-07-30 11:13:00'),(141186,'auguria',1,'','left','commercial',141184,NULL,NULL,1,'/expedition/list.php?leftmenu=sendings','','List','sendings',1,'','$user->rights->expedition->lire','$conf->expedition->enabled && $leftmenu==\"sendings\"',2,'2016-07-30 11:13:00'),(141187,'auguria',1,'','left','commercial',141184,NULL,NULL,2,'/expedition/stats/index.php?leftmenu=sendings','','Statistics','sendings',1,'','$user->rights->expedition->lire','$conf->expedition->enabled && $leftmenu==\"sendings\"',2,'2016-07-30 11:13:00'),(141284,'auguria',1,'','left','commercial',139889,NULL,NULL,7,'/contrat/index.php?leftmenu=contracts','','Contracts','contracts',0,'contracts','$user->rights->contrat->lire','$conf->contrat->enabled',2,'2016-07-30 11:13:00'),(141285,'auguria',1,'','left','commercial',141284,NULL,NULL,0,'/contrat/card.php?&action=create&amp;leftmenu=contracts','','NewContract','contracts',1,'','$user->rights->contrat->creer','$conf->contrat->enabled',2,'2016-07-30 11:13:00'),(141286,'auguria',1,'','left','commercial',141284,NULL,NULL,1,'/contrat/list.php?leftmenu=contracts','','List','contracts',1,'','$user->rights->contrat->lire','$conf->contrat->enabled',2,'2016-07-30 11:13:00'),(141287,'auguria',1,'','left','commercial',141284,NULL,NULL,2,'/contrat/services.php?leftmenu=contracts','','MenuServices','contracts',1,'','$user->rights->contrat->lire','$conf->contrat->enabled',2,'2016-07-30 11:13:00'),(141288,'auguria',1,'','left','commercial',141287,NULL,NULL,0,'/contrat/services.php?leftmenu=contracts&amp;mode=0','','MenuInactiveServices','contracts',2,'','$user->rights->contrat->lire','$conf->contrat->enabled&&$leftmenu==\"contracts\"',2,'2016-07-30 11:13:00'),(141289,'auguria',1,'','left','commercial',141287,NULL,NULL,1,'/contrat/services.php?leftmenu=contracts&amp;mode=4','','MenuRunningServices','contracts',2,'','$user->rights->contrat->lire','$conf->contrat->enabled&&$leftmenu==\"contracts\"',2,'2016-07-30 11:13:00'),(141290,'auguria',1,'','left','commercial',141287,NULL,NULL,2,'/contrat/services.php?leftmenu=contracts&amp;mode=4&amp;filter=expired','','MenuExpiredServices','contracts',2,'','$user->rights->contrat->lire','$conf->contrat->enabled&&$leftmenu==\"contracts\"',2,'2016-07-30 11:13:00'),(141291,'auguria',1,'','left','commercial',141287,NULL,NULL,3,'/contrat/services.php?leftmenu=contracts&amp;mode=5','','MenuClosedServices','contracts',2,'','$user->rights->contrat->lire','$conf->contrat->enabled&&$leftmenu==\"contracts\"',2,'2016-07-30 11:13:00'),(141384,'auguria',1,'','left','commercial',139889,NULL,NULL,8,'/fichinter/list.php?leftmenu=ficheinter','','Interventions','interventions',0,'ficheinter','$user->rights->ficheinter->lire','$conf->ficheinter->enabled',2,'2016-07-30 11:13:00'),(141385,'auguria',1,'','left','commercial',141384,NULL,NULL,0,'/fichinter/card.php?action=create&amp;leftmenu=ficheinter','','NewIntervention','interventions',1,'','$user->rights->ficheinter->creer','$conf->ficheinter->enabled',2,'2016-07-30 11:13:00'),(141386,'auguria',1,'','left','commercial',141384,NULL,NULL,1,'/fichinter/list.php?leftmenu=ficheinter','','List','interventions',1,'','$user->rights->ficheinter->lire','$conf->ficheinter->enabled',2,'2016-07-30 11:13:00'),(141387,'auguria',1,'','left','commercial',141384,NULL,NULL,2,'/fichinter/stats/index.php?leftmenu=ficheinter','','Statistics','interventions',1,'','$user->rights->ficheinter->lire','$conf->ficheinter->enabled',2,'2016-07-30 11:13:00'),(141484,'auguria',1,'','left','accountancy',139890,NULL,NULL,3,'/fourn/facture/list.php?leftmenu=suppliers_bills','','BillsSuppliers','bills',0,'supplier_bills','$user->rights->fournisseur->facture->lire','$conf->supplier_invoice->enabled',2,'2016-07-30 11:13:00'),(141485,'auguria',1,'','left','accountancy',141484,NULL,NULL,0,'/fourn/facture/card.php?action=create&amp;leftmenu=suppliers_bills','','NewBill','bills',1,'','$user->rights->fournisseur->facture->creer','$conf->supplier_invoice->enabled',2,'2016-07-30 11:13:00'),(141486,'auguria',1,'','left','accountancy',141484,NULL,NULL,1,'/fourn/facture/impayees.php?leftmenu=suppliers_bills','','Unpaid','bills',1,'','$user->rights->fournisseur->facture->lire','$conf->supplier_invoice->enabled',2,'2016-07-30 11:13:00'),(141487,'auguria',1,'','left','accountancy',141484,NULL,NULL,2,'/fourn/facture/paiement.php?leftmenu=suppliers_bills','','Payments','bills',1,'','$user->rights->fournisseur->facture->lire','$conf->supplier_invoice->enabled',2,'2016-07-30 11:13:00'),(141488,'auguria',1,'','left','accountancy',141484,NULL,NULL,8,'/compta/facture/stats/index.php?leftmenu=customers_bills&mode=supplier','','Statistics','bills',1,'','$user->rights->fournisseur->facture->lire','$conf->supplier_invoice->enabled',2,'2016-07-30 11:13:00'),(141584,'auguria',1,'','left','accountancy',139890,NULL,NULL,3,'/compta/facture/list.php?leftmenu=customers_bills','','BillsCustomers','bills',0,'customer_bills','$user->rights->facture->lire','$conf->facture->enabled',2,'2016-07-30 11:13:00'),(141585,'auguria',1,'','left','accountancy',141584,NULL,NULL,3,'/compta/facture.php?action=create&amp;leftmenu=customers_bills','','NewBill','bills',1,'','$user->rights->facture->creer','$conf->facture->enabled',2,'2016-07-30 11:13:00'),(141586,'auguria',1,'','left','accountancy',141584,NULL,NULL,5,'/compta/facture/fiche-rec.php?leftmenu=customers_bills','','ListOfTemplates','bills',1,'','$user->rights->facture->lire','$conf->facture->enabled',2,'2016-07-30 11:13:00'),(141588,'auguria',1,'','left','accountancy',141584,NULL,NULL,6,'/compta/paiement/list.php?leftmenu=customers_bills','','Payments','bills',1,'','$user->rights->facture->lire','$conf->facture->enabled',2,'2016-07-30 11:13:00'),(141589,'auguria',1,'','left','accountancy',141584,NULL,NULL,4,'/compta/facture/list.php?leftmenu=customers_bills','','List','bills',1,'','$user->rights->facture->lire','$conf->facture->enabled',2,'2016-07-30 11:13:00'),(141594,'auguria',1,'','left','accountancy',141588,NULL,NULL,1,'/compta/paiement/rapport.php?leftmenu=customers_bills','','Reportings','bills',2,'','$user->rights->facture->lire','$conf->facture->enabled',2,'2016-07-30 11:13:00'),(141595,'auguria',1,'','left','accountancy',139898,NULL,NULL,9,'/compta/paiement/cheque/index.php?leftmenu=checks&amp;mainmenu=bank','','MenuChequeDeposits','bills',0,'checks','$user->rights->banque->lire','empty($conf->global->BANK_DISABLE_CHECK_DEPOSIT) && ! empty($conf->banque->enabled) && (! empty($conf->facture->enabled) || ! empty($conf->global->MAIN_MENU_CHEQUE_DEPOSIT_ON))',2,'2016-07-30 11:13:00'),(141596,'auguria',1,'','left','accountancy',141595,NULL,NULL,0,'/compta/paiement/cheque/card.php?leftmenu=checks&amp;action=new','','NewCheckDeposit','compta',1,'','$user->rights->banque->lire','empty($conf->global->BANK_DISABLE_CHECK_DEPOSIT) && ! empty($conf->banque->enabled) && (! empty($conf->facture->enabled) || ! empty($conf->global->MAIN_MENU_CHEQUE_DEPOSIT_ON))',2,'2016-07-30 11:13:00'),(141597,'auguria',1,'','left','accountancy',141595,NULL,NULL,1,'/compta/paiement/cheque/list.php?leftmenu=checks','','List','bills',1,'','$user->rights->banque->lire','empty($conf->global->BANK_DISABLE_CHECK_DEPOSIT) && ! empty($conf->banque->enabled) && (! empty($conf->facture->enabled) || ! empty($conf->global->MAIN_MENU_CHEQUE_DEPOSIT_ON))',2,'2016-07-30 11:13:00'),(141598,'auguria',1,'','left','accountancy',141584,NULL,NULL,8,'/compta/facture/stats/index.php?leftmenu=customers_bills','','Statistics','bills',1,'','$user->rights->facture->lire','$conf->facture->enabled',2,'2016-07-30 11:13:00'),(141604,'auguria',1,'','left','accountancy',141589,NULL,NULL,1,'/compta/facture/list.php?leftmenu=customers_bills&amp;search_status=0','','BillShortStatusDraft','bills',2,'','$user->rights->facture->lire','$conf->facture->enabled',2,'2016-07-30 11:13:00'),(141605,'auguria',1,'','left','accountancy',141589,NULL,NULL,2,'/compta/facture/list.php?leftmenu=customers_bills&amp;search_status=1','','BillShortStatusNotPaid','bills',2,'','$user->rights->facture->lire','$conf->facture->enabled',2,'2016-07-30 11:13:00'),(141606,'auguria',1,'','left','accountancy',141589,NULL,NULL,3,'/compta/facture/list.php?leftmenu=customers_bills&amp;search_status=2','','BillShortStatusPaid','bills',2,'','$user->rights->facture->lire','$conf->facture->enabled',2,'2016-07-30 11:13:00'),(141607,'auguria',1,'','left','accountancy',141589,NULL,NULL,4,'/compta/facture/list.php?leftmenu=customers_bills&amp;search_status=3','','BillShortStatusCanceled','bills',2,'','$user->rights->facture->lire','$conf->facture->enabled',2,'2016-07-30 11:13:00'),(141784,'auguria',1,'','left','accountancy',139890,NULL,NULL,3,'/commande/list.php?leftmenu=orders&amp;viewstatut=3','','MenuOrdersToBill','orders',0,'orders','$user->rights->commande->lire','$conf->commande->enabled',0,'2016-07-30 11:13:00'),(141884,'auguria',1,'','left','accountancy',139890,NULL,NULL,4,'/don/index.php?leftmenu=donations&amp;mainmenu=accountancy','','Donations','donations',0,'donations','$user->rights->don->lire','$conf->don->enabled',2,'2016-07-30 11:13:00'),(141885,'auguria',1,'','left','accountancy',141884,NULL,NULL,0,'/don/card.php?leftmenu=donations&amp;mainmenu=accountancy&amp;action=create','','NewDonation','donations',1,'','$user->rights->don->creer','$conf->don->enabled && $leftmenu==\"donations\"',2,'2016-07-30 11:13:00'),(141886,'auguria',1,'','left','accountancy',141884,NULL,NULL,1,'/don/list.php?leftmenu=donations&amp;mainmenu=accountancy','','List','donations',1,'','$user->rights->don->lire','$conf->don->enabled && $leftmenu==\"donations\"',2,'2016-07-30 11:13:00'),(141984,'auguria',1,'','left','accountancy',139899,NULL,NULL,5,'/compta/deplacement/index.php?leftmenu=tripsandexpenses','','TripsAndExpenses','trips',0,'tripsandexpenses','$user->rights->deplacement->lire','$conf->deplacement->enabled',0,'2016-07-30 11:13:00'),(141985,'auguria',1,'','left','accountancy',141984,NULL,NULL,1,'/compta/deplacement/card.php?action=create&amp;leftmenu=tripsandexpenses','','New','trips',1,'','$user->rights->deplacement->creer','$conf->deplacement->enabled',0,'2016-07-30 11:13:00'),(141986,'auguria',1,'','left','accountancy',141984,NULL,NULL,2,'/compta/deplacement/list.php?leftmenu=tripsandexpenses','','List','trips',1,'','$user->rights->deplacement->lire','$conf->deplacement->enabled',0,'2016-07-30 11:13:00'),(141987,'auguria',1,'','left','accountancy',141984,NULL,NULL,2,'/compta/deplacement/stats/index.php?leftmenu=tripsandexpenses','','Statistics','trips',1,'','$user->rights->deplacement->lire','$conf->deplacement->enabled',0,'2016-07-30 11:13:00'),(142084,'auguria',1,'','left','accountancy',139890,NULL,NULL,6,'/compta/charges/index.php?leftmenu=tax&amp;mainmenu=accountancy','','MenuSpecialExpenses','compta',0,'tax','(! empty($conf->tax->enabled) && $user->rights->tax->charges->lire) || (! empty($conf->salaries->enabled) && $user->rights->salaries->read)','$conf->tax->enabled || $conf->salaries->enabled',0,'2016-07-30 11:13:00'),(142094,'auguria',1,'','left','accountancy',142084,NULL,NULL,1,'/compta/salaries/index.php?leftmenu=tax_salary&amp;mainmenu=accountancy','','Salaries','salaries',1,'tax_sal','$user->rights->salaries->read','$conf->salaries->enabled',0,'2016-07-30 11:13:00'),(142095,'auguria',1,'','left','accountancy',142094,NULL,NULL,2,'/compta/salaries/card.php?leftmenu=tax_salary&amp;action=create','','NewPayment','companies',2,'','$user->rights->salaries->write','$conf->salaries->enabled && $leftmenu==\"tax_salary\"',0,'2016-07-30 11:13:00'),(142096,'auguria',1,'','left','accountancy',142094,NULL,NULL,3,'/compta/salaries/index.php?leftmenu=tax_salary','','Payments','companies',2,'','$user->rights->salaries->read','$conf->salaries->enabled && $leftmenu==\"tax_salary\"',0,'2016-07-30 11:13:00'),(142104,'auguria',1,'','left','accountancy',142084,NULL,NULL,1,'/loan/index.php?leftmenu=tax_loan&amp;mainmenu=accountancy','','Loans','loan',1,'tax_loan','$user->rights->loan->read','$conf->loan->enabled',0,'2016-07-30 11:13:00'),(142105,'auguria',1,'','left','accountancy',142104,NULL,NULL,2,'/loan/card.php?leftmenu=tax_loan&amp;action=create','','NewLoan','loan',2,'','$user->rights->loan->write','$conf->loan->enabled && $leftmenu==\"tax_loan\"',0,'2016-07-30 11:13:00'),(142107,'auguria',1,'','left','accountancy',142104,NULL,NULL,4,'/loan/calc.php?leftmenu=tax_loan','','Calculator','companies',2,'','$user->rights->loan->calc','$conf->loan->enabled && $leftmenu==\"tax_loan\" && ! empty($conf->global->LOAN_SHOW_CALCULATOR)',0,'2016-07-30 11:13:00'),(142134,'auguria',1,'','left','accountancy',142084,NULL,NULL,1,'/compta/sociales/index.php?leftmenu=tax_social','','SocialContributions','',1,'tax_social','$user->rights->tax->charges->lire','$conf->tax->enabled',0,'2016-07-30 11:13:00'),(142135,'auguria',1,'','left','accountancy',142134,NULL,NULL,2,'/compta/sociales/charges.php?leftmenu=tax_social&amp;action=create','','MenuNewSocialContribution','',2,'','$user->rights->tax->charges->creer','$conf->tax->enabled && $leftmenu==\"tax_social\"',0,'2016-07-30 11:13:00'),(142136,'auguria',1,'','left','accountancy',142134,NULL,NULL,3,'/compta/charges/index.php?leftmenu=tax_social&amp;mainmenu=accountancy&amp;mode=sconly','','Payments','',2,'','$user->rights->tax->charges->lire','$conf->tax->enabled && $leftmenu==\"tax_social\"',0,'2016-07-30 11:13:00'),(142184,'auguria',1,'','left','accountancy',142084,NULL,NULL,7,'/compta/tva/index.php?leftmenu=tax_vat&amp;mainmenu=accountancy','','VAT','companies',1,'tax_vat','$user->rights->tax->charges->lire','$conf->tax->enabled && empty($conf->global->TAX_DISABLE_VAT_MENUS)',0,'2016-07-30 11:13:00'),(142185,'auguria',1,'','left','accountancy',142184,NULL,NULL,0,'/compta/tva/card.php?leftmenu=tax_vat&amp;action=create','','New','companies',2,'','$user->rights->tax->charges->creer','$conf->tax->enabled && empty($conf->global->TAX_DISABLE_VAT_MENUS) && $leftmenu==\"tax_vat\"',0,'2016-07-30 11:13:00'),(142186,'auguria',1,'','left','accountancy',142184,NULL,NULL,1,'/compta/tva/reglement.php?leftmenu=tax_vat','','List','companies',2,'','$user->rights->tax->charges->lire','$conf->tax->enabled && empty($conf->global->TAX_DISABLE_VAT_MENUS) && $leftmenu==\"tax_vat\"',0,'2016-07-30 11:13:00'),(142187,'auguria',1,'','left','accountancy',142184,NULL,NULL,2,'/compta/tva/clients.php?leftmenu=tax_vat','','ReportByCustomers','companies',2,'','$user->rights->tax->charges->lire','$conf->tax->enabled && empty($conf->global->TAX_DISABLE_VAT_MENUS) && $leftmenu==\"tax_vat\"',0,'2016-07-30 11:13:00'),(142188,'auguria',1,'','left','accountancy',142184,NULL,NULL,3,'/compta/tva/quadri_detail.php?leftmenu=tax_vat','','ReportByQuarter','companies',2,'','$user->rights->tax->charges->lire','$conf->tax->enabled && empty($conf->global->TAX_DISABLE_VAT_MENUS) && $leftmenu==\"tax_vat\"',0,'2016-07-30 11:13:00'),(142284,'auguria',1,'','left','accountancy',139890,NULL,NULL,7,'/accountancy/customer/index.php?leftmenu=accounting','','MenuAccountancy','accountancy',0,'accounting','! empty($conf->accounting->enabled) || $user->rights->accounting->ventilation->read || $user->rights->accounting->ventilation->dispatch || $user->rights->compta->resultat->lire','$conf->accounting->enabled',0,'2016-07-30 11:13:00'),(142285,'auguria',1,'','left','accountancy',142284,NULL,NULL,1,'/accountancy/customer/index.php?leftmenu=dispatch_customer','','CustomersVentilation','accountancy',1,'dispatch_customer','$user->rights->accounting->ventilation->read','$conf->accounting->enabled',0,'2016-07-30 11:13:00'),(142286,'auguria',1,'','left','accountancy',142285,NULL,NULL,2,'/accountancy/customer/list.php','','ToDispatch','accountancy',2,'','$user->rights->accounting->ventilation->dispatch','$conf->accounting->enabled && $leftmenu==\"dispatch_customer\"',0,'2016-07-30 11:13:00'),(142287,'auguria',1,'','left','accountancy',142285,NULL,NULL,3,'/accountancy/customer/lines.php','','Dispatched','accountancy',2,'','$user->rights->accounting->ventilation->read','$conf->accounting->enabled && $leftmenu==\"dispatch_customer\"',0,'2016-07-30 11:13:00'),(142294,'auguria',1,'','left','accountancy',142284,NULL,NULL,4,'/accountancy/supplier/index.php?leftmenu=dispatch_supplier','','SuppliersVentilation','accountancy',1,'ventil_supplier','$user->rights->accounting->ventilation->read','$conf->accounting->enabled && $conf->fournisseur->enabled',0,'2016-07-30 11:13:00'),(142295,'auguria',1,'','left','accountancy',142294,NULL,NULL,5,'/accountancy/supplier/list.php','','ToDispatch','accountancy',2,'','$user->rights->accounting->ventilation->dispatch','$conf->accounting->enabled && $conf->fournisseur->enabled && $leftmenu==\"dispatch_supplier\"',0,'2016-07-30 11:13:00'),(142296,'auguria',1,'','left','accountancy',142294,NULL,NULL,6,'/accountancy/supplier/lines.php','','Dispatched','accountancy',2,'','$user->rights->accounting->ventilation->read','$conf->accounting->enabled && $conf->fournisseur->enabled && $leftmenu==\"dispatch_supplier\"',0,'2016-07-30 11:13:00'),(142314,'auguria',1,'','left','accountancy',142284,NULL,NULL,15,'/accountancy/bookkeeping/list.php','','Bookkeeping','accountancy',1,'bookkeeping','$user->rights->accounting->mouvements->lire','$conf->accounting->enabled',0,'2016-07-30 11:13:00'),(142319,'auguria',1,'','left','accountancy',142284,NULL,NULL,16,'/accountancy/bookkeeping/balance.php','','AccountBalance','accountancy',1,'balance','$user->rights->accounting->mouvements->lire','$conf->accounting->enabled',0,'2016-07-30 11:13:00'),(142324,'auguria',1,'','left','accountancy',142284,NULL,NULL,17,'/accountancy/report/result.php?leftmenu=ca&amp;mainmenu=accountancy','','Reportings','main',1,'report','$user->rights->compta->resultat->lire || $user->rights->accounting->comptarapport->lire','$conf->accounting->enabled',0,'2016-07-30 11:13:00'),(142325,'auguria',1,'','left','accountancy',142324,NULL,NULL,18,'/accountancy/report/result.php?leftmenu=ca','','ReportInOut','main',2,'','$user->rights->compta->resultat->lire || $user->rights->accounting->comptarapport->lire','$conf->accounting->enabled && $leftmenu==\"ca\"',0,'2016-07-30 11:13:00'),(142326,'auguria',1,'','left','accountancy',142324,NULL,NULL,19,'/compta/resultat/index.php?leftmenu=ca','','ByExpenseIncome','main',3,'','$user->rights->compta->resultat->lire || $user->rights->accounting->comptarapport->lire','$conf->accounting->enabled && $leftmenu==\"ca\"',0,'2016-07-30 11:13:00'),(142327,'auguria',1,'','left','accountancy',142324,NULL,NULL,20,'/compta/resultat/clientfourn.php?leftmenu=ca','','ByCompanies','main',3,'','$user->rights->compta->resultat->lire || $user->rights->accounting->comptarapport->lire','$conf->accounting->enabled && $leftmenu==\"ca\"',0,'2016-07-30 11:13:00'),(142328,'auguria',1,'','left','accountancy',142324,NULL,NULL,21,'/compta/stats/index.php?leftmenu=ca','','ReportTurnover','main',2,'','$user->rights->compta->resultat->lire || $user->rights->accounting->comptarapport->lire','$conf->accounting->enabled && $leftmenu==\"ca\"',0,'2016-07-30 11:13:00'),(142329,'auguria',1,'','left','accountancy',142324,NULL,NULL,22,'/compta/stats/casoc.php?leftmenu=ca','','ByCompanies','main',3,'','$user->rights->compta->resultat->lire || $user->rights->accounting->comptarapport->lire','$conf->accounting->enabled && $leftmenu==\"ca\"',0,'2016-07-30 11:13:00'),(142330,'auguria',1,'','left','accountancy',142324,NULL,NULL,23,'/compta/stats/cabyuser.php?leftmenu=ca','','ByUsers','main',3,'','$user->rights->compta->resultat->lire || $user->rights->accounting->comptarapport->lire','$conf->accounting->enabled && $leftmenu==\"ca\"',0,'2016-07-30 11:13:00'),(142331,'auguria',1,'','left','accountancy',142324,NULL,NULL,24,'/compta/stats/cabyprodserv.php?leftmenu=ca','','ByProductsAndServices','main',3,'','$user->rights->compta->resultat->lire || $user->rights->accounting->comptarapport->lire','$conf->accounting->enabled && $leftmenu==\"ca\"',0,'2016-07-30 11:13:00'),(142335,'auguria',1,'','left','home',142284,NULL,NULL,25,'/accountancy/admin/account.php?mainmenu=accountancy','','Chartofaccounts','admin',1,'','$user->rights->accounting->chartofaccount','$conf->accounting->enabled',0,'2016-07-30 11:13:00'),(142384,'auguria',1,'','left','accountancy',139898,NULL,NULL,9,'/compta/prelevement/index.php?leftmenu=withdraw&amp;mainmenu=bank','','StandingOrders','withdrawals',0,'withdraw','$user->rights->prelevement->bons->lire','$conf->prelevement->enabled',2,'2016-07-30 11:13:00'),(142386,'auguria',1,'','left','accountancy',142384,NULL,NULL,0,'/compta/prelevement/create.php?leftmenu=withdraw','','NewStandingOrder','withdrawals',1,'','$user->rights->prelevement->bons->lire','$conf->prelevement->enabled && $leftmenu==\"withdraw\"',2,'2016-07-30 11:13:00'),(142387,'auguria',1,'','left','accountancy',142384,NULL,NULL,2,'/compta/prelevement/bons.php?leftmenu=withdraw','','WithdrawalsReceipts','withdrawals',1,'','$user->rights->prelevement->bons->lire','$conf->prelevement->enabled && $leftmenu==\"withdraw\"',2,'2016-07-30 11:13:00'),(142388,'auguria',1,'','left','accountancy',142384,NULL,NULL,3,'/compta/prelevement/list.php?leftmenu=withdraw','','WithdrawalsLines','withdrawals',1,'','$user->rights->prelevement->bons->lire','$conf->prelevement->enabled && $leftmenu==\"withdraw\"',2,'2016-07-30 11:13:00'),(142390,'auguria',1,'','left','accountancy',142384,NULL,NULL,5,'/compta/prelevement/rejets.php?leftmenu=withdraw','','Rejects','withdrawals',1,'','$user->rights->prelevement->bons->lire','$conf->prelevement->enabled && $leftmenu==\"withdraw\"',2,'2016-07-30 11:13:00'),(142391,'auguria',1,'','left','accountancy',142384,NULL,NULL,6,'/compta/prelevement/stats.php?leftmenu=withdraw','','Statistics','withdrawals',1,'','$user->rights->prelevement->bons->lire','$conf->prelevement->enabled && $leftmenu==\"withdraw\"',2,'2016-07-30 11:13:00'),(142484,'auguria',1,'','left','accountancy',139898,NULL,NULL,1,'/compta/bank/index.php?leftmenu=bank&amp;mainmenu=bank','','MenuBankCash','banks',0,'bank','$user->rights->banque->lire','$conf->banque->enabled',0,'2016-07-30 11:13:00'),(142485,'auguria',1,'','left','accountancy',142484,NULL,NULL,0,'/compta/bank/card.php?action=create&amp;leftmenu=bank','','MenuNewFinancialAccount','banks',1,'','$user->rights->banque->configurer','$conf->banque->enabled && ($leftmenu==\"bank\" || $leftmenu==\"checks\" || $leftmenu==\"withdraw\")',0,'2016-07-30 11:13:00'),(142487,'auguria',1,'','left','accountancy',142484,NULL,NULL,2,'/compta/bank/search.php?leftmenu=bank','','ListTransactions','banks',1,'','$user->rights->banque->lire','$conf->banque->enabled && ($leftmenu==\"bank\" || $leftmenu==\"checks\" || $leftmenu==\"withdraw\")',0,'2016-07-30 11:13:00'),(142488,'auguria',1,'','left','accountancy',142484,NULL,NULL,3,'/compta/bank/budget.php?leftmenu=bank','','ListTransactionsByCategory','banks',1,'','$user->rights->banque->lire','$conf->banque->enabled && ($leftmenu==\"bank\" || $leftmenu==\"checks\" || $leftmenu==\"withdraw\")',0,'2016-07-30 11:13:00'),(142490,'auguria',1,'','left','accountancy',142484,NULL,NULL,5,'/compta/bank/virement.php?leftmenu=bank','','BankTransfers','banks',1,'','$user->rights->banque->transfer','$conf->banque->enabled && ($leftmenu==\"bank\" || $leftmenu==\"checks\" || $leftmenu==\"withdraw\")',0,'2016-07-30 11:13:00'),(142534,'auguria',1,'','left','accountancy',139898,NULL,NULL,4,'/categories/index.php?leftmenu=cat&amp;type=5','','Categories','categories',0,'cat','$user->rights->categorie->lire','$conf->categorie->enabled',2,'2016-07-30 11:13:00'),(142535,'auguria',1,'','left','accountancy',142534,NULL,NULL,0,'/categories/card.php?action=create&amp;type=5','','NewCategory','categories',1,'','$user->rights->categorie->creer','$conf->categorie->enabled',2,'2016-07-30 11:13:00'),(142584,'auguria',1,'','left','accountancy',139890,NULL,NULL,11,'/compta/resultat/index.php?leftmenu=ca&amp;mainmenu=accountancy','','Reportings','main',0,'ca','$user->rights->compta->resultat->lire || $user->rights->accounting->comptarapport->lire','$conf->comptabilite->enabled',0,'2016-07-30 11:13:00'),(142585,'auguria',1,'','left','accountancy',142584,NULL,NULL,0,'/compta/resultat/index.php?leftmenu=ca','','ReportInOut','main',1,'','$user->rights->compta->resultat->lire || $user->rights->accounting->comptarapport->lire','$conf->comptabilite->enabled && $leftmenu==\"ca\"',0,'2016-07-30 11:13:00'),(142586,'auguria',1,'','left','accountancy',142585,NULL,NULL,0,'/compta/resultat/clientfourn.php?leftmenu=ca','','ByCompanies','main',2,'','$user->rights->compta->resultat->lire || $user->rights->accounting->comptarapport->lire','$conf->comptabilite->enabled && $leftmenu==\"ca\"',0,'2016-07-30 11:13:00'),(142587,'auguria',1,'','left','accountancy',142584,NULL,NULL,1,'/compta/stats/index.php?leftmenu=ca','','ReportTurnover','main',1,'','$user->rights->compta->resultat->lire || $user->rights->accounting->comptarapport->lire','$conf->comptabilite->enabled && $leftmenu==\"ca\"',0,'2016-07-30 11:13:00'),(142588,'auguria',1,'','left','accountancy',142587,NULL,NULL,0,'/compta/stats/casoc.php?leftmenu=ca','','ByCompanies','main',2,'','$user->rights->compta->resultat->lire || $user->rights->accounting->comptarapport->lire','$conf->comptabilite->enabled && $leftmenu==\"ca\"',0,'2016-07-30 11:13:00'),(142589,'auguria',1,'','left','accountancy',142587,NULL,NULL,1,'/compta/stats/cabyuser.php?leftmenu=ca','','ByUsers','main',2,'','$user->rights->compta->resultat->lire || $user->rights->accounting->comptarapport->lire','$conf->comptabilite->enabled && $leftmenu==\"ca\"',0,'2016-07-30 11:13:00'),(142590,'auguria',1,'','left','accountancy',142584,NULL,NULL,1,'/compta/journal/sellsjournal.php?leftmenu=ca','','SellsJournal','main',1,'','$user->rights->compta->resultat->lire || $user->rights->accounting->comptarapport->lire','$conf->comptabilite->enabled && $leftmenu==\"ca\"',0,'2016-07-30 11:13:00'),(142591,'auguria',1,'','left','accountancy',142584,NULL,NULL,1,'/compta/journal/purchasesjournal.php?leftmenu=ca','','PurchasesJournal','main',1,'','$user->rights->compta->resultat->lire || $user->rights->accounting->comptarapport->lire','$conf->comptabilite->enabled && $leftmenu==\"ca\"',0,'2016-07-30 11:13:00'),(142592,'auguria',1,'','left','accountancy',142587,NULL,NULL,1,'/compta/stats/cabyprodserv.php?leftmenu=ca','','ByProductsAndServices','main',2,'','$user->rights->compta->resultat->lire || $user->rights->accounting->comptarapport->lire','$conf->comptabilite->enabled && $leftmenu==\"ca\"',0,'2016-07-30 11:13:00'),(142684,'auguria',1,'','left','products',139887,NULL,NULL,0,'/product/index.php?leftmenu=product&amp;type=0','','Products','products',0,'product','$user->rights->produit->lire','$conf->product->enabled',2,'2016-07-30 11:13:00'),(142685,'auguria',1,'','left','products',142684,NULL,NULL,0,'/product/card.php?leftmenu=product&amp;action=create&amp;type=0','','NewProduct','products',1,'','$user->rights->produit->creer','$conf->product->enabled',2,'2016-07-30 11:13:00'),(142686,'auguria',1,'','left','products',142684,NULL,NULL,1,'/product/list.php?leftmenu=product&amp;type=0','','List','products',1,'','$user->rights->produit->lire','$conf->product->enabled',2,'2016-07-30 11:13:00'),(142687,'auguria',1,'','left','products',142684,NULL,NULL,4,'/product/reassort.php?type=0','','Stocks','products',1,'','$user->rights->produit->lire && $user->rights->stock->lire','$conf->product->enabled',2,'2016-07-30 11:13:00'),(142688,'auguria',1,'','left','products',142684,NULL,NULL,6,'/product/stats/card.php?id=all&amp;leftmenu=stats&amp;type=0','','Statistics','main',1,'','$user->rights->produit->lire','$conf->propal->enabled',2,'2016-07-30 11:13:00'),(142689,'auguria',1,'','left','products',142684,NULL,NULL,5,'/product/reassortlot.php?type=0','','StocksByLotSerial','products',1,'','$user->rights->produit->lire && $user->rights->stock->lire','$conf->productbatch->enabled',2,'2016-07-30 11:13:00'),(142784,'auguria',1,'','left','products',139887,NULL,NULL,1,'/product/index.php?leftmenu=service&amp;type=1','','Services','products',0,'service','$user->rights->service->lire','$conf->service->enabled',2,'2016-07-30 11:13:00'),(142785,'auguria',1,'','left','products',142784,NULL,NULL,0,'/product/card.php?leftmenu=service&amp;action=create&amp;type=1','','NewService','products',1,'','$user->rights->service->creer','$conf->service->enabled',2,'2016-07-30 11:13:00'),(142786,'auguria',1,'','left','products',142784,NULL,NULL,1,'/product/list.php?leftmenu=service&amp;type=1','','List','products',1,'','$user->rights->service->lire','$conf->service->enabled',2,'2016-07-30 11:13:00'),(142787,'auguria',1,'','left','products',142784,NULL,NULL,5,'/product/stats/card.php?id=all&amp;leftmenu=stats&amp;type=1','','Statistics','main',1,'','$user->rights->service->lire','$conf->propal->enabled',2,'2016-07-30 11:13:00'),(142984,'auguria',1,'','left','products',139887,NULL,NULL,3,'/product/stock/index.php?leftmenu=stock','','Stock','stocks',0,'stock','$user->rights->stock->lire','$conf->stock->enabled',2,'2016-07-30 11:13:00'),(142985,'auguria',1,'','left','products',142984,NULL,NULL,0,'/product/stock/card.php?action=create','','MenuNewWarehouse','stocks',1,'','$user->rights->stock->creer','$conf->stock->enabled',2,'2016-07-30 11:13:00'),(142986,'auguria',1,'','left','products',142984,NULL,NULL,1,'/product/stock/list.php','','List','stocks',1,'','$user->rights->stock->lire','$conf->stock->enabled',2,'2016-07-30 11:13:00'),(142988,'auguria',1,'','left','products',142984,NULL,NULL,3,'/product/stock/mouvement.php','','Movements','stocks',1,'','$user->rights->stock->mouvement->lire','$conf->stock->enabled',2,'2016-07-30 11:13:00'),(142989,'auguria',1,'','left','products',142984,NULL,NULL,4,'/product/stock/replenish.php','','Replenishments','stocks',1,'','$user->rights->stock->mouvement->creer && $user->rights->fournisseur->lire','$conf->stock->enabled && $conf->supplier_order->enabled',2,'2016-07-30 11:13:00'),(142990,'auguria',1,'','left','products',142984,NULL,NULL,5,'/product/stock/massstockmove.php','','MassStockTransferShort','stocks',1,'','$user->rights->stock->mouvement->creer','$conf->stock->enabled',2,'2016-07-30 11:13:00'),(143084,'auguria',1,'','left','products',139887,NULL,NULL,4,'/categories/index.php?leftmenu=cat&amp;type=0','','Categories','categories',0,'cat','$user->rights->categorie->lire','$conf->categorie->enabled',2,'2016-07-30 11:13:00'),(143085,'auguria',1,'','left','products',143084,NULL,NULL,0,'/categories/card.php?action=create&amp;type=0','','NewCategory','categories',1,'','$user->rights->categorie->creer','$conf->categorie->enabled',2,'2016-07-30 11:13:00'),(143484,'auguria',1,'','left','project',139891,NULL,NULL,0,'/projet/index.php?leftmenu=projects','','Projects','projects',0,'projects','$user->rights->projet->lire','$conf->projet->enabled',2,'2016-07-30 11:13:00'),(143485,'auguria',1,'','left','project',143484,NULL,NULL,1,'/projet/card.php?leftmenu=projects&amp;action=create','','NewProject','projects',1,'','$user->rights->projet->creer','$conf->projet->enabled',2,'2016-07-30 11:13:00'),(143486,'auguria',1,'','left','project',143484,NULL,NULL,2,'/projet/list.php?leftmenu=projects','','List','projects',1,'','$user->rights->projet->lire','$conf->projet->enabled',2,'2016-07-30 11:13:00'),(143494,'auguria',1,'','left','project',139891,NULL,NULL,0,'/projet/index.php?leftmenu=projects&amp;mode=mine','','MyProjects','projects',0,'myprojects','$user->rights->projet->lire','$conf->projet->enabled',2,'2016-07-30 11:13:00'),(143495,'auguria',1,'','left','project',143494,NULL,NULL,1,'/projet/card.php?leftmenu=projects&amp;action=create&amp;mode=mine','','NewProject','projects',1,'','$user->rights->projet->creer','$conf->projet->enabled',2,'2016-07-30 11:13:00'),(143496,'auguria',1,'','left','project',143494,NULL,NULL,2,'/projet/list.php?leftmenu=projects&amp;mode=mine','','List','projects',1,'','$user->rights->projet->lire','$conf->projet->enabled',2,'2016-07-30 11:13:00'),(143584,'auguria',1,'','left','project',139891,NULL,NULL,0,'/projet/activity/index.php?leftmenu=projects','','Activities','projects',0,'','$user->rights->projet->lire','$conf->projet->enabled',2,'2016-07-30 11:13:00'),(143585,'auguria',1,'','left','project',143584,NULL,NULL,1,'/projet/tasks.php?leftmenu=projects&amp;action=create','','NewTask','projects',1,'','$user->rights->projet->creer','$conf->projet->enabled',2,'2016-07-30 11:13:00'),(143586,'auguria',1,'','left','project',143584,NULL,NULL,2,'/projet/tasks/list.php?leftmenu=projects','','List','projects',1,'','$user->rights->projet->lire','$conf->projet->enabled',2,'2016-07-30 11:13:00'),(143587,'auguria',1,'','left','project',143584,NULL,NULL,3,'/projet/activity/perweek.php?leftmenu=projects','','NewTimeSpent','projects',1,'','$user->rights->projet->lire','$conf->projet->enabled',2,'2016-07-30 11:13:00'),(143684,'auguria',1,'','left','project',139891,NULL,NULL,0,'/projet/activity/index.php?leftmenu=projects&amp;mode=mine','','MyActivities','projects',0,'','$user->rights->projet->lire','$conf->projet->enabled',2,'2016-07-30 11:13:00'),(143685,'auguria',1,'','left','project',143684,NULL,NULL,1,'/projet/tasks.php?leftmenu=projects&amp;action=create','','NewTask','projects',1,'','$user->rights->projet->creer','$conf->projet->enabled',2,'2016-07-30 11:13:00'),(143686,'auguria',1,'','left','project',143684,NULL,NULL,2,'/projet/tasks/list.php?leftmenu=projects&amp;mode=mine','','List','projects',1,'','$user->rights->projet->lire','$conf->projet->enabled',2,'2016-07-30 11:13:00'),(143687,'auguria',1,'','left','project',143684,NULL,NULL,3,'/projet/activity/perweek.php?leftmenu=projects&amp;mode=mine','','NewTimeSpent','projects',1,'','$user->rights->projet->lire','$conf->projet->enabled',2,'2016-07-30 11:13:00'),(143784,'auguria',1,'','left','tools',139892,NULL,NULL,0,'/comm/mailing/index.php?leftmenu=mailing','','EMailings','mails',0,'mailing','$user->rights->mailing->lire','$conf->mailing->enabled',0,'2016-07-30 11:13:00'),(143785,'auguria',1,'','left','tools',143784,NULL,NULL,0,'/comm/mailing/card.php?leftmenu=mailing&amp;action=create','','NewMailing','mails',1,'','$user->rights->mailing->creer','$conf->mailing->enabled',0,'2016-07-30 11:13:00'),(143786,'auguria',1,'','left','tools',143784,NULL,NULL,1,'/comm/mailing/list.php?leftmenu=mailing','','List','mails',1,'','$user->rights->mailing->lire','$conf->mailing->enabled',0,'2016-07-30 11:13:00'),(143984,'auguria',1,'','left','tools',139892,NULL,NULL,2,'/exports/index.php?leftmenu=export','','FormatedExport','exports',0,'export','$user->rights->export->lire','$conf->export->enabled',2,'2016-07-30 11:13:00'),(143985,'auguria',1,'','left','tools',143984,NULL,NULL,0,'/exports/export.php?leftmenu=export','','NewExport','exports',1,'','$user->rights->export->creer','$conf->export->enabled',2,'2016-07-30 11:13:00'),(144014,'auguria',1,'','left','tools',139892,NULL,NULL,2,'/imports/index.php?leftmenu=import','','FormatedImport','exports',0,'import','$user->rights->import->run','$conf->import->enabled',2,'2016-07-30 11:13:00'),(144015,'auguria',1,'','left','tools',144014,NULL,NULL,0,'/imports/import.php?leftmenu=import','','NewImport','exports',1,'','$user->rights->import->run','$conf->import->enabled',2,'2016-07-30 11:13:00'),(144084,'auguria',1,'','left','members',139897,NULL,NULL,0,'/adherents/index.php?leftmenu=members&amp;mainmenu=members','','Members','members',0,'members','$user->rights->adherent->lire','$conf->adherent->enabled',2,'2016-07-30 11:13:00'),(144085,'auguria',1,'','left','members',144084,NULL,NULL,0,'/adherents/card.php?leftmenu=members&amp;action=create','','NewMember','members',1,'','$user->rights->adherent->creer','$conf->adherent->enabled',2,'2016-07-30 11:13:00'),(144086,'auguria',1,'','left','members',144084,NULL,NULL,1,'/adherents/list.php','','List','members',1,'','$user->rights->adherent->lire','$conf->adherent->enabled',2,'2016-07-30 11:13:00'),(144087,'auguria',1,'','left','members',144086,NULL,NULL,2,'/adherents/list.php?leftmenu=members&amp;statut=-1','','MenuMembersToValidate','members',2,'','$user->rights->adherent->lire','$conf->adherent->enabled',2,'2016-07-30 11:13:00'),(144088,'auguria',1,'','left','members',144086,NULL,NULL,3,'/adherents/list.php?leftmenu=members&amp;statut=1','','MenuMembersValidated','members',2,'','$user->rights->adherent->lire','$conf->adherent->enabled',2,'2016-07-30 11:13:00'),(144089,'auguria',1,'','left','members',144086,NULL,NULL,4,'/adherents/list.php?leftmenu=members&amp;statut=1&amp;filter=outofdate','','MenuMembersNotUpToDate','members',2,'','$user->rights->adherent->lire','$conf->adherent->enabled',2,'2016-07-30 11:13:00'),(144090,'auguria',1,'','left','members',144086,NULL,NULL,5,'/adherents/list.php?leftmenu=members&amp;statut=1&amp;filter=uptodate','','MenuMembersUpToDate','members',2,'','$user->rights->adherent->lire','$conf->adherent->enabled',2,'2016-07-30 11:13:00'),(144091,'auguria',1,'','left','members',144086,NULL,NULL,6,'/adherents/list.php?leftmenu=members&amp;statut=0','','MenuMembersResiliated','members',2,'','$user->rights->adherent->lire','$conf->adherent->enabled',2,'2016-07-30 11:13:00'),(144092,'auguria',1,'','left','members',144084,NULL,NULL,7,'/adherents/stats/geo.php?leftmenu=members&amp;mode=memberbycountry','','MenuMembersStats','members',1,'','$user->rights->adherent->lire','$conf->adherent->enabled',2,'2016-07-30 11:13:00'),(144184,'auguria',1,'','left','members',139897,NULL,NULL,1,'/adherents/index.php?leftmenu=members&amp;mainmenu=members','','Subscriptions','compta',0,'','$user->rights->adherent->cotisation->lire','$conf->adherent->enabled',2,'2016-07-30 11:13:00'),(144185,'auguria',1,'','left','members',144184,NULL,NULL,0,'/adherents/list.php?statut=-1&amp;leftmenu=accountancy&amp;mainmenu=members','','NewSubscription','compta',1,'','$user->rights->adherent->cotisation->creer','$conf->adherent->enabled',2,'2016-07-30 11:13:00'),(144186,'auguria',1,'','left','members',144184,NULL,NULL,1,'/adherents/cotisations.php?leftmenu=members','','List','compta',1,'','$user->rights->adherent->cotisation->lire','$conf->adherent->enabled',2,'2016-07-30 11:13:00'),(144187,'auguria',1,'','left','members',144184,NULL,NULL,7,'/adherents/stats/index.php?leftmenu=members','','MenuMembersStats','members',1,'','$user->rights->adherent->lire','$conf->adherent->enabled',2,'2016-07-30 11:13:00'),(144384,'auguria',1,'','left','members',139897,NULL,NULL,3,'/adherents/index.php?leftmenu=export&amp;mainmenu=members','','Exports','members',0,'export','$user->rights->adherent->export','$conf->adherent->enabled',2,'2016-07-30 11:13:00'),(144385,'auguria',1,'','left','members',144384,NULL,NULL,0,'/exports/index.php?leftmenu=export','','Datas','members',1,'','$user->rights->adherent->export','$conf->adherent->enabled && $conf->export->enabled',2,'2016-07-30 11:13:00'),(144386,'auguria',1,'','left','members',144384,NULL,NULL,1,'/adherents/htpasswd.php?leftmenu=export','','Filehtpasswd','members',1,'','$user->rights->adherent->export','$conf->adherent->enabled',2,'2016-07-30 11:13:00'),(144387,'auguria',1,'','left','members',144384,NULL,NULL,2,'/adherents/cartes/carte.php?leftmenu=export','','MembersCards','members',1,'','$user->rights->adherent->export','$conf->adherent->enabled',2,'2016-07-30 11:13:00'),(144484,'auguria',1,'','left','hrm',139899,NULL,NULL,1,'/user/index.php?&leftmenu=hrm&mode=employee','','Employees','hrm',0,'hrm','$user->rights->hrm->employee->read','$conf->hrm->enabled',0,'2016-07-30 11:13:00'),(144485,'auguria',1,'','left','hrm',144484,NULL,NULL,1,'/user/card.php?&action=create','','NewEmployee','hrm',1,'','$user->rights->hrm->employee->write','$conf->hrm->enabled',0,'2016-07-30 11:13:00'),(144486,'auguria',1,'','left','hrm',144484,NULL,NULL,2,'/user/index.php?$leftmenu=hrm&mode=employee','','List','hrm',1,'','$user->rights->hrm->employee->read','$conf->hrm->enabled',0,'2016-07-30 11:13:00'),(144584,'auguria',1,'','left','members',139897,NULL,NULL,5,'/adherents/type.php?leftmenu=setup&amp;mainmenu=members','','MembersTypes','members',0,'setup','$user->rights->adherent->configurer','$conf->adherent->enabled',2,'2016-07-30 11:13:00'),(144585,'auguria',1,'','left','members',144584,NULL,NULL,0,'/adherents/type.php?leftmenu=setup&amp;mainmenu=members&amp;action=create','','New','members',1,'','$user->rights->adherent->configurer','$conf->adherent->enabled',2,'2016-07-30 11:13:00'),(144586,'auguria',1,'','left','members',144584,NULL,NULL,1,'/adherents/type.php?leftmenu=setup&amp;mainmenu=members','','List','members',1,'','$user->rights->adherent->configurer','$conf->adherent->enabled',2,'2016-07-30 11:13:00'),(144884,'auguria',1,'','left','hrm',139899,NULL,NULL,1,'/holiday/list.php?&leftmenu=hrm','','CPTitreMenu','holiday',0,'hrm','$user->rights->holiday->read','$conf->holiday->enabled',0,'2016-07-30 11:13:00'),(144885,'auguria',1,'','left','hrm',144884,NULL,NULL,1,'/holiday/card.php?&action=request','','MenuAddCP','holiday',1,'','$user->rights->holiday->write','$conf->holiday->enabled',0,'2016-07-30 11:13:00'),(144886,'auguria',1,'','left','hrm',144884,NULL,NULL,1,'/holiday/list.php?&leftmenu=hrm','','List','holiday',1,'','$user->rights->holiday->read','$conf->holiday->enabled',0,'2016-07-30 11:13:00'),(144887,'auguria',1,'','left','hrm',144886,NULL,NULL,1,'/holiday/list.php?select_statut=2&leftmenu=hrm','','ListToApprove','trips',2,'','$user->rights->holiday->read','$conf->holiday->enabled',0,'2016-07-30 11:13:00'),(144888,'auguria',1,'','left','hrm',144884,NULL,NULL,2,'/holiday/define_holiday.php?&action=request','','MenuConfCP','holiday',1,'','$user->rights->holiday->define_holiday','$conf->holiday->enabled',0,'2016-07-30 11:13:00'),(144889,'auguria',1,'','left','hrm',144884,NULL,NULL,3,'/holiday/view_log.php?&action=request','','MenuLogCP','holiday',1,'','$user->rights->holiday->define_holiday','$conf->holiday->enabled',0,'2016-07-30 11:13:00'),(144984,'auguria',1,'','left','commercial',139889,NULL,NULL,6,'/fourn/commande/index.php?leftmenu=orders_suppliers','','SuppliersOrders','orders',0,'orders_suppliers','$user->rights->fournisseur->commande->lire','$conf->supplier_order->enabled',2,'2016-07-30 11:13:00'),(144985,'auguria',1,'','left','commercial',144984,NULL,NULL,0,'/fourn/commande/card.php?action=create&amp;leftmenu=orders_suppliers','','NewOrder','orders',1,'','$user->rights->fournisseur->commande->creer','$conf->supplier_order->enabled',2,'2016-07-30 11:13:00'),(144986,'auguria',1,'','left','commercial',144984,NULL,NULL,1,'/fourn/commande/list.php?leftmenu=orders_suppliers&amp;viewstatut=0','','List','orders',1,'','$user->rights->fournisseur->commande->lire','$conf->supplier_order->enabled',2,'2016-07-30 11:13:00'),(144992,'auguria',1,'','left','commercial',144984,NULL,NULL,7,'/commande/stats/index.php?leftmenu=orders_suppliers&amp;mode=supplier','','Statistics','orders',1,'','$user->rights->fournisseur->commande->lire','$conf->supplier_order->enabled',2,'2016-07-30 11:13:00'),(145084,'auguria',1,'','left','members',139897,NULL,NULL,3,'/categories/index.php?leftmenu=cat&amp;type=3','','MembersCategoriesShort','categories',0,'cat','$user->rights->categorie->lire','$conf->adherent->enabled && $conf->categorie->enabled',2,'2016-07-30 11:13:00'),(145085,'auguria',1,'','left','members',145084,NULL,NULL,0,'/categories/card.php?action=create&amp;type=3','','NewCategory','categories',1,'','$user->rights->categorie->creer','$conf->adherent->enabled && $conf->categorie->enabled',2,'2016-07-30 11:13:00'),(145086,'all',1,'supplier_proposal','left','commercial',-1,NULL,'commercial',300,'/supplier_proposal/index.php','','SupplierProposalsShort','supplier_proposal',NULL,'supplier_proposalsubmenu','$user->rights->supplier_proposal->lire','$conf->supplier_proposal->enabled',2,'2016-07-30 11:13:20'),(145087,'all',1,'supplier_proposal','left','commercial',-1,'supplier_proposalsubmenu','commercial',301,'/supplier_proposal/card.php?action=create&amp;leftmenu=supplier_proposals','','SupplierProposalNew','supplier_proposal',NULL,NULL,'$user->rights->supplier_proposal->creer','$conf->supplier_proposal->enabled',2,'2016-07-30 11:13:20'),(145088,'all',1,'supplier_proposal','left','commercial',-1,'supplier_proposalsubmenu','commercial',302,'/supplier_proposal/list.php?leftmenu=supplier_proposals','','List','supplier_proposal',NULL,NULL,'$user->rights->supplier_proposal->lire','$conf->supplier_proposal->enabled',2,'2016-07-30 11:13:20'),(145089,'all',1,'supplier_proposal','left','commercial',-1,'supplier_proposalsubmenu','commercial',303,'/comm/propal/stats/index.php?leftmenu=supplier_proposals&amp;mode=supplier','','Statistics','supplier_proposal',NULL,NULL,'$user->rights->supplier_proposal->lire','$conf->supplier_proposal->enabled',2,'2016-07-30 11:13:20'),(145090,'all',1,'resource','left','tools',-1,NULL,'tools',100,'/resource/list.php','','MenuResourceIndex','resource',NULL,'resource','$user->rights->resource->read','1',0,'2016-07-30 11:13:32'),(145091,'all',1,'resource','left','tools',-1,'resource','tools',101,'/resource/add.php','','MenuResourceAdd','resource',NULL,NULL,'$user->rights->resource->read','1',0,'2016-07-30 11:13:32'),(145092,'all',1,'resource','left','tools',-1,'resource','tools',102,'/resource/list.php','','List','resource',NULL,NULL,'$user->rights->resource->read','1',0,'2016-07-30 11:13:32'),(145094,'all',1,'agenda','top','agenda',0,NULL,NULL,100,'/comm/action/index.php','','Agenda','agenda',NULL,NULL,'$user->rights->agenda->myactions->read','$conf->agenda->enabled',2,'2016-07-30 15:42:32'),(145095,'all',1,'agenda','left','agenda',145094,NULL,NULL,100,'/comm/action/index.php?mainmenu=agenda&amp;leftmenu=agenda','','Actions','agenda',NULL,NULL,'$user->rights->agenda->myactions->read','$conf->agenda->enabled',2,'2016-07-30 15:42:32'),(145096,'all',1,'agenda','left','agenda',145095,NULL,NULL,101,'/comm/action/card.php?mainmenu=agenda&amp;leftmenu=agenda&amp;action=create','','NewAction','commercial',NULL,NULL,'($user->rights->agenda->myactions->create||$user->rights->agenda->allactions->create)','$conf->agenda->enabled',2,'2016-07-30 15:42:32'),(145097,'all',1,'agenda','left','agenda',145095,NULL,NULL,102,'/comm/action/index.php?mainmenu=agenda&amp;leftmenu=agenda','','Agenda','agenda',NULL,NULL,'$user->rights->agenda->myactions->read','$conf->agenda->enabled',2,'2016-07-30 15:42:32'),(145098,'all',1,'agenda','left','agenda',145097,NULL,NULL,103,'/comm/action/index.php?mainmenu=agenda&amp;leftmenu=agenda&amp;status=todo&amp;filter=mine','','MenuToDoMyActions','agenda',NULL,NULL,'$user->rights->agenda->myactions->read','$conf->agenda->enabled',2,'2016-07-30 15:42:32'),(145099,'all',1,'agenda','left','agenda',145097,NULL,NULL,104,'/comm/action/index.php?mainmenu=agenda&amp;leftmenu=agenda&amp;status=done&amp;filter=mine','','MenuDoneMyActions','agenda',NULL,NULL,'$user->rights->agenda->myactions->read','$conf->agenda->enabled',2,'2016-07-30 15:42:32'),(145100,'all',1,'agenda','left','agenda',145097,NULL,NULL,105,'/comm/action/index.php?mainmenu=agenda&amp;leftmenu=agenda&amp;status=todo&amp;filtert=-1','','MenuToDoActions','agenda',NULL,NULL,'$user->rights->agenda->allactions->read','$user->rights->agenda->allactions->read',2,'2016-07-30 15:42:32'),(145101,'all',1,'agenda','left','agenda',145097,NULL,NULL,106,'/comm/action/index.php?mainmenu=agenda&amp;leftmenu=agenda&amp;status=done&amp;filtert=-1','','MenuDoneActions','agenda',NULL,NULL,'$user->rights->agenda->allactions->read','$user->rights->agenda->allactions->read',2,'2016-07-30 15:42:32'),(145102,'all',1,'agenda','left','agenda',145095,NULL,NULL,112,'/comm/action/listactions.php?mainmenu=agenda&amp;leftmenu=agenda','','List','agenda',NULL,NULL,'$user->rights->agenda->myactions->read','$conf->agenda->enabled',2,'2016-07-30 15:42:32'),(145103,'all',1,'agenda','left','agenda',145102,NULL,NULL,113,'/comm/action/listactions.php?mainmenu=agenda&amp;leftmenu=agenda&amp;status=todo&amp;filter=mine','','MenuToDoMyActions','agenda',NULL,NULL,'$user->rights->agenda->myactions->read','$conf->agenda->enabled',2,'2016-07-30 15:42:32'),(145104,'all',1,'agenda','left','agenda',145102,NULL,NULL,114,'/comm/action/listactions.php?mainmenu=agenda&amp;leftmenu=agenda&amp;status=done&amp;filter=mine','','MenuDoneMyActions','agenda',NULL,NULL,'$user->rights->agenda->myactions->read','$conf->agenda->enabled',2,'2016-07-30 15:42:32'),(145105,'all',1,'agenda','left','agenda',145102,NULL,NULL,115,'/comm/action/listactions.php?mainmenu=agenda&amp;leftmenu=agenda&amp;status=todo&amp;filtert=-1','','MenuToDoActions','agenda',NULL,NULL,'$user->rights->agenda->allactions->read','$user->rights->agenda->allactions->read',2,'2016-07-30 15:42:32'),(145106,'all',1,'agenda','left','agenda',145102,NULL,NULL,116,'/comm/action/listactions.php?mainmenu=agenda&amp;leftmenu=agenda&amp;status=done&amp;filtert=-1','','MenuDoneActions','agenda',NULL,NULL,'$user->rights->agenda->allactions->read','$user->rights->agenda->allactions->read',2,'2016-07-30 15:42:32'),(145107,'all',1,'agenda','left','agenda',145095,NULL,NULL,120,'/comm/action/rapport/index.php?mainmenu=agenda&amp;leftmenu=agenda','','Reportings','agenda',NULL,NULL,'$user->rights->agenda->allactions->read','$conf->agenda->enabled',2,'2016-07-30 15:42:32'),(145111,'all',1,'opensurvey','left','tools',-1,NULL,'tools',200,'/opensurvey/index.php?mainmenu=tools&leftmenu=opensurvey','','Survey','opensurvey',NULL,'opensurvey','$user->rights->opensurvey->read','$conf->opensurvey->enabled',0,'2016-07-30 19:04:07'),(145112,'all',1,'opensurvey','left','tools',-1,'opensurvey','tools',210,'/opensurvey/wizard/index.php','','NewSurvey','opensurvey',NULL,'opensurvey_new','$user->rights->opensurvey->write','$conf->opensurvey->enabled',0,'2016-07-30 19:04:07'),(145113,'all',1,'opensurvey','left','tools',-1,'opensurvey','tools',220,'/opensurvey/list.php','','List','opensurvey',NULL,'opensurvey_list','$user->rights->opensurvey->read','$conf->opensurvey->enabled',0,'2016-07-30 19:04:07'),(145127,'all',1,'printing','left','home',-1,'admintools','home',300,'/printing/index.php?mainmenu=home&leftmenu=admintools','','MenuDirectPrinting','printing',NULL,NULL,'$user->rights->printing->read','$conf->printing->enabled && $leftmenu==\'admintools\'',0,'2017-01-29 15:12:44'),(145149,'all',1,'barcode','left','tools',-1,NULL,'tools',200,'/barcode/printsheet.php?mainmenu=tools&leftmenu=barcodeprint','','BarCodePrintsheet','products',NULL,'barcodeprint','($conf->global->MAIN_USE_ADVANCED_PERMS && $user->rights->barcode->lire_advance) || (! $conf->global->MAIN_USE_ADVANCED_PERMS)','$conf->barcode->enabled',2,'2017-05-12 09:02:42'),(145150,'all',1,'barcode','left','home',-1,'admintools','home',300,'/barcode/codeinit.php?mainmenu=home&leftmenu=admintools','','MassBarcodeInit','products',NULL,NULL,'($conf->global->MAIN_USE_ADVANCED_PERMS && $user->rights->barcode->creer_advance) || (! $conf->global->MAIN_USE_ADVANCED_PERMS)','$conf->barcode->enabled && ($leftmenu==\"admintools\" || $leftmenu==\"admintools_info\")',0,'2017-05-12 09:02:42'),(145151,'all',1,'cron','left','home',-1,'admintools','home',200,'/cron/list.php?status=-2&leftmenu=admintools','','CronList','cron',NULL,NULL,'$user->rights->cron->read','($leftmenu==\'admintools\' || $leftmenu==\'admintools_info\')',2,'2017-05-12 09:02:42');

--
-- Table structure for table `llx_multicurrency`
--

CREATE TABLE `llx_multicurrency` (
  `rowid` int(11) NOT NULL AUTO_INCREMENT,
  `date_create` datetime DEFAULT NULL,
  `code` varchar(255) DEFAULT NULL,
  `name` varchar(255) DEFAULT NULL,
  `entity` int(11) DEFAULT '1',
  `fk_user` int(11) DEFAULT NULL,
  PRIMARY KEY (`rowid`)
) ENGINE=InnoDB AUTO_INCREMENT=2 DEFAULT CHARSET=utf8;

--
-- Dumping data for table `llx_multicurrency`
--

INSERT INTO `llx_multicurrency` VALUES (1,'2017-02-15 21:17:16','EUR','Euros (€)',1,12);

--
-- Table structure for table `llx_multicurrency_rate`
--

CREATE TABLE `llx_multicurrency_rate` (
  `rowid` int(11) NOT NULL AUTO_INCREMENT,
  `date_sync` datetime DEFAULT NULL,
  `rate` double NOT NULL DEFAULT '0',
  `fk_multicurrency` int(11) NOT NULL,
  `entity` int(11) DEFAULT '1',
  PRIMARY KEY (`rowid`)
) ENGINE=InnoDB AUTO_INCREMENT=2 DEFAULT CHARSET=utf8;

--
-- Dumping data for table `llx_multicurrency_rate`
--

INSERT INTO `llx_multicurrency_rate` VALUES (1,'2017-02-15 21:17:16',1,1,1);

--
-- Table structure for table `llx_notify`
--

CREATE TABLE `llx_notify` (
  `rowid` int(11) NOT NULL AUTO_INCREMENT,
  `tms` timestamp NOT NULL DEFAULT CURRENT_TIMESTAMP ON UPDATE CURRENT_TIMESTAMP,
  `daten` datetime DEFAULT NULL,
  `fk_action` int(11) NOT NULL,
  `fk_soc` int(11) DEFAULT NULL,
  `fk_contact` int(11) DEFAULT NULL,
  `fk_user` int(11) DEFAULT NULL,
  `objet_type` varchar(24) NOT NULL,
  `objet_id` int(11) NOT NULL,
  `email` varchar(255) DEFAULT NULL,
  `type` varchar(16) DEFAULT 'email',
  `type_target` varchar(16) DEFAULT NULL,
  PRIMARY KEY (`rowid`)
) ENGINE=InnoDB DEFAULT CHARSET=utf8;

--
-- Dumping data for table `llx_notify`
--


--
-- Table structure for table `llx_notify_def`
--

CREATE TABLE `llx_notify_def` (
  `rowid` int(11) NOT NULL AUTO_INCREMENT,
  `tms` timestamp NOT NULL DEFAULT CURRENT_TIMESTAMP ON UPDATE CURRENT_TIMESTAMP,
  `datec` date DEFAULT NULL,
  `fk_action` int(11) NOT NULL,
  `fk_soc` int(11) DEFAULT NULL,
  `fk_contact` int(11) DEFAULT NULL,
  `fk_user` int(11) DEFAULT NULL,
  `type` varchar(16) DEFAULT 'email',
  PRIMARY KEY (`rowid`)
) ENGINE=InnoDB DEFAULT CHARSET=utf8;

--
-- Dumping data for table `llx_notify_def`
--


--
-- Table structure for table `llx_oauth_state`
--

CREATE TABLE `llx_oauth_state` (
  `rowid` int(11) NOT NULL AUTO_INCREMENT,
  `service` varchar(36) DEFAULT NULL,
  `state` varchar(128) DEFAULT NULL,
  `fk_user` int(11) DEFAULT NULL,
  `fk_adherent` int(11) DEFAULT NULL,
  `entity` int(11) DEFAULT NULL,
  PRIMARY KEY (`rowid`)
) ENGINE=InnoDB DEFAULT CHARSET=utf8;

--
-- Dumping data for table `llx_oauth_state`
--


--
-- Table structure for table `llx_oauth_token`
--

CREATE TABLE `llx_oauth_token` (
  `rowid` int(11) NOT NULL AUTO_INCREMENT,
  `service` varchar(36) DEFAULT NULL,
  `token` text,
  `fk_user` int(11) DEFAULT NULL,
  `fk_adherent` int(11) DEFAULT NULL,
  `entity` int(11) DEFAULT NULL,
  PRIMARY KEY (`rowid`)
) ENGINE=InnoDB DEFAULT CHARSET=utf8;

--
-- Dumping data for table `llx_oauth_token`
--


--
-- Table structure for table `llx_opensurvey_comments`
--

CREATE TABLE `llx_opensurvey_comments` (
  `id_comment` int(10) unsigned NOT NULL AUTO_INCREMENT,
  `id_sondage` char(16) NOT NULL,
  `comment` text NOT NULL,
  `usercomment` text,
  PRIMARY KEY (`id_comment`),
  KEY `idx_id_comment` (`id_comment`),
  KEY `idx_id_sondage` (`id_sondage`)
) ENGINE=InnoDB AUTO_INCREMENT=32 DEFAULT CHARSET=utf8;

--
-- Dumping data for table `llx_opensurvey_comments`
--

INSERT INTO `llx_opensurvey_comments` VALUES (2,'434dio8rxfljs3p1','aaa','aaa'),(5,'434dio8rxfljs3p1','aaa','aaa'),(6,'434dio8rxfljs3p1','gfh','jj'),(11,'434dio8rxfljs3p1','fsdf','fdsf'),(12,'3imby4hf7joiilsu','fsdf','aa'),(16,'3imby4hf7joiilsu','gdfg','gfdg'),(17,'3imby4hf7joiilsu','gfdgd','gdfgd'),(18,'om4e7azfiurnjtqe','fds','fdsf'),(26,'qgsfrgb922rqzocy','gfdg','gfdg'),(27,'qgsfrgb922rqzocy','gfdg','gfd'),(30,'ckanvbe7kt3rdb3h','hfgh','fdfds');

--
-- Table structure for table `llx_opensurvey_formquestions`
--

CREATE TABLE `llx_opensurvey_formquestions` (
  `rowid` int(11) NOT NULL AUTO_INCREMENT,
  `id_sondage` varchar(16) DEFAULT NULL,
  `question` text,
  `available_answers` text,
  PRIMARY KEY (`rowid`)
) ENGINE=InnoDB DEFAULT CHARSET=utf8;

--
-- Dumping data for table `llx_opensurvey_formquestions`
--


--
-- Table structure for table `llx_opensurvey_sondage`
--

CREATE TABLE `llx_opensurvey_sondage` (
  `id_sondage` varchar(16) NOT NULL,
  `commentaires` text,
  `mail_admin` varchar(128) DEFAULT NULL,
  `nom_admin` varchar(64) DEFAULT NULL,
  `fk_user_creat` int(11) NOT NULL,
  `titre` text NOT NULL,
  `date_fin` datetime NOT NULL,
  `status` int(11) DEFAULT '1',
  `format` varchar(2) NOT NULL,
  `mailsonde` tinyint(4) NOT NULL DEFAULT '0',
  `tms` timestamp NOT NULL DEFAULT CURRENT_TIMESTAMP ON UPDATE CURRENT_TIMESTAMP,
  `entity` int(11) NOT NULL DEFAULT '1',
  `allow_comments` tinyint(4) NOT NULL DEFAULT '1',
  `allow_spy` tinyint(4) NOT NULL DEFAULT '1',
  `sujet` text,
  PRIMARY KEY (`id_sondage`),
  KEY `idx_date_fin` (`date_fin`)
) ENGINE=InnoDB DEFAULT CHARSET=utf8;

--
-- Dumping data for table `llx_opensurvey_sondage`
--

INSERT INTO `llx_opensurvey_sondage` VALUES ('m4467s2mtk6khmxc','What is your prefered date for a brunch','myemail@aaa.com','fdfds',0,'Date of next brunch','2013-03-07 00:00:00',1,'D',1,'2017-02-20 16:47:22',1,1,1,',1483473600'),('tim1dye8x5eeetxu','Please vote for the candidate you want to have for our new president this year.',NULL,NULL,12,'Election of new president','2017-02-26 04:00:00',1,'A',0,'2017-02-20 16:53:37',1,1,0,'Alan Candide@foragainst,Alex Candor@foragainst');

--
-- Table structure for table `llx_opensurvey_user_formanswers`
--

CREATE TABLE `llx_opensurvey_user_formanswers` (
  `fk_user_survey` int(11) NOT NULL,
  `fk_question` int(11) NOT NULL,
  `reponses` text
) ENGINE=InnoDB DEFAULT CHARSET=utf8;

--
-- Dumping data for table `llx_opensurvey_user_formanswers`
--


--
-- Table structure for table `llx_opensurvey_user_studs`
--

CREATE TABLE `llx_opensurvey_user_studs` (
  `id_users` int(11) NOT NULL AUTO_INCREMENT,
  `nom` varchar(64) NOT NULL,
  `id_sondage` varchar(16) NOT NULL,
  `reponses` varchar(100) NOT NULL,
  PRIMARY KEY (`id_users`),
  KEY `idx_id_users` (`id_users`),
  KEY `idx_nom` (`nom`),
  KEY `idx_id_sondage` (`id_sondage`),
  KEY `idx_opensurvey_user_studs_id_users` (`id_users`),
  KEY `idx_opensurvey_user_studs_nom` (`nom`),
  KEY `idx_opensurvey_user_studs_id_sondage` (`id_sondage`)
) ENGINE=InnoDB AUTO_INCREMENT=31 DEFAULT CHARSET=utf8;

--
-- Dumping data for table `llx_opensurvey_user_studs`
--

INSERT INTO `llx_opensurvey_user_studs` VALUES (1,'gfdgdf','om4e7azfiurnjtqe','01'),(2,'aa','3imby4hf7joiilsu','210'),(3,'fsdf','z2qcqjh5pm1q4p99','0110'),(5,'hfghf','z2qcqjh5pm1q4p99','1110'),(6,'qqqq','ah9xvaqu1ajjrqse','000111'),(7,'hjgh','ah9xvaqu1ajjrqse','000010'),(8,'bcvb','qgsfrgb922rqzocy','011000'),(9,'gdfg','ah9xvaqu1ajjrqse','001000'),(10,'ggg','ah9xvaqu1ajjrqse','000100'),(11,'gfdgd','ah9xvaqu1ajjrqse','001000'),(12,'hhhh','ah9xvaqu1ajjrqse','010000'),(13,'iii','ah9xvaqu1ajjrqse','000100'),(14,'kkk','ah9xvaqu1ajjrqse','001000'),(15,'lllll','ah9xvaqu1ajjrqse','000001'),(16,'kk','ah9xvaqu1ajjrqse','000001'),(17,'gggg','ah9xvaqu1ajjrqse','001000'),(18,'mmmm','ah9xvaqu1ajjrqse','000000'),(19,'jkjkj','ah9xvaqu1ajjrqse','000001'),(20,'azerty','8mcdnf2hgcntfibe','012'),(21,'hfghfg','8mcdnf2hgcntfibe','012'),(22,'fd','ckanvbe7kt3rdb3h','10'),(25,'John Doe','m4467s2mtk6khmxc','1'),(26,'Martial Bill','m4467s2mtk6khmxc','01'),(27,'Marissa Campbell','m4467s2mtk6khmxc','11'),(28,'Leonard Cast','m4467s2mtk6khmxc','01'),(29,'John Doe','tim1dye8x5eeetxu','01'),(30,'Eldy','tim1dye8x5eeetxu','11');

--
-- Table structure for table `llx_overwrite_trans`
--

CREATE TABLE `llx_overwrite_trans` (
  `rowid` int(11) NOT NULL AUTO_INCREMENT,
  `entity` int(11) NOT NULL DEFAULT '1',
  `lang` varchar(5) DEFAULT NULL,
  `transkey` varchar(128) DEFAULT NULL,
  `transvalue` text,
  PRIMARY KEY (`rowid`),
  UNIQUE KEY `uk_overwrite_trans` (`lang`,`transkey`)
) ENGINE=InnoDB DEFAULT CHARSET=utf8;

--
-- Dumping data for table `llx_overwrite_trans`
--


--
-- Table structure for table `llx_paiement`
--

CREATE TABLE `llx_paiement` (
  `rowid` int(11) NOT NULL AUTO_INCREMENT,
  `ref` varchar(30) NOT NULL DEFAULT '',
  `entity` int(11) NOT NULL DEFAULT '1',
  `datec` datetime DEFAULT NULL,
  `tms` timestamp NOT NULL DEFAULT CURRENT_TIMESTAMP ON UPDATE CURRENT_TIMESTAMP,
  `datep` datetime DEFAULT NULL,
  `amount` double(24,8) DEFAULT NULL,
  `fk_paiement` int(11) NOT NULL,
  `num_paiement` varchar(50) DEFAULT NULL,
  `note` text,
  `fk_bank` int(11) NOT NULL DEFAULT '0',
  `fk_user_creat` int(11) DEFAULT NULL,
  `fk_user_modif` int(11) DEFAULT NULL,
  `statut` smallint(6) NOT NULL DEFAULT '0',
  `fk_export_compta` int(11) NOT NULL DEFAULT '0',
  `multicurrency_amount` double(24,8) DEFAULT '0.00000000',
  PRIMARY KEY (`rowid`)
) ENGINE=InnoDB AUTO_INCREMENT=37 DEFAULT CHARSET=utf8;

--
-- Dumping data for table `llx_paiement`
--

INSERT INTO `llx_paiement` VALUES (2,'',1,'2011-07-18 20:50:24','2016-07-30 15:13:20','2016-07-08 12:00:00',20.00000000,6,'','',5,1,NULL,0,0,0.00000000),(3,'',1,'2011-07-18 20:50:47','2016-07-30 15:13:20','2016-07-08 12:00:00',10.00000000,4,'','',6,1,NULL,0,0,0.00000000),(5,'',1,'2011-08-01 03:34:11','2016-07-30 15:12:32','2015-08-01 03:34:11',5.63000000,6,'','Payment Invoice FA1108-0003',8,1,NULL,0,0,0.00000000),(6,'',1,'2011-08-06 20:33:54','2016-07-30 15:12:32','2015-08-06 20:33:53',5.98000000,4,'','Payment Invoice FA1108-0004',13,1,NULL,0,0,0.00000000),(8,'',1,'2011-08-08 02:53:40','2016-07-30 15:12:32','2015-08-08 12:00:00',26.10000000,4,'','',14,1,NULL,0,0,0.00000000),(9,'',1,'2011-08-08 02:55:58','2016-07-30 15:12:32','2015-08-08 12:00:00',26.96000000,1,'','',15,1,NULL,0,0,0.00000000),(17,'',1,'2012-12-09 15:28:44','2016-07-30 15:12:32','2015-12-09 12:00:00',2.00000000,4,'','',16,1,NULL,0,0,0.00000000),(18,'',1,'2012-12-09 15:28:53','2016-07-30 15:12:32','2015-12-09 12:00:00',-2.00000000,4,'','',17,1,NULL,0,0,0.00000000),(19,'',1,'2012-12-09 17:35:55','2016-07-30 15:12:32','2015-12-09 12:00:00',-2.00000000,4,'','',18,1,NULL,0,0,0.00000000),(20,'',1,'2012-12-09 17:37:02','2016-07-30 15:12:32','2015-12-09 12:00:00',2.00000000,4,'','',19,1,NULL,0,0,0.00000000),(21,'',1,'2012-12-09 18:35:07','2016-07-30 15:12:32','2015-12-09 12:00:00',-2.00000000,4,'','',20,1,NULL,0,0,0.00000000),(23,'',1,'2012-12-12 18:54:33','2016-07-30 15:12:32','2015-12-12 12:00:00',1.00000000,1,'','',21,1,NULL,0,0,0.00000000),(24,'',1,'2013-03-06 16:48:16','2016-07-30 15:13:20','2016-03-06 00:00:00',20.00000000,4,'','Adhésion/cotisation 2016',22,1,NULL,0,0,0.00000000),(25,'',1,'2013-03-20 14:30:11','2016-07-30 15:13:20','2016-03-20 00:00:00',10.00000000,2,'','Adhésion/cotisation 2011',23,1,NULL,0,0,0.00000000),(26,'',1,'2014-03-02 19:57:58','2016-07-30 15:13:20','2016-07-09 12:00:00',605.00000000,2,'','',24,1,NULL,0,0,0.00000000),(29,'',1,'2014-03-02 20:01:39','2016-07-30 15:13:20','2016-03-19 12:00:00',500.00000000,4,'','',26,1,NULL,0,0,0.00000000),(30,'',1,'2014-03-02 20:02:06','2016-07-30 15:13:20','2016-03-21 12:00:00',400.00000000,2,'','',27,1,NULL,0,0,0.00000000),(32,'',1,'2014-03-03 19:22:32','2016-07-30 15:12:32','2015-10-03 12:00:00',-400.00000000,4,'','',28,1,NULL,0,0,0.00000000),(33,'',1,'2014-03-03 19:23:16','2016-07-30 15:13:20','2016-03-10 12:00:00',-300.00000000,4,'','',29,1,NULL,0,0,0.00000000),(34,'PAY1603-0001',1,'2017-02-06 08:10:24','2017-02-06 04:10:24','2016-03-22 12:00:00',150.00000000,7,'','',33,12,NULL,0,0,150.00000000),(35,'PAY1603-0002',1,'2017-02-06 08:10:50','2017-02-06 04:10:50','2016-03-25 12:00:00',140.00000000,3,'','',34,12,NULL,0,0,140.00000000),(36,'PAY1702-0003',1,'2017-02-21 16:07:43','2017-02-21 12:07:43','2017-02-21 12:00:00',50.00000000,3,'T170201','',37,12,NULL,0,0,50.00000000);

--
-- Table structure for table `llx_paiement_facture`
--

CREATE TABLE `llx_paiement_facture` (
  `rowid` int(11) NOT NULL AUTO_INCREMENT,
  `fk_paiement` int(11) DEFAULT NULL,
  `fk_facture` int(11) DEFAULT NULL,
  `amount` double(24,8) DEFAULT NULL,
  `multicurrency_amount` double(24,8) DEFAULT '0.00000000',
  PRIMARY KEY (`rowid`),
  UNIQUE KEY `uk_paiement_facture` (`fk_paiement`,`fk_facture`),
  KEY `idx_paiement_facture_fk_facture` (`fk_facture`),
  KEY `idx_paiement_facture_fk_paiement` (`fk_paiement`),
  CONSTRAINT `fk_paiement_facture_fk_facture` FOREIGN KEY (`fk_facture`) REFERENCES `llx_facture` (`rowid`),
  CONSTRAINT `fk_paiement_facture_fk_paiement` FOREIGN KEY (`fk_paiement`) REFERENCES `llx_paiement` (`rowid`)
) ENGINE=InnoDB AUTO_INCREMENT=41 DEFAULT CHARSET=utf8;

--
-- Dumping data for table `llx_paiement_facture`
--

INSERT INTO `llx_paiement_facture` VALUES (2,2,2,20.00000000,0.00000000),(3,3,2,10.00000000,0.00000000),(5,5,5,5.63000000,0.00000000),(6,6,6,5.98000000,0.00000000),(9,8,2,16.10000000,0.00000000),(10,8,8,10.00000000,0.00000000),(11,9,3,15.00000000,0.00000000),(12,9,9,11.96000000,0.00000000),(24,20,9,1.00000000,0.00000000),(31,26,32,600.00000000,0.00000000),(36,29,32,500.00000000,0.00000000),(37,30,32,400.00000000,0.00000000),(38,34,211,150.00000000,150.00000000),(39,35,211,140.00000000,140.00000000),(40,36,211,50.00000000,50.00000000);

--
-- Table structure for table `llx_paiementcharge`
--

CREATE TABLE `llx_paiementcharge` (
  `rowid` int(11) NOT NULL AUTO_INCREMENT,
  `fk_charge` int(11) DEFAULT NULL,
  `datec` datetime DEFAULT NULL,
  `tms` timestamp NOT NULL DEFAULT CURRENT_TIMESTAMP ON UPDATE CURRENT_TIMESTAMP,
  `datep` datetime DEFAULT NULL,
  `amount` double DEFAULT '0',
  `fk_typepaiement` int(11) NOT NULL,
  `num_paiement` varchar(50) DEFAULT NULL,
  `note` text,
  `fk_bank` int(11) NOT NULL,
  `fk_user_creat` int(11) DEFAULT NULL,
  `fk_user_modif` int(11) DEFAULT NULL,
  PRIMARY KEY (`rowid`)
) ENGINE=InnoDB AUTO_INCREMENT=5 DEFAULT CHARSET=utf8;

--
-- Dumping data for table `llx_paiementcharge`
--

INSERT INTO `llx_paiementcharge` VALUES (4,4,'2011-08-05 23:11:37','2011-08-05 21:11:37','2011-08-05 12:00:00',10,2,'','',12,1,NULL);

--
-- Table structure for table `llx_paiementfourn`
--

CREATE TABLE `llx_paiementfourn` (
  `rowid` int(11) NOT NULL AUTO_INCREMENT,
  `ref` varchar(30) DEFAULT NULL,
  `entity` int(11) DEFAULT NULL,
  `tms` timestamp NOT NULL DEFAULT CURRENT_TIMESTAMP ON UPDATE CURRENT_TIMESTAMP,
  `datec` datetime DEFAULT NULL,
  `datep` datetime DEFAULT NULL,
  `amount` double DEFAULT '0',
  `fk_user_author` int(11) DEFAULT NULL,
  `fk_paiement` int(11) NOT NULL,
  `num_paiement` varchar(50) DEFAULT NULL,
  `note` text,
  `fk_bank` int(11) NOT NULL,
  `statut` smallint(6) NOT NULL DEFAULT '0',
  `multicurrency_amount` double(24,8) DEFAULT '0.00000000',
  PRIMARY KEY (`rowid`)
) ENGINE=InnoDB AUTO_INCREMENT=3 DEFAULT CHARSET=utf8;

--
-- Dumping data for table `llx_paiementfourn`
--

INSERT INTO `llx_paiementfourn` VALUES (1,NULL,NULL,'2016-01-22 17:56:34','2016-01-22 18:56:34','2016-01-22 12:00:00',900,12,4,'','',30,0,0.00000000),(2,'SPAY1702-0001',1,'2017-02-01 15:02:45','2017-02-01 19:02:44','2017-02-01 12:00:00',200,12,4,'','',32,0,200.00000000);

--
-- Table structure for table `llx_paiementfourn_facturefourn`
--

CREATE TABLE `llx_paiementfourn_facturefourn` (
  `rowid` int(11) NOT NULL AUTO_INCREMENT,
  `fk_paiementfourn` int(11) DEFAULT NULL,
  `fk_facturefourn` int(11) DEFAULT NULL,
  `amount` double DEFAULT '0',
  `multicurrency_amount` double(24,8) DEFAULT '0.00000000',
  PRIMARY KEY (`rowid`),
  UNIQUE KEY `uk_paiementfourn_facturefourn` (`fk_paiementfourn`,`fk_facturefourn`),
  KEY `idx_paiementfourn_facturefourn_fk_facture` (`fk_facturefourn`),
  KEY `idx_paiementfourn_facturefourn_fk_paiement` (`fk_paiementfourn`)
) ENGINE=InnoDB AUTO_INCREMENT=3 DEFAULT CHARSET=utf8;

--
-- Dumping data for table `llx_paiementfourn_facturefourn`
--

INSERT INTO `llx_paiementfourn_facturefourn` VALUES (1,1,16,900,0.00000000),(2,2,20,200,200.00000000);

--
-- Table structure for table `llx_payment_donation`
--

CREATE TABLE `llx_payment_donation` (
  `rowid` int(11) NOT NULL AUTO_INCREMENT,
  `fk_donation` int(11) DEFAULT NULL,
  `datec` datetime DEFAULT NULL,
  `tms` timestamp NOT NULL DEFAULT CURRENT_TIMESTAMP ON UPDATE CURRENT_TIMESTAMP,
  `datep` datetime DEFAULT NULL,
  `amount` double DEFAULT '0',
  `fk_typepayment` int(11) NOT NULL,
  `num_payment` varchar(50) DEFAULT NULL,
  `note` text,
  `fk_bank` int(11) NOT NULL,
  `fk_user_creat` int(11) DEFAULT NULL,
  `fk_user_modif` int(11) DEFAULT NULL,
  PRIMARY KEY (`rowid`)
) ENGINE=InnoDB DEFAULT CHARSET=utf8;

--
-- Dumping data for table `llx_payment_donation`
--


--
-- Table structure for table `llx_payment_expensereport`
--

CREATE TABLE `llx_payment_expensereport` (
  `rowid` int(11) NOT NULL AUTO_INCREMENT,
  `fk_expensereport` int(11) DEFAULT NULL,
  `datec` datetime DEFAULT NULL,
  `tms` timestamp NOT NULL DEFAULT CURRENT_TIMESTAMP ON UPDATE CURRENT_TIMESTAMP,
  `datep` datetime DEFAULT NULL,
  `amount` double DEFAULT '0',
  `fk_typepayment` int(11) NOT NULL,
  `num_payment` varchar(50) DEFAULT NULL,
  `note` text,
  `fk_bank` int(11) NOT NULL,
  `fk_user_creat` int(11) DEFAULT NULL,
  `fk_user_modif` int(11) DEFAULT NULL,
  PRIMARY KEY (`rowid`)
) ENGINE=InnoDB AUTO_INCREMENT=3 DEFAULT CHARSET=utf8;

--
-- Dumping data for table `llx_payment_expensereport`
--

INSERT INTO `llx_payment_expensereport` VALUES (1,1,'2017-02-16 02:13:13','2017-02-15 22:13:13','2017-02-16 12:00:00',5,7,'','',0,12,NULL),(2,1,'2017-02-16 02:22:09','2017-02-15 22:22:09','2017-02-16 12:00:00',1,7,'','',36,12,NULL);

--
-- Table structure for table `llx_payment_loan`
--

CREATE TABLE `llx_payment_loan` (
  `rowid` int(11) NOT NULL AUTO_INCREMENT,
  `fk_loan` int(11) DEFAULT NULL,
  `datec` datetime DEFAULT NULL,
  `tms` timestamp NOT NULL DEFAULT CURRENT_TIMESTAMP ON UPDATE CURRENT_TIMESTAMP,
  `datep` datetime DEFAULT NULL,
  `amount_capital` double DEFAULT '0',
  `amount_insurance` double DEFAULT '0',
  `amount_interest` double DEFAULT '0',
  `fk_typepayment` int(11) NOT NULL,
  `num_payment` varchar(50) DEFAULT NULL,
  `note_private` text,
  `note_public` text,
  `fk_bank` int(11) NOT NULL,
  `fk_user_creat` int(11) DEFAULT NULL,
  `fk_user_modif` int(11) DEFAULT NULL,
  PRIMARY KEY (`rowid`)
) ENGINE=InnoDB DEFAULT CHARSET=utf8;

--
-- Dumping data for table `llx_payment_loan`
--


--
-- Table structure for table `llx_payment_salary`
--

CREATE TABLE `llx_payment_salary` (
  `rowid` int(11) NOT NULL AUTO_INCREMENT,
  `tms` timestamp NOT NULL DEFAULT CURRENT_TIMESTAMP ON UPDATE CURRENT_TIMESTAMP,
  `datec` datetime DEFAULT NULL,
  `fk_user` int(11) NOT NULL,
  `datep` date DEFAULT NULL,
  `datev` date DEFAULT NULL,
  `salary` double DEFAULT NULL,
  `amount` double NOT NULL DEFAULT '0',
  `fk_typepayment` int(11) NOT NULL,
  `num_payment` varchar(50) DEFAULT NULL,
  `label` varchar(255) DEFAULT NULL,
  `datesp` date DEFAULT NULL,
  `dateep` date DEFAULT NULL,
  `entity` int(11) NOT NULL DEFAULT '1',
  `note` text,
  `fk_bank` int(11) DEFAULT NULL,
  `fk_user_author` int(11) DEFAULT NULL,
  `fk_user_modif` int(11) DEFAULT NULL,
  PRIMARY KEY (`rowid`),
  KEY `idx_payment_salary_ref` (`num_payment`),
  KEY `idx_payment_salary_user` (`fk_user`,`entity`),
  KEY `idx_payment_salary_datep` (`datep`),
  KEY `idx_payment_salary_datesp` (`datesp`),
  KEY `idx_payment_salary_dateep` (`dateep`),
  CONSTRAINT `fk_payment_salary_user` FOREIGN KEY (`fk_user`) REFERENCES `llx_user` (`rowid`)
) ENGINE=InnoDB DEFAULT CHARSET=utf8;

--
-- Dumping data for table `llx_payment_salary`
--


--
-- Table structure for table `llx_prelevement_bons`
--

CREATE TABLE `llx_prelevement_bons` (
  `rowid` int(11) NOT NULL AUTO_INCREMENT,
  `ref` varchar(12) DEFAULT NULL,
  `entity` int(11) NOT NULL DEFAULT '1',
  `datec` datetime DEFAULT NULL,
  `amount` double DEFAULT '0',
  `statut` smallint(6) DEFAULT '0',
  `credite` smallint(6) DEFAULT '0',
  `note` text,
  `date_trans` datetime DEFAULT NULL,
  `method_trans` smallint(6) DEFAULT NULL,
  `fk_user_trans` int(11) DEFAULT NULL,
  `date_credit` datetime DEFAULT NULL,
  `fk_user_credit` int(11) DEFAULT NULL,
  PRIMARY KEY (`rowid`),
  UNIQUE KEY `uk_prelevement_bons_ref` (`ref`,`entity`)
) ENGINE=InnoDB AUTO_INCREMENT=2 DEFAULT CHARSET=utf8;

--
-- Dumping data for table `llx_prelevement_bons`
--

INSERT INTO `llx_prelevement_bons` VALUES (1,'T170201',1,'2017-02-21 15:53:46',50,2,0,NULL,'2017-02-21 12:00:00',0,12,'2017-02-21 12:00:00',12);

--
-- Table structure for table `llx_prelevement_facture`
--

CREATE TABLE `llx_prelevement_facture` (
  `rowid` int(11) NOT NULL AUTO_INCREMENT,
  `fk_facture` int(11) NOT NULL,
  `fk_prelevement_lignes` int(11) NOT NULL,
  PRIMARY KEY (`rowid`),
  KEY `idx_prelevement_facture_fk_prelevement_lignes` (`fk_prelevement_lignes`),
  CONSTRAINT `fk_prelevement_facture_fk_prelevement_lignes` FOREIGN KEY (`fk_prelevement_lignes`) REFERENCES `llx_prelevement_lignes` (`rowid`)
) ENGINE=InnoDB AUTO_INCREMENT=2 DEFAULT CHARSET=utf8;

--
-- Dumping data for table `llx_prelevement_facture`
--

INSERT INTO `llx_prelevement_facture` VALUES (1,211,1);

--
-- Table structure for table `llx_prelevement_facture_demande`
--

CREATE TABLE `llx_prelevement_facture_demande` (
  `rowid` int(11) NOT NULL AUTO_INCREMENT,
  `fk_facture` int(11) NOT NULL,
  `amount` double NOT NULL,
  `date_demande` datetime NOT NULL,
  `traite` smallint(6) DEFAULT '0',
  `date_traite` datetime DEFAULT NULL,
  `fk_prelevement_bons` int(11) DEFAULT NULL,
  `fk_user_demande` int(11) NOT NULL,
  `code_banque` varchar(128) DEFAULT NULL,
  `code_guichet` varchar(6) DEFAULT NULL,
  `number` varchar(255) DEFAULT NULL,
  `cle_rib` varchar(5) DEFAULT NULL,
  PRIMARY KEY (`rowid`)
) ENGINE=InnoDB AUTO_INCREMENT=2 DEFAULT CHARSET=utf8;

--
-- Dumping data for table `llx_prelevement_facture_demande`
--

INSERT INTO `llx_prelevement_facture_demande` VALUES (1,211,50,'2017-02-06 08:11:17',1,'2017-02-21 15:53:46',1,12,'','','','');

--
-- Table structure for table `llx_prelevement_lignes`
--

CREATE TABLE `llx_prelevement_lignes` (
  `rowid` int(11) NOT NULL AUTO_INCREMENT,
  `fk_prelevement_bons` int(11) DEFAULT NULL,
  `fk_soc` int(11) NOT NULL,
  `statut` smallint(6) DEFAULT '0',
  `client_nom` varchar(255) DEFAULT NULL,
  `amount` double DEFAULT '0',
  `code_banque` varchar(128) DEFAULT NULL,
  `code_guichet` varchar(6) DEFAULT NULL,
  `number` varchar(255) DEFAULT NULL,
  `cle_rib` varchar(5) DEFAULT NULL,
  `note` text,
  PRIMARY KEY (`rowid`),
  KEY `idx_prelevement_lignes_fk_prelevement_bons` (`fk_prelevement_bons`),
  CONSTRAINT `fk_prelevement_lignes_fk_prelevement_bons` FOREIGN KEY (`fk_prelevement_bons`) REFERENCES `llx_prelevement_bons` (`rowid`)
) ENGINE=InnoDB AUTO_INCREMENT=2 DEFAULT CHARSET=utf8;

--
-- Dumping data for table `llx_prelevement_lignes`
--

INSERT INTO `llx_prelevement_lignes` VALUES (1,1,19,2,'Magic Food Store',50,'','','','',NULL);

--
-- Table structure for table `llx_prelevement_rejet`
--

CREATE TABLE `llx_prelevement_rejet` (
  `rowid` int(11) NOT NULL AUTO_INCREMENT,
  `fk_prelevement_lignes` int(11) DEFAULT NULL,
  `date_rejet` datetime DEFAULT NULL,
  `motif` int(11) DEFAULT NULL,
  `date_creation` datetime DEFAULT NULL,
  `fk_user_creation` int(11) DEFAULT NULL,
  `note` text,
  `afacturer` tinyint(4) DEFAULT '0',
  `fk_facture` int(11) DEFAULT NULL,
  PRIMARY KEY (`rowid`)
) ENGINE=InnoDB DEFAULT CHARSET=utf8;

--
-- Dumping data for table `llx_prelevement_rejet`
--


--
-- Table structure for table `llx_printer_receipt`
--

CREATE TABLE `llx_printer_receipt` (
  `rowid` int(11) NOT NULL AUTO_INCREMENT,
  `name` varchar(128) DEFAULT NULL,
  `fk_type` int(11) DEFAULT NULL,
  `fk_profile` int(11) DEFAULT NULL,
  `parameter` varchar(128) DEFAULT NULL,
  `entity` int(11) DEFAULT NULL,
  PRIMARY KEY (`rowid`)
) ENGINE=InnoDB DEFAULT CHARSET=utf8;

--
-- Dumping data for table `llx_printer_receipt`
--


--
-- Table structure for table `llx_printer_receipt_template`
--

CREATE TABLE `llx_printer_receipt_template` (
  `rowid` int(11) NOT NULL AUTO_INCREMENT,
  `name` varchar(128) DEFAULT NULL,
  `template` text,
  `entity` int(11) DEFAULT NULL,
  PRIMARY KEY (`rowid`)
) ENGINE=InnoDB DEFAULT CHARSET=utf8;

--
-- Dumping data for table `llx_printer_receipt_template`
--


--
-- Table structure for table `llx_printing`
--

CREATE TABLE `llx_printing` (
  `rowid` int(11) NOT NULL AUTO_INCREMENT,
  `tms` timestamp NOT NULL DEFAULT CURRENT_TIMESTAMP ON UPDATE CURRENT_TIMESTAMP,
  `datec` datetime DEFAULT NULL,
  `printer_name` text NOT NULL,
  `printer_location` text NOT NULL,
  `printer_id` varchar(255) NOT NULL,
  `copy` int(11) NOT NULL DEFAULT '1',
  `module` varchar(16) NOT NULL,
  `driver` varchar(16) NOT NULL,
  `userid` int(11) DEFAULT NULL,
  PRIMARY KEY (`rowid`)
) ENGINE=InnoDB DEFAULT CHARSET=utf8;

--
-- Dumping data for table `llx_printing`
--


--
-- Table structure for table `llx_product`
--

CREATE TABLE `llx_product` (
  `rowid` int(11) NOT NULL AUTO_INCREMENT,
  `datec` datetime DEFAULT NULL,
  `tms` timestamp NOT NULL DEFAULT CURRENT_TIMESTAMP ON UPDATE CURRENT_TIMESTAMP,
  `virtual` tinyint(4) NOT NULL DEFAULT '0',
  `fk_parent` int(11) DEFAULT '0',
  `ref` varchar(128) NOT NULL,
  `entity` int(11) NOT NULL DEFAULT '1',
  `ref_ext` varchar(128) DEFAULT NULL,
  `label` varchar(255) NOT NULL,
  `description` text,
  `note` text,
  `customcode` varchar(32) DEFAULT NULL,
  `fk_country` int(11) DEFAULT NULL,
  `price` double(24,8) DEFAULT '0.00000000',
  `price_ttc` double(24,8) DEFAULT '0.00000000',
  `price_min` double(24,8) DEFAULT '0.00000000',
  `price_min_ttc` double(24,8) DEFAULT '0.00000000',
  `price_base_type` varchar(3) DEFAULT 'HT',
  `tva_tx` double(6,3) DEFAULT NULL,
  `recuperableonly` int(11) NOT NULL DEFAULT '0',
  `localtax1_tx` double(6,3) DEFAULT '0.000',
  `localtax1_type` varchar(10) NOT NULL DEFAULT '0',
  `localtax2_tx` double(6,3) DEFAULT '0.000',
  `localtax2_type` varchar(10) NOT NULL DEFAULT '0',
  `fk_user_author` int(11) DEFAULT NULL,
  `fk_user_modif` int(11) DEFAULT NULL,
  `tosell` tinyint(4) DEFAULT '1',
  `tobuy` tinyint(4) DEFAULT '1',
  `onportal` smallint(6) DEFAULT '0',
  `tobatch` tinyint(4) NOT NULL DEFAULT '0',
  `fk_product_type` int(11) DEFAULT '0',
  `duration` varchar(6) DEFAULT NULL,
  `seuil_stock_alerte` int(11) DEFAULT '0',
  `url` varchar(255) DEFAULT NULL,
  `barcode` varchar(255) DEFAULT NULL,
  `fk_barcode_type` int(11) DEFAULT NULL,
  `accountancy_code_sell` varchar(32) DEFAULT NULL,
  `accountancy_code_buy` varchar(32) DEFAULT NULL,
  `partnumber` varchar(32) DEFAULT NULL,
  `weight` float DEFAULT NULL,
  `weight_units` tinyint(4) DEFAULT NULL,
  `length` float DEFAULT NULL,
  `length_units` tinyint(4) DEFAULT NULL,
  `surface` float DEFAULT NULL,
  `surface_units` tinyint(4) DEFAULT NULL,
  `volume` float DEFAULT NULL,
  `volume_units` tinyint(4) DEFAULT NULL,
  `stock` double DEFAULT NULL,
  `pmp` double(24,8) NOT NULL DEFAULT '0.00000000',
  `fifo` double(24,8) DEFAULT NULL,
  `lifo` double(24,8) DEFAULT NULL,
  `canvas` varchar(32) DEFAULT 'default@product',
  `finished` tinyint(4) DEFAULT NULL,
  `hidden` tinyint(4) DEFAULT '0',
  `import_key` varchar(14) DEFAULT NULL,
  `desiredstock` int(11) DEFAULT '0',
  `fk_price_expression` int(11) DEFAULT NULL,
  `fk_unit` int(11) DEFAULT NULL,
  `cost_price` double(24,8) DEFAULT NULL,
  `default_vat_code` varchar(10) DEFAULT NULL,
  `price_autogen` smallint(6) DEFAULT '0',
  `note_public` text,
  `model_pdf` varchar(255) DEFAULT '',
  `width` float DEFAULT NULL,
  `width_units` tinyint(4) DEFAULT NULL,
  `height` float DEFAULT NULL,
  `height_units` tinyint(4) DEFAULT NULL,
  PRIMARY KEY (`rowid`),
  UNIQUE KEY `uk_product_ref` (`ref`,`entity`),
  UNIQUE KEY `uk_product_barcode` (`barcode`,`fk_barcode_type`,`entity`),
  KEY `idx_product_label` (`label`),
  KEY `idx_product_barcode` (`barcode`),
  KEY `idx_product_import_key` (`import_key`),
  KEY `idx_product_fk_country` (`fk_country`),
  KEY `idx_product_fk_user_author` (`fk_user_author`),
  KEY `idx_product_fk_barcode_type` (`fk_barcode_type`),
  KEY `fk_product_fk_unit` (`fk_unit`),
  KEY `idx_product_seuil_stock_alerte` (`seuil_stock_alerte`),
  CONSTRAINT `fk_product_barcode_type` FOREIGN KEY (`fk_barcode_type`) REFERENCES `llx_c_barcode_type` (`rowid`),
  CONSTRAINT `fk_product_fk_country` FOREIGN KEY (`fk_country`) REFERENCES `llx_c_country` (`rowid`),
  CONSTRAINT `fk_product_fk_unit` FOREIGN KEY (`fk_unit`) REFERENCES `llx_c_units` (`rowid`)
) ENGINE=InnoDB AUTO_INCREMENT=14 DEFAULT CHARSET=utf8;

--
-- Dumping data for table `llx_product`
--

INSERT INTO `llx_product` VALUES (1,'2010-07-08 14:33:17','2016-01-16 16:30:35',0,0,'PINKDRESS',1,NULL,'Pink dress','A beatifull pink dress','','',NULL,100.00000000,112.50000000,90.00000000,101.25000000,'HT',12.500,0,0.000,'0',0.000,'0',1,NULL,1,1,0,0,0,'',NULL,NULL,'123456789066',2,'701PINKDRESS','601PINKDRESS',NULL,670,-3,NULL,0,NULL,0,NULL,0,2,0.00000000,NULL,NULL,NULL,1,0,NULL,NULL,NULL,NULL,NULL,NULL,0,NULL,'',NULL,NULL,NULL,NULL),(2,'2010-07-09 00:30:01','2016-01-16 16:37:14',0,0,'PEARPIE',1,NULL,'Pear Pie','','','',NULL,0.00000000,0.00000000,0.00000000,0.00000000,'HT',12.500,0,0.000,'0',0.000,'0',1,NULL,1,1,0,0,0,'',NULL,NULL,'123456789077',2,'','',NULL,NULL,0,NULL,0,NULL,0,NULL,0,998,0.00000000,NULL,NULL,NULL,NULL,0,NULL,NULL,NULL,NULL,NULL,NULL,0,NULL,'',NULL,NULL,NULL,NULL),(3,'2010-07-09 00:30:25','2016-01-16 16:40:03',0,0,'CAKECONTRIB',1,NULL,'Cake making contribution','','','',NULL,0.00000000,0.00000000,0.00000000,0.00000000,'HT',12.500,0,0.000,'0',0.000,'0',1,NULL,1,1,0,0,1,'1m',NULL,NULL,'123456789088',2,'701CAKEM','601CAKEM',NULL,NULL,NULL,NULL,NULL,NULL,NULL,NULL,NULL,NULL,0.00000000,NULL,NULL,NULL,0,0,NULL,NULL,NULL,NULL,NULL,NULL,0,NULL,'',NULL,NULL,NULL,NULL),(4,'2010-07-10 14:44:06','2016-01-16 15:58:20',0,0,'APPLEPIE',1,NULL,'Apple Pie','Nice Bio Apple Pie.<br />\r\n&nbsp;','','',NULL,5.00000000,5.62500000,0.00000000,0.00000000,'HT',12.500,0,0.000,'0',0.000,'0',1,NULL,1,1,0,0,0,'',NULL,NULL,'123456789034',2,'701','601',NULL,500,-3,NULL,0,NULL,0,NULL,0,1001,10.00000000,NULL,NULL,NULL,1,0,NULL,NULL,NULL,NULL,NULL,NULL,0,NULL,'',NULL,NULL,NULL,NULL),(5,'2011-07-20 23:11:38','2016-01-16 16:18:24',0,0,'DOLIDROID',1,NULL,'DoliDroid, Android app for Dolibarr','<strong><span style=\"font-family:roboto,uilanguagefont,arial,sans-serif; font-size:14px\">DoliDroid is the Android front-end client for Dolibarr ERP &amp; CRM web software.</span><br />\r\n<span style=\"font-family:roboto,uilanguagefont,arial,sans-serif; font-size:14px\">This application is not a standalone program. It is a front end to use a online hosted Dolibarr ERP &amp; CRM software (an Open-source web software to manage your business).</span></strong>\r\n<p><u>The advantage of DoliDroid are :</u><br />\r\n- DoliDroid is not a duplicate code of Dolibarr, but a front-end of a Dolibarr web installation, so all your online existing features are supported by this application. This is also true for external modules features.<br />\r\n- Upgrading Dolibarr will not break DoliDroid.<br />\r\n- DoliDroid use embedded image resources to reduce bandwidth usage.<br />\r\n- DoliDroid use internal cache for pages that should not change (like menu page)<br />\r\n- Connections parameters are saved. No need to enter them each time you use DoliDroid.<br />\r\n- Integration with your phone or other applications (Clicking on PDF open PDF reader, clicking onto email or phone launch your email application or launch Android dialer, ...)</p>\r\n\r\n<p><span style=\"color:#DAA520\"><strong>WARNING !&nbsp;</strong></span></p>\r\n\r\n<p>This application need Android 4.0+ and a hosted Dolibarr ERP &amp; CRM version 3.5 or newer accessible by internet<br />\r\n(For example, when hosted on any SaaS solution like DoliCloud -&nbsp;<a href=\"https://www.google.com/url?q=https://www.google.com/url?q%3Dhttp://www.dolicloud.com%26sa%3DD%26usg%3DAFQjCNGdd9htz4JDciiMtScpBwK83qIRkw&amp;sa=D&amp;usg=AFQjCNGMpCbxNnU5BiK59e368K5AR0l_pg\" style=\"text-decoration: none; color: rgb(51, 105, 30); cursor: pointer;\" target=\"_blank\">http://www.dolicloud.com</a>).</p>','','',NULL,10.00000000,11.96000000,0.00000000,0.00000000,'HT',19.600,0,0.000,'0',0.000,'0',1,NULL,1,1,0,0,0,'',NULL,'https://play.google.com/store/apps/details?id=com.nltechno.dolidroidpro','123456789023',2,'701','601',NULL,NULL,0,NULL,0,NULL,0,NULL,0,NULL,0.00000000,NULL,NULL,'',NULL,0,NULL,NULL,NULL,NULL,NULL,NULL,0,NULL,'',NULL,NULL,NULL,NULL),(10,'2008-12-31 00:00:00','2017-02-16 00:12:09',0,0,'COMP-XP4523',1,NULL,'Computer XP4523','A powerfull computer XP4523&nbsp;','This product is imported.<br />\r\nWarning: Delay to get it are not reliable.','USXP765',11,100.00000000,110.00000000,0.00000000,0.00000000,'HT',10.000,0,0.000,'0',0.000,'0',NULL,12,1,1,0,1,0,'',150,NULL,'123456789055',2,'701OLDC','601OLDC',NULL,1.7,0,NULL,0,NULL,0,NULL,0,110,0.00000000,NULL,NULL,NULL,NULL,0,'20110729232310',200,NULL,NULL,NULL,NULL,0,NULL,'',NULL,NULL,NULL,NULL),(11,'2013-01-13 20:24:42','2016-07-30 13:42:31',0,0,'ROLLUPABC',1,NULL,'Rollup Dolibarr','A nice rollup','','',NULL,0.00000000,0.00000000,0.00000000,0.00000000,'HT',0.000,0,0.000,'0',0.000,'0',1,12,0,0,0,0,0,'',NULL,NULL,'123456789044',2,'','',NULL,2.5,0,NULL,0,2.34,0,NULL,0,-1,0.00000000,NULL,NULL,'',1,0,NULL,NULL,NULL,NULL,NULL,NULL,0,NULL,'',NULL,NULL,NULL,NULL),(12,'2016-07-30 17:31:29','2016-07-30 13:35:02',0,0,'DOLICLOUD',1,NULL,'SaaS service of Dolibarr ERP CRM','Cloud hosting of Dolibarr ERP and CRM software','','',NULL,9.00000000,9.00000000,9.00000000,9.00000000,'HT',0.000,0,0.000,'0',0.000,'0',12,12,1,1,0,0,1,'',NULL,'http://www.dolicloud.com','123456789013',2,'','',NULL,NULL,NULL,NULL,NULL,NULL,NULL,NULL,NULL,NULL,0.00000000,NULL,NULL,'',0,0,NULL,NULL,NULL,NULL,8.50000000,NULL,0,NULL,'',NULL,NULL,NULL,NULL),(13,'2017-02-16 03:49:00','2017-02-15 23:49:27',0,0,'COMP-XP4548',1,NULL,'Computer XP4523','A powerfull computer XP4523&nbsp;','This product is imported.<br />\r\nWarning: Delay to get it are not reliable.','USXP765',11,100.00000000,110.00000000,0.00000000,0.00000000,'HT',10.000,0,0.000,'0',0.000,'0',12,12,1,1,0,1,0,'',150,NULL,NULL,2,'','',NULL,1.7,0,NULL,0,NULL,0,NULL,0,NULL,0.00000000,NULL,NULL,'',NULL,0,NULL,200,NULL,NULL,NULL,NULL,0,NULL,'',NULL,NULL,NULL,NULL);

--
-- Table structure for table `llx_product_association`
--

CREATE TABLE `llx_product_association` (
  `rowid` int(11) NOT NULL AUTO_INCREMENT,
  `fk_product_pere` int(11) NOT NULL DEFAULT '0',
  `fk_product_fils` int(11) NOT NULL DEFAULT '0',
  `qty` double DEFAULT NULL,
  `incdec` int(11) DEFAULT '1',
  PRIMARY KEY (`rowid`),
  UNIQUE KEY `uk_product_association` (`fk_product_pere`,`fk_product_fils`),
  KEY `idx_product_association` (`fk_product_fils`),
  KEY `idx_product_association_fils` (`fk_product_fils`)
) ENGINE=InnoDB AUTO_INCREMENT=5 DEFAULT CHARSET=utf8;

--
-- Dumping data for table `llx_product_association`
--

INSERT INTO `llx_product_association` VALUES (2,5,1,1,1),(3,4,3,5,1),(4,4,1,2,1);

--
-- Table structure for table `llx_product_batch`
--

CREATE TABLE `llx_product_batch` (
  `rowid` int(11) NOT NULL AUTO_INCREMENT,
  `tms` timestamp NOT NULL DEFAULT CURRENT_TIMESTAMP ON UPDATE CURRENT_TIMESTAMP,
  `fk_product_stock` int(11) NOT NULL,
  `eatby` datetime DEFAULT NULL,
  `sellby` datetime DEFAULT NULL,
  `batch` varchar(30) NOT NULL,
  `qty` double NOT NULL DEFAULT '0',
  `import_key` varchar(14) DEFAULT NULL,
  PRIMARY KEY (`rowid`),
  UNIQUE KEY `uk_product_batch` (`fk_product_stock`,`batch`),
  KEY `idx_fk_product_stock` (`fk_product_stock`),
  KEY `ix_fk_product_stock` (`fk_product_stock`),
  KEY `idx_batch` (`batch`),
  CONSTRAINT `fk_product_batch_fk_product_stock` FOREIGN KEY (`fk_product_stock`) REFERENCES `llx_product_stock` (`rowid`)
) ENGINE=InnoDB AUTO_INCREMENT=4 DEFAULT CHARSET=utf8;

--
-- Dumping data for table `llx_product_batch`
--

INSERT INTO `llx_product_batch` VALUES (1,'2016-07-30 13:40:39',8,NULL,NULL,'5599887766452',15,NULL),(2,'2016-07-30 13:40:12',8,NULL,NULL,'4494487766452',60,NULL),(3,'2017-02-16 00:12:09',9,NULL,NULL,'5599887766452',35,NULL);

--
-- Table structure for table `llx_product_customer_price`
--

CREATE TABLE `llx_product_customer_price` (
  `rowid` int(11) NOT NULL AUTO_INCREMENT,
  `entity` int(11) NOT NULL DEFAULT '1',
  `datec` datetime DEFAULT NULL,
  `tms` timestamp NOT NULL DEFAULT CURRENT_TIMESTAMP ON UPDATE CURRENT_TIMESTAMP,
  `fk_product` int(11) NOT NULL,
  `fk_soc` int(11) NOT NULL,
  `price` double(24,8) DEFAULT '0.00000000',
  `price_ttc` double(24,8) DEFAULT '0.00000000',
  `price_min` double(24,8) DEFAULT '0.00000000',
  `price_min_ttc` double(24,8) DEFAULT '0.00000000',
  `price_base_type` varchar(3) DEFAULT 'HT',
  `tva_tx` double(6,3) DEFAULT NULL,
  `recuperableonly` int(11) NOT NULL DEFAULT '0',
  `localtax1_tx` double(6,3) DEFAULT '0.000',
  `localtax1_type` varchar(10) NOT NULL DEFAULT '0',
  `localtax2_tx` double(6,3) DEFAULT '0.000',
  `localtax2_type` varchar(10) NOT NULL DEFAULT '0',
  `fk_user` int(11) DEFAULT NULL,
  `import_key` varchar(14) DEFAULT NULL,
  PRIMARY KEY (`rowid`),
  UNIQUE KEY `uk_customer_price_fk_product_fk_soc` (`fk_product`,`fk_soc`),
  KEY `idx_product_customer_price_fk_user` (`fk_user`),
  KEY `fk_customer_price_fk_soc` (`fk_soc`),
  KEY `idx_product_customer_price_fk_soc` (`fk_soc`),
  CONSTRAINT `fk_customer_price_fk_product` FOREIGN KEY (`fk_product`) REFERENCES `llx_product` (`rowid`) ON DELETE CASCADE,
  CONSTRAINT `fk_customer_price_fk_soc` FOREIGN KEY (`fk_soc`) REFERENCES `llx_societe` (`rowid`) ON DELETE CASCADE,
  CONSTRAINT `fk_product_customer_price_fk_product` FOREIGN KEY (`fk_product`) REFERENCES `llx_product` (`rowid`),
  CONSTRAINT `fk_product_customer_price_fk_soc` FOREIGN KEY (`fk_soc`) REFERENCES `llx_societe` (`rowid`),
  CONSTRAINT `fk_product_customer_price_fk_user` FOREIGN KEY (`fk_user`) REFERENCES `llx_user` (`rowid`)
) ENGINE=InnoDB DEFAULT CHARSET=latin1;

--
-- Dumping data for table `llx_product_customer_price`
--


--
-- Table structure for table `llx_product_customer_price_log`
--

CREATE TABLE `llx_product_customer_price_log` (
  `rowid` int(11) NOT NULL AUTO_INCREMENT,
  `entity` int(11) NOT NULL DEFAULT '1',
  `datec` datetime DEFAULT NULL,
  `fk_product` int(11) NOT NULL,
  `fk_soc` int(11) NOT NULL,
  `price` double(24,8) DEFAULT '0.00000000',
  `price_ttc` double(24,8) DEFAULT '0.00000000',
  `price_min` double(24,8) DEFAULT '0.00000000',
  `price_min_ttc` double(24,8) DEFAULT '0.00000000',
  `price_base_type` varchar(3) DEFAULT 'HT',
  `tva_tx` double(6,3) DEFAULT NULL,
  `recuperableonly` int(11) NOT NULL DEFAULT '0',
  `localtax1_tx` double(6,3) DEFAULT '0.000',
  `localtax1_type` varchar(10) NOT NULL DEFAULT '0',
  `localtax2_tx` double(6,3) DEFAULT '0.000',
  `localtax2_type` varchar(10) NOT NULL DEFAULT '0',
  `fk_user` int(11) DEFAULT NULL,
  `import_key` varchar(14) DEFAULT NULL,
  PRIMARY KEY (`rowid`)
) ENGINE=InnoDB DEFAULT CHARSET=latin1;

--
-- Dumping data for table `llx_product_customer_price_log`
--


--
-- Table structure for table `llx_product_extrafields`
--

CREATE TABLE `llx_product_extrafields` (
  `rowid` int(11) NOT NULL AUTO_INCREMENT,
  `tms` timestamp NOT NULL DEFAULT CURRENT_TIMESTAMP ON UPDATE CURRENT_TIMESTAMP,
  `fk_object` int(11) NOT NULL,
  `import_key` varchar(14) DEFAULT NULL,
  PRIMARY KEY (`rowid`),
  KEY `idx_product_extrafields` (`fk_object`)
) ENGINE=InnoDB DEFAULT CHARSET=utf8;

--
-- Dumping data for table `llx_product_extrafields`
--


--
-- Table structure for table `llx_product_fournisseur_price`
--

CREATE TABLE `llx_product_fournisseur_price` (
  `rowid` int(11) NOT NULL AUTO_INCREMENT,
  `datec` datetime DEFAULT NULL,
  `tms` timestamp NOT NULL DEFAULT CURRENT_TIMESTAMP ON UPDATE CURRENT_TIMESTAMP,
  `fk_product` int(11) DEFAULT NULL,
  `fk_soc` int(11) DEFAULT NULL,
  `ref_fourn` varchar(30) DEFAULT NULL,
  `fk_availability` int(11) DEFAULT NULL,
  `price` double(24,8) DEFAULT '0.00000000',
  `quantity` double DEFAULT NULL,
  `remise_percent` double NOT NULL DEFAULT '0',
  `remise` double NOT NULL DEFAULT '0',
  `unitprice` double(24,8) DEFAULT '0.00000000',
  `charges` double(24,8) DEFAULT '0.00000000',
  `unitcharges` double(24,8) DEFAULT '0.00000000',
  `tva_tx` double(6,3) NOT NULL DEFAULT '0.000',
  `default_vat_code` varchar(10) DEFAULT NULL,
  `info_bits` int(11) NOT NULL DEFAULT '0',
  `fk_user` int(11) DEFAULT NULL,
  `import_key` varchar(14) DEFAULT NULL,
  `entity` int(11) NOT NULL DEFAULT '1',
  `fk_supplier_price_expression` int(11) DEFAULT NULL,
  `fk_price_expression` int(11) DEFAULT NULL,
  `delivery_time_days` int(11) DEFAULT NULL,
  `supplier_reputation` varchar(10) DEFAULT NULL,
  PRIMARY KEY (`rowid`),
  UNIQUE KEY `uk_product_fournisseur_price_ref` (`ref_fourn`,`fk_soc`,`quantity`,`entity`),
  KEY `idx_product_fournisseur_price_fk_user` (`fk_user`),
  KEY `idx_product_fourn_price_fk_product` (`fk_product`,`entity`),
  KEY `idx_product_fourn_price_fk_soc` (`fk_soc`,`entity`),
  CONSTRAINT `fk_product_fournisseur_price_fk_product` FOREIGN KEY (`fk_product`) REFERENCES `llx_product` (`rowid`),
  CONSTRAINT `fk_product_fournisseur_price_fk_user` FOREIGN KEY (`fk_user`) REFERENCES `llx_user` (`rowid`)
) ENGINE=InnoDB AUTO_INCREMENT=4 DEFAULT CHARSET=utf8;

--
-- Dumping data for table `llx_product_fournisseur_price`
--

INSERT INTO `llx_product_fournisseur_price` VALUES (1,'2010-07-11 18:45:42','2012-12-08 13:11:08',4,1,'ABCD',NULL,10.00000000,1,0,0,10.00000000,0.00000000,0.00000000,0.000,NULL,0,1,NULL,1,NULL,NULL,NULL,NULL),(2,'2016-07-30 17:34:38','2016-07-30 13:34:38',12,10,'BASIC',0,9.00000000,1,0,0,9.00000000,0.00000000,0.00000000,0.000,NULL,0,12,NULL,1,NULL,NULL,NULL,'FAVORITE'),(3,'2017-02-02 05:17:08','2017-02-02 01:17:08',1,10,'aaa',0,100.00000000,1,10,0,100.00000000,0.00000000,0.00000000,12.500,NULL,0,12,NULL,1,NULL,NULL,NULL,NULL);

--
-- Table structure for table `llx_product_fournisseur_price_log`
--

CREATE TABLE `llx_product_fournisseur_price_log` (
  `rowid` int(11) NOT NULL AUTO_INCREMENT,
  `datec` datetime DEFAULT NULL,
  `fk_product_fournisseur` int(11) NOT NULL,
  `price` double(24,8) DEFAULT '0.00000000',
  `quantity` double DEFAULT NULL,
  `fk_user` int(11) DEFAULT NULL,
  PRIMARY KEY (`rowid`)
) ENGINE=InnoDB AUTO_INCREMENT=2 DEFAULT CHARSET=utf8;

--
-- Dumping data for table `llx_product_fournisseur_price_log`
--

INSERT INTO `llx_product_fournisseur_price_log` VALUES (1,'2010-07-11 18:45:42',1,10.00000000,1,1);

--
-- Table structure for table `llx_product_lang`
--

CREATE TABLE `llx_product_lang` (
  `rowid` int(11) NOT NULL AUTO_INCREMENT,
  `fk_product` int(11) NOT NULL DEFAULT '0',
  `lang` varchar(5) NOT NULL DEFAULT '0',
  `label` varchar(255) NOT NULL,
  `description` text,
  `note` text,
  `import_key` varchar(14) DEFAULT NULL,
  PRIMARY KEY (`rowid`),
  UNIQUE KEY `uk_product_lang` (`fk_product`,`lang`),
  CONSTRAINT `fk_product_lang_fk_product` FOREIGN KEY (`fk_product`) REFERENCES `llx_product` (`rowid`)
) ENGINE=InnoDB AUTO_INCREMENT=18 DEFAULT CHARSET=utf8;

--
-- Dumping data for table `llx_product_lang`
--

INSERT INTO `llx_product_lang` VALUES (1,1,'en_US','Pink dress','A beatifull pink dress','',NULL),(2,2,'en_US','Pear Pie','','',NULL),(3,3,'en_US','Cake making contribution','','',NULL),(4,4,'fr_FR','Decapsuleur','','',NULL),(5,5,'en_US','DoliDroid, Android app for Dolibarr','<strong><span style=\"font-family:roboto,uilanguagefont,arial,sans-serif; font-size:14px\">DoliDroid is the Android front-end client for Dolibarr ERP &amp; CRM web software.</span><br />\r\n<span style=\"font-family:roboto,uilanguagefont,arial,sans-serif; font-size:14px\">This application is not a standalone program. It is a front end to use a online hosted Dolibarr ERP &amp; CRM software (an Open-source web software to manage your business).</span></strong>\r\n<p><u>The advantage of DoliDroid are :</u><br />\r\n- DoliDroid is not a duplicate code of Dolibarr, but a front-end of a Dolibarr web installation, so all your online existing features are supported by this application. This is also true for external modules features.<br />\r\n- Upgrading Dolibarr will not break DoliDroid.<br />\r\n- DoliDroid use embedded image resources to reduce bandwidth usage.<br />\r\n- DoliDroid use internal cache for pages that should not change (like menu page)<br />\r\n- Connections parameters are saved. No need to enter them each time you use DoliDroid.<br />\r\n- Integration with your phone or other applications (Clicking on PDF open PDF reader, clicking onto email or phone launch your email application or launch Android dialer, ...)</p>\r\n\r\n<p><span style=\"color:#DAA520\"><strong>WARNING !&nbsp;</strong></span></p>\r\n\r\n<p>This application need Android 4.0+ and a hosted Dolibarr ERP &amp; CRM version 3.5 or newer accessible by internet<br />\r\n(For example, when hosted on any SaaS solution like DoliCloud -&nbsp;<a href=\"https://www.google.com/url?q=https://www.google.com/url?q%3Dhttp://www.dolicloud.com%26sa%3DD%26usg%3DAFQjCNGdd9htz4JDciiMtScpBwK83qIRkw&amp;sa=D&amp;usg=AFQjCNGMpCbxNnU5BiK59e368K5AR0l_pg\" style=\"text-decoration: none; color: rgb(51, 105, 30); cursor: pointer;\" target=\"_blank\">http://www.dolicloud.com</a>).</p>','',NULL),(9,11,'fr_FR','hfghf','','',NULL),(10,2,'fr_FR','Product P1','','',NULL),(11,4,'en_US','Apple Pie','Nice Bio Apple Pie.<br />\r\n&nbsp;','',NULL),(12,11,'en_US','Rollup Dolibarr','A nice rollup','',NULL),(13,10,'en_US','Computer XP4523','A powerfull computer XP4523&nbsp;','This product is imported.<br />\r\nWarning: Delay to get it are not reliable.',NULL),(14,12,'en_US','SaaS hosting of Dolibarr ERP CRM','Cloud hosting of Dolibarr ERP and CRM software','',NULL),(15,12,'fr_FR','Service SaaS Hébergement Dolibarr ERP CRM','Service SaaS d&#39;h&eacute;bergement de la solution Dolibarr ERP CRM','',NULL),(16,13,'en_US','Computer XP4523','A powerfull computer XP4523&nbsp;',NULL,NULL),(17,13,'fr_FR','Computer XP4523','A powerfull computer XP4523&nbsp;',NULL,NULL);

--
-- Table structure for table `llx_product_lot`
--

CREATE TABLE `llx_product_lot` (
  `rowid` int(11) NOT NULL AUTO_INCREMENT,
  `entity` int(11) DEFAULT '1',
  `fk_product` int(11) NOT NULL,
  `batch` varchar(30) DEFAULT NULL,
  `eatby` date DEFAULT NULL,
  `sellby` date DEFAULT NULL,
  `datec` datetime DEFAULT NULL,
  `tms` timestamp NOT NULL DEFAULT CURRENT_TIMESTAMP ON UPDATE CURRENT_TIMESTAMP,
  `fk_user_creat` int(11) DEFAULT NULL,
  `fk_user_modif` int(11) DEFAULT NULL,
  `import_key` int(11) DEFAULT NULL,
  PRIMARY KEY (`rowid`),
  UNIQUE KEY `uk_product_lot` (`fk_product`,`batch`)
) ENGINE=InnoDB AUTO_INCREMENT=5 DEFAULT CHARSET=utf8;

--
-- Dumping data for table `llx_product_lot`
--

INSERT INTO `llx_product_lot` VALUES (1,1,2,'123456','2016-07-07',NULL,'2016-07-21 20:55:19','2016-12-12 10:53:58',NULL,NULL,NULL),(2,1,2,'2222','2016-07-08','2016-07-07','2016-07-21 21:00:42','2016-12-12 10:53:58',NULL,NULL,NULL),(3,1,10,'5599887766452',NULL,NULL,'2016-07-30 17:39:31','2016-12-12 10:53:58',NULL,NULL,NULL),(4,1,10,'4494487766452',NULL,NULL,'2016-07-30 17:40:12','2016-12-12 10:53:58',NULL,NULL,NULL);

--
-- Table structure for table `llx_product_lot_extrafields`
--

CREATE TABLE `llx_product_lot_extrafields` (
  `rowid` int(11) NOT NULL AUTO_INCREMENT,
  `tms` timestamp NOT NULL DEFAULT CURRENT_TIMESTAMP ON UPDATE CURRENT_TIMESTAMP,
  `fk_object` int(11) NOT NULL,
  `import_key` varchar(14) COLLATE utf8_unicode_ci DEFAULT NULL,
  PRIMARY KEY (`rowid`),
  KEY `idx_product_lot_extrafields` (`fk_object`)
) ENGINE=InnoDB DEFAULT CHARSET=utf8 COLLATE=utf8_unicode_ci;

--
-- Dumping data for table `llx_product_lot_extrafields`
--


--
-- Table structure for table `llx_product_price`
--

CREATE TABLE `llx_product_price` (
  `rowid` int(11) NOT NULL AUTO_INCREMENT,
  `entity` int(11) NOT NULL DEFAULT '1',
  `tms` timestamp NOT NULL DEFAULT CURRENT_TIMESTAMP ON UPDATE CURRENT_TIMESTAMP,
  `fk_product` int(11) NOT NULL,
  `date_price` datetime DEFAULT NULL,
  `price_level` smallint(6) DEFAULT '1',
  `price` double(24,8) DEFAULT NULL,
  `price_ttc` double(24,8) DEFAULT NULL,
  `price_min` double(24,8) DEFAULT NULL,
  `price_min_ttc` double(24,8) DEFAULT NULL,
  `price_base_type` varchar(3) DEFAULT 'HT',
  `tva_tx` double(6,3) NOT NULL,
  `default_vat_code` varchar(10) DEFAULT NULL,
  `recuperableonly` int(11) NOT NULL DEFAULT '0',
  `localtax1_tx` double(6,3) DEFAULT '0.000',
  `localtax1_type` varchar(10) NOT NULL DEFAULT '0',
  `localtax2_tx` double(6,3) DEFAULT '0.000',
  `localtax2_type` varchar(10) NOT NULL DEFAULT '0',
  `fk_user_author` int(11) DEFAULT NULL,
  `tosell` tinyint(4) DEFAULT '1',
  `price_by_qty` int(11) NOT NULL DEFAULT '0',
  `import_key` varchar(14) DEFAULT NULL,
  `fk_price_expression` int(11) DEFAULT NULL,
  `fk_multicurrency` int(11) DEFAULT NULL,
  `multicurrency_code` varchar(255) DEFAULT NULL,
  `multicurrency_price` double(24,8) DEFAULT '0.00000000',
  PRIMARY KEY (`rowid`),
  KEY `idx_product_price_fk_user_author` (`fk_user_author`),
  KEY `idx_product_price_fk_product` (`fk_product`),
  CONSTRAINT `fk_product_price_product` FOREIGN KEY (`fk_product`) REFERENCES `llx_product` (`rowid`),
  CONSTRAINT `fk_product_price_user_author` FOREIGN KEY (`fk_user_author`) REFERENCES `llx_user` (`rowid`)
) ENGINE=InnoDB AUTO_INCREMENT=16 DEFAULT CHARSET=utf8;

--
-- Dumping data for table `llx_product_price`
--

INSERT INTO `llx_product_price` VALUES (1,1,'2010-07-08 12:33:17',1,'2010-07-08 14:33:17',1,0.00000000,0.00000000,0.00000000,0.00000000,'HT',12.500,NULL,0,0.000,'0',0.000,'0',1,1,0,NULL,NULL,NULL,NULL,0.00000000),(2,1,'2010-07-08 22:30:01',2,'2010-07-09 00:30:01',1,0.00000000,0.00000000,0.00000000,0.00000000,'HT',12.500,NULL,0,0.000,'0',0.000,'0',1,1,0,NULL,NULL,NULL,NULL,0.00000000),(3,1,'2010-07-08 22:30:25',3,'2010-07-09 00:30:25',1,0.00000000,0.00000000,0.00000000,0.00000000,'HT',12.500,NULL,0,0.000,'0',0.000,'0',1,1,0,NULL,NULL,NULL,NULL,0.00000000),(4,1,'2010-07-10 12:44:06',4,'2010-07-10 14:44:06',1,0.00000000,0.00000000,0.00000000,0.00000000,'HT',12.500,NULL,0,0.000,'0',0.000,'0',1,1,0,NULL,NULL,NULL,NULL,0.00000000),(5,1,'2011-07-20 21:11:38',5,'2011-07-20 23:11:38',1,0.00000000,0.00000000,0.00000000,0.00000000,'HT',19.600,NULL,0,0.000,'0',0.000,'0',1,1,0,NULL,NULL,NULL,NULL,0.00000000),(6,1,'2011-07-27 17:02:59',5,'2011-07-27 19:02:59',1,10.00000000,11.96000000,0.00000000,0.00000000,'HT',19.600,NULL,0,0.000,'0',0.000,'0',1,1,0,NULL,NULL,NULL,NULL,0.00000000),(10,1,'2011-07-31 22:34:27',4,'2011-08-01 00:34:27',1,5.00000000,5.62500000,0.00000000,0.00000000,'HT',12.500,NULL,0,0.000,'0',0.000,'0',1,1,0,NULL,NULL,NULL,NULL,0.00000000),(12,1,'2013-01-13 19:24:59',11,'2013-01-13 20:24:59',1,0.00000000,0.00000000,0.00000000,0.00000000,'HT',0.000,NULL,0,0.000,'0',0.000,'0',1,1,0,NULL,NULL,NULL,NULL,0.00000000),(13,1,'2013-03-12 09:30:24',1,'2013-03-12 10:30:24',1,100.00000000,112.50000000,90.00000000,101.25000000,'HT',12.500,NULL,0,0.000,'0',0.000,'0',1,1,0,NULL,NULL,NULL,NULL,0.00000000),(14,1,'2016-07-30 13:31:29',12,'2016-07-30 17:31:29',1,9.00000000,9.00000000,9.00000000,9.00000000,'HT',0.000,NULL,0,0.000,'0',0.000,'0',12,1,0,NULL,NULL,NULL,NULL,0.00000000),(15,1,'2017-02-15 23:49:00',13,'2017-02-16 03:49:00',1,100.00000000,110.00000000,0.00000000,0.00000000,'HT',10.000,NULL,0,0.000,'0',0.000,'0',12,0,0,NULL,NULL,NULL,NULL,0.00000000);

--
-- Table structure for table `llx_product_price_by_qty`
--

CREATE TABLE `llx_product_price_by_qty` (
  `rowid` int(11) NOT NULL AUTO_INCREMENT,
  `fk_product_price` int(11) NOT NULL,
  `date_price` timestamp NOT NULL DEFAULT CURRENT_TIMESTAMP ON UPDATE CURRENT_TIMESTAMP,
  `price` double(24,8) DEFAULT '0.00000000',
  `price_ttc` double(24,8) DEFAULT '0.00000000',
  `remise_percent` double NOT NULL DEFAULT '0',
  `remise` double NOT NULL DEFAULT '0',
  `qty_min` double DEFAULT '0',
  PRIMARY KEY (`rowid`),
  UNIQUE KEY `uk_product_price_by_qty_level` (`fk_product_price`,`qty_min`),
  KEY `idx_product_price_by_qty_fk_product_price` (`fk_product_price`),
  CONSTRAINT `fk_product_price_by_qty_fk_product_price` FOREIGN KEY (`fk_product_price`) REFERENCES `llx_product_price` (`rowid`)
) ENGINE=InnoDB DEFAULT CHARSET=utf8;

--
-- Dumping data for table `llx_product_price_by_qty`
--


--
-- Table structure for table `llx_product_pricerules`
--

CREATE TABLE `llx_product_pricerules` (
  `rowid` int(11) NOT NULL AUTO_INCREMENT,
  `level` int(11) NOT NULL,
  `fk_level` int(11) NOT NULL,
  `var_percent` float NOT NULL,
  `var_min_percent` float NOT NULL,
  PRIMARY KEY (`rowid`),
  UNIQUE KEY `unique_level` (`level`)
) ENGINE=InnoDB DEFAULT CHARSET=utf8;

--
-- Dumping data for table `llx_product_pricerules`
--


--
-- Table structure for table `llx_product_stock`
--

CREATE TABLE `llx_product_stock` (
  `rowid` int(11) NOT NULL AUTO_INCREMENT,
  `tms` timestamp NOT NULL DEFAULT CURRENT_TIMESTAMP ON UPDATE CURRENT_TIMESTAMP,
  `fk_product` int(11) NOT NULL,
  `fk_entrepot` int(11) NOT NULL,
  `reel` double DEFAULT NULL,
  `import_key` varchar(14) DEFAULT NULL,
  PRIMARY KEY (`rowid`),
  UNIQUE KEY `uk_product_stock` (`fk_product`,`fk_entrepot`),
  KEY `idx_product_stock_fk_product` (`fk_product`),
  KEY `idx_product_stock_fk_entrepot` (`fk_entrepot`)
) ENGINE=InnoDB AUTO_INCREMENT=10 DEFAULT CHARSET=utf8;

--
-- Dumping data for table `llx_product_stock`
--

INSERT INTO `llx_product_stock` VALUES (1,'2010-07-08 22:43:51',2,2,1000,NULL),(3,'2010-07-10 23:02:20',4,2,1000,NULL),(4,'2013-01-19 17:22:48',4,1,1,NULL),(5,'2013-01-19 17:22:48',1,1,2,NULL),(6,'2013-01-19 17:22:48',11,1,-1,NULL),(7,'2013-01-19 17:31:58',2,1,-2,NULL),(8,'2016-07-30 13:40:39',10,2,75,NULL),(9,'2017-02-16 00:12:09',10,1,35,NULL);

--
-- Table structure for table `llx_product_subproduct`
--

CREATE TABLE `llx_product_subproduct` (
  `rowid` int(11) NOT NULL AUTO_INCREMENT,
  `fk_product` int(11) NOT NULL,
  `fk_product_subproduct` int(11) NOT NULL,
  PRIMARY KEY (`rowid`),
  UNIQUE KEY `fk_product` (`fk_product`,`fk_product_subproduct`)
) ENGINE=InnoDB DEFAULT CHARSET=utf8;

--
-- Dumping data for table `llx_product_subproduct`
--


--
-- Table structure for table `llx_product_warehouse_properties`
--

CREATE TABLE `llx_product_warehouse_properties` (
  `rowid` int(11) NOT NULL AUTO_INCREMENT,
  `tms` timestamp NOT NULL DEFAULT CURRENT_TIMESTAMP ON UPDATE CURRENT_TIMESTAMP,
  `fk_product` int(11) NOT NULL,
  `fk_entrepot` int(11) NOT NULL,
  `seuil_stock_alerte` int(11) DEFAULT '0',
  `desiredstock` int(11) DEFAULT '0',
  `import_key` varchar(14) COLLATE utf8_unicode_ci DEFAULT NULL,
  PRIMARY KEY (`rowid`)
) ENGINE=InnoDB DEFAULT CHARSET=utf8 COLLATE=utf8_unicode_ci;

--
-- Dumping data for table `llx_product_warehouse_properties`
--


--
-- Table structure for table `llx_projet`
--

CREATE TABLE `llx_projet` (
  `rowid` int(11) NOT NULL AUTO_INCREMENT,
  `fk_soc` int(11) DEFAULT NULL,
  `datec` date DEFAULT NULL,
  `tms` timestamp NOT NULL DEFAULT CURRENT_TIMESTAMP ON UPDATE CURRENT_TIMESTAMP,
  `dateo` date DEFAULT NULL,
  `datee` date DEFAULT NULL,
  `ref` varchar(50) DEFAULT NULL,
  `entity` int(11) NOT NULL DEFAULT '1',
  `title` varchar(255) NOT NULL,
  `description` text,
  `fk_user_creat` int(11) NOT NULL,
  `public` int(11) DEFAULT NULL,
  `fk_statut` smallint(6) NOT NULL DEFAULT '0',
  `fk_opp_status` int(11) DEFAULT NULL,
  `opp_percent` double(5,2) DEFAULT NULL,
  `note_private` text,
  `note_public` text,
  `model_pdf` varchar(255) DEFAULT NULL,
  `budget_amount` double(24,8) DEFAULT NULL,
  `date_close` datetime DEFAULT NULL,
  `fk_user_close` int(11) DEFAULT NULL,
  `opp_amount` double(24,8) DEFAULT NULL,
  `import_key` varchar(14) DEFAULT NULL,
  PRIMARY KEY (`rowid`),
  UNIQUE KEY `uk_projet_ref` (`ref`,`entity`),
  KEY `idx_projet_fk_soc` (`fk_soc`),
  CONSTRAINT `fk_projet_fk_soc` FOREIGN KEY (`fk_soc`) REFERENCES `llx_societe` (`rowid`)
) ENGINE=InnoDB AUTO_INCREMENT=10 DEFAULT CHARSET=utf8;

--
-- Dumping data for table `llx_projet`
--

INSERT INTO `llx_projet` VALUES (1,11,'2010-07-09','2015-10-05 20:51:28','2010-07-09',NULL,'PROJ1',1,'Project One','',1,0,1,NULL,NULL,NULL,'gdfgdfg','baleine',NULL,NULL,NULL,NULL,NULL),(2,13,'2010-07-09','2015-10-05 20:51:51','2010-07-09',NULL,'PROJ2',1,'Project Two','',1,0,0,NULL,NULL,NULL,NULL,NULL,NULL,NULL,NULL,NULL,NULL),(3,1,'2010-07-09','2017-02-01 11:55:08','2010-07-09',NULL,'PROJINDIAN',1,'Project for Indian company move','',1,0,1,NULL,NULL,NULL,NULL,NULL,NULL,NULL,NULL,NULL,NULL),(4,NULL,'2010-07-09','2010-07-08 22:50:49','2010-07-09',NULL,'PROJSHARED',1,'The Global project','',1,1,1,NULL,NULL,NULL,NULL,NULL,NULL,NULL,NULL,NULL,NULL),(5,NULL,'2010-07-11','2017-02-01 15:01:51','2010-07-11','2011-07-14','RMLL',1,'Project management RMLL','',1,1,1,NULL,NULL,NULL,NULL,NULL,NULL,NULL,NULL,NULL,NULL),(6,10,'2016-07-30','2016-07-30 15:53:07','2016-07-30',NULL,'PJ1607-0001',1,'PROJALICE1','The Alice project number 1',12,0,1,2,20.00,NULL,NULL,NULL,5000.00000000,NULL,NULL,8000.00000000,NULL),(7,10,'2016-07-30','2017-02-01 12:24:37','2016-07-30',NULL,'PJ1607-0002',1,'PROJALICE2','The Alice project number 2',12,0,1,6,100.00,NULL,NULL,NULL,NULL,'2017-02-01 16:24:31',12,7000.00000000,NULL),(8,10,'2016-07-30','2016-07-30 15:53:23','2016-07-30',NULL,'PJ1607-0003',1,'PROJALICE2','The Alice project number 3',12,0,1,6,100.00,NULL,NULL,NULL,NULL,NULL,NULL,3550.00000000,NULL),(9,4,'2016-07-31','2016-07-31 14:27:26','2016-07-31',NULL,'PJ1607-0004',1,'Project Top X','',12,0,1,2,27.00,NULL,NULL,NULL,NULL,NULL,NULL,4000.00000000,NULL);

--
-- Table structure for table `llx_projet_extrafields`
--

CREATE TABLE `llx_projet_extrafields` (
  `rowid` int(11) NOT NULL AUTO_INCREMENT,
  `tms` timestamp NOT NULL DEFAULT CURRENT_TIMESTAMP ON UPDATE CURRENT_TIMESTAMP,
  `fk_object` int(11) NOT NULL,
  `import_key` varchar(14) DEFAULT NULL,
  `priority` text,
  PRIMARY KEY (`rowid`),
  KEY `idx_projet_extrafields` (`fk_object`)
) ENGINE=InnoDB AUTO_INCREMENT=17 DEFAULT CHARSET=latin1;

--
-- Dumping data for table `llx_projet_extrafields`
--

INSERT INTO `llx_projet_extrafields` VALUES (5,'2016-07-30 15:53:07',6,NULL,'3'),(7,'2016-07-30 15:53:23',8,NULL,'5'),(9,'2016-07-31 14:27:24',9,NULL,'0'),(13,'2017-02-01 11:55:08',3,NULL,'0'),(15,'2017-02-01 12:24:31',7,NULL,'1'),(16,'2017-02-01 15:01:51',5,NULL,'0');

--
-- Table structure for table `llx_projet_task`
--

CREATE TABLE `llx_projet_task` (
  `rowid` int(11) NOT NULL AUTO_INCREMENT,
  `ref` varchar(50) DEFAULT NULL,
  `entity` int(11) NOT NULL DEFAULT '1',
  `fk_projet` int(11) NOT NULL,
  `fk_task_parent` int(11) NOT NULL DEFAULT '0',
  `datec` datetime DEFAULT NULL,
  `tms` timestamp NOT NULL DEFAULT CURRENT_TIMESTAMP ON UPDATE CURRENT_TIMESTAMP,
  `dateo` datetime DEFAULT NULL,
  `datee` datetime DEFAULT NULL,
  `datev` datetime DEFAULT NULL,
  `label` varchar(255) NOT NULL,
  `description` text,
  `duration_effective` double DEFAULT '0',
  `planned_workload` double DEFAULT '0',
  `progress` int(11) DEFAULT '0',
  `priority` int(11) DEFAULT '0',
  `fk_user_creat` int(11) DEFAULT NULL,
  `fk_user_valid` int(11) DEFAULT NULL,
  `fk_statut` smallint(6) NOT NULL DEFAULT '0',
  `note_private` text,
  `note_public` text,
  `rang` int(11) DEFAULT '0',
  `model_pdf` varchar(255) DEFAULT NULL,
  `import_key` varchar(14) DEFAULT NULL,
  PRIMARY KEY (`rowid`),
  UNIQUE KEY `uk_projet_task_ref` (`ref`,`entity`),
  KEY `idx_projet_task_fk_projet` (`fk_projet`),
  KEY `idx_projet_task_fk_user_creat` (`fk_user_creat`),
  KEY `idx_projet_task_fk_user_valid` (`fk_user_valid`),
  CONSTRAINT `fk_projet_task_fk_projet` FOREIGN KEY (`fk_projet`) REFERENCES `llx_projet` (`rowid`),
  CONSTRAINT `fk_projet_task_fk_user_creat` FOREIGN KEY (`fk_user_creat`) REFERENCES `llx_user` (`rowid`),
  CONSTRAINT `fk_projet_task_fk_user_valid` FOREIGN KEY (`fk_user_valid`) REFERENCES `llx_user` (`rowid`)
) ENGINE=InnoDB AUTO_INCREMENT=11 DEFAULT CHARSET=utf8;

--
-- Dumping data for table `llx_projet_task`
--

INSERT INTO `llx_projet_task` VALUES (2,'2',1,5,0,'2010-07-11 16:23:53','2013-09-08 23:06:14','2010-07-11 12:00:00','2011-07-14 12:00:00',NULL,'Heberger site RMLL','',0,0,0,0,1,NULL,0,NULL,NULL,0,NULL,NULL),(3,'TK1007-0001',1,1,0,'2014-12-21 13:52:41','2016-07-30 11:35:40','2014-12-21 16:52:00',NULL,NULL,'Analyze','',9000,36000,0,0,1,NULL,0,NULL,'gdfgdfgdf',0,NULL,NULL),(4,'TK1007-0002',1,1,0,'2014-12-21 13:55:39','2016-07-30 11:35:51','2014-12-21 16:55:00',NULL,NULL,'Specification','',7200,18000,25,0,1,NULL,0,NULL,NULL,0,NULL,NULL),(5,'TK1007-0003',1,1,0,'2014-12-21 14:16:58','2016-07-30 11:35:59','2014-12-21 17:16:00',NULL,NULL,'Development','',0,0,0,0,1,NULL,0,NULL,NULL,0,NULL,NULL),(6,'TK1607-0004',1,6,0,'2016-07-30 15:33:27','2016-07-30 11:34:47','2016-07-30 02:00:00',NULL,NULL,'Project preparation phase A','',75600,720000,10,0,12,NULL,0,NULL,NULL,0,NULL,NULL),(7,'TK1607-0005',1,6,0,'2016-07-30 15:33:39','2017-01-30 11:23:39','2016-07-30 02:00:00',NULL,NULL,'Project preparation phase B','',40260,1080000,5,0,12,NULL,0,NULL,NULL,0,NULL,NULL),(8,'TK1607-0006',1,6,0,'2016-07-30 15:33:53','2016-07-30 11:33:53','2016-07-30 02:00:00',NULL,NULL,'Project execution phase A','',0,162000,0,0,12,NULL,0,NULL,NULL,0,NULL,NULL),(9,'TK1607-0007',1,6,0,'2016-07-30 15:34:09','2016-07-30 11:34:09','2016-10-27 02:00:00',NULL,NULL,'Project execution phase B','',0,2160000,0,0,12,NULL,0,NULL,NULL,0,NULL,NULL),(10,'TK1007-0008',1,1,0,'2016-07-30 15:36:31','2016-07-30 11:36:31','2016-07-30 02:00:00',NULL,NULL,'Tests','',0,316800,0,0,12,NULL,0,NULL,NULL,0,NULL,NULL);

--
-- Table structure for table `llx_projet_task_extrafields`
--

CREATE TABLE `llx_projet_task_extrafields` (
  `rowid` int(11) NOT NULL AUTO_INCREMENT,
  `tms` timestamp NOT NULL DEFAULT CURRENT_TIMESTAMP ON UPDATE CURRENT_TIMESTAMP,
  `fk_object` int(11) NOT NULL,
  `import_key` varchar(14) DEFAULT NULL,
  PRIMARY KEY (`rowid`),
  KEY `idx_projet_task_extrafields` (`fk_object`)
) ENGINE=InnoDB DEFAULT CHARSET=latin1;

--
-- Dumping data for table `llx_projet_task_extrafields`
--


--
-- Table structure for table `llx_projet_task_time`
--

CREATE TABLE `llx_projet_task_time` (
  `rowid` int(11) NOT NULL AUTO_INCREMENT,
  `fk_task` int(11) NOT NULL,
  `task_date` date DEFAULT NULL,
  `task_datehour` datetime DEFAULT NULL,
  `task_date_withhour` int(11) DEFAULT '0',
  `task_duration` double DEFAULT NULL,
  `fk_user` int(11) DEFAULT NULL,
  `thm` double(24,8) DEFAULT NULL,
  `note` text,
  `invoice_id` int(11) DEFAULT NULL,
  `invoice_line_id` int(11) DEFAULT NULL,
  `import_key` varchar(14) DEFAULT NULL,
  PRIMARY KEY (`rowid`),
  KEY `idx_projet_task_time_task` (`fk_task`),
  KEY `idx_projet_task_time_date` (`task_date`),
  KEY `idx_projet_task_time_datehour` (`task_datehour`)
) ENGINE=InnoDB AUTO_INCREMENT=16 DEFAULT CHARSET=utf8;

--
-- Dumping data for table `llx_projet_task_time`
--

INSERT INTO `llx_projet_task_time` VALUES (2,4,'2014-12-21','2014-12-21 12:00:00',0,3600,1,NULL,'',NULL,NULL,NULL),(3,4,'2014-12-18','2014-12-18 12:00:00',0,3600,1,NULL,NULL,NULL,NULL,NULL),(4,3,'2014-12-21','2014-12-21 12:00:00',0,3600,1,NULL,NULL,NULL,NULL,NULL),(5,3,'2014-12-21','2014-12-21 12:00:00',0,1800,1,NULL,NULL,NULL,NULL,NULL),(6,3,'2014-12-21','2014-12-21 12:00:00',0,3600,1,NULL,NULL,NULL,NULL,NULL),(7,6,'2016-07-25','2016-07-25 00:00:00',0,18000,12,NULL,NULL,NULL,NULL,NULL),(8,6,'2016-07-26','2016-07-25 00:00:00',0,14400,12,NULL,NULL,NULL,NULL,NULL),(9,6,'2016-07-27','2016-07-25 00:00:00',0,14400,12,NULL,NULL,NULL,NULL,NULL),(10,6,'2016-07-29','2016-07-25 00:00:00',0,14400,12,NULL,NULL,NULL,NULL,NULL),(11,6,'2016-07-31','2016-07-25 00:00:00',0,14400,12,NULL,NULL,NULL,NULL,NULL),(12,7,'2016-07-25','2016-07-25 00:00:00',0,10800,12,NULL,NULL,NULL,NULL,NULL),(13,7,'2016-07-26','2016-07-25 00:00:00',0,14400,12,NULL,NULL,NULL,NULL,NULL),(14,7,'2016-07-27','2016-07-25 00:00:00',0,14400,12,NULL,NULL,NULL,NULL,NULL),(15,7,'2017-01-30','2017-01-30 10:00:00',1,660,12,NULL,'',NULL,NULL,NULL);

--
-- Table structure for table `llx_propal`
--

CREATE TABLE `llx_propal` (
  `rowid` int(11) NOT NULL AUTO_INCREMENT,
  `fk_soc` int(11) DEFAULT NULL,
  `fk_projet` int(11) DEFAULT NULL,
  `tms` timestamp NOT NULL DEFAULT CURRENT_TIMESTAMP ON UPDATE CURRENT_TIMESTAMP,
  `ref` varchar(30) NOT NULL,
  `entity` int(11) NOT NULL DEFAULT '1',
  `ref_ext` varchar(255) DEFAULT NULL,
  `ref_int` varchar(255) DEFAULT NULL,
  `ref_client` varchar(255) DEFAULT NULL,
  `datec` datetime DEFAULT NULL,
  `datep` date DEFAULT NULL,
  `fin_validite` datetime DEFAULT NULL,
  `date_valid` datetime DEFAULT NULL,
  `date_cloture` datetime DEFAULT NULL,
  `fk_user_author` int(11) DEFAULT NULL,
  `fk_user_modif` int(11) DEFAULT NULL,
  `fk_user_valid` int(11) DEFAULT NULL,
  `fk_user_cloture` int(11) DEFAULT NULL,
  `fk_statut` smallint(6) NOT NULL DEFAULT '0',
  `price` double DEFAULT '0',
  `remise_percent` double DEFAULT '0',
  `remise_absolue` double DEFAULT '0',
  `remise` double DEFAULT '0',
  `total_ht` double(24,8) DEFAULT '0.00000000',
  `tva` double(24,8) DEFAULT '0.00000000',
  `localtax1` double(24,8) DEFAULT '0.00000000',
  `localtax2` double(24,8) DEFAULT '0.00000000',
  `total` double(24,8) DEFAULT '0.00000000',
  `fk_account` int(11) DEFAULT NULL,
  `fk_currency` varchar(3) DEFAULT NULL,
  `fk_cond_reglement` int(11) DEFAULT NULL,
  `fk_mode_reglement` int(11) DEFAULT NULL,
  `note_private` text,
  `note_public` text,
  `model_pdf` varchar(255) DEFAULT NULL,
  `date_livraison` date DEFAULT NULL,
  `fk_shipping_method` int(11) DEFAULT NULL,
  `fk_availability` int(11) DEFAULT NULL,
  `fk_delivery_address` int(11) DEFAULT NULL,
  `fk_input_reason` int(11) DEFAULT NULL,
  `import_key` varchar(14) DEFAULT NULL,
  `extraparams` varchar(255) DEFAULT NULL,
  `fk_incoterms` int(11) DEFAULT NULL,
  `location_incoterms` varchar(255) DEFAULT NULL,
  `fk_multicurrency` int(11) DEFAULT NULL,
  `multicurrency_code` varchar(255) DEFAULT NULL,
  `multicurrency_tx` double(24,8) DEFAULT '1.00000000',
  `multicurrency_total_ht` double(24,8) DEFAULT '0.00000000',
  `multicurrency_total_tva` double(24,8) DEFAULT '0.00000000',
  `multicurrency_total_ttc` double(24,8) DEFAULT '0.00000000',
  PRIMARY KEY (`rowid`),
  UNIQUE KEY `uk_propal_ref` (`ref`,`entity`),
  KEY `idx_propal_fk_soc` (`fk_soc`),
  KEY `idx_propal_fk_user_author` (`fk_user_author`),
  KEY `idx_propal_fk_user_valid` (`fk_user_valid`),
  KEY `idx_propal_fk_user_cloture` (`fk_user_cloture`),
  KEY `idx_propal_fk_projet` (`fk_projet`),
  KEY `idx_propal_fk_account` (`fk_account`),
  KEY `idx_propal_fk_currency` (`fk_currency`),
  CONSTRAINT `fk_propal_fk_projet` FOREIGN KEY (`fk_projet`) REFERENCES `llx_projet` (`rowid`),
  CONSTRAINT `fk_propal_fk_soc` FOREIGN KEY (`fk_soc`) REFERENCES `llx_societe` (`rowid`),
  CONSTRAINT `fk_propal_fk_user_author` FOREIGN KEY (`fk_user_author`) REFERENCES `llx_user` (`rowid`),
  CONSTRAINT `fk_propal_fk_user_cloture` FOREIGN KEY (`fk_user_cloture`) REFERENCES `llx_user` (`rowid`),
  CONSTRAINT `fk_propal_fk_user_valid` FOREIGN KEY (`fk_user_valid`) REFERENCES `llx_user` (`rowid`)
) ENGINE=InnoDB AUTO_INCREMENT=33 DEFAULT CHARSET=utf8;

--
-- Dumping data for table `llx_propal`
--

INSERT INTO `llx_propal` VALUES (1,2,NULL,'2016-07-30 15:56:45','PR1007-0001',1,NULL,NULL,'','2010-07-09 01:33:49','2016-07-09','2016-07-24 12:00:00','2017-08-08 14:24:18',NULL,1,NULL,1,NULL,1,0,NULL,NULL,0,30.00000000,3.84000000,0.00000000,0.00000000,33.84000000,NULL,NULL,1,0,'','','azur',NULL,NULL,NULL,NULL,0,NULL,NULL,NULL,NULL,NULL,NULL,1.00000000,0.00000000,0.00000000,0.00000000),(2,1,NULL,'2016-07-30 15:56:54','PR1007-0002',1,NULL,NULL,'','2010-07-10 02:11:44','2016-07-10','2016-07-25 12:00:00','2016-07-10 02:12:55','2017-07-20 15:23:12',1,NULL,1,1,2,0,NULL,NULL,0,10.00000000,0.00000000,0.00000000,0.00000000,10.00000000,NULL,NULL,1,1,'','','azur',NULL,NULL,NULL,NULL,0,NULL,NULL,NULL,NULL,NULL,NULL,1.00000000,0.00000000,0.00000000,0.00000000),(3,4,NULL,'2016-07-30 15:56:54','PR1007-0003',1,NULL,NULL,'','2010-07-18 11:35:11','2016-07-18','2016-08-02 12:00:00','2016-07-18 11:36:18','2017-07-20 15:21:15',1,NULL,1,1,2,0,NULL,NULL,0,10.00000000,0.00000000,0.00000000,0.00000000,10.00000000,NULL,NULL,1,0,'','','azur',NULL,NULL,NULL,NULL,0,NULL,NULL,NULL,NULL,NULL,NULL,1.00000000,0.00000000,0.00000000,0.00000000),(5,19,NULL,'2016-07-30 15:56:54','PR1302-0005',1,NULL,NULL,'','2013-02-17 15:39:56','2016-02-17','2016-03-04 12:00:00','2018-11-15 23:27:10',NULL,1,NULL,12,NULL,1,0,NULL,NULL,0,10.00000000,2.00000000,0.00000000,0.00000000,12.00000000,NULL,NULL,1,0,'','','azur',NULL,NULL,0,NULL,0,NULL,NULL,NULL,NULL,NULL,NULL,1.00000000,0.00000000,0.00000000,0.00000000),(6,19,NULL,'2016-07-30 15:56:54','PR1302-0006',1,NULL,NULL,'','2013-02-17 15:40:12','2016-02-17','2016-03-04 12:00:00',NULL,NULL,1,NULL,NULL,NULL,0,0,NULL,NULL,0,0.00000000,0.00000000,0.00000000,0.00000000,0.00000000,NULL,NULL,1,0,'','','azur',NULL,NULL,0,NULL,0,NULL,NULL,NULL,NULL,NULL,NULL,1.00000000,0.00000000,0.00000000,0.00000000),(7,19,NULL,'2017-01-29 17:49:33','PR1302-0007',1,NULL,NULL,'','2013-02-17 15:41:15','2016-02-17','2016-03-04 12:00:00','2017-01-29 21:49:33',NULL,1,NULL,12,NULL,1,0,NULL,NULL,0,400.00000000,0.00000000,0.00000000,0.00000000,400.00000000,NULL,NULL,1,0,'','','azur',NULL,NULL,0,NULL,0,NULL,NULL,NULL,NULL,NULL,NULL,1.00000000,400.00000000,0.00000000,400.00000000),(8,19,NULL,'2016-07-30 15:56:39','PR1302-0008',1,NULL,NULL,'','2013-02-17 15:43:39','2016-02-17','2016-03-04 12:00:00',NULL,NULL,1,NULL,NULL,NULL,0,0,NULL,NULL,0,0.00000000,0.00000000,0.00000000,0.00000000,0.00000000,NULL,NULL,1,0,'','','azur',NULL,NULL,0,NULL,0,NULL,NULL,NULL,NULL,NULL,NULL,1.00000000,0.00000000,0.00000000,0.00000000),(10,7,NULL,'2016-07-30 15:57:25','(PROV10)',1,NULL,NULL,'','2015-11-15 23:37:08','2015-11-15','2016-11-30 12:00:00',NULL,NULL,12,NULL,NULL,NULL,0,0,NULL,NULL,0,0.00000000,0.00000000,0.00000000,0.00000000,0.00000000,NULL,NULL,1,3,'','','azur',NULL,NULL,0,NULL,0,NULL,NULL,0,'',NULL,NULL,1.00000000,0.00000000,0.00000000,0.00000000),(11,1,NULL,'2017-02-16 00:44:58','PR1702-0009',1,NULL,NULL,'','2017-02-16 01:44:58','2015-05-13','2015-05-28 12:00:00','2017-02-16 01:44:58',NULL,1,NULL,1,NULL,1,0,NULL,NULL,0,60.00000000,0.00000000,0.00000000,0.00000000,60.00000000,NULL,NULL,3,3,'','','',NULL,NULL,0,NULL,0,NULL,NULL,0,'',0,'EUR',1.00000000,60.00000000,0.00000000,60.00000000),(12,7,NULL,'2017-02-16 00:45:44','PR1702-0010',1,NULL,NULL,'','2017-02-16 01:45:44','2015-06-24','2015-07-09 12:00:00','2017-02-16 01:45:44',NULL,2,NULL,2,NULL,1,0,NULL,NULL,0,832.00000000,0.00000000,0.00000000,0.00000000,832.00000000,NULL,NULL,3,3,'','','',NULL,NULL,0,NULL,0,NULL,NULL,0,'',0,'EUR',1.00000000,832.00000000,0.00000000,832.00000000),(13,26,NULL,'2017-02-16 00:46:15','PR1702-0011',1,NULL,NULL,'','2017-02-16 01:46:15','2015-04-03','2015-04-18 12:00:00','2017-02-16 01:46:15',NULL,1,NULL,1,NULL,1,0,NULL,NULL,0,242.00000000,0.00000000,0.00000000,0.00000000,242.00000000,NULL,NULL,3,3,'','','',NULL,NULL,0,NULL,0,NULL,NULL,0,'',0,'EUR',1.00000000,242.00000000,0.00000000,242.00000000),(14,3,NULL,'2017-02-16 00:46:15','PR1702-0012',1,NULL,NULL,'','2017-02-16 01:46:15','2016-06-19','2016-07-04 12:00:00','2017-02-16 01:46:15',NULL,2,NULL,2,NULL,1,0,NULL,NULL,0,245.00000000,0.00000000,0.00000000,0.00000000,245.00000000,NULL,NULL,3,3,'','','',NULL,NULL,0,NULL,0,NULL,NULL,0,'',0,'EUR',1.00000000,245.00000000,0.00000000,245.00000000),(15,26,NULL,'2017-02-16 00:46:15','PR1702-0013',1,NULL,NULL,'','2017-02-16 01:46:15','2016-05-01','2016-05-16 12:00:00','2017-02-16 01:46:15',NULL,2,NULL,2,NULL,1,0,NULL,NULL,0,940.00000000,0.00000000,0.00000000,0.00000000,940.00000000,NULL,NULL,3,3,'','','',NULL,NULL,0,NULL,0,NULL,NULL,0,'',0,'EUR',1.00000000,940.00000000,0.00000000,940.00000000),(16,1,NULL,'2017-02-16 00:46:15','PR1702-0014',1,NULL,NULL,'','2017-02-16 01:46:15','2015-05-13','2015-05-28 12:00:00','2017-02-16 01:46:15',NULL,2,NULL,2,NULL,1,0,NULL,NULL,0,125.00000000,0.00000000,0.00000000,0.00000000,125.00000000,NULL,NULL,3,3,'','','',NULL,NULL,0,NULL,0,NULL,NULL,0,'',0,'EUR',1.00000000,125.00000000,0.00000000,125.00000000),(17,1,NULL,'2017-02-16 00:46:15','PR1702-0015',1,NULL,NULL,'','2017-02-16 01:46:15','2016-07-23','2016-08-07 12:00:00','2017-02-16 01:46:15',NULL,1,NULL,1,NULL,1,0,NULL,NULL,0,163.00000000,0.00000000,0.00000000,0.00000000,163.00000000,NULL,NULL,3,3,'','','',NULL,NULL,0,NULL,0,NULL,NULL,0,'',0,'EUR',1.00000000,163.00000000,0.00000000,163.00000000),(18,26,NULL,'2017-02-16 00:46:15','PR1702-0016',1,NULL,NULL,'','2017-02-16 01:46:15','2015-02-13','2015-02-28 12:00:00','2017-02-16 01:46:15',NULL,2,NULL,2,NULL,1,0,NULL,NULL,0,900.00000000,0.00000000,0.00000000,0.00000000,900.00000000,NULL,NULL,3,3,'','','',NULL,NULL,0,NULL,0,NULL,NULL,0,'',0,'EUR',1.00000000,900.00000000,0.00000000,900.00000000),(19,12,NULL,'2017-02-16 00:46:15','PR1702-0017',1,NULL,NULL,'','2017-02-16 01:46:15','2015-03-30','2015-04-14 12:00:00','2017-02-16 01:46:15',NULL,2,NULL,2,NULL,1,0,NULL,NULL,0,200.00000000,0.00000000,0.00000000,0.00000000,200.00000000,NULL,NULL,3,3,'','','',NULL,NULL,0,NULL,0,NULL,NULL,0,'',0,'EUR',1.00000000,200.00000000,0.00000000,200.00000000),(20,26,NULL,'2017-02-16 00:46:15','PR1702-0018',1,NULL,NULL,'','2017-02-16 01:46:15','2016-11-13','2016-11-28 12:00:00','2017-02-16 01:46:15',NULL,1,NULL,1,NULL,1,0,NULL,NULL,0,830.00000000,0.00000000,0.00000000,0.00000000,830.00000000,NULL,NULL,3,3,'','','',NULL,NULL,0,NULL,0,NULL,NULL,0,'',0,'EUR',1.00000000,830.00000000,0.00000000,830.00000000),(21,1,NULL,'2017-02-16 00:47:09','PR1702-0019',1,NULL,NULL,'','2017-02-16 01:46:15','2015-09-23','2018-10-08 12:00:00','2017-02-16 04:47:09',NULL,1,NULL,12,NULL,1,0,NULL,NULL,0,89.00000000,0.00000000,0.00000000,0.00000000,89.00000000,NULL,NULL,3,3,'','','',NULL,NULL,0,NULL,0,NULL,NULL,0,'',0,'EUR',1.00000000,89.00000000,0.00000000,89.00000000),(22,26,NULL,'2017-02-16 00:47:13','PR1702-0020',1,NULL,NULL,'','2017-02-16 01:46:15','2016-11-13','2016-11-28 12:00:00','2017-02-16 01:46:15',NULL,1,NULL,1,NULL,0,0,NULL,NULL,0,70.00000000,0.00000000,0.00000000,0.00000000,70.00000000,NULL,NULL,3,3,'','','',NULL,NULL,0,NULL,0,NULL,NULL,0,'',0,'EUR',1.00000000,70.00000000,0.00000000,70.00000000),(23,12,NULL,'2017-02-17 12:07:18','PR1702-0021',1,NULL,NULL,'','2017-02-16 01:46:17','2016-04-03','2016-04-18 12:00:00','2017-02-17 16:07:18',NULL,2,NULL,12,NULL,1,0,NULL,NULL,0,715.00000000,0.00000000,0.00000000,0.00000000,715.00000000,NULL,NULL,3,3,'','','',NULL,NULL,0,NULL,0,NULL,NULL,0,'',0,'EUR',1.00000000,715.00000000,0.00000000,715.00000000),(24,7,NULL,'2017-02-16 00:46:17','PR1702-0022',1,NULL,NULL,'','2017-02-16 01:46:17','2016-11-13','2016-11-28 12:00:00','2017-02-16 01:46:17',NULL,2,NULL,2,NULL,1,0,NULL,NULL,0,250.00000000,0.00000000,0.00000000,0.00000000,250.00000000,NULL,NULL,3,3,'','','',NULL,NULL,0,NULL,0,NULL,NULL,0,'',0,'EUR',1.00000000,250.00000000,0.00000000,250.00000000),(25,3,NULL,'2017-02-16 00:47:29','PR1702-0023',1,NULL,NULL,'','2017-02-16 01:46:17','2016-07-09','2016-07-24 12:00:00','2017-02-16 01:46:17','2017-02-16 04:47:29',1,NULL,1,12,4,0,NULL,NULL,0,1018.00000000,0.00000000,0.00000000,0.00000000,1018.00000000,NULL,NULL,3,3,'','','',NULL,NULL,0,NULL,0,NULL,NULL,0,'',0,'EUR',1.00000000,1018.00000000,0.00000000,1018.00000000),(26,1,NULL,'2017-02-16 00:46:18','PR1702-0024',1,NULL,NULL,'','2017-02-16 01:46:17','2016-04-03','2016-04-18 12:00:00','2017-02-16 01:46:18',NULL,2,NULL,2,NULL,1,0,NULL,NULL,0,710.00000000,0.00000000,0.00000000,0.00000000,710.00000000,NULL,NULL,3,3,'','','',NULL,NULL,0,NULL,0,NULL,NULL,0,'',0,'EUR',1.00000000,710.00000000,0.00000000,710.00000000),(27,6,NULL,'2017-02-16 00:46:18','PR1702-0025',1,NULL,NULL,'','2017-02-16 01:46:18','2016-11-12','2016-11-27 12:00:00','2017-02-16 01:46:18',NULL,1,NULL,1,NULL,1,0,NULL,NULL,0,300.00000000,0.00000000,0.00000000,0.00000000,300.00000000,NULL,NULL,3,3,'','','',NULL,NULL,0,NULL,0,NULL,NULL,0,'',0,'EUR',1.00000000,300.00000000,0.00000000,300.00000000),(28,19,NULL,'2017-02-16 00:46:31','PR1702-0026',1,NULL,NULL,'','2017-02-16 01:46:18','2015-07-30','2015-08-14 12:00:00','2017-02-16 01:46:18','2017-02-16 04:46:31',2,NULL,2,12,2,0,NULL,NULL,0,440.00000000,0.00000000,0.00000000,0.00000000,440.00000000,NULL,NULL,3,3,'','','',NULL,NULL,0,NULL,0,NULL,NULL,0,'',0,'EUR',1.00000000,440.00000000,0.00000000,440.00000000),(29,1,NULL,'2017-02-16 00:46:37','PR1702-0027',1,NULL,NULL,'','2017-02-16 01:46:18','2015-07-23','2015-08-07 12:00:00','2017-02-16 01:46:18','2017-02-16 04:46:37',2,NULL,2,12,2,0,NULL,NULL,0,1000.00000000,0.00000000,0.00000000,0.00000000,1000.00000000,NULL,NULL,3,3,'','','',NULL,NULL,0,NULL,0,NULL,NULL,0,'',0,'EUR',1.00000000,1000.00000000,0.00000000,1000.00000000),(30,1,NULL,'2017-02-16 00:46:42','PR1702-0028',1,NULL,NULL,'','2017-02-16 01:46:18','2016-05-01','2016-05-16 12:00:00','2017-02-16 01:46:18','2017-02-16 04:46:42',2,NULL,2,12,3,0,NULL,NULL,0,1200.00000000,0.00000000,0.00000000,0.00000000,1200.00000000,NULL,NULL,3,3,'','','',NULL,NULL,0,NULL,0,NULL,NULL,0,'',0,'EUR',1.00000000,1200.00000000,0.00000000,1200.00000000),(31,11,NULL,'2017-02-16 00:46:18','PR1702-0029',1,NULL,NULL,'','2017-02-16 01:46:18','2016-06-24','2016-07-09 12:00:00','2017-02-16 01:46:18',NULL,1,NULL,1,NULL,1,0,NULL,NULL,0,720.00000000,0.00000000,0.00000000,0.00000000,720.00000000,NULL,NULL,3,3,'','','',NULL,NULL,0,NULL,0,NULL,NULL,0,'',0,'EUR',1.00000000,720.00000000,0.00000000,720.00000000),(32,19,NULL,'2017-02-16 00:46:18','PR1702-0030',1,NULL,NULL,'','2017-02-16 01:46:18','2016-11-12','2016-11-27 12:00:00','2017-02-16 01:46:18',NULL,2,NULL,2,NULL,1,0,NULL,NULL,0,608.00000000,0.00000000,0.00000000,0.00000000,608.00000000,NULL,NULL,3,3,'','','',NULL,NULL,0,NULL,0,NULL,NULL,0,'',0,'EUR',1.00000000,608.00000000,0.00000000,608.00000000);

--
-- Table structure for table `llx_propal_extrafields`
--

CREATE TABLE `llx_propal_extrafields` (
  `rowid` int(11) NOT NULL AUTO_INCREMENT,
  `tms` timestamp NOT NULL DEFAULT CURRENT_TIMESTAMP ON UPDATE CURRENT_TIMESTAMP,
  `fk_object` int(11) NOT NULL,
  `import_key` varchar(14) DEFAULT NULL,
  PRIMARY KEY (`rowid`),
  KEY `idx_propal_extrafields` (`fk_object`)
) ENGINE=InnoDB DEFAULT CHARSET=utf8;

--
-- Dumping data for table `llx_propal_extrafields`
--


--
-- Table structure for table `llx_propal_merge_pdf_product`
--

CREATE TABLE `llx_propal_merge_pdf_product` (
  `rowid` int(11) NOT NULL AUTO_INCREMENT,
  `fk_product` int(11) NOT NULL,
  `file_name` varchar(200) NOT NULL,
  `lang` varchar(5) DEFAULT NULL,
  `fk_user_author` int(11) DEFAULT NULL,
  `fk_user_mod` int(11) NOT NULL,
  `datec` datetime NOT NULL,
  `tms` timestamp NOT NULL DEFAULT CURRENT_TIMESTAMP ON UPDATE CURRENT_TIMESTAMP,
  `import_key` varchar(14) DEFAULT NULL,
  PRIMARY KEY (`rowid`)
) ENGINE=InnoDB DEFAULT CHARSET=utf8;

--
-- Dumping data for table `llx_propal_merge_pdf_product`
--


--
-- Table structure for table `llx_propaldet`
--

CREATE TABLE `llx_propaldet` (
  `rowid` int(11) NOT NULL AUTO_INCREMENT,
  `fk_propal` int(11) DEFAULT NULL,
  `fk_parent_line` int(11) DEFAULT NULL,
  `fk_product` int(11) DEFAULT NULL,
  `label` varchar(255) DEFAULT NULL,
  `description` text,
  `fk_remise_except` int(11) DEFAULT NULL,
  `tva_tx` double(6,3) DEFAULT '0.000',
  `vat_src_code` varchar(10) DEFAULT '',
  `localtax1_tx` double(6,3) DEFAULT '0.000',
  `localtax1_type` varchar(10) NOT NULL DEFAULT '0',
  `localtax2_tx` double(6,3) DEFAULT '0.000',
  `localtax2_type` varchar(10) NOT NULL DEFAULT '0',
  `qty` double DEFAULT NULL,
  `remise_percent` double DEFAULT '0',
  `remise` double DEFAULT '0',
  `price` double DEFAULT NULL,
  `subprice` double(24,8) DEFAULT '0.00000000',
  `total_ht` double(24,8) DEFAULT '0.00000000',
  `total_tva` double(24,8) DEFAULT '0.00000000',
  `total_localtax1` double(24,8) DEFAULT '0.00000000',
  `total_localtax2` double(24,8) DEFAULT '0.00000000',
  `total_ttc` double(24,8) DEFAULT '0.00000000',
  `product_type` int(11) DEFAULT '0',
  `date_start` datetime DEFAULT NULL,
  `date_end` datetime DEFAULT NULL,
  `info_bits` int(11) DEFAULT '0',
  `fk_product_fournisseur_price` int(11) DEFAULT NULL,
  `buy_price_ht` double(24,8) DEFAULT '0.00000000',
  `special_code` int(10) unsigned DEFAULT '0',
  `rang` int(11) DEFAULT '0',
  `fk_unit` int(11) DEFAULT NULL,
  `fk_multicurrency` int(11) DEFAULT NULL,
  `multicurrency_code` varchar(255) DEFAULT NULL,
  `multicurrency_subprice` double(24,8) DEFAULT '0.00000000',
  `multicurrency_total_ht` double(24,8) DEFAULT '0.00000000',
  `multicurrency_total_tva` double(24,8) DEFAULT '0.00000000',
  `multicurrency_total_ttc` double(24,8) DEFAULT '0.00000000',
  PRIMARY KEY (`rowid`),
  KEY `idx_propaldet_fk_propal` (`fk_propal`),
  KEY `idx_propaldet_fk_product` (`fk_product`),
  KEY `fk_propaldet_fk_unit` (`fk_unit`),
  CONSTRAINT `fk_propaldet_fk_propal` FOREIGN KEY (`fk_propal`) REFERENCES `llx_propal` (`rowid`),
  CONSTRAINT `fk_propaldet_fk_unit` FOREIGN KEY (`fk_unit`) REFERENCES `llx_c_units` (`rowid`)
) ENGINE=InnoDB AUTO_INCREMENT=109 DEFAULT CHARSET=utf8;

--
-- Dumping data for table `llx_propaldet`
--

INSERT INTO `llx_propaldet` VALUES (1,1,NULL,NULL,NULL,'Une machine à café',NULL,12.500,'',0.000,'',0.000,'',1,0,0,NULL,10.00000000,10.00000000,1.25000000,0.00000000,0.00000000,11.25000000,0,NULL,NULL,0,NULL,0.00000000,0,1,NULL,NULL,NULL,0.00000000,0.00000000,0.00000000,0.00000000),(2,2,NULL,NULL,NULL,'Product 1',NULL,0.000,'',0.000,'',0.000,'',1,0,0,NULL,10.00000000,10.00000000,0.00000000,0.00000000,0.00000000,10.00000000,0,NULL,NULL,0,NULL,0.00000000,0,1,NULL,NULL,NULL,0.00000000,0.00000000,0.00000000,0.00000000),(3,2,NULL,2,NULL,'',NULL,0.000,'',0.000,'',0.000,'',1,0,0,NULL,NULL,0.00000000,0.00000000,0.00000000,0.00000000,0.00000000,0,NULL,NULL,0,NULL,0.00000000,0,2,NULL,NULL,NULL,0.00000000,0.00000000,0.00000000,0.00000000),(4,3,NULL,NULL,NULL,'A new marvelous product',NULL,0.000,'',0.000,'',0.000,'',1,0,0,NULL,10.00000000,10.00000000,0.00000000,0.00000000,0.00000000,10.00000000,0,NULL,NULL,0,NULL,0.00000000,0,1,NULL,NULL,NULL,0.00000000,0.00000000,0.00000000,0.00000000),(5,1,NULL,5,NULL,'cccc',NULL,19.600,'',0.000,'',0.000,'',1,0,0,NULL,10.00000000,10.00000000,1.96000000,0.00000000,0.00000000,11.96000000,0,NULL,NULL,0,NULL,0.00000000,0,2,NULL,NULL,NULL,0.00000000,0.00000000,0.00000000,0.00000000),(11,1,NULL,4,NULL,'',NULL,0.000,'',0.000,'',0.000,'',1,0,0,NULL,NULL,0.00000000,0.00000000,0.00000000,0.00000000,0.00000000,0,NULL,NULL,0,NULL,0.00000000,0,3,NULL,NULL,NULL,0.00000000,0.00000000,0.00000000,0.00000000),(12,1,NULL,4,NULL,'',NULL,0.000,'',0.000,'',0.000,'',1,0,0,NULL,5.00000000,5.00000000,0.00000000,0.00000000,0.00000000,5.00000000,0,NULL,NULL,0,NULL,0.00000000,0,4,NULL,NULL,NULL,0.00000000,0.00000000,0.00000000,0.00000000),(13,1,NULL,4,NULL,'',NULL,12.500,'',0.000,'',0.000,'',1,0,0,NULL,5.00000000,5.00000000,0.63000000,0.00000000,0.00000000,5.63000000,0,NULL,NULL,0,NULL,0.00000000,0,5,NULL,NULL,NULL,0.00000000,0.00000000,0.00000000,0.00000000),(24,5,NULL,NULL,NULL,'On demand Apple pie',NULL,20.000,'',0.000,'0',0.000,'0',1,0,0,NULL,10.00000000,10.00000000,2.00000000,0.00000000,0.00000000,12.00000000,0,NULL,NULL,0,NULL,0.00000000,0,1,NULL,NULL,NULL,0.00000000,0.00000000,0.00000000,0.00000000),(25,7,NULL,NULL,NULL,'Help to setup Magic Food computer',NULL,0.000,'',0.000,'0',0.000,'0',1,0,0,NULL,400.00000000,400.00000000,0.00000000,0.00000000,0.00000000,400.00000000,1,NULL,NULL,0,NULL,0.00000000,0,1,NULL,NULL,'',400.00000000,400.00000000,0.00000000,400.00000000),(26,11,NULL,5,NULL,'<strong><span style=\"font-family:roboto,uilanguagefont,arial,sans-serif; font-size:14px\">DoliDroid is the Android front-end client for Dolibarr ERP &amp; CRM web software.</span><br />\r\n<span style=\"font-family:roboto,uilanguagefont,arial,sans-serif; font-size:14px\">This application is not a standalone program. It is a front end to use a online hosted Dolibarr ERP &amp; CRM software (an Open-source web software to manage your business).</span></strong>\r\n<p><u>The advantage of DoliDroid are :</u><br />\r\n- DoliDroid is not a duplicate code of Dolibarr, but a front-end of a Dolibarr web installation, so all your online existing features are supported by this application. This is also true for external modules features.<br />\r\n- Upgrading Dolibarr will not break DoliDroid.<br />\r\n- DoliDroid use embedded image resources to reduce bandwidth usage.<br />\r\n- DoliDroid use internal cache for pages that should not change (like menu page)<br />\r\n- Connections parameters are saved. No need to enter them each time you use DoliDroid.<br />\r\n- Integration with your phone or other applications (Clicking on PDF open PDF reader, clicking onto email or phone launch your email application or launch Android dialer, ...)</p>\r\n\r\n<p><span style=\"color:#DAA520\"><strong>WARNING !&nbsp;</strong></span></p>\r\n\r\n<p>This application need Android 4.0+ and a hosted Dolibarr ERP &amp; CRM version 3.5 or newer accessible by internet<br />\r\n(For example, when hosted on any SaaS solution like DoliCloud -&nbsp;<a href=\"https://www.google.com/url?q=https://www.google.com/url?q%3Dhttp://www.dolicloud.com%26sa%3DD%26usg%3DAFQjCNGdd9htz4JDciiMtScpBwK83qIRkw&amp;sa=D&amp;usg=AFQjCNGMpCbxNnU5BiK59e368K5AR0l_pg\" style=\"text-decoration: none; color: rgb(51, 105, 30); cursor: pointer;\" target=\"_blank\">http://www.dolicloud.com</a>).</p>',NULL,0.000,'',0.000,'0',0.000,'0',5,0,0,NULL,10.00000000,50.00000000,0.00000000,0.00000000,0.00000000,50.00000000,0,NULL,NULL,0,NULL,0.00000000,0,1,NULL,NULL,'EUR',10.00000000,50.00000000,0.00000000,50.00000000),(27,11,NULL,5,NULL,'<strong><span style=\"font-family:roboto,uilanguagefont,arial,sans-serif; font-size:14px\">DoliDroid is the Android front-end client for Dolibarr ERP &amp; CRM web software.</span><br />\r\n<span style=\"font-family:roboto,uilanguagefont,arial,sans-serif; font-size:14px\">This application is not a standalone program. It is a front end to use a online hosted Dolibarr ERP &amp; CRM software (an Open-source web software to manage your business).</span></strong>\r\n<p><u>The advantage of DoliDroid are :</u><br />\r\n- DoliDroid is not a duplicate code of Dolibarr, but a front-end of a Dolibarr web installation, so all your online existing features are supported by this application. This is also true for external modules features.<br />\r\n- Upgrading Dolibarr will not break DoliDroid.<br />\r\n- DoliDroid use embedded image resources to reduce bandwidth usage.<br />\r\n- DoliDroid use internal cache for pages that should not change (like menu page)<br />\r\n- Connections parameters are saved. No need to enter them each time you use DoliDroid.<br />\r\n- Integration with your phone or other applications (Clicking on PDF open PDF reader, clicking onto email or phone launch your email application or launch Android dialer, ...)</p>\r\n\r\n<p><span style=\"color:#DAA520\"><strong>WARNING !&nbsp;</strong></span></p>\r\n\r\n<p>This application need Android 4.0+ and a hosted Dolibarr ERP &amp; CRM version 3.5 or newer accessible by internet<br />\r\n(For example, when hosted on any SaaS solution like DoliCloud -&nbsp;<a href=\"https://www.google.com/url?q=https://www.google.com/url?q%3Dhttp://www.dolicloud.com%26sa%3DD%26usg%3DAFQjCNGdd9htz4JDciiMtScpBwK83qIRkw&amp;sa=D&amp;usg=AFQjCNGMpCbxNnU5BiK59e368K5AR0l_pg\" style=\"text-decoration: none; color: rgb(51, 105, 30); cursor: pointer;\" target=\"_blank\">http://www.dolicloud.com</a>).</p>',NULL,0.000,'',0.000,'0',0.000,'0',1,0,0,NULL,10.00000000,10.00000000,0.00000000,0.00000000,0.00000000,10.00000000,0,NULL,NULL,0,NULL,0.00000000,0,2,NULL,NULL,'EUR',10.00000000,10.00000000,0.00000000,10.00000000),(28,12,NULL,4,NULL,'Nice Bio Apple Pie.<br />\r\n&nbsp;',NULL,0.000,'',0.000,'0',0.000,'0',1,0,0,NULL,5.00000000,5.00000000,0.00000000,0.00000000,0.00000000,5.00000000,0,NULL,NULL,0,NULL,0.00000000,0,1,NULL,NULL,'EUR',5.00000000,5.00000000,0.00000000,5.00000000),(29,12,NULL,1,NULL,'A beatifull pink dress',NULL,0.000,'',0.000,'0',0.000,'0',3,0,0,NULL,100.00000000,300.00000000,0.00000000,0.00000000,0.00000000,300.00000000,0,NULL,NULL,0,NULL,0.00000000,0,2,NULL,NULL,'EUR',100.00000000,300.00000000,0.00000000,300.00000000),(30,12,NULL,10,NULL,'A powerfull computer XP4523&nbsp;',NULL,0.000,'',0.000,'0',0.000,'0',4,0,0,NULL,100.00000000,400.00000000,0.00000000,0.00000000,0.00000000,400.00000000,0,NULL,NULL,0,NULL,0.00000000,0,3,NULL,NULL,'EUR',100.00000000,400.00000000,0.00000000,400.00000000),(31,12,NULL,12,NULL,'Cloud hosting of Dolibarr ERP and CRM software',NULL,0.000,'',0.000,'0',0.000,'0',3,0,0,NULL,9.00000000,27.00000000,0.00000000,0.00000000,0.00000000,27.00000000,0,NULL,NULL,0,NULL,0.00000000,0,4,NULL,NULL,'EUR',9.00000000,27.00000000,0.00000000,27.00000000),(32,12,NULL,10,NULL,'A powerfull computer XP4523&nbsp;',NULL,0.000,'',0.000,'0',0.000,'0',1,0,0,NULL,100.00000000,100.00000000,0.00000000,0.00000000,0.00000000,100.00000000,0,NULL,NULL,0,NULL,0.00000000,0,5,NULL,NULL,'EUR',100.00000000,100.00000000,0.00000000,100.00000000),(33,13,NULL,2,NULL,'',NULL,0.000,'',0.000,'0',0.000,'0',5,0,0,NULL,NULL,0.00000000,0.00000000,0.00000000,0.00000000,0.00000000,0,NULL,NULL,0,NULL,0.00000000,0,1,NULL,NULL,'EUR',0.00000000,0.00000000,0.00000000,0.00000000),(34,13,NULL,4,NULL,'Nice Bio Apple Pie.<br />\r\n&nbsp;',NULL,0.000,'',0.000,'0',0.000,'0',3,0,0,NULL,5.00000000,15.00000000,0.00000000,0.00000000,0.00000000,15.00000000,0,NULL,NULL,0,NULL,0.00000000,0,2,NULL,NULL,'EUR',5.00000000,15.00000000,0.00000000,15.00000000),(35,13,NULL,12,NULL,'Cloud hosting of Dolibarr ERP and CRM software',NULL,0.000,'',0.000,'0',0.000,'0',3,0,0,NULL,9.00000000,27.00000000,0.00000000,0.00000000,0.00000000,27.00000000,0,NULL,NULL,0,NULL,0.00000000,0,3,NULL,NULL,'EUR',9.00000000,27.00000000,0.00000000,27.00000000),(36,13,NULL,10,NULL,'A powerfull computer XP4523&nbsp;',NULL,0.000,'',0.000,'0',0.000,'0',2,0,0,NULL,100.00000000,200.00000000,0.00000000,0.00000000,0.00000000,200.00000000,0,NULL,NULL,0,NULL,0.00000000,0,4,NULL,NULL,'EUR',100.00000000,200.00000000,0.00000000,200.00000000),(37,14,NULL,10,NULL,'A powerfull computer XP4523&nbsp;',NULL,0.000,'',0.000,'0',0.000,'0',2,0,0,NULL,100.00000000,200.00000000,0.00000000,0.00000000,0.00000000,200.00000000,0,NULL,NULL,0,NULL,0.00000000,0,1,NULL,NULL,'EUR',100.00000000,200.00000000,0.00000000,200.00000000),(38,14,NULL,12,NULL,'Cloud hosting of Dolibarr ERP and CRM software',NULL,0.000,'',0.000,'0',0.000,'0',5,0,0,NULL,9.00000000,45.00000000,0.00000000,0.00000000,0.00000000,45.00000000,0,NULL,NULL,0,NULL,0.00000000,0,2,NULL,NULL,'EUR',9.00000000,45.00000000,0.00000000,45.00000000),(39,15,NULL,13,NULL,'A powerfull computer XP4523&nbsp;',NULL,0.000,'',0.000,'0',0.000,'0',3,0,0,NULL,100.00000000,300.00000000,0.00000000,0.00000000,0.00000000,300.00000000,0,NULL,NULL,0,NULL,0.00000000,0,1,NULL,NULL,'EUR',100.00000000,300.00000000,0.00000000,300.00000000),(40,15,NULL,10,NULL,'A powerfull computer XP4523&nbsp;',NULL,0.000,'',0.000,'0',0.000,'0',3,0,0,NULL,100.00000000,300.00000000,0.00000000,0.00000000,0.00000000,300.00000000,0,NULL,NULL,0,NULL,0.00000000,0,2,NULL,NULL,'EUR',100.00000000,300.00000000,0.00000000,300.00000000),(41,15,NULL,10,NULL,'A powerfull computer XP4523&nbsp;',NULL,0.000,'',0.000,'0',0.000,'0',3,0,0,NULL,100.00000000,300.00000000,0.00000000,0.00000000,0.00000000,300.00000000,0,NULL,NULL,0,NULL,0.00000000,0,3,NULL,NULL,'EUR',100.00000000,300.00000000,0.00000000,300.00000000),(42,15,NULL,5,NULL,'<strong><span style=\"font-family:roboto,uilanguagefont,arial,sans-serif; font-size:14px\">DoliDroid is the Android front-end client for Dolibarr ERP &amp; CRM web software.</span><br />\r\n<span style=\"font-family:roboto,uilanguagefont,arial,sans-serif; font-size:14px\">This application is not a standalone program. It is a front end to use a online hosted Dolibarr ERP &amp; CRM software (an Open-source web software to manage your business).</span></strong>\r\n<p><u>The advantage of DoliDroid are :</u><br />\r\n- DoliDroid is not a duplicate code of Dolibarr, but a front-end of a Dolibarr web installation, so all your online existing features are supported by this application. This is also true for external modules features.<br />\r\n- Upgrading Dolibarr will not break DoliDroid.<br />\r\n- DoliDroid use embedded image resources to reduce bandwidth usage.<br />\r\n- DoliDroid use internal cache for pages that should not change (like menu page)<br />\r\n- Connections parameters are saved. No need to enter them each time you use DoliDroid.<br />\r\n- Integration with your phone or other applications (Clicking on PDF open PDF reader, clicking onto email or phone launch your email application or launch Android dialer, ...)</p>\r\n\r\n<p><span style=\"color:#DAA520\"><strong>WARNING !&nbsp;</strong></span></p>\r\n\r\n<p>This application need Android 4.0+ and a hosted Dolibarr ERP &amp; CRM version 3.5 or newer accessible by internet<br />\r\n(For example, when hosted on any SaaS solution like DoliCloud -&nbsp;<a href=\"https://www.google.com/url?q=https://www.google.com/url?q%3Dhttp://www.dolicloud.com%26sa%3DD%26usg%3DAFQjCNGdd9htz4JDciiMtScpBwK83qIRkw&amp;sa=D&amp;usg=AFQjCNGMpCbxNnU5BiK59e368K5AR0l_pg\" style=\"text-decoration: none; color: rgb(51, 105, 30); cursor: pointer;\" target=\"_blank\">http://www.dolicloud.com</a>).</p>',NULL,0.000,'',0.000,'0',0.000,'0',4,0,0,NULL,10.00000000,40.00000000,0.00000000,0.00000000,0.00000000,40.00000000,0,NULL,NULL,0,NULL,0.00000000,0,4,NULL,NULL,'EUR',10.00000000,40.00000000,0.00000000,40.00000000),(43,16,NULL,5,NULL,'<strong><span style=\"font-family:roboto,uilanguagefont,arial,sans-serif; font-size:14px\">DoliDroid is the Android front-end client for Dolibarr ERP &amp; CRM web software.</span><br />\r\n<span style=\"font-family:roboto,uilanguagefont,arial,sans-serif; font-size:14px\">This application is not a standalone program. It is a front end to use a online hosted Dolibarr ERP &amp; CRM software (an Open-source web software to manage your business).</span></strong>\r\n<p><u>The advantage of DoliDroid are :</u><br />\r\n- DoliDroid is not a duplicate code of Dolibarr, but a front-end of a Dolibarr web installation, so all your online existing features are supported by this application. This is also true for external modules features.<br />\r\n- Upgrading Dolibarr will not break DoliDroid.<br />\r\n- DoliDroid use embedded image resources to reduce bandwidth usage.<br />\r\n- DoliDroid use internal cache for pages that should not change (like menu page)<br />\r\n- Connections parameters are saved. No need to enter them each time you use DoliDroid.<br />\r\n- Integration with your phone or other applications (Clicking on PDF open PDF reader, clicking onto email or phone launch your email application or launch Android dialer, ...)</p>\r\n\r\n<p><span style=\"color:#DAA520\"><strong>WARNING !&nbsp;</strong></span></p>\r\n\r\n<p>This application need Android 4.0+ and a hosted Dolibarr ERP &amp; CRM version 3.5 or newer accessible by internet<br />\r\n(For example, when hosted on any SaaS solution like DoliCloud -&nbsp;<a href=\"https://www.google.com/url?q=https://www.google.com/url?q%3Dhttp://www.dolicloud.com%26sa%3DD%26usg%3DAFQjCNGdd9htz4JDciiMtScpBwK83qIRkw&amp;sa=D&amp;usg=AFQjCNGMpCbxNnU5BiK59e368K5AR0l_pg\" style=\"text-decoration: none; color: rgb(51, 105, 30); cursor: pointer;\" target=\"_blank\">http://www.dolicloud.com</a>).</p>',NULL,0.000,'',0.000,'0',0.000,'0',4,0,0,NULL,10.00000000,40.00000000,0.00000000,0.00000000,0.00000000,40.00000000,0,NULL,NULL,0,NULL,0.00000000,0,1,NULL,NULL,'EUR',10.00000000,40.00000000,0.00000000,40.00000000),(44,16,NULL,5,NULL,'<strong><span style=\"font-family:roboto,uilanguagefont,arial,sans-serif; font-size:14px\">DoliDroid is the Android front-end client for Dolibarr ERP &amp; CRM web software.</span><br />\r\n<span style=\"font-family:roboto,uilanguagefont,arial,sans-serif; font-size:14px\">This application is not a standalone program. It is a front end to use a online hosted Dolibarr ERP &amp; CRM software (an Open-source web software to manage your business).</span></strong>\r\n<p><u>The advantage of DoliDroid are :</u><br />\r\n- DoliDroid is not a duplicate code of Dolibarr, but a front-end of a Dolibarr web installation, so all your online existing features are supported by this application. This is also true for external modules features.<br />\r\n- Upgrading Dolibarr will not break DoliDroid.<br />\r\n- DoliDroid use embedded image resources to reduce bandwidth usage.<br />\r\n- DoliDroid use internal cache for pages that should not change (like menu page)<br />\r\n- Connections parameters are saved. No need to enter them each time you use DoliDroid.<br />\r\n- Integration with your phone or other applications (Clicking on PDF open PDF reader, clicking onto email or phone launch your email application or launch Android dialer, ...)</p>\r\n\r\n<p><span style=\"color:#DAA520\"><strong>WARNING !&nbsp;</strong></span></p>\r\n\r\n<p>This application need Android 4.0+ and a hosted Dolibarr ERP &amp; CRM version 3.5 or newer accessible by internet<br />\r\n(For example, when hosted on any SaaS solution like DoliCloud -&nbsp;<a href=\"https://www.google.com/url?q=https://www.google.com/url?q%3Dhttp://www.dolicloud.com%26sa%3DD%26usg%3DAFQjCNGdd9htz4JDciiMtScpBwK83qIRkw&amp;sa=D&amp;usg=AFQjCNGMpCbxNnU5BiK59e368K5AR0l_pg\" style=\"text-decoration: none; color: rgb(51, 105, 30); cursor: pointer;\" target=\"_blank\">http://www.dolicloud.com</a>).</p>',NULL,0.000,'',0.000,'0',0.000,'0',4,0,0,NULL,10.00000000,40.00000000,0.00000000,0.00000000,0.00000000,40.00000000,0,NULL,NULL,0,NULL,0.00000000,0,2,NULL,NULL,'EUR',10.00000000,40.00000000,0.00000000,40.00000000),(45,16,NULL,12,NULL,'Cloud hosting of Dolibarr ERP and CRM software',NULL,0.000,'',0.000,'0',0.000,'0',5,0,0,NULL,9.00000000,45.00000000,0.00000000,0.00000000,0.00000000,45.00000000,0,NULL,NULL,0,NULL,0.00000000,0,3,NULL,NULL,'EUR',9.00000000,45.00000000,0.00000000,45.00000000),(46,17,NULL,12,NULL,'Cloud hosting of Dolibarr ERP and CRM software',NULL,0.000,'',0.000,'0',0.000,'0',5,0,0,NULL,9.00000000,45.00000000,0.00000000,0.00000000,0.00000000,45.00000000,0,NULL,NULL,0,NULL,0.00000000,0,1,NULL,NULL,'EUR',9.00000000,45.00000000,0.00000000,45.00000000),(47,17,NULL,12,NULL,'Cloud hosting of Dolibarr ERP and CRM software',NULL,0.000,'',0.000,'0',0.000,'0',2,0,0,NULL,9.00000000,18.00000000,0.00000000,0.00000000,0.00000000,18.00000000,0,NULL,NULL,0,NULL,0.00000000,0,2,NULL,NULL,'EUR',9.00000000,18.00000000,0.00000000,18.00000000),(48,17,NULL,10,NULL,'A powerfull computer XP4523&nbsp;',NULL,0.000,'',0.000,'0',0.000,'0',1,0,0,NULL,100.00000000,100.00000000,0.00000000,0.00000000,0.00000000,100.00000000,0,NULL,NULL,0,NULL,0.00000000,0,3,NULL,NULL,'EUR',100.00000000,100.00000000,0.00000000,100.00000000),(49,17,NULL,2,NULL,'',NULL,0.000,'',0.000,'0',0.000,'0',3,0,0,NULL,NULL,0.00000000,0.00000000,0.00000000,0.00000000,0.00000000,0,NULL,NULL,0,NULL,0.00000000,0,4,NULL,NULL,'EUR',0.00000000,0.00000000,0.00000000,0.00000000),(50,17,NULL,3,NULL,'',NULL,0.000,'',0.000,'0',0.000,'0',1,0,0,NULL,NULL,0.00000000,0.00000000,0.00000000,0.00000000,0.00000000,0,NULL,NULL,0,NULL,0.00000000,0,5,NULL,NULL,'EUR',0.00000000,0.00000000,0.00000000,0.00000000),(51,18,NULL,1,NULL,'A beatifull pink dress',NULL,0.000,'',0.000,'0',0.000,'0',4,0,0,NULL,100.00000000,400.00000000,0.00000000,0.00000000,0.00000000,400.00000000,0,NULL,NULL,0,NULL,0.00000000,0,1,NULL,NULL,'EUR',100.00000000,400.00000000,0.00000000,400.00000000),(52,18,NULL,1,NULL,'A beatifull pink dress',NULL,0.000,'',0.000,'0',0.000,'0',1,0,0,NULL,100.00000000,100.00000000,0.00000000,0.00000000,0.00000000,100.00000000,0,NULL,NULL,0,NULL,0.00000000,0,2,NULL,NULL,'EUR',100.00000000,100.00000000,0.00000000,100.00000000),(53,18,NULL,13,NULL,'A powerfull computer XP4523&nbsp;',NULL,0.000,'',0.000,'0',0.000,'0',4,0,0,NULL,100.00000000,400.00000000,0.00000000,0.00000000,0.00000000,400.00000000,0,NULL,NULL,0,NULL,0.00000000,0,3,NULL,NULL,'EUR',100.00000000,400.00000000,0.00000000,400.00000000),(54,19,NULL,10,NULL,'A powerfull computer XP4523&nbsp;',NULL,0.000,'',0.000,'0',0.000,'0',1,0,0,NULL,100.00000000,100.00000000,0.00000000,0.00000000,0.00000000,100.00000000,0,NULL,NULL,0,NULL,0.00000000,0,1,NULL,NULL,'EUR',100.00000000,100.00000000,0.00000000,100.00000000),(55,19,NULL,13,NULL,'A powerfull computer XP4523&nbsp;',NULL,0.000,'',0.000,'0',0.000,'0',1,0,0,NULL,100.00000000,100.00000000,0.00000000,0.00000000,0.00000000,100.00000000,0,NULL,NULL,0,NULL,0.00000000,0,2,NULL,NULL,'EUR',100.00000000,100.00000000,0.00000000,100.00000000),(56,19,NULL,2,NULL,'',NULL,0.000,'',0.000,'0',0.000,'0',2,0,0,NULL,NULL,0.00000000,0.00000000,0.00000000,0.00000000,0.00000000,0,NULL,NULL,0,NULL,0.00000000,0,3,NULL,NULL,'EUR',0.00000000,0.00000000,0.00000000,0.00000000),(57,19,NULL,2,NULL,'',NULL,0.000,'',0.000,'0',0.000,'0',1,0,0,NULL,NULL,0.00000000,0.00000000,0.00000000,0.00000000,0.00000000,0,NULL,NULL,0,NULL,0.00000000,0,4,NULL,NULL,'EUR',0.00000000,0.00000000,0.00000000,0.00000000),(58,19,NULL,2,NULL,'',NULL,0.000,'',0.000,'0',0.000,'0',2,0,0,NULL,NULL,0.00000000,0.00000000,0.00000000,0.00000000,0.00000000,0,NULL,NULL,0,NULL,0.00000000,0,5,NULL,NULL,'EUR',0.00000000,0.00000000,0.00000000,0.00000000),(59,20,NULL,1,NULL,'A beatifull pink dress',NULL,0.000,'',0.000,'0',0.000,'0',3,0,0,NULL,100.00000000,300.00000000,0.00000000,0.00000000,0.00000000,300.00000000,0,NULL,NULL,0,NULL,0.00000000,0,1,NULL,NULL,'EUR',100.00000000,300.00000000,0.00000000,300.00000000),(60,20,NULL,5,NULL,'<strong><span style=\"font-family:roboto,uilanguagefont,arial,sans-serif; font-size:14px\">DoliDroid is the Android front-end client for Dolibarr ERP &amp; CRM web software.</span><br />\r\n<span style=\"font-family:roboto,uilanguagefont,arial,sans-serif; font-size:14px\">This application is not a standalone program. It is a front end to use a online hosted Dolibarr ERP &amp; CRM software (an Open-source web software to manage your business).</span></strong>\r\n<p><u>The advantage of DoliDroid are :</u><br />\r\n- DoliDroid is not a duplicate code of Dolibarr, but a front-end of a Dolibarr web installation, so all your online existing features are supported by this application. This is also true for external modules features.<br />\r\n- Upgrading Dolibarr will not break DoliDroid.<br />\r\n- DoliDroid use embedded image resources to reduce bandwidth usage.<br />\r\n- DoliDroid use internal cache for pages that should not change (like menu page)<br />\r\n- Connections parameters are saved. No need to enter them each time you use DoliDroid.<br />\r\n- Integration with your phone or other applications (Clicking on PDF open PDF reader, clicking onto email or phone launch your email application or launch Android dialer, ...)</p>\r\n\r\n<p><span style=\"color:#DAA520\"><strong>WARNING !&nbsp;</strong></span></p>\r\n\r\n<p>This application need Android 4.0+ and a hosted Dolibarr ERP &amp; CRM version 3.5 or newer accessible by internet<br />\r\n(For example, when hosted on any SaaS solution like DoliCloud -&nbsp;<a href=\"https://www.google.com/url?q=https://www.google.com/url?q%3Dhttp://www.dolicloud.com%26sa%3DD%26usg%3DAFQjCNGdd9htz4JDciiMtScpBwK83qIRkw&amp;sa=D&amp;usg=AFQjCNGMpCbxNnU5BiK59e368K5AR0l_pg\" style=\"text-decoration: none; color: rgb(51, 105, 30); cursor: pointer;\" target=\"_blank\">http://www.dolicloud.com</a>).</p>',NULL,0.000,'',0.000,'0',0.000,'0',1,0,0,NULL,10.00000000,10.00000000,0.00000000,0.00000000,0.00000000,10.00000000,0,NULL,NULL,0,NULL,0.00000000,0,2,NULL,NULL,'EUR',10.00000000,10.00000000,0.00000000,10.00000000),(61,20,NULL,5,NULL,'<strong><span style=\"font-family:roboto,uilanguagefont,arial,sans-serif; font-size:14px\">DoliDroid is the Android front-end client for Dolibarr ERP &amp; CRM web software.</span><br />\r\n<span style=\"font-family:roboto,uilanguagefont,arial,sans-serif; font-size:14px\">This application is not a standalone program. It is a front end to use a online hosted Dolibarr ERP &amp; CRM software (an Open-source web software to manage your business).</span></strong>\r\n<p><u>The advantage of DoliDroid are :</u><br />\r\n- DoliDroid is not a duplicate code of Dolibarr, but a front-end of a Dolibarr web installation, so all your online existing features are supported by this application. This is also true for external modules features.<br />\r\n- Upgrading Dolibarr will not break DoliDroid.<br />\r\n- DoliDroid use embedded image resources to reduce bandwidth usage.<br />\r\n- DoliDroid use internal cache for pages that should not change (like menu page)<br />\r\n- Connections parameters are saved. No need to enter them each time you use DoliDroid.<br />\r\n- Integration with your phone or other applications (Clicking on PDF open PDF reader, clicking onto email or phone launch your email application or launch Android dialer, ...)</p>\r\n\r\n<p><span style=\"color:#DAA520\"><strong>WARNING !&nbsp;</strong></span></p>\r\n\r\n<p>This application need Android 4.0+ and a hosted Dolibarr ERP &amp; CRM version 3.5 or newer accessible by internet<br />\r\n(For example, when hosted on any SaaS solution like DoliCloud -&nbsp;<a href=\"https://www.google.com/url?q=https://www.google.com/url?q%3Dhttp://www.dolicloud.com%26sa%3DD%26usg%3DAFQjCNGdd9htz4JDciiMtScpBwK83qIRkw&amp;sa=D&amp;usg=AFQjCNGMpCbxNnU5BiK59e368K5AR0l_pg\" style=\"text-decoration: none; color: rgb(51, 105, 30); cursor: pointer;\" target=\"_blank\">http://www.dolicloud.com</a>).</p>',NULL,0.000,'',0.000,'0',0.000,'0',2,0,0,NULL,10.00000000,20.00000000,0.00000000,0.00000000,0.00000000,20.00000000,0,NULL,NULL,0,NULL,0.00000000,0,3,NULL,NULL,'EUR',10.00000000,20.00000000,0.00000000,20.00000000),(62,20,NULL,10,NULL,'A powerfull computer XP4523&nbsp;',NULL,0.000,'',0.000,'0',0.000,'0',5,0,0,NULL,100.00000000,500.00000000,0.00000000,0.00000000,0.00000000,500.00000000,0,NULL,NULL,0,NULL,0.00000000,0,4,NULL,NULL,'EUR',100.00000000,500.00000000,0.00000000,500.00000000),(63,21,NULL,5,NULL,'<strong><span style=\"font-family:roboto,uilanguagefont,arial,sans-serif; font-size:14px\">DoliDroid is the Android front-end client for Dolibarr ERP &amp; CRM web software.</span><br />\r\n<span style=\"font-family:roboto,uilanguagefont,arial,sans-serif; font-size:14px\">This application is not a standalone program. It is a front end to use a online hosted Dolibarr ERP &amp; CRM software (an Open-source web software to manage your business).</span></strong>\r\n<p><u>The advantage of DoliDroid are :</u><br />\r\n- DoliDroid is not a duplicate code of Dolibarr, but a front-end of a Dolibarr web installation, so all your online existing features are supported by this application. This is also true for external modules features.<br />\r\n- Upgrading Dolibarr will not break DoliDroid.<br />\r\n- DoliDroid use embedded image resources to reduce bandwidth usage.<br />\r\n- DoliDroid use internal cache for pages that should not change (like menu page)<br />\r\n- Connections parameters are saved. No need to enter them each time you use DoliDroid.<br />\r\n- Integration with your phone or other applications (Clicking on PDF open PDF reader, clicking onto email or phone launch your email application or launch Android dialer, ...)</p>\r\n\r\n<p><span style=\"color:#DAA520\"><strong>WARNING !&nbsp;</strong></span></p>\r\n\r\n<p>This application need Android 4.0+ and a hosted Dolibarr ERP &amp; CRM version 3.5 or newer accessible by internet<br />\r\n(For example, when hosted on any SaaS solution like DoliCloud -&nbsp;<a href=\"https://www.google.com/url?q=https://www.google.com/url?q%3Dhttp://www.dolicloud.com%26sa%3DD%26usg%3DAFQjCNGdd9htz4JDciiMtScpBwK83qIRkw&amp;sa=D&amp;usg=AFQjCNGMpCbxNnU5BiK59e368K5AR0l_pg\" style=\"text-decoration: none; color: rgb(51, 105, 30); cursor: pointer;\" target=\"_blank\">http://www.dolicloud.com</a>).</p>',NULL,0.000,'',0.000,'0',0.000,'0',2,0,0,NULL,10.00000000,20.00000000,0.00000000,0.00000000,0.00000000,20.00000000,0,NULL,NULL,0,NULL,0.00000000,0,1,NULL,NULL,'EUR',10.00000000,20.00000000,0.00000000,20.00000000),(64,21,NULL,12,NULL,'Cloud hosting of Dolibarr ERP and CRM software',NULL,0.000,'',0.000,'0',0.000,'0',1,0,0,NULL,9.00000000,9.00000000,0.00000000,0.00000000,0.00000000,9.00000000,0,NULL,NULL,0,NULL,0.00000000,0,2,NULL,NULL,'EUR',9.00000000,9.00000000,0.00000000,9.00000000),(65,21,NULL,4,NULL,'Nice Bio Apple Pie.<br />\r\n&nbsp;',NULL,0.000,'',0.000,'0',0.000,'0',3,0,0,NULL,5.00000000,15.00000000,0.00000000,0.00000000,0.00000000,15.00000000,0,NULL,NULL,0,NULL,0.00000000,0,3,NULL,NULL,'EUR',5.00000000,15.00000000,0.00000000,15.00000000),(66,21,NULL,12,NULL,'Cloud hosting of Dolibarr ERP and CRM software',NULL,0.000,'',0.000,'0',0.000,'0',5,0,0,NULL,9.00000000,45.00000000,0.00000000,0.00000000,0.00000000,45.00000000,0,NULL,NULL,0,NULL,0.00000000,0,4,NULL,NULL,'EUR',9.00000000,45.00000000,0.00000000,45.00000000),(67,22,NULL,5,NULL,'<strong><span style=\"font-family:roboto,uilanguagefont,arial,sans-serif; font-size:14px\">DoliDroid is the Android front-end client for Dolibarr ERP &amp; CRM web software.</span><br />\r\n<span style=\"font-family:roboto,uilanguagefont,arial,sans-serif; font-size:14px\">This application is not a standalone program. It is a front end to use a online hosted Dolibarr ERP &amp; CRM software (an Open-source web software to manage your business).</span></strong>\r\n<p><u>The advantage of DoliDroid are :</u><br />\r\n- DoliDroid is not a duplicate code of Dolibarr, but a front-end of a Dolibarr web installation, so all your online existing features are supported by this application. This is also true for external modules features.<br />\r\n- Upgrading Dolibarr will not break DoliDroid.<br />\r\n- DoliDroid use embedded image resources to reduce bandwidth usage.<br />\r\n- DoliDroid use internal cache for pages that should not change (like menu page)<br />\r\n- Connections parameters are saved. No need to enter them each time you use DoliDroid.<br />\r\n- Integration with your phone or other applications (Clicking on PDF open PDF reader, clicking onto email or phone launch your email application or launch Android dialer, ...)</p>\r\n\r\n<p><span style=\"color:#DAA520\"><strong>WARNING !&nbsp;</strong></span></p>\r\n\r\n<p>This application need Android 4.0+ and a hosted Dolibarr ERP &amp; CRM version 3.5 or newer accessible by internet<br />\r\n(For example, when hosted on any SaaS solution like DoliCloud -&nbsp;<a href=\"https://www.google.com/url?q=https://www.google.com/url?q%3Dhttp://www.dolicloud.com%26sa%3DD%26usg%3DAFQjCNGdd9htz4JDciiMtScpBwK83qIRkw&amp;sa=D&amp;usg=AFQjCNGMpCbxNnU5BiK59e368K5AR0l_pg\" style=\"text-decoration: none; color: rgb(51, 105, 30); cursor: pointer;\" target=\"_blank\">http://www.dolicloud.com</a>).</p>',NULL,0.000,'',0.000,'0',0.000,'0',5,0,0,NULL,10.00000000,50.00000000,0.00000000,0.00000000,0.00000000,50.00000000,0,NULL,NULL,0,NULL,0.00000000,0,1,NULL,NULL,'EUR',10.00000000,50.00000000,0.00000000,50.00000000),(68,22,NULL,5,NULL,'<strong><span style=\"font-family:roboto,uilanguagefont,arial,sans-serif; font-size:14px\">DoliDroid is the Android front-end client for Dolibarr ERP &amp; CRM web software.</span><br />\r\n<span style=\"font-family:roboto,uilanguagefont,arial,sans-serif; font-size:14px\">This application is not a standalone program. It is a front end to use a online hosted Dolibarr ERP &amp; CRM software (an Open-source web software to manage your business).</span></strong>\r\n<p><u>The advantage of DoliDroid are :</u><br />\r\n- DoliDroid is not a duplicate code of Dolibarr, but a front-end of a Dolibarr web installation, so all your online existing features are supported by this application. This is also true for external modules features.<br />\r\n- Upgrading Dolibarr will not break DoliDroid.<br />\r\n- DoliDroid use embedded image resources to reduce bandwidth usage.<br />\r\n- DoliDroid use internal cache for pages that should not change (like menu page)<br />\r\n- Connections parameters are saved. No need to enter them each time you use DoliDroid.<br />\r\n- Integration with your phone or other applications (Clicking on PDF open PDF reader, clicking onto email or phone launch your email application or launch Android dialer, ...)</p>\r\n\r\n<p><span style=\"color:#DAA520\"><strong>WARNING !&nbsp;</strong></span></p>\r\n\r\n<p>This application need Android 4.0+ and a hosted Dolibarr ERP &amp; CRM version 3.5 or newer accessible by internet<br />\r\n(For example, when hosted on any SaaS solution like DoliCloud -&nbsp;<a href=\"https://www.google.com/url?q=https://www.google.com/url?q%3Dhttp://www.dolicloud.com%26sa%3DD%26usg%3DAFQjCNGdd9htz4JDciiMtScpBwK83qIRkw&amp;sa=D&amp;usg=AFQjCNGMpCbxNnU5BiK59e368K5AR0l_pg\" style=\"text-decoration: none; color: rgb(51, 105, 30); cursor: pointer;\" target=\"_blank\">http://www.dolicloud.com</a>).</p>',NULL,0.000,'',0.000,'0',0.000,'0',2,0,0,NULL,10.00000000,20.00000000,0.00000000,0.00000000,0.00000000,20.00000000,0,NULL,NULL,0,NULL,0.00000000,0,2,NULL,NULL,'EUR',10.00000000,20.00000000,0.00000000,20.00000000),(69,23,NULL,2,NULL,'',NULL,0.000,'',0.000,'0',0.000,'0',2,0,0,NULL,NULL,0.00000000,0.00000000,0.00000000,0.00000000,0.00000000,0,NULL,NULL,0,NULL,0.00000000,0,1,NULL,NULL,'EUR',0.00000000,0.00000000,0.00000000,0.00000000),(70,23,NULL,4,NULL,'Nice Bio Apple Pie.<br />\r\n&nbsp;',NULL,0.000,'',0.000,'0',0.000,'0',3,0,0,NULL,5.00000000,15.00000000,0.00000000,0.00000000,0.00000000,15.00000000,0,NULL,NULL,0,NULL,0.00000000,0,2,NULL,NULL,'EUR',5.00000000,15.00000000,0.00000000,15.00000000),(71,23,NULL,13,NULL,'A powerfull computer XP4523&nbsp;',NULL,0.000,'',0.000,'0',0.000,'0',3,0,0,NULL,100.00000000,300.00000000,0.00000000,0.00000000,0.00000000,300.00000000,0,NULL,NULL,0,NULL,0.00000000,0,3,NULL,NULL,'EUR',100.00000000,300.00000000,0.00000000,300.00000000),(72,23,NULL,1,NULL,'A beatifull pink dress',NULL,0.000,'',0.000,'0',0.000,'0',4,0,0,NULL,100.00000000,400.00000000,0.00000000,0.00000000,0.00000000,400.00000000,0,NULL,NULL,0,NULL,0.00000000,0,4,NULL,NULL,'EUR',100.00000000,400.00000000,0.00000000,400.00000000),(73,24,NULL,4,NULL,'Nice Bio Apple Pie.<br />\r\n&nbsp;',NULL,0.000,'',0.000,'0',0.000,'0',1,0,0,NULL,5.00000000,5.00000000,0.00000000,0.00000000,0.00000000,5.00000000,0,NULL,NULL,0,NULL,0.00000000,0,1,NULL,NULL,'EUR',5.00000000,5.00000000,0.00000000,5.00000000),(74,24,NULL,12,NULL,'Cloud hosting of Dolibarr ERP and CRM software',NULL,0.000,'',0.000,'0',0.000,'0',5,0,0,NULL,9.00000000,45.00000000,0.00000000,0.00000000,0.00000000,45.00000000,0,NULL,NULL,0,NULL,0.00000000,0,2,NULL,NULL,'EUR',9.00000000,45.00000000,0.00000000,45.00000000),(75,24,NULL,2,NULL,'',NULL,0.000,'',0.000,'0',0.000,'0',4,0,0,NULL,NULL,0.00000000,0.00000000,0.00000000,0.00000000,0.00000000,0,NULL,NULL,0,NULL,0.00000000,0,3,NULL,NULL,'EUR',0.00000000,0.00000000,0.00000000,0.00000000),(76,24,NULL,1,NULL,'A beatifull pink dress',NULL,0.000,'',0.000,'0',0.000,'0',2,0,0,NULL,100.00000000,200.00000000,0.00000000,0.00000000,0.00000000,200.00000000,0,NULL,NULL,0,NULL,0.00000000,0,4,NULL,NULL,'EUR',100.00000000,200.00000000,0.00000000,200.00000000),(77,25,NULL,10,NULL,'A powerfull computer XP4523&nbsp;',NULL,0.000,'',0.000,'0',0.000,'0',4,0,0,NULL,100.00000000,400.00000000,0.00000000,0.00000000,0.00000000,400.00000000,0,NULL,NULL,0,NULL,0.00000000,0,1,NULL,NULL,'EUR',100.00000000,400.00000000,0.00000000,400.00000000),(78,25,NULL,13,NULL,'A powerfull computer XP4523&nbsp;',NULL,0.000,'',0.000,'0',0.000,'0',3,0,0,NULL,100.00000000,300.00000000,0.00000000,0.00000000,0.00000000,300.00000000,0,NULL,NULL,0,NULL,0.00000000,0,2,NULL,NULL,'EUR',100.00000000,300.00000000,0.00000000,300.00000000),(79,25,NULL,10,NULL,'A powerfull computer XP4523&nbsp;',NULL,0.000,'',0.000,'0',0.000,'0',2,0,0,NULL,100.00000000,200.00000000,0.00000000,0.00000000,0.00000000,200.00000000,0,NULL,NULL,0,NULL,0.00000000,0,3,NULL,NULL,'EUR',100.00000000,200.00000000,0.00000000,200.00000000),(80,25,NULL,13,NULL,'A powerfull computer XP4523&nbsp;',NULL,0.000,'',0.000,'0',0.000,'0',1,0,0,NULL,100.00000000,100.00000000,0.00000000,0.00000000,0.00000000,100.00000000,0,NULL,NULL,0,NULL,0.00000000,0,4,NULL,NULL,'EUR',100.00000000,100.00000000,0.00000000,100.00000000),(81,25,NULL,12,NULL,'Cloud hosting of Dolibarr ERP and CRM software',NULL,0.000,'',0.000,'0',0.000,'0',2,0,0,NULL,9.00000000,18.00000000,0.00000000,0.00000000,0.00000000,18.00000000,0,NULL,NULL,0,NULL,0.00000000,0,5,NULL,NULL,'EUR',9.00000000,18.00000000,0.00000000,18.00000000),(82,26,NULL,10,NULL,'A powerfull computer XP4523&nbsp;',NULL,0.000,'',0.000,'0',0.000,'0',2,0,0,NULL,100.00000000,200.00000000,0.00000000,0.00000000,0.00000000,200.00000000,0,NULL,NULL,0,NULL,0.00000000,0,1,NULL,NULL,'EUR',100.00000000,200.00000000,0.00000000,200.00000000),(83,26,NULL,5,NULL,'<strong><span style=\"font-family:roboto,uilanguagefont,arial,sans-serif; font-size:14px\">DoliDroid is the Android front-end client for Dolibarr ERP &amp; CRM web software.</span><br />\r\n<span style=\"font-family:roboto,uilanguagefont,arial,sans-serif; font-size:14px\">This application is not a standalone program. It is a front end to use a online hosted Dolibarr ERP &amp; CRM software (an Open-source web software to manage your business).</span></strong>\r\n<p><u>The advantage of DoliDroid are :</u><br />\r\n- DoliDroid is not a duplicate code of Dolibarr, but a front-end of a Dolibarr web installation, so all your online existing features are supported by this application. This is also true for external modules features.<br />\r\n- Upgrading Dolibarr will not break DoliDroid.<br />\r\n- DoliDroid use embedded image resources to reduce bandwidth usage.<br />\r\n- DoliDroid use internal cache for pages that should not change (like menu page)<br />\r\n- Connections parameters are saved. No need to enter them each time you use DoliDroid.<br />\r\n- Integration with your phone or other applications (Clicking on PDF open PDF reader, clicking onto email or phone launch your email application or launch Android dialer, ...)</p>\r\n\r\n<p><span style=\"color:#DAA520\"><strong>WARNING !&nbsp;</strong></span></p>\r\n\r\n<p>This application need Android 4.0+ and a hosted Dolibarr ERP &amp; CRM version 3.5 or newer accessible by internet<br />\r\n(For example, when hosted on any SaaS solution like DoliCloud -&nbsp;<a href=\"https://www.google.com/url?q=https://www.google.com/url?q%3Dhttp://www.dolicloud.com%26sa%3DD%26usg%3DAFQjCNGdd9htz4JDciiMtScpBwK83qIRkw&amp;sa=D&amp;usg=AFQjCNGMpCbxNnU5BiK59e368K5AR0l_pg\" style=\"text-decoration: none; color: rgb(51, 105, 30); cursor: pointer;\" target=\"_blank\">http://www.dolicloud.com</a>).</p>',NULL,0.000,'',0.000,'0',0.000,'0',1,0,0,NULL,10.00000000,10.00000000,0.00000000,0.00000000,0.00000000,10.00000000,0,NULL,NULL,0,NULL,0.00000000,0,2,NULL,NULL,'EUR',10.00000000,10.00000000,0.00000000,10.00000000),(84,26,NULL,10,NULL,'A powerfull computer XP4523&nbsp;',NULL,0.000,'',0.000,'0',0.000,'0',3,0,0,NULL,100.00000000,300.00000000,0.00000000,0.00000000,0.00000000,300.00000000,0,NULL,NULL,0,NULL,0.00000000,0,3,NULL,NULL,'EUR',100.00000000,300.00000000,0.00000000,300.00000000),(85,26,NULL,13,NULL,'A powerfull computer XP4523&nbsp;',NULL,0.000,'',0.000,'0',0.000,'0',2,0,0,NULL,100.00000000,200.00000000,0.00000000,0.00000000,0.00000000,200.00000000,0,NULL,NULL,0,NULL,0.00000000,0,4,NULL,NULL,'EUR',100.00000000,200.00000000,0.00000000,200.00000000),(86,26,NULL,3,NULL,'',NULL,0.000,'',0.000,'0',0.000,'0',2,0,0,NULL,NULL,0.00000000,0.00000000,0.00000000,0.00000000,0.00000000,0,NULL,NULL,0,NULL,0.00000000,0,5,NULL,NULL,'EUR',0.00000000,0.00000000,0.00000000,0.00000000),(87,27,NULL,13,NULL,'A powerfull computer XP4523&nbsp;',NULL,0.000,'',0.000,'0',0.000,'0',3,0,0,NULL,100.00000000,300.00000000,0.00000000,0.00000000,0.00000000,300.00000000,0,NULL,NULL,0,NULL,0.00000000,0,1,NULL,NULL,'EUR',100.00000000,300.00000000,0.00000000,300.00000000),(88,27,NULL,3,NULL,'',NULL,0.000,'',0.000,'0',0.000,'0',2,0,0,NULL,NULL,0.00000000,0.00000000,0.00000000,0.00000000,0.00000000,0,NULL,NULL,0,NULL,0.00000000,0,2,NULL,NULL,'EUR',0.00000000,0.00000000,0.00000000,0.00000000),(89,28,NULL,4,NULL,'Nice Bio Apple Pie.<br />\r\n&nbsp;',NULL,0.000,'',0.000,'0',0.000,'0',2,0,0,NULL,5.00000000,10.00000000,0.00000000,0.00000000,0.00000000,10.00000000,0,NULL,NULL,0,NULL,0.00000000,0,1,NULL,NULL,'EUR',5.00000000,10.00000000,0.00000000,10.00000000),(90,28,NULL,5,NULL,'<strong><span style=\"font-family:roboto,uilanguagefont,arial,sans-serif; font-size:14px\">DoliDroid is the Android front-end client for Dolibarr ERP &amp; CRM web software.</span><br />\r\n<span style=\"font-family:roboto,uilanguagefont,arial,sans-serif; font-size:14px\">This application is not a standalone program. It is a front end to use a online hosted Dolibarr ERP &amp; CRM software (an Open-source web software to manage your business).</span></strong>\r\n<p><u>The advantage of DoliDroid are :</u><br />\r\n- DoliDroid is not a duplicate code of Dolibarr, but a front-end of a Dolibarr web installation, so all your online existing features are supported by this application. This is also true for external modules features.<br />\r\n- Upgrading Dolibarr will not break DoliDroid.<br />\r\n- DoliDroid use embedded image resources to reduce bandwidth usage.<br />\r\n- DoliDroid use internal cache for pages that should not change (like menu page)<br />\r\n- Connections parameters are saved. No need to enter them each time you use DoliDroid.<br />\r\n- Integration with your phone or other applications (Clicking on PDF open PDF reader, clicking onto email or phone launch your email application or launch Android dialer, ...)</p>\r\n\r\n<p><span style=\"color:#DAA520\"><strong>WARNING !&nbsp;</strong></span></p>\r\n\r\n<p>This application need Android 4.0+ and a hosted Dolibarr ERP &amp; CRM version 3.5 or newer accessible by internet<br />\r\n(For example, when hosted on any SaaS solution like DoliCloud -&nbsp;<a href=\"https://www.google.com/url?q=https://www.google.com/url?q%3Dhttp://www.dolicloud.com%26sa%3DD%26usg%3DAFQjCNGdd9htz4JDciiMtScpBwK83qIRkw&amp;sa=D&amp;usg=AFQjCNGMpCbxNnU5BiK59e368K5AR0l_pg\" style=\"text-decoration: none; color: rgb(51, 105, 30); cursor: pointer;\" target=\"_blank\">http://www.dolicloud.com</a>).</p>',NULL,0.000,'',0.000,'0',0.000,'0',3,0,0,NULL,10.00000000,30.00000000,0.00000000,0.00000000,0.00000000,30.00000000,0,NULL,NULL,0,NULL,0.00000000,0,2,NULL,NULL,'EUR',10.00000000,30.00000000,0.00000000,30.00000000),(91,28,NULL,2,NULL,'',NULL,0.000,'',0.000,'0',0.000,'0',5,0,0,NULL,NULL,0.00000000,0.00000000,0.00000000,0.00000000,0.00000000,0,NULL,NULL,0,NULL,0.00000000,0,3,NULL,NULL,'EUR',0.00000000,0.00000000,0.00000000,0.00000000),(92,28,NULL,1,NULL,'A beatifull pink dress',NULL,0.000,'',0.000,'0',0.000,'0',4,0,0,NULL,100.00000000,400.00000000,0.00000000,0.00000000,0.00000000,400.00000000,0,NULL,NULL,0,NULL,0.00000000,0,4,NULL,NULL,'EUR',100.00000000,400.00000000,0.00000000,400.00000000),(93,29,NULL,1,NULL,'A beatifull pink dress',NULL,0.000,'',0.000,'0',0.000,'0',3,0,0,NULL,100.00000000,300.00000000,0.00000000,0.00000000,0.00000000,300.00000000,0,NULL,NULL,0,NULL,0.00000000,0,1,NULL,NULL,'EUR',100.00000000,300.00000000,0.00000000,300.00000000),(94,29,NULL,1,NULL,'A beatifull pink dress',NULL,0.000,'',0.000,'0',0.000,'0',5,0,0,NULL,100.00000000,500.00000000,0.00000000,0.00000000,0.00000000,500.00000000,0,NULL,NULL,0,NULL,0.00000000,0,2,NULL,NULL,'EUR',100.00000000,500.00000000,0.00000000,500.00000000),(95,29,NULL,13,NULL,'A powerfull computer XP4523&nbsp;',NULL,0.000,'',0.000,'0',0.000,'0',2,0,0,NULL,100.00000000,200.00000000,0.00000000,0.00000000,0.00000000,200.00000000,0,NULL,NULL,0,NULL,0.00000000,0,3,NULL,NULL,'EUR',100.00000000,200.00000000,0.00000000,200.00000000),(96,30,NULL,13,NULL,'A powerfull computer XP4523&nbsp;',NULL,0.000,'',0.000,'0',0.000,'0',4,0,0,NULL,100.00000000,400.00000000,0.00000000,0.00000000,0.00000000,400.00000000,0,NULL,NULL,0,NULL,0.00000000,0,1,NULL,NULL,'EUR',100.00000000,400.00000000,0.00000000,400.00000000),(97,30,NULL,1,NULL,'A beatifull pink dress',NULL,0.000,'',0.000,'0',0.000,'0',2,0,0,NULL,100.00000000,200.00000000,0.00000000,0.00000000,0.00000000,200.00000000,0,NULL,NULL,0,NULL,0.00000000,0,2,NULL,NULL,'EUR',100.00000000,200.00000000,0.00000000,200.00000000),(98,30,NULL,10,NULL,'A powerfull computer XP4523&nbsp;',NULL,0.000,'',0.000,'0',0.000,'0',2,0,0,NULL,100.00000000,200.00000000,0.00000000,0.00000000,0.00000000,200.00000000,0,NULL,NULL,0,NULL,0.00000000,0,3,NULL,NULL,'EUR',100.00000000,200.00000000,0.00000000,200.00000000),(99,30,NULL,13,NULL,'A powerfull computer XP4523&nbsp;',NULL,0.000,'',0.000,'0',0.000,'0',4,0,0,NULL,100.00000000,400.00000000,0.00000000,0.00000000,0.00000000,400.00000000,0,NULL,NULL,0,NULL,0.00000000,0,4,NULL,NULL,'EUR',100.00000000,400.00000000,0.00000000,400.00000000),(100,31,NULL,4,NULL,'Nice Bio Apple Pie.<br />\r\n&nbsp;',NULL,0.000,'',0.000,'0',0.000,'0',4,0,0,NULL,5.00000000,20.00000000,0.00000000,0.00000000,0.00000000,20.00000000,0,NULL,NULL,0,NULL,0.00000000,0,1,NULL,NULL,'EUR',5.00000000,20.00000000,0.00000000,20.00000000),(101,31,NULL,13,NULL,'A powerfull computer XP4523&nbsp;',NULL,0.000,'',0.000,'0',0.000,'0',4,0,0,NULL,100.00000000,400.00000000,0.00000000,0.00000000,0.00000000,400.00000000,0,NULL,NULL,0,NULL,0.00000000,0,2,NULL,NULL,'EUR',100.00000000,400.00000000,0.00000000,400.00000000),(102,31,NULL,13,NULL,'A powerfull computer XP4523&nbsp;',NULL,0.000,'',0.000,'0',0.000,'0',3,0,0,NULL,100.00000000,300.00000000,0.00000000,0.00000000,0.00000000,300.00000000,0,NULL,NULL,0,NULL,0.00000000,0,3,NULL,NULL,'EUR',100.00000000,300.00000000,0.00000000,300.00000000),(103,31,NULL,3,NULL,'',NULL,0.000,'',0.000,'0',0.000,'0',2,0,0,NULL,NULL,0.00000000,0.00000000,0.00000000,0.00000000,0.00000000,0,NULL,NULL,0,NULL,0.00000000,0,4,NULL,NULL,'EUR',0.00000000,0.00000000,0.00000000,0.00000000),(104,32,NULL,12,NULL,'Cloud hosting of Dolibarr ERP and CRM software',NULL,0.000,'',0.000,'0',0.000,'0',5,0,0,NULL,9.00000000,45.00000000,0.00000000,0.00000000,0.00000000,45.00000000,0,NULL,NULL,0,NULL,0.00000000,0,1,NULL,NULL,'EUR',9.00000000,45.00000000,0.00000000,45.00000000),(105,32,NULL,10,NULL,'A powerfull computer XP4523&nbsp;',NULL,0.000,'',0.000,'0',0.000,'0',1,0,0,NULL,100.00000000,100.00000000,0.00000000,0.00000000,0.00000000,100.00000000,0,NULL,NULL,0,NULL,0.00000000,0,2,NULL,NULL,'EUR',100.00000000,100.00000000,0.00000000,100.00000000),(106,32,NULL,12,NULL,'Cloud hosting of Dolibarr ERP and CRM software',NULL,0.000,'',0.000,'0',0.000,'0',5,0,0,NULL,9.00000000,45.00000000,0.00000000,0.00000000,0.00000000,45.00000000,0,NULL,NULL,0,NULL,0.00000000,0,3,NULL,NULL,'EUR',9.00000000,45.00000000,0.00000000,45.00000000),(107,32,NULL,13,NULL,'A powerfull computer XP4523&nbsp;',NULL,0.000,'',0.000,'0',0.000,'0',4,0,0,NULL,100.00000000,400.00000000,0.00000000,0.00000000,0.00000000,400.00000000,0,NULL,NULL,0,NULL,0.00000000,0,4,NULL,NULL,'EUR',100.00000000,400.00000000,0.00000000,400.00000000),(108,32,NULL,12,NULL,'Cloud hosting of Dolibarr ERP and CRM software',NULL,0.000,'',0.000,'0',0.000,'0',2,0,0,NULL,9.00000000,18.00000000,0.00000000,0.00000000,0.00000000,18.00000000,0,NULL,NULL,0,NULL,0.00000000,0,5,NULL,NULL,'EUR',9.00000000,18.00000000,0.00000000,18.00000000);

--
-- Table structure for table `llx_propaldet_extrafields`
--

CREATE TABLE `llx_propaldet_extrafields` (
  `rowid` int(11) NOT NULL AUTO_INCREMENT,
  `tms` timestamp NOT NULL DEFAULT CURRENT_TIMESTAMP ON UPDATE CURRENT_TIMESTAMP,
  `fk_object` int(11) NOT NULL,
  `import_key` varchar(14) DEFAULT NULL,
  PRIMARY KEY (`rowid`),
  KEY `idx_propaldet_extrafields` (`fk_object`)
) ENGINE=InnoDB DEFAULT CHARSET=latin1;

--
-- Dumping data for table `llx_propaldet_extrafields`
--


--
-- Table structure for table `llx_resource`
--

CREATE TABLE `llx_resource` (
  `rowid` int(11) NOT NULL AUTO_INCREMENT,
  `entity` int(11) NOT NULL DEFAULT '1',
  `ref` varchar(255) DEFAULT NULL,
  `asset_number` varchar(255) DEFAULT NULL,
  `description` text,
  `fk_code_type_resource` varchar(32) DEFAULT NULL,
  `note_public` text,
  `note_private` text,
  `tms` timestamp NOT NULL DEFAULT CURRENT_TIMESTAMP ON UPDATE CURRENT_TIMESTAMP,
  `datec` datetime DEFAULT NULL,
  `date_valid` datetime DEFAULT NULL,
  `fk_user_author` int(11) DEFAULT NULL,
  `fk_user_modif` int(11) DEFAULT NULL,
  `fk_user_valid` int(11) DEFAULT NULL,
  `fk_statut` smallint(6) NOT NULL DEFAULT '0',
  `import_key` varchar(14) DEFAULT NULL,
  `extraparams` varchar(255) DEFAULT NULL,
  PRIMARY KEY (`rowid`),
  KEY `fk_code_type_resource_idx` (`fk_code_type_resource`)
) ENGINE=InnoDB AUTO_INCREMENT=5 DEFAULT CHARSET=utf8;

--
-- Dumping data for table `llx_resource`
--

INSERT INTO `llx_resource` VALUES (1,1,'Car Kangoo 1',NULL,'Car number 1 - Num XDF-45-GH','RES_CARS',NULL,NULL,'2017-02-20 16:44:12',NULL,NULL,NULL,NULL,NULL,0,NULL,NULL),(2,1,'Car Kangoo 2',NULL,'Car number 2 - Num GHY-78-JJ','RES_CARS',NULL,NULL,'2017-02-20 16:44:01',NULL,NULL,NULL,NULL,NULL,0,NULL,NULL),(3,1,'Meeting room - 14p',NULL,'Meeting room<br />\r\n14 places','RES_ROOMS',NULL,NULL,'2017-02-20 16:44:38',NULL,NULL,NULL,NULL,NULL,0,NULL,NULL),(4,1,'Meeting room - 8p',NULL,'Meeting room<br />\r\n8 places','RES_ROOMS',NULL,NULL,'2017-02-20 16:45:00',NULL,NULL,NULL,NULL,NULL,0,NULL,NULL);

--
-- Table structure for table `llx_resource_extrafields`
--

CREATE TABLE `llx_resource_extrafields` (
  `rowid` int(11) NOT NULL AUTO_INCREMENT,
  `tms` timestamp NOT NULL DEFAULT CURRENT_TIMESTAMP ON UPDATE CURRENT_TIMESTAMP,
  `fk_object` int(11) NOT NULL,
  `import_key` varchar(14) COLLATE utf8_unicode_ci DEFAULT NULL,
  PRIMARY KEY (`rowid`),
  KEY `idx_resource_extrafields` (`fk_object`)
) ENGINE=InnoDB DEFAULT CHARSET=utf8 COLLATE=utf8_unicode_ci;

--
-- Dumping data for table `llx_resource_extrafields`
--


--
-- Table structure for table `llx_rights_def`
--

CREATE TABLE `llx_rights_def` (
  `id` int(11) NOT NULL DEFAULT '0',
  `libelle` varchar(255) DEFAULT NULL,
  `module` varchar(64) DEFAULT NULL,
  `entity` int(11) NOT NULL DEFAULT '1',
  `perms` varchar(50) DEFAULT NULL,
  `subperms` varchar(50) DEFAULT NULL,
  `type` varchar(1) DEFAULT NULL,
  `bydefault` tinyint(4) DEFAULT '0',
  PRIMARY KEY (`id`,`entity`)
) ENGINE=InnoDB DEFAULT CHARSET=utf8;

--
-- Dumping data for table `llx_rights_def`
--

INSERT INTO `llx_rights_def` VALUES (11,'Lire les factures','facture',1,'lire',NULL,'a',0),(11,'Lire les factures','facture',2,'lire',NULL,'a',1),(12,'Creer/modifier les factures','facture',1,'creer',NULL,'a',0),(12,'Creer/modifier les factures','facture',2,'creer',NULL,'a',0),(13,'Dévalider les factures','facture',1,'invoice_advance','unvalidate','a',0),(13,'Dévalider les factures','facture',2,'invoice_advance','unvalidate','a',0),(14,'Valider les factures','facture',1,'invoice_advance','validate','a',0),(14,'Valider les factures','facture',2,'valider',NULL,'a',0),(15,'Envoyer les factures par mail','facture',1,'invoice_advance','send','a',0),(15,'Envoyer les factures par mail','facture',2,'invoice_advance','send','a',0),(16,'Emettre des paiements sur les factures','facture',1,'paiement',NULL,'a',0),(16,'Emettre des paiements sur les factures','facture',2,'paiement',NULL,'a',0),(19,'Supprimer les factures','facture',1,'supprimer',NULL,'a',0),(19,'Supprimer les factures','facture',2,'supprimer',NULL,'a',0),(21,'Lire les propositions commerciales','propale',1,'lire',NULL,'r',1),(21,'Lire les propositions commerciales','propale',2,'lire',NULL,'r',1),(22,'Creer/modifier les propositions commerciales','propale',1,'creer',NULL,'w',0),(22,'Creer/modifier les propositions commerciales','propale',2,'creer',NULL,'w',0),(24,'Valider les propositions commerciales','propale',1,'propal_advance','validate','d',0),(24,'Valider les propositions commerciales','propale',2,'valider',NULL,'d',0),(25,'Envoyer les propositions commerciales aux clients','propale',1,'propal_advance','send','d',0),(25,'Envoyer les propositions commerciales aux clients','propale',2,'propal_advance','send','d',0),(26,'Cloturer les propositions commerciales','propale',1,'cloturer',NULL,'d',0),(26,'Cloturer les propositions commerciales','propale',2,'cloturer',NULL,'d',0),(27,'Supprimer les propositions commerciales','propale',1,'supprimer',NULL,'d',0),(27,'Supprimer les propositions commerciales','propale',2,'supprimer',NULL,'d',0),(28,'Exporter les propositions commerciales et attributs','propale',1,'export',NULL,'r',0),(28,'Exporter les propositions commerciales et attributs','propale',2,'export',NULL,'r',0),(31,'Lire les produits','produit',1,'lire',NULL,'r',1),(31,'Lire les produits','produit',2,'lire',NULL,'r',1),(32,'Creer/modifier les produits','produit',1,'creer',NULL,'w',0),(32,'Creer/modifier les produits','produit',2,'creer',NULL,'w',0),(34,'Supprimer les produits','produit',1,'supprimer',NULL,'d',0),(34,'Supprimer les produits','produit',2,'supprimer',NULL,'d',0),(38,'Exporter les produits','produit',1,'export',NULL,'r',0),(38,'Exporter les produits','produit',2,'export',NULL,'r',0),(41,'Read projects and tasks (shared projects or projects I am contact for). Can also enter time consumed on assigned tasks (timesheet)','projet',1,'lire',NULL,'r',1),(42,'Create/modify projects and tasks (shared projects or projects I am contact for)','projet',1,'creer',NULL,'w',0),(44,'Delete project and tasks (shared projects or projects I am contact for)','projet',1,'supprimer',NULL,'d',0),(45,'Export projects','projet',1,'export',NULL,'d',0),(61,'Lire les fiches d\'intervention','ficheinter',1,'lire',NULL,'r',1),(62,'Creer/modifier les fiches d\'intervention','ficheinter',1,'creer',NULL,'w',0),(64,'Supprimer les fiches d\'intervention','ficheinter',1,'supprimer',NULL,'d',0),(67,'Exporter les fiches interventions','ficheinter',1,'export',NULL,'r',0),(68,'Envoyer les fiches d\'intervention par courriel','ficheinter',1,'ficheinter_advance','send','r',0),(69,'Valider les fiches d\'intervention ','ficheinter',1,'ficheinter_advance','validate','a',0),(70,'Dévalider les fiches d\'intervention','ficheinter',1,'ficheinter_advance','unvalidate','a',0),(81,'Lire les commandes clients','commande',1,'lire',NULL,'r',1),(82,'Creer/modifier les commandes clients','commande',1,'creer',NULL,'w',0),(84,'Valider les commandes clients','commande',1,'order_advance','validate','d',0),(86,'Envoyer les commandes clients','commande',1,'order_advance','send','d',0),(87,'Cloturer les commandes clients','commande',1,'cloturer',NULL,'d',0),(88,'Annuler les commandes clients','commande',1,'order_advance','annuler','d',0),(89,'Supprimer les commandes clients','commande',1,'supprimer',NULL,'d',0),(91,'Lire les charges','tax',1,'charges','lire','r',0),(91,'Lire les charges','tax',2,'charges','lire','r',1),(92,'Creer/modifier les charges','tax',1,'charges','creer','w',0),(92,'Creer/modifier les charges','tax',2,'charges','creer','w',0),(93,'Supprimer les charges','tax',1,'charges','supprimer','d',0),(93,'Supprimer les charges','tax',2,'charges','supprimer','d',0),(94,'Exporter les charges','tax',1,'charges','export','r',0),(94,'Exporter les charges','tax',2,'charges','export','r',0),(101,'Lire les expeditions','expedition',1,'lire',NULL,'r',1),(102,'Creer modifier les expeditions','expedition',1,'creer',NULL,'w',0),(104,'Valider les expeditions','expedition',1,'shipping_advance','validate','d',0),(105,'Envoyer les expeditions aux clients','expedition',1,'shipping_advance','send','d',0),(106,'Exporter les expeditions','expedition',1,'shipment','export','r',0),(109,'Supprimer les expeditions','expedition',1,'supprimer',NULL,'d',0),(111,'Lire les comptes bancaires','banque',1,'lire',NULL,'r',0),(111,'Lire les comptes bancaires','banque',2,'lire',NULL,'r',1),(112,'Creer/modifier montant/supprimer ecriture bancaire','banque',1,'modifier',NULL,'w',0),(112,'Creer/modifier montant/supprimer ecriture bancaire','banque',2,'modifier',NULL,'w',0),(113,'Configurer les comptes bancaires (creer, gerer categories)','banque',1,'configurer',NULL,'a',0),(113,'Configurer les comptes bancaires (creer, gerer categories)','banque',2,'configurer',NULL,'a',0),(114,'Rapprocher les ecritures bancaires','banque',1,'consolidate',NULL,'w',0),(114,'Rapprocher les ecritures bancaires','banque',2,'consolidate',NULL,'w',0),(115,'Exporter transactions et releves','banque',1,'export',NULL,'r',0),(115,'Exporter transactions et releves','banque',2,'export',NULL,'r',0),(116,'Virements entre comptes','banque',1,'transfer',NULL,'w',0),(116,'Virements entre comptes','banque',2,'transfer',NULL,'w',0),(117,'Gerer les envois de cheques','banque',1,'cheque',NULL,'w',0),(117,'Gerer les envois de cheques','banque',2,'cheque',NULL,'w',0),(121,'Lire les societes','societe',1,'lire',NULL,'r',1),(121,'Lire les societes','societe',2,'lire',NULL,'r',1),(122,'Creer modifier les societes','societe',1,'creer',NULL,'w',0),(122,'Creer modifier les societes','societe',2,'creer',NULL,'w',0),(125,'Supprimer les societes','societe',1,'supprimer',NULL,'d',0),(125,'Supprimer les societes','societe',2,'supprimer',NULL,'d',0),(126,'Exporter les societes','societe',1,'export',NULL,'r',0),(126,'Exporter les societes','societe',2,'export',NULL,'r',0),(141,'Read all projects and tasks (also private projects I am not contact for)','projet',1,'all','lire','r',0),(142,'Create/modify all projects and tasks (also private projects I am not contact for)','projet',1,'all','creer','w',0),(144,'Delete all projects and tasks (also private projects I am not contact for)','projet',1,'all','supprimer','d',0),(151,'Read withdrawals','prelevement',1,'bons','lire','r',1),(152,'Create/modify a withdrawals','prelevement',1,'bons','creer','w',0),(153,'Send withdrawals to bank','prelevement',1,'bons','send','a',0),(154,'credit/refuse withdrawals','prelevement',1,'bons','credit','a',0),(161,'Lire les contrats','contrat',1,'lire',NULL,'r',1),(162,'Creer / modifier les contrats','contrat',1,'creer',NULL,'w',0),(163,'Activer un service d\'un contrat','contrat',1,'activer',NULL,'w',0),(164,'Desactiver un service d\'un contrat','contrat',1,'desactiver',NULL,'w',0),(165,'Supprimer un contrat','contrat',1,'supprimer',NULL,'d',0),(167,'Export contracts','contrat',1,'export',NULL,'r',0),(221,'Consulter les mailings','mailing',1,'lire',NULL,'r',1),(221,'Consulter les mailings','mailing',2,'lire',NULL,'r',1),(222,'Creer/modifier les mailings (sujet, destinataires...)','mailing',1,'creer',NULL,'w',0),(222,'Creer/modifier les mailings (sujet, destinataires...)','mailing',2,'creer',NULL,'w',0),(223,'Valider les mailings (permet leur envoi)','mailing',1,'valider',NULL,'w',0),(223,'Valider les mailings (permet leur envoi)','mailing',2,'valider',NULL,'w',0),(229,'Supprimer les mailings','mailing',1,'supprimer',NULL,'d',0),(229,'Supprimer les mailings','mailing',2,'supprimer',NULL,'d',0),(237,'View recipients and info','mailing',1,'mailing_advance','recipient','r',0),(237,'View recipients and info','mailing',2,'mailing_advance','recipient','r',0),(238,'Manually send mailings','mailing',1,'mailing_advance','send','w',0),(238,'Manually send mailings','mailing',2,'mailing_advance','send','w',0),(239,'Delete mailings after validation and/or sent','mailing',1,'mailing_advance','delete','d',0),(239,'Delete mailings after validation and/or sent','mailing',2,'mailing_advance','delete','d',0),(241,'Lire les categories','categorie',1,'lire',NULL,'r',1),(242,'Creer/modifier les categories','categorie',1,'creer',NULL,'w',0),(243,'Supprimer les categories','categorie',1,'supprimer',NULL,'d',0),(251,'Consulter les autres utilisateurs','user',1,'user','lire','r',0),(252,'Consulter les permissions des autres utilisateurs','user',1,'user_advance','readperms','r',0),(253,'Creer/modifier utilisateurs internes et externes','user',1,'user','creer','w',0),(254,'Creer/modifier utilisateurs externes seulement','user',1,'user_advance','write','w',0),(255,'Modifier le mot de passe des autres utilisateurs','user',1,'user','password','w',0),(256,'Supprimer ou desactiver les autres utilisateurs','user',1,'user','supprimer','d',0),(262,'Consulter tous les tiers par utilisateurs internes (sinon uniquement si contact commercial). Non effectif pour utilisateurs externes (tjs limités à eux-meme).','societe',1,'client','voir','r',1),(262,'Consulter tous les tiers par utilisateurs internes (sinon uniquement si contact commercial). Non effectif pour utilisateurs externes (tjs limités à eux-meme).','societe',2,'client','voir','r',1),(281,'Lire les contacts','societe',1,'contact','lire','r',1),(281,'Lire les contacts','societe',2,'contact','lire','r',1),(282,'Creer modifier les contacts','societe',1,'contact','creer','w',0),(282,'Creer modifier les contacts','societe',2,'contact','creer','w',0),(283,'Supprimer les contacts','societe',1,'contact','supprimer','d',0),(283,'Supprimer les contacts','societe',2,'contact','supprimer','d',0),(286,'Exporter les contacts','societe',1,'contact','export','d',0),(286,'Exporter les contacts','societe',2,'contact','export','d',0),(300,'Read barcodes','barcode',1,'lire_advance',NULL,'r',1),(301,'Create/modify barcodes','barcode',1,'creer_advance',NULL,'w',0),(341,'Consulter ses propres permissions','user',1,'self_advance','readperms','r',1),(342,'Creer/modifier ses propres infos utilisateur','user',1,'self','creer','w',1),(343,'Modifier son propre mot de passe','user',1,'self','password','w',1),(344,'Modifier ses propres permissions','user',1,'self_advance','writeperms','w',1),(351,'Consulter les groupes','user',1,'group_advance','read','r',0),(352,'Consulter les permissions des groupes','user',1,'group_advance','readperms','r',0),(353,'Creer/modifier les groupes et leurs permissions','user',1,'group_advance','write','w',0),(354,'Supprimer ou desactiver les groupes','user',1,'group_advance','delete','d',0),(358,'Exporter les utilisateurs','user',1,'user','export','r',0),(510,'Read salaries','salaries',1,'read',NULL,'r',0),(511,'Read employee contracts/salaries','salaries',1,'read',NULL,'r',0),(512,'Create/modify salaries','salaries',1,'write',NULL,'w',0),(513,'Create/modify payment of salaries','salaries',1,'write',NULL,'w',0),(514,'Delete salaries','salaries',1,'delete',NULL,'d',0),(517,'Export salaries','salaries',1,'export',NULL,'r',0),(520,'Read loans','loan',1,'read',NULL,'r',0),(522,'Create/modify loans','loan',1,'write',NULL,'w',0),(524,'Delete loans','loan',1,'delete',NULL,'d',0),(525,'Access loan calculator','loan',1,'calc',NULL,'r',0),(527,'Export loans','loan',1,'export',NULL,'r',0),(531,'Lire les services','service',1,'lire',NULL,'r',1),(532,'Creer/modifier les services','service',1,'creer',NULL,'w',0),(534,'Supprimer les services','service',1,'supprimer',NULL,'d',0),(538,'Exporter les services','service',1,'export',NULL,'r',0),(701,'Lire les dons','don',1,'lire',NULL,'r',1),(701,'Lire les dons','don',2,'lire',NULL,'r',1),(702,'Creer/modifier les dons','don',1,'creer',NULL,'w',0),(702,'Creer/modifier les dons','don',2,'creer',NULL,'w',0),(703,'Supprimer les dons','don',1,'supprimer',NULL,'d',0),(703,'Supprimer les dons','don',2,'supprimer',NULL,'d',0),(771,'Read expense reports (yours and your subordinates)','expensereport',1,'lire',NULL,'r',1),(772,'Create/modify expense reports','expensereport',1,'creer',NULL,'w',0),(773,'Delete expense reports','expensereport',1,'supprimer',NULL,'d',0),(774,'Read all expense reports','expensereport',1,'readall',NULL,'r',1),(775,'Approve expense reports','expensereport',1,'approve',NULL,'w',0),(776,'Pay expense reports','expensereport',1,'to_paid',NULL,'w',0),(777,'Read expense reports of everybody','expensereport',1,'readall',NULL,'r',1),(778,'Create expense reports for everybody','expensereport',1,'writeall_advance',NULL,'w',0),(779,'Export expense reports','expensereport',1,'export',NULL,'r',0),(1001,'Lire les stocks','stock',1,'lire',NULL,'r',1),(1002,'Creer/Modifier les stocks','stock',1,'creer',NULL,'w',0),(1003,'Supprimer les stocks','stock',1,'supprimer',NULL,'d',0),(1004,'Lire mouvements de stocks','stock',1,'mouvement','lire','r',1),(1005,'Creer/modifier mouvements de stocks','stock',1,'mouvement','creer','w',0),(1101,'Lire les bons de livraison','expedition',1,'livraison','lire','r',1),(1102,'Creer modifier les bons de livraison','expedition',1,'livraison','creer','w',0),(1104,'Valider les bons de livraison','expedition',1,'livraison_advance','validate','d',0),(1109,'Supprimer les bons de livraison','expedition',1,'livraison','supprimer','d',0),(1121,'Read supplier proposals','supplier_proposal',1,'lire',NULL,'w',1),(1122,'Create/modify supplier proposals','supplier_proposal',1,'creer',NULL,'w',0),(1123,'Validate supplier proposals','supplier_proposal',1,'validate_advance',NULL,'w',0),(1124,'Envoyer les demandes fournisseurs','supplier_proposal',1,'send_advance',NULL,'w',0),(1125,'Delete supplier proposals','supplier_proposal',1,'supprimer',NULL,'w',0),(1126,'Close supplier price requests','supplier_proposal',1,'cloturer',NULL,'w',0),(1181,'Consulter les fournisseurs','fournisseur',1,'lire',NULL,'r',1),(1182,'Consulter les commandes fournisseur','fournisseur',1,'commande','lire','r',1),(1183,'Creer une commande fournisseur','fournisseur',1,'commande','creer','w',0),(1184,'Valider une commande fournisseur','fournisseur',1,'supplier_order_advance','validate','w',0),(1185,'Approuver une commande fournisseur','fournisseur',1,'commande','approuver','w',0),(1186,'Commander une commande fournisseur','fournisseur',1,'commande','commander','w',0),(1187,'Receptionner une commande fournisseur','fournisseur',1,'commande','receptionner','d',0),(1188,'Supprimer une commande fournisseur','fournisseur',1,'commande','supprimer','d',0),(1189,'Check/Uncheck a supplier order reception','fournisseur',1,'commande_advance','check','w',0),(1201,'Lire les exports','export',1,'lire',NULL,'r',1),(1202,'Creer/modifier un export','export',1,'creer',NULL,'w',0),(1231,'Consulter les factures fournisseur','fournisseur',1,'facture','lire','r',1),(1232,'Creer une facture fournisseur','fournisseur',1,'facture','creer','w',0),(1233,'Valider une facture fournisseur','fournisseur',1,'supplier_invoice_advance','validate','w',0),(1234,'Supprimer une facture fournisseur','fournisseur',1,'facture','supprimer','d',0),(1235,'Envoyer les factures par mail','fournisseur',1,'supplier_invoice_advance','send','a',0),(1236,'Exporter les factures fournisseurs, attributs et reglements','fournisseur',1,'facture','export','r',0),(1237,'Exporter les commande fournisseurs, attributs','fournisseur',1,'commande','export','r',0),(1251,'Run mass imports of external data (data load)','import',1,'run',NULL,'r',0),(1321,'Exporter les factures clients, attributs et reglements','facture',1,'facture','export','r',0),(1321,'Exporter les factures clients, attributs et reglements','facture',2,'facture','export','r',0),(1322,'Rouvrir une facture totalement réglée','facture',1,'invoice_advance','reopen','r',0),(1421,'Exporter les commandes clients et attributs','commande',1,'commande','export','r',0),(2401,'Read actions/tasks linked to his account','agenda',1,'myactions','read','r',1),(2401,'Read actions/tasks linked to his account','agenda',2,'myactions','read','r',1),(2402,'Create/modify actions/tasks linked to his account','agenda',1,'myactions','create','w',0),(2402,'Create/modify actions/tasks linked to his account','agenda',2,'myactions','create','w',0),(2403,'Delete actions/tasks linked to his account','agenda',1,'myactions','delete','w',0),(2403,'Delete actions/tasks linked to his account','agenda',2,'myactions','delete','w',0),(2411,'Read actions/tasks of others','agenda',1,'allactions','read','r',0),(2411,'Read actions/tasks of others','agenda',2,'allactions','read','r',0),(2412,'Create/modify actions/tasks of others','agenda',1,'allactions','create','w',0),(2412,'Create/modify actions/tasks of others','agenda',2,'allactions','create','w',0),(2413,'Delete actions/tasks of others','agenda',1,'allactions','delete','w',0),(2413,'Delete actions/tasks of others','agenda',2,'allactions','delete','w',0),(2414,'Export actions/tasks of others','agenda',1,'export',NULL,'w',0),(2501,'Consulter/Télécharger les documents','ecm',1,'read',NULL,'r',1),(2503,'Soumettre ou supprimer des documents','ecm',1,'upload',NULL,'w',0),(2515,'Administrer les rubriques de documents','ecm',1,'setup',NULL,'w',0),(20001,'Read your own holidays','holiday',1,'read',NULL,'w',1),(20001,'Créer / Modifier / Lire ses demandes de congés payés','holiday',2,'write',NULL,'w',1),(20002,'Create/modify your own holidays','holiday',1,'write',NULL,'w',1),(20002,'Lire / Modifier toutes les demandes de congés payés','holiday',2,'lire_tous',NULL,'w',0),(20003,'Delete holidays','holiday',1,'delete',NULL,'w',0),(20003,'Supprimer des demandes de congés payés','holiday',2,'delete',NULL,'w',0),(20004,'Read holidays for everybody','holiday',1,'read_all',NULL,'w',0),(20004,'Définir les congés payés des utilisateurs','holiday',2,'define_holiday',NULL,'w',0),(20005,'Create/modify holidays for everybody','holiday',1,'write_all',NULL,'w',0),(20005,'Voir les logs de modification des congés payés','holiday',2,'view_log',NULL,'w',0),(20006,'Setup holidays of users (setup and update balance)','holiday',1,'define_holiday',NULL,'w',0),(20006,'Accéder au rapport mensuel des congés payés','holiday',2,'month_report',NULL,'w',0),(23001,'Read cron jobs','cron',1,'read',NULL,'w',0),(23002,'Create cron Jobs','cron',1,'create',NULL,'w',0),(23003,'Delete cron Jobs','cron',1,'delete',NULL,'w',0),(23004,'Execute cron Jobs','cron',1,'execute',NULL,'w',0),(50101,'Use point of sale','cashdesk',1,'use',NULL,'a',1),(50401,'Bind products and invoices with accounting accounts','accounting',1,'bind','write','r',0),(50411,'Read operations in General Ledger','accounting',1,'mouvements','lire','r',0),(50412,'Write/Edit operations in General Ledger','accounting',1,'mouvements','creer','w',0),(50420,'Report and export reports (turnover, balance, journals, general ledger)','accounting',1,'comptarapport','lire','r',0),(50430,'Define and close a fiscal year','accounting',1,'fiscalyear',NULL,'r',0),(50440,'Manage chart of accounts, setup of accountancy','accounting',1,'chartofaccount',NULL,'r',0),(55001,'Read surveys','opensurvey',1,'read',NULL,'r',0),(55002,'Create/modify surveys','opensurvey',1,'write',NULL,'w',0),(59001,'Visualiser les marges','margins',1,'liretous',NULL,'r',1),(59002,'Définir les marges','margins',1,'creer',NULL,'w',0),(59003,'Read every user margin','margins',1,'read','all','r',0),(63001,'Read resources','resource',1,'read',NULL,'w',1),(63002,'Create/Modify resources','resource',1,'write',NULL,'w',0),(63003,'Delete resources','resource',1,'delete',NULL,'w',0),(63004,'Link resources','resource',1,'link',NULL,'w',0),(64001,'DirectPrint','printing',1,'read',NULL,'r',0),(101250,'Read surveys','opensurvey',2,'survey','read','r',0),(101251,'Create/modify surveys','opensurvey',2,'survey','write','w',0),(400051,'Use POS','pos',2,'frontend',NULL,'a',1),(400052,'Use Backend','pos',2,'backend',NULL,'a',1),(400053,'Make Transfers','pos',2,'transfer',NULL,'a',1),(400055,'Stats','pos',2,'stats',NULL,'a',1);

--
-- Table structure for table `llx_societe`
--

CREATE TABLE `llx_societe` (
  `rowid` int(11) NOT NULL AUTO_INCREMENT,
  `statut` tinyint(4) DEFAULT '0',
  `parent` int(11) DEFAULT NULL,
  `tms` timestamp NOT NULL DEFAULT CURRENT_TIMESTAMP ON UPDATE CURRENT_TIMESTAMP,
  `datec` datetime DEFAULT NULL,
  `nom` varchar(128) DEFAULT NULL,
  `entity` int(11) NOT NULL DEFAULT '1',
  `ref_ext` varchar(128) DEFAULT NULL,
  `ref_int` varchar(60) DEFAULT NULL,
  `code_client` varchar(24) DEFAULT NULL,
  `code_fournisseur` varchar(24) DEFAULT NULL,
  `code_compta` varchar(24) DEFAULT NULL,
  `code_compta_fournisseur` varchar(24) DEFAULT NULL,
  `address` varchar(255) DEFAULT NULL,
  `zip` varchar(25) DEFAULT NULL,
  `town` varchar(50) DEFAULT NULL,
  `fk_departement` int(11) DEFAULT '0',
  `fk_pays` int(11) DEFAULT '0',
  `phone` varchar(20) DEFAULT NULL,
  `fax` varchar(20) DEFAULT NULL,
  `url` varchar(255) DEFAULT NULL,
  `email` varchar(128) DEFAULT NULL,
  `skype` varchar(255) DEFAULT NULL,
  `fk_effectif` int(11) DEFAULT '0',
  `fk_typent` int(11) DEFAULT '0',
  `fk_forme_juridique` int(11) DEFAULT '0',
  `fk_currency` varchar(3) DEFAULT NULL,
  `siren` varchar(128) DEFAULT NULL,
  `siret` varchar(128) DEFAULT NULL,
  `ape` varchar(128) DEFAULT NULL,
  `idprof4` varchar(128) DEFAULT NULL,
  `tva_intra` varchar(20) DEFAULT NULL,
  `capital` double DEFAULT NULL,
  `fk_stcomm` int(11) NOT NULL DEFAULT '0',
  `note_private` text,
  `note_public` text,
  `prefix_comm` varchar(5) DEFAULT NULL,
  `client` tinyint(4) DEFAULT '0',
  `fournisseur` tinyint(4) DEFAULT '0',
  `supplier_account` varchar(32) DEFAULT NULL,
  `fk_prospectlevel` varchar(12) DEFAULT NULL,
  `customer_bad` tinyint(4) DEFAULT '0',
  `customer_rate` double DEFAULT '0',
  `supplier_rate` double DEFAULT '0',
  `fk_user_creat` int(11) DEFAULT NULL,
  `fk_user_modif` int(11) DEFAULT NULL,
  `remise_client` double DEFAULT '0',
  `mode_reglement` tinyint(4) DEFAULT NULL,
  `cond_reglement` tinyint(4) DEFAULT NULL,
  `mode_reglement_supplier` int(11) DEFAULT NULL,
  `outstanding_limit` double(24,8) DEFAULT NULL,
  `cond_reglement_supplier` int(11) DEFAULT NULL,
  `fk_shipping_method` int(11) DEFAULT NULL,
  `tva_assuj` tinyint(4) DEFAULT '1',
  `localtax1_assuj` tinyint(4) DEFAULT '0',
  `localtax1_value` double(6,3) DEFAULT NULL,
  `localtax2_assuj` tinyint(4) DEFAULT '0',
  `localtax2_value` double(6,3) DEFAULT NULL,
  `barcode` varchar(255) DEFAULT NULL,
  `price_level` int(11) DEFAULT NULL,
  `default_lang` varchar(6) DEFAULT NULL,
  `canvas` varchar(32) DEFAULT NULL,
  `import_key` varchar(14) DEFAULT NULL,
  `status` tinyint(4) DEFAULT '1',
  `logo` varchar(255) DEFAULT NULL,
  `idprof5` varchar(128) DEFAULT NULL,
  `idprof6` varchar(128) DEFAULT NULL,
  `fk_barcode_type` int(11) DEFAULT '0',
  `webservices_url` varchar(255) DEFAULT NULL,
  `webservices_key` varchar(128) DEFAULT NULL,
  `name_alias` varchar(128) DEFAULT NULL,
  `fk_incoterms` int(11) DEFAULT NULL,
  `location_incoterms` varchar(255) DEFAULT NULL,
  `model_pdf` varchar(255) DEFAULT NULL,
  `fk_multicurrency` int(11) DEFAULT NULL,
  `multicurrency_code` varchar(255) DEFAULT NULL,
  `fk_account` int(11) DEFAULT NULL,
  PRIMARY KEY (`rowid`),
  UNIQUE KEY `uk_societe_prefix_comm` (`prefix_comm`,`entity`),
  UNIQUE KEY `uk_societe_code_client` (`code_client`,`entity`),
  UNIQUE KEY `uk_societe_barcode` (`barcode`,`fk_barcode_type`,`entity`),
  UNIQUE KEY `uk_societe_code_fournisseur` (`code_fournisseur`,`entity`),
  KEY `idx_societe_user_creat` (`fk_user_creat`),
  KEY `idx_societe_user_modif` (`fk_user_modif`),
  KEY `idx_societe_barcode` (`barcode`)
) ENGINE=InnoDB AUTO_INCREMENT=27 DEFAULT CHARSET=utf8;

--
-- Dumping data for table `llx_societe`
--

INSERT INTO `llx_societe` VALUES (1,0,NULL,'2016-01-16 15:21:09','2010-07-08 14:21:44','Indian SAS',1,NULL,NULL,'CU1212-0007','SU1212-0005','7050','6050','1 alalah road',NULL,'Delhi',0,117,NULL,NULL,NULL,NULL,NULL,NULL,4,NULL,'0','','','','','',5000,1,NULL,NULL,NULL,1,1,NULL,NULL,0,0,0,1,12,0,NULL,NULL,NULL,NULL,NULL,NULL,1,NULL,0.000,NULL,0.000,NULL,NULL,'en_IN',NULL,NULL,1,'indiancompany.png','','',0,NULL,NULL,'',0,NULL,NULL,NULL,NULL,NULL),(2,0,NULL,'2016-07-30 11:45:49','2010-07-08 14:23:48','Teclib',1,NULL,NULL,'CU1108-0001','SU1108-0001','411CU11080001','401SU11080001','',NULL,'Paris',0,1,NULL,NULL,'www.teclib.com',NULL,NULL,4,3,57,'0','123456789','','ACE14','','',400000,0,NULL,NULL,NULL,3,1,NULL,'',0,0,0,1,12,0,NULL,NULL,NULL,NULL,NULL,NULL,1,0,0.000,NULL,0.000,NULL,NULL,'fr_FR',NULL,NULL,1,'teclibcompany.png','','',0,NULL,NULL,'',0,NULL,NULL,0,'',NULL),(3,0,NULL,'2017-02-16 00:47:25','2010-07-08 22:42:12','Spanish Comp',1,NULL,NULL,'SPANISHCOMP','SU1601-0009',NULL,NULL,'1 via mallere',NULL,'Madrid',123,4,NULL,NULL,NULL,NULL,NULL,3,4,408,'0','','','','','',10000,0,NULL,NULL,NULL,1,1,NULL,NULL,0,0,0,1,12,0,NULL,NULL,NULL,NULL,NULL,NULL,1,NULL,0.000,NULL,0.000,NULL,NULL,'es_AR',NULL,NULL,1,'spanishcompany.png','','',0,NULL,NULL,'',0,NULL,NULL,NULL,NULL,NULL),(4,0,NULL,'2016-01-22 17:24:53','2010-07-08 22:48:18','Prospector Vaalen',1,NULL,NULL,'CU1303-0014',NULL,NULL,NULL,'',NULL,'Bruxelles',103,2,NULL,NULL,NULL,NULL,NULL,3,4,201,'0','12345678','','','','',0,0,NULL,NULL,NULL,3,0,NULL,'PL_LOW',0,0,0,1,12,0,NULL,NULL,NULL,NULL,NULL,NULL,1,NULL,0.000,NULL,0.000,NULL,NULL,NULL,NULL,NULL,1,'valeencompany.png','','',0,NULL,NULL,'',0,NULL,NULL,NULL,NULL,NULL),(5,0,NULL,'2017-02-21 11:01:17','2010-07-08 23:22:57','NoCountry GmBh',1,NULL,NULL,NULL,NULL,NULL,NULL,'',NULL,NULL,0,0,NULL,NULL,NULL,NULL,NULL,NULL,0,NULL,'0','','','','','',0,0,NULL,NULL,NULL,0,0,NULL,'',0,0,0,1,12,0,NULL,NULL,NULL,NULL,NULL,NULL,1,0,0.000,NULL,0.000,NULL,NULL,NULL,NULL,NULL,1,'nocountrycomp.png','','',0,NULL,NULL,'',0,NULL,NULL,1,'EUR',NULL),(6,0,NULL,'2016-01-16 15:35:56','2010-07-09 00:15:09','Swiss Touch',1,NULL,NULL,'CU1601-0018','SU1601-0010',NULL,NULL,'',NULL,'Genevia',0,6,NULL,NULL,NULL,'swisstouch@example.ch',NULL,2,2,601,'0','','','','','',56000,0,NULL,NULL,NULL,3,1,NULL,NULL,0,0,0,1,12,0,NULL,NULL,NULL,NULL,NULL,NULL,1,NULL,0.000,NULL,0.000,NULL,NULL,NULL,NULL,NULL,1,'swisstouch.png','','',0,NULL,NULL,'',0,NULL,NULL,NULL,NULL,NULL),(7,0,NULL,'2016-01-16 15:38:32','2010-07-09 01:24:26','Generic customer',1,NULL,NULL,'CU1302-0011',NULL,NULL,NULL,'',NULL,NULL,0,7,NULL,NULL,NULL,'ttt@ttt.com',NULL,NULL,8,NULL,'0','','','','','',0,0,'Generic customer to use for Point Of Sale module.<br />',NULL,NULL,1,0,NULL,NULL,0,0,0,1,12,0,NULL,NULL,NULL,NULL,NULL,NULL,1,NULL,0.000,NULL,0.000,NULL,NULL,NULL,NULL,NULL,1,'genericcustomer.png','','',0,NULL,NULL,'',0,NULL,NULL,NULL,NULL,NULL),(10,0,NULL,'2016-01-16 15:44:20','2010-07-10 15:13:08','NLTechno',1,NULL,NULL,'CU1212-0005','SU1601-0011',NULL,NULL,'',NULL,NULL,0,1,NULL,NULL,NULL,'notanemail@nltechno.com',NULL,1,4,54,'0','493861496','49386149600039','6209Z','22-01-2007','FR123456789',10000,0,NULL,NULL,NULL,1,1,NULL,NULL,0,0,0,1,12,0,NULL,NULL,NULL,NULL,NULL,NULL,1,NULL,0.000,NULL,0.000,'123456789012',NULL,'fr_FR',NULL,NULL,1,'logo_nltechno_94x100.png','','',0,NULL,NULL,'The OpenSource company',0,NULL,NULL,NULL,NULL,NULL),(11,0,NULL,'2017-05-12 09:06:31','2010-07-10 18:35:57','Company Corp 1',1,NULL,NULL,'CU1510-0017',NULL,'7051',NULL,'21 Green Hill street','75500','Los Angeles',0,11,'444123456',NULL,'companycorp1.com','companycorp1@example.com','corp1',1,1,NULL,'0','AB1234567','','','','USABS123',10000,0,NULL,NULL,NULL,3,0,NULL,'PL_LOW',0,0,0,1,12,0,NULL,NULL,NULL,NULL,NULL,NULL,1,0,0.000,NULL,0.000,NULL,NULL,'en_US',NULL,NULL,1,'comapnycorp1company.png','','',0,NULL,NULL,'',0,NULL,NULL,1,'EUR',NULL),(12,0,NULL,'2016-01-22 16:41:56','2010-07-11 16:18:08','Dupont Alain',1,NULL,NULL,'CU1601-0019',NULL,NULL,NULL,'',NULL,NULL,0,1,NULL,NULL,NULL,'dalain@example.com',NULL,NULL,0,NULL,'0','','','','','',0,0,NULL,NULL,NULL,1,0,NULL,NULL,0,0,0,1,12,0,NULL,NULL,NULL,NULL,NULL,NULL,1,NULL,0.000,NULL,0.000,NULL,NULL,NULL,NULL,NULL,1,'pierrecurie.jpg','','',0,NULL,NULL,'',0,NULL,NULL,NULL,NULL,NULL),(13,0,NULL,'2016-01-22 17:13:16','2010-07-11 17:13:20','Company Corp 2',1,NULL,NULL,NULL,'SU1510-0008',NULL,NULL,'',NULL,NULL,0,1,NULL,NULL,NULL,NULL,NULL,NULL,0,NULL,'0','','','','','',0,0,NULL,NULL,NULL,0,1,NULL,NULL,0,0,0,1,12,0,NULL,NULL,NULL,NULL,NULL,NULL,1,NULL,0.000,NULL,0.000,NULL,NULL,NULL,NULL,NULL,1,'companycorp2company.png','','',0,NULL,NULL,'',0,NULL,NULL,NULL,NULL,NULL),(17,0,NULL,'2017-02-15 22:55:34','2011-08-01 02:41:26','Book Keeping Company',1,NULL,NULL,'CU1108-0004','SU1108-0004',NULL,'401SU11080004','The French Company',NULL,NULL,0,1,NULL,NULL,NULL,NULL,NULL,1,0,NULL,'0','','','','','',0,0,NULL,NULL,NULL,0,1,NULL,'',0,0,0,1,12,0,NULL,NULL,NULL,NULL,NULL,NULL,1,0,0.000,NULL,0.000,NULL,NULL,NULL,NULL,NULL,1,'bookkeepercompany.png','','',0,NULL,NULL,'',0,NULL,NULL,1,'EUR',NULL),(19,0,NULL,'2017-02-21 11:51:40','2013-01-12 12:23:05','Magic Food Store',1,NULL,NULL,'CU1301-0008',NULL,NULL,NULL,'65 holdywood boulevard','123456','BigTown',0,4,NULL,'0101',NULL,'myemail@domain.com',NULL,NULL,0,NULL,'0','','','10/10/2010','','',0,0,NULL,NULL,NULL,1,0,NULL,NULL,0,0,0,1,12,0,NULL,NULL,NULL,NULL,NULL,NULL,0,NULL,0.000,NULL,0.000,NULL,NULL,'en_US','patient@cabinetmed',NULL,1,'magicfoodstore.png','','',0,NULL,NULL,'',0,NULL,'sepamandate',NULL,NULL,NULL),(25,0,NULL,'2016-01-22 17:21:17','2013-03-10 15:47:37','Print Company',1,NULL,NULL,'CU1303-0016','SU1303-0007',NULL,NULL,'21 Gutenberg street','45600','Berlin',0,5,NULL,NULL,NULL,'printcompany@example.com',NULL,NULL,0,NULL,'0','','','','','',0,0,NULL,NULL,NULL,0,1,NULL,NULL,0,0,0,1,12,0,NULL,NULL,NULL,NULL,NULL,NULL,1,NULL,0.000,NULL,0.000,NULL,NULL,'de_DE',NULL,NULL,1,'printcompany.png','','',0,NULL,NULL,'',0,NULL,NULL,NULL,NULL,NULL),(26,0,NULL,'2017-02-21 00:05:05','2017-02-12 23:17:04','Patient SuperIll',1,NULL,NULL,'CU1702-0020',NULL,'411CU17020020',NULL,'',NULL,NULL,0,14,NULL,NULL,NULL,NULL,NULL,NULL,0,NULL,NULL,'','','','','',NULL,0,NULL,NULL,NULL,3,0,NULL,'',0,0,0,12,12,0,NULL,NULL,NULL,NULL,NULL,NULL,NULL,NULL,0.000,NULL,0.000,NULL,NULL,'en_US','patient@cabinetmed',NULL,1,NULL,'','',0,NULL,NULL,'',0,NULL,NULL,0,'',NULL);

--
-- Table structure for table `llx_societe_address`
--

CREATE TABLE `llx_societe_address` (
  `rowid` int(11) NOT NULL AUTO_INCREMENT,
  `datec` datetime DEFAULT NULL,
  `tms` timestamp NOT NULL DEFAULT CURRENT_TIMESTAMP ON UPDATE CURRENT_TIMESTAMP,
  `label` varchar(30) DEFAULT NULL,
  `fk_soc` int(11) DEFAULT '0',
  `name` varchar(60) DEFAULT NULL,
  `address` varchar(255) DEFAULT NULL,
  `zip` varchar(10) DEFAULT NULL,
  `town` varchar(50) DEFAULT NULL,
  `fk_pays` int(11) DEFAULT '0',
  `phone` varchar(20) DEFAULT NULL,
  `fax` varchar(20) DEFAULT NULL,
  `note` text,
  `fk_user_creat` int(11) DEFAULT NULL,
  `fk_user_modif` int(11) DEFAULT NULL,
  PRIMARY KEY (`rowid`)
) ENGINE=InnoDB DEFAULT CHARSET=utf8;

--
-- Dumping data for table `llx_societe_address`
--


--
-- Table structure for table `llx_societe_commerciaux`
--

CREATE TABLE `llx_societe_commerciaux` (
  `rowid` int(11) NOT NULL AUTO_INCREMENT,
  `fk_soc` int(11) DEFAULT NULL,
  `fk_user` int(11) DEFAULT NULL,
  `import_key` varchar(14) DEFAULT NULL,
  PRIMARY KEY (`rowid`),
  UNIQUE KEY `uk_societe_commerciaux` (`fk_soc`,`fk_user`)
) ENGINE=InnoDB AUTO_INCREMENT=12 DEFAULT CHARSET=utf8;

--
-- Dumping data for table `llx_societe_commerciaux`
--

INSERT INTO `llx_societe_commerciaux` VALUES (1,2,2,NULL),(2,3,2,NULL),(5,17,1,NULL),(6,19,1,NULL),(8,19,3,NULL),(9,11,16,NULL),(10,13,17,NULL),(11,26,12,NULL);

--
-- Table structure for table `llx_societe_extrafields`
--

CREATE TABLE `llx_societe_extrafields` (
  `rowid` int(11) NOT NULL AUTO_INCREMENT,
  `tms` timestamp NOT NULL DEFAULT CURRENT_TIMESTAMP ON UPDATE CURRENT_TIMESTAMP,
  `fk_object` int(11) NOT NULL,
  `import_key` varchar(14) DEFAULT NULL,
  PRIMARY KEY (`rowid`),
  UNIQUE KEY `uk_societe_extrafields` (`fk_object`)
) ENGINE=InnoDB AUTO_INCREMENT=98 DEFAULT CHARSET=utf8;

--
-- Dumping data for table `llx_societe_extrafields`
--

INSERT INTO `llx_societe_extrafields` VALUES (75,'2016-01-22 16:40:03',10,NULL),(77,'2016-01-22 16:41:56',12,NULL),(79,'2016-01-22 17:13:16',13,NULL),(81,'2016-01-22 17:18:08',19,NULL),(82,'2016-01-22 17:21:17',25,NULL),(83,'2016-01-22 17:21:51',1,NULL),(85,'2016-01-22 17:22:32',3,NULL),(86,'2016-01-22 17:24:53',4,NULL),(88,'2016-01-22 17:25:26',6,NULL),(89,'2016-01-22 17:25:41',7,NULL),(92,'2016-07-30 11:45:49',2,NULL),(94,'2017-02-15 22:55:34',17,NULL),(95,'2017-02-21 00:05:05',26,NULL),(96,'2017-02-21 11:01:17',5,NULL),(97,'2017-05-12 09:06:31',11,NULL);

--
-- Table structure for table `llx_societe_log`
--

CREATE TABLE `llx_societe_log` (
  `id` int(11) NOT NULL AUTO_INCREMENT,
  `datel` datetime DEFAULT NULL,
  `fk_soc` int(11) DEFAULT NULL,
  `fk_statut` int(11) DEFAULT NULL,
  `fk_user` int(11) DEFAULT NULL,
  `author` varchar(30) DEFAULT NULL,
  `label` varchar(128) DEFAULT NULL,
  PRIMARY KEY (`id`)
) ENGINE=InnoDB DEFAULT CHARSET=utf8;

--
-- Dumping data for table `llx_societe_log`
--


--
-- Table structure for table `llx_societe_prices`
--

CREATE TABLE `llx_societe_prices` (
  `rowid` int(11) NOT NULL AUTO_INCREMENT,
  `fk_soc` int(11) DEFAULT '0',
  `tms` timestamp NULL DEFAULT NULL,
  `datec` datetime DEFAULT NULL,
  `fk_user_author` int(11) DEFAULT NULL,
  `price_level` tinyint(4) DEFAULT '1',
  PRIMARY KEY (`rowid`)
) ENGINE=InnoDB DEFAULT CHARSET=utf8;

--
-- Dumping data for table `llx_societe_prices`
--


--
-- Table structure for table `llx_societe_remise`
--

CREATE TABLE `llx_societe_remise` (
  `rowid` int(11) NOT NULL AUTO_INCREMENT,
  `entity` int(11) NOT NULL DEFAULT '1',
  `fk_soc` int(11) NOT NULL,
  `tms` timestamp NOT NULL DEFAULT CURRENT_TIMESTAMP ON UPDATE CURRENT_TIMESTAMP,
  `datec` datetime DEFAULT NULL,
  `fk_user_author` int(11) DEFAULT NULL,
  `remise_client` double(6,3) NOT NULL DEFAULT '0.000',
  `note` text,
  PRIMARY KEY (`rowid`)
) ENGINE=InnoDB DEFAULT CHARSET=utf8;

--
-- Dumping data for table `llx_societe_remise`
--


--
-- Table structure for table `llx_societe_remise_except`
--

CREATE TABLE `llx_societe_remise_except` (
  `rowid` int(11) NOT NULL AUTO_INCREMENT,
  `entity` int(11) NOT NULL DEFAULT '1',
  `fk_soc` int(11) NOT NULL,
  `datec` datetime DEFAULT NULL,
  `amount_ht` double(24,8) NOT NULL,
  `amount_tva` double(24,8) NOT NULL DEFAULT '0.00000000',
  `amount_ttc` double(24,8) NOT NULL DEFAULT '0.00000000',
  `tva_tx` double(6,3) NOT NULL DEFAULT '0.000',
  `fk_user` int(11) NOT NULL,
  `fk_facture_line` int(11) DEFAULT NULL,
  `fk_facture` int(11) DEFAULT NULL,
  `fk_facture_source` int(11) DEFAULT NULL,
  `description` text NOT NULL,
  `multicurrency_amount_ht` double(24,8) NOT NULL DEFAULT '0.00000000',
  `multicurrency_amount_tva` double(24,8) NOT NULL DEFAULT '0.00000000',
  `multicurrency_amount_ttc` double(24,8) NOT NULL DEFAULT '0.00000000',
  PRIMARY KEY (`rowid`),
  KEY `idx_societe_remise_except_fk_user` (`fk_user`),
  KEY `idx_societe_remise_except_fk_soc` (`fk_soc`),
  KEY `idx_societe_remise_except_fk_facture_line` (`fk_facture_line`),
  KEY `idx_societe_remise_except_fk_facture` (`fk_facture`),
  KEY `idx_societe_remise_except_fk_facture_source` (`fk_facture_source`),
  CONSTRAINT `fk_societe_remise_fk_facture` FOREIGN KEY (`fk_facture`) REFERENCES `llx_facture` (`rowid`),
  CONSTRAINT `fk_societe_remise_fk_facture_line` FOREIGN KEY (`fk_facture_line`) REFERENCES `llx_facturedet` (`rowid`),
  CONSTRAINT `fk_societe_remise_fk_facture_source` FOREIGN KEY (`fk_facture_source`) REFERENCES `llx_facture` (`rowid`),
  CONSTRAINT `fk_societe_remise_fk_soc` FOREIGN KEY (`fk_soc`) REFERENCES `llx_societe` (`rowid`),
  CONSTRAINT `fk_societe_remise_fk_user` FOREIGN KEY (`fk_user`) REFERENCES `llx_user` (`rowid`),
  CONSTRAINT `fk_soc_remise_fk_facture_line` FOREIGN KEY (`fk_facture_line`) REFERENCES `llx_facturedet` (`rowid`),
  CONSTRAINT `fk_soc_remise_fk_soc` FOREIGN KEY (`fk_soc`) REFERENCES `llx_societe` (`rowid`)
) ENGINE=InnoDB AUTO_INCREMENT=3 DEFAULT CHARSET=utf8;

--
-- Dumping data for table `llx_societe_remise_except`
--

INSERT INTO `llx_societe_remise_except` VALUES (2,1,19,'2013-03-19 09:36:15',10.00000000,1.25000000,11.25000000,12.500,1,NULL,NULL,NULL,'hfghgf',0.00000000,0.00000000,0.00000000);

--
-- Table structure for table `llx_societe_rib`
--

CREATE TABLE `llx_societe_rib` (
  `rowid` int(11) NOT NULL AUTO_INCREMENT,
  `fk_soc` int(11) NOT NULL,
  `datec` datetime DEFAULT NULL,
  `tms` timestamp NOT NULL DEFAULT CURRENT_TIMESTAMP ON UPDATE CURRENT_TIMESTAMP,
  `label` varchar(30) DEFAULT NULL,
  `bank` varchar(255) DEFAULT NULL,
  `code_banque` varchar(128) DEFAULT NULL,
  `code_guichet` varchar(6) DEFAULT NULL,
  `number` varchar(255) DEFAULT NULL,
  `cle_rib` varchar(5) DEFAULT NULL,
  `bic` varchar(20) DEFAULT NULL,
  `iban_prefix` varchar(34) DEFAULT NULL,
  `domiciliation` varchar(255) DEFAULT NULL,
  `proprio` varchar(60) DEFAULT NULL,
  `owner_address` text,
  `default_rib` tinyint(4) NOT NULL DEFAULT '0',
  `rum` varchar(32) DEFAULT NULL,
  `date_rum` date DEFAULT NULL,
  `frstrecur` varchar(16) DEFAULT 'FRST',
  `import_key` varchar(14) DEFAULT NULL,
  PRIMARY KEY (`rowid`)
) ENGINE=InnoDB AUTO_INCREMENT=2 DEFAULT CHARSET=utf8;

--
-- Dumping data for table `llx_societe_rib`
--

INSERT INTO `llx_societe_rib` VALUES (1,19,'2017-02-21 15:50:32','2017-02-21 11:53:08','Morgan Bank','Morgan Bank','','','','','PSPBFIHH','ES80 2310 0001 1800 0001 2345','Royal via,\r\nMadrid','Mr Esposito','10 via ferrata,\r\nMadrid',1,'RUM1301-0008-0',NULL,'FRST',NULL);

--
-- Table structure for table `llx_socpeople`
--

CREATE TABLE `llx_socpeople` (
  `rowid` int(11) NOT NULL AUTO_INCREMENT,
  `datec` datetime DEFAULT NULL,
  `tms` timestamp NOT NULL DEFAULT CURRENT_TIMESTAMP ON UPDATE CURRENT_TIMESTAMP,
  `fk_soc` int(11) DEFAULT NULL,
  `entity` int(11) NOT NULL DEFAULT '1',
  `ref_ext` varchar(128) DEFAULT NULL,
  `civility` varchar(6) DEFAULT NULL,
  `lastname` varchar(50) DEFAULT NULL,
  `firstname` varchar(50) DEFAULT NULL,
  `address` varchar(255) DEFAULT NULL,
  `zip` varchar(10) DEFAULT NULL,
  `town` text,
  `fk_departement` int(11) DEFAULT NULL,
  `fk_pays` int(11) DEFAULT '0',
  `birthday` date DEFAULT NULL,
  `poste` varchar(80) DEFAULT NULL,
  `phone` varchar(30) DEFAULT NULL,
  `phone_perso` varchar(30) DEFAULT NULL,
  `phone_mobile` varchar(30) DEFAULT NULL,
  `fax` varchar(30) DEFAULT NULL,
  `email` varchar(255) DEFAULT NULL,
  `jabberid` varchar(255) DEFAULT NULL,
  `skype` varchar(255) DEFAULT NULL,
  `photo` varchar(255) DEFAULT NULL,
  `priv` smallint(6) NOT NULL DEFAULT '0',
  `no_email` smallint(6) NOT NULL DEFAULT '0',
  `fk_user_creat` int(11) DEFAULT '0',
  `fk_user_modif` int(11) DEFAULT NULL,
  `note_private` text,
  `note_public` text,
  `default_lang` varchar(6) DEFAULT NULL,
  `canvas` varchar(32) DEFAULT NULL,
  `import_key` varchar(14) DEFAULT NULL,
  `statut` tinyint(4) NOT NULL DEFAULT '1',
  PRIMARY KEY (`rowid`),
  KEY `idx_socpeople_fk_soc` (`fk_soc`),
  KEY `idx_socpeople_fk_user_creat` (`fk_user_creat`),
  CONSTRAINT `fk_socpeople_fk_soc` FOREIGN KEY (`fk_soc`) REFERENCES `llx_societe` (`rowid`),
  CONSTRAINT `fk_socpeople_user_creat_user_rowid` FOREIGN KEY (`fk_user_creat`) REFERENCES `llx_user` (`rowid`)
) ENGINE=InnoDB AUTO_INCREMENT=13 DEFAULT CHARSET=utf8;

--
-- Dumping data for table `llx_socpeople`
--

INSERT INTO `llx_socpeople` VALUES (1,'2010-07-08 14:26:14','2016-01-16 15:07:51',1,1,NULL,'MR','Indra','Mahala','','','',297,117,'2010-07-08','Project leader','','','','','','','',NULL,0,0,1,12,'Met during a congress at Dubai','',NULL,NULL,NULL,1),(2,'2010-07-08 22:44:50','2010-07-08 20:59:57',NULL,1,NULL,'MR','Freeman','Public','','','',200,11,NULL,'','','','','','','',NULL,NULL,0,0,1,1,'A friend that is a free contact not linked to any company',NULL,NULL,NULL,NULL,1),(3,'2010-07-08 22:59:02','2016-01-22 17:30:07',NULL,1,NULL,'MR','Mywife','Nicy','','','',NULL,11,'1980-10-03','','','','','','','','',NULL,1,0,1,12,'This is a private contact','',NULL,NULL,NULL,1),(4,'2010-07-09 00:16:58','2010-07-08 22:16:58',6,1,NULL,'MR','Rotchield','Evan','','','',NULL,6,NULL,'Bank director','','','','','','',NULL,NULL,0,0,1,1,'The bank director',NULL,NULL,NULL,NULL,1),(6,'2011-08-01 02:41:26','2016-01-22 17:29:53',17,1,NULL,'','Bookkeeper','Bob','99 account street','123456','BigTown',NULL,4,NULL,'book keeper','','','','','','','',NULL,0,0,1,12,'','',NULL,NULL,NULL,1),(7,'2016-07-30 16:11:06','2016-07-30 12:16:07',NULL,1,'','MR','Dad','','','','',NULL,14,'1967-09-04','','','','','','','','','',1,0,12,12,'','',NULL,NULL,NULL,1),(8,'2016-07-30 16:13:03','2016-07-30 12:15:58',NULL,1,'','MLE','Mom','','','','',NULL,14,NULL,'','','','','','','','','',1,0,12,12,'','',NULL,NULL,NULL,1),(9,'2016-07-30 16:14:41','2016-07-30 12:15:51',NULL,1,'','MR','Francky','','','89455','Virigia',NULL,205,'1980-07-09','Baker','555-98989898','','','','francky@example.com','','','',0,0,12,12,'','',NULL,NULL,NULL,1),(10,'2016-07-30 16:26:22','2016-07-30 12:52:38',10,1,'','MR','Eldy','','','33600','Pessac',NULL,1,'1972-10-10','Dolibarr project leader','','','','','demo@example.com','','','ldestailleur_200x200.jpg',0,0,NULL,12,'','',NULL,NULL,NULL,1),(11,'2017-05-12 13:16:36','2017-05-12 09:18:20',11,1,'','MR','Smith','Laurent','45 Big road','897','Seattle',NULL,11,NULL,'Director','','','','','','','','ldestailleur_200x200.png',0,0,12,12,'','',NULL,NULL,NULL,1),(12,'2017-05-12 13:19:31','2017-05-12 09:19:42',11,1,'','MR','Einstein','','','','',NULL,11,NULL,'Genius','333444555','','','','genius@example.com','','','Einstein.jpg',0,0,12,12,'','',NULL,NULL,NULL,1);

--
-- Table structure for table `llx_socpeople_extrafields`
--

CREATE TABLE `llx_socpeople_extrafields` (
  `rowid` int(11) NOT NULL AUTO_INCREMENT,
  `tms` timestamp NOT NULL DEFAULT CURRENT_TIMESTAMP ON UPDATE CURRENT_TIMESTAMP,
  `fk_object` int(11) NOT NULL,
  `import_key` varchar(14) DEFAULT NULL,
  PRIMARY KEY (`rowid`),
  KEY `idx_socpeople_extrafields` (`fk_object`)
) ENGINE=InnoDB DEFAULT CHARSET=utf8;

--
-- Dumping data for table `llx_socpeople_extrafields`
--


--
-- Table structure for table `llx_stock_mouvement`
--

CREATE TABLE `llx_stock_mouvement` (
  `rowid` int(11) NOT NULL AUTO_INCREMENT,
  `tms` timestamp NOT NULL DEFAULT CURRENT_TIMESTAMP ON UPDATE CURRENT_TIMESTAMP,
  `datem` datetime DEFAULT NULL,
  `fk_product` int(11) NOT NULL,
  `fk_entrepot` int(11) NOT NULL,
  `value` double DEFAULT NULL,
  `price` double(24,8) DEFAULT '0.00000000',
  `type_mouvement` smallint(6) DEFAULT NULL,
  `fk_user_author` int(11) DEFAULT NULL,
  `label` varchar(255) DEFAULT NULL,
  `fk_origin` int(11) DEFAULT NULL,
  `origintype` varchar(32) DEFAULT NULL,
  `inventorycode` varchar(128) DEFAULT NULL,
  `batch` varchar(30) DEFAULT NULL,
  `eatby` date DEFAULT NULL,
  `sellby` date DEFAULT NULL,
  PRIMARY KEY (`rowid`),
  KEY `idx_stock_mouvement_fk_product` (`fk_product`),
  KEY `idx_stock_mouvement_fk_entrepot` (`fk_entrepot`)
) ENGINE=InnoDB AUTO_INCREMENT=18 DEFAULT CHARSET=utf8;

--
-- Dumping data for table `llx_stock_mouvement`
--

INSERT INTO `llx_stock_mouvement` VALUES (1,'2010-07-08 22:43:51','2010-07-09 00:43:51',2,2,1000,0.00000000,0,1,'Correct stock',NULL,NULL,NULL,NULL,NULL,NULL),(3,'2010-07-10 22:56:18','2010-07-11 00:56:18',4,2,500,0.00000000,0,1,'Init',NULL,NULL,NULL,NULL,NULL,NULL),(4,'2010-07-10 23:02:20','2010-07-11 01:02:20',4,2,500,0.00000000,0,1,'',NULL,NULL,NULL,NULL,NULL,NULL),(5,'2010-07-11 16:49:44','2010-07-11 18:49:44',4,1,2,10.00000000,3,1,'',NULL,NULL,NULL,NULL,NULL,NULL),(6,'2010-07-11 16:49:44','2010-07-11 18:49:44',1,1,4,0.00000000,3,1,'',NULL,NULL,NULL,NULL,NULL,NULL),(7,'2013-01-19 17:22:48','2013-01-19 18:22:48',11,1,-1,0.00000000,2,1,'Facture cr&eacute;&eacute;e dans DoliPOS',NULL,NULL,NULL,NULL,NULL,NULL),(8,'2013-01-19 17:22:48','2013-01-19 18:22:48',4,1,-1,5.00000000,2,1,'Facture cr&eacute;&eacute;e dans DoliPOS',NULL,NULL,NULL,NULL,NULL,NULL),(9,'2013-01-19 17:22:48','2013-01-19 18:22:48',1,1,-2,0.00000000,2,1,'Facture cr&eacute;&eacute;e dans DoliPOS',NULL,NULL,NULL,NULL,NULL,NULL),(10,'2013-01-19 17:31:10','2013-01-19 18:31:10',2,1,-1,0.00000000,2,1,'Facture cr&eacute;&eacute;e dans DoliPOS',NULL,NULL,NULL,NULL,NULL,NULL),(11,'2013-01-19 17:31:58','2013-01-19 18:31:58',2,1,-1,0.00000000,2,1,'Facture cr&eacute;&eacute;e dans DoliPOS',NULL,NULL,NULL,NULL,NULL,NULL),(12,'2016-07-30 13:39:31','2016-07-30 17:39:31',10,2,50,0.00000000,0,12,'Stock correction for product COMP-XP4523',0,'',NULL,'5599887766452',NULL,NULL),(13,'2016-07-30 13:40:12','2016-07-30 17:40:12',10,2,60,0.00000000,0,12,'Stock correction for product COMP-XP4523',0,'',NULL,'4494487766452',NULL,NULL),(14,'2016-07-30 13:40:39','2016-07-30 17:40:39',10,2,-35,0.00000000,1,12,'Stock transfer of product COMP-XP4523 into another warehouse',0,'','160730174015','5599887766452',NULL,NULL),(15,'2016-07-30 13:40:39','2016-07-30 17:40:39',10,1,35,0.00000000,0,12,'Stock transfer of product COMP-XP4523 into another warehouse',0,'','160730174015','5599887766452',NULL,NULL),(16,'2017-02-15 23:58:08','2017-02-16 03:58:08',10,1,-1,100.00000000,2,12,'Exp&eacute;dition SH1702-0002 valid&eacute;e',3,'shipping',NULL,'5599887766452',NULL,NULL),(17,'2017-02-16 00:12:09','2017-02-16 04:12:09',10,1,1,0.00000000,3,12,'Exp&eacute;dition SH1702-0002 supprim&eacute;e',0,'',NULL,'5599887766452',NULL,NULL);

--
-- Table structure for table `llx_subscription`
--

CREATE TABLE `llx_subscription` (
  `rowid` int(11) NOT NULL AUTO_INCREMENT,
  `tms` timestamp NOT NULL DEFAULT CURRENT_TIMESTAMP ON UPDATE CURRENT_TIMESTAMP,
  `datec` datetime DEFAULT NULL,
  `fk_adherent` int(11) DEFAULT NULL,
  `dateadh` datetime DEFAULT NULL,
  `datef` date DEFAULT NULL,
  `subscription` double DEFAULT NULL,
  `fk_bank` int(11) DEFAULT NULL,
  `note` text COLLATE utf8_unicode_ci,
  PRIMARY KEY (`rowid`),
  UNIQUE KEY `uk_subscription` (`fk_adherent`,`dateadh`)
) ENGINE=InnoDB DEFAULT CHARSET=utf8 COLLATE=utf8_unicode_ci;

--
-- Dumping data for table `llx_subscription`
--


--
-- Table structure for table `llx_supplier_proposal`
--

CREATE TABLE `llx_supplier_proposal` (
  `rowid` int(11) NOT NULL AUTO_INCREMENT,
  `ref` varchar(30) NOT NULL,
  `entity` int(11) NOT NULL DEFAULT '1',
  `ref_ext` varchar(255) DEFAULT NULL,
  `ref_int` varchar(255) DEFAULT NULL,
  `fk_soc` int(11) DEFAULT NULL,
  `fk_projet` int(11) DEFAULT NULL,
  `tms` timestamp NOT NULL DEFAULT CURRENT_TIMESTAMP ON UPDATE CURRENT_TIMESTAMP,
  `datec` datetime DEFAULT NULL,
  `date_valid` datetime DEFAULT NULL,
  `date_cloture` datetime DEFAULT NULL,
  `fk_user_author` int(11) DEFAULT NULL,
  `fk_user_modif` int(11) DEFAULT NULL,
  `fk_user_valid` int(11) DEFAULT NULL,
  `fk_user_cloture` int(11) DEFAULT NULL,
  `fk_statut` smallint(6) NOT NULL DEFAULT '0',
  `price` double DEFAULT '0',
  `remise_percent` double DEFAULT '0',
  `remise_absolue` double DEFAULT '0',
  `remise` double DEFAULT '0',
  `total_ht` double(24,8) DEFAULT '0.00000000',
  `tva` double(24,8) DEFAULT '0.00000000',
  `localtax1` double(24,8) DEFAULT '0.00000000',
  `localtax2` double(24,8) DEFAULT '0.00000000',
  `total` double(24,8) DEFAULT '0.00000000',
  `fk_account` int(11) DEFAULT NULL,
  `fk_currency` varchar(3) DEFAULT NULL,
  `fk_cond_reglement` int(11) DEFAULT NULL,
  `fk_mode_reglement` int(11) DEFAULT NULL,
  `note_private` text,
  `note_public` text,
  `model_pdf` varchar(255) DEFAULT NULL,
  `date_livraison` date DEFAULT NULL,
  `fk_shipping_method` int(11) DEFAULT NULL,
  `import_key` varchar(14) DEFAULT NULL,
  `extraparams` varchar(255) DEFAULT NULL,
  `fk_multicurrency` int(11) DEFAULT NULL,
  `multicurrency_code` varchar(255) DEFAULT NULL,
  `multicurrency_tx` double(24,8) DEFAULT '1.00000000',
  `multicurrency_total_ht` double(24,8) DEFAULT '0.00000000',
  `multicurrency_total_tva` double(24,8) DEFAULT '0.00000000',
  `multicurrency_total_ttc` double(24,8) DEFAULT '0.00000000',
  PRIMARY KEY (`rowid`)
) ENGINE=InnoDB AUTO_INCREMENT=3 DEFAULT CHARSET=utf8;

--
-- Dumping data for table `llx_supplier_proposal`
--

INSERT INTO `llx_supplier_proposal` VALUES (2,'(PROV2)',1,NULL,NULL,10,NULL,'2017-02-17 00:40:50','2017-02-17 04:40:14',NULL,NULL,12,NULL,NULL,NULL,0,0,NULL,NULL,0,200.00000000,0.00000000,0.00000000,0.00000000,200.00000000,NULL,NULL,2,7,'','','aurore','2017-02-17',1,NULL,NULL,1,'EUR',1.00000000,200.00000000,0.00000000,200.00000000);

--
-- Table structure for table `llx_supplier_proposal_extrafields`
--

CREATE TABLE `llx_supplier_proposal_extrafields` (
  `rowid` int(11) NOT NULL AUTO_INCREMENT,
  `tms` timestamp NOT NULL DEFAULT CURRENT_TIMESTAMP ON UPDATE CURRENT_TIMESTAMP,
  `fk_object` int(11) NOT NULL,
  `import_key` varchar(14) DEFAULT NULL,
  PRIMARY KEY (`rowid`)
) ENGINE=InnoDB DEFAULT CHARSET=utf8;

--
-- Dumping data for table `llx_supplier_proposal_extrafields`
--


--
-- Table structure for table `llx_supplier_proposaldet`
--

CREATE TABLE `llx_supplier_proposaldet` (
  `rowid` int(11) NOT NULL AUTO_INCREMENT,
  `fk_supplier_proposal` int(11) NOT NULL,
  `fk_parent_line` int(11) DEFAULT NULL,
  `fk_product` int(11) DEFAULT NULL,
  `label` varchar(255) DEFAULT NULL,
  `description` text,
  `fk_remise_except` int(11) DEFAULT NULL,
  `tva_tx` double(6,3) DEFAULT '0.000',
  `vat_src_code` varchar(10) DEFAULT '',
  `localtax1_tx` double(6,3) DEFAULT '0.000',
  `localtax1_type` varchar(10) DEFAULT NULL,
  `localtax2_tx` double(6,3) DEFAULT '0.000',
  `localtax2_type` varchar(10) DEFAULT NULL,
  `qty` double DEFAULT NULL,
  `remise_percent` double DEFAULT '0',
  `remise` double DEFAULT '0',
  `price` double DEFAULT NULL,
  `subprice` double(24,8) DEFAULT '0.00000000',
  `total_ht` double(24,8) DEFAULT '0.00000000',
  `total_tva` double(24,8) DEFAULT '0.00000000',
  `total_localtax1` double(24,8) DEFAULT '0.00000000',
  `total_localtax2` double(24,8) DEFAULT '0.00000000',
  `total_ttc` double(24,8) DEFAULT '0.00000000',
  `product_type` int(11) DEFAULT '0',
  `info_bits` int(11) DEFAULT '0',
  `buy_price_ht` double(24,8) DEFAULT '0.00000000',
  `fk_product_fournisseur_price` int(11) DEFAULT NULL,
  `special_code` int(11) DEFAULT '0',
  `rang` int(11) DEFAULT '0',
  `ref_fourn` varchar(30) DEFAULT NULL,
  `fk_multicurrency` int(11) DEFAULT NULL,
  `multicurrency_code` varchar(255) DEFAULT NULL,
  `multicurrency_subprice` double(24,8) DEFAULT '0.00000000',
  `multicurrency_total_ht` double(24,8) DEFAULT '0.00000000',
  `multicurrency_total_tva` double(24,8) DEFAULT '0.00000000',
  `multicurrency_total_ttc` double(24,8) DEFAULT '0.00000000',
  `fk_unit` int(11) DEFAULT NULL,
  PRIMARY KEY (`rowid`)
) ENGINE=InnoDB AUTO_INCREMENT=3 DEFAULT CHARSET=utf8;

--
-- Dumping data for table `llx_supplier_proposaldet`
--

INSERT INTO `llx_supplier_proposaldet` VALUES (2,2,NULL,NULL,NULL,'A powerfull computer with 8Gb memory.',NULL,0.000,'',0.000,'0',0.000,'0',1,0,0,NULL,200.00000000,200.00000000,0.00000000,0.00000000,0.00000000,200.00000000,0,0,0.00000000,NULL,0,1,'',1,'EUR',200.00000000,200.00000000,0.00000000,200.00000000,NULL);

--
-- Table structure for table `llx_supplier_proposaldet_extrafields`
--

CREATE TABLE `llx_supplier_proposaldet_extrafields` (
  `rowid` int(11) NOT NULL AUTO_INCREMENT,
  `tms` timestamp NOT NULL DEFAULT CURRENT_TIMESTAMP ON UPDATE CURRENT_TIMESTAMP,
  `fk_object` int(11) NOT NULL,
  `import_key` varchar(14) DEFAULT NULL,
  PRIMARY KEY (`rowid`)
) ENGINE=InnoDB DEFAULT CHARSET=utf8;

--
-- Dumping data for table `llx_supplier_proposaldet_extrafields`
--


--
-- Table structure for table `llx_tva`
--

CREATE TABLE `llx_tva` (
  `rowid` int(11) NOT NULL AUTO_INCREMENT,
  `tms` timestamp NOT NULL DEFAULT CURRENT_TIMESTAMP ON UPDATE CURRENT_TIMESTAMP,
  `datep` date DEFAULT NULL,
  `datev` date DEFAULT NULL,
  `amount` double NOT NULL DEFAULT '0',
  `label` varchar(255) DEFAULT NULL,
  `entity` int(11) NOT NULL DEFAULT '1',
  `note` text,
  `fk_bank` int(11) DEFAULT NULL,
  `fk_user_creat` int(11) DEFAULT NULL,
  `fk_user_modif` int(11) DEFAULT NULL,
  `fk_typepayment` int(11) DEFAULT NULL,
  `num_payment` varchar(50) DEFAULT NULL,
  `import_key` varchar(14) DEFAULT NULL,
  PRIMARY KEY (`rowid`)
) ENGINE=InnoDB DEFAULT CHARSET=utf8;

--
-- Dumping data for table `llx_tva`
--


--
-- Table structure for table `llx_user`
--

CREATE TABLE `llx_user` (
  `rowid` int(11) NOT NULL AUTO_INCREMENT,
  `datec` datetime DEFAULT NULL,
  `tms` timestamp NOT NULL DEFAULT CURRENT_TIMESTAMP ON UPDATE CURRENT_TIMESTAMP,
  `fk_user_creat` int(11) DEFAULT NULL,
  `fk_user_modif` int(11) DEFAULT NULL,
  `login` varchar(24) NOT NULL,
  `entity` int(11) NOT NULL DEFAULT '1',
  `civility` varchar(6) DEFAULT NULL,
  `ref_ext` varchar(50) DEFAULT NULL,
  `ref_int` varchar(50) DEFAULT NULL,
  `employee` smallint(6) DEFAULT '1',
  `fk_establishment` int(11) DEFAULT '0',
  `pass` varchar(128) DEFAULT NULL,
  `pass_crypted` varchar(128) DEFAULT NULL,
  `pass_temp` varchar(128) DEFAULT NULL,
  `api_key` varchar(128) DEFAULT NULL,
  `lastname` varchar(50) DEFAULT NULL,
  `firstname` varchar(50) DEFAULT NULL,
  `job` varchar(128) DEFAULT NULL,
  `skype` varchar(255) DEFAULT NULL,
  `office_phone` varchar(20) DEFAULT NULL,
  `office_fax` varchar(20) DEFAULT NULL,
  `user_mobile` varchar(20) DEFAULT NULL,
  `email` varchar(255) DEFAULT NULL,
  `signature` text,
  `admin` smallint(6) DEFAULT '0',
  `webcal_login` varchar(25) DEFAULT NULL,
  `module_comm` smallint(6) DEFAULT '1',
  `module_compta` smallint(6) DEFAULT '1',
  `fk_soc` int(11) DEFAULT NULL,
  `fk_socpeople` int(11) DEFAULT NULL,
  `fk_member` int(11) DEFAULT NULL,
  `note` text,
  `datelastlogin` datetime DEFAULT NULL,
  `datepreviouslogin` datetime DEFAULT NULL,
  `egroupware_id` int(11) DEFAULT NULL,
  `ldap_sid` varchar(255) DEFAULT NULL,
  `statut` tinyint(4) DEFAULT '1',
  `photo` varchar(255) DEFAULT NULL,
  `lang` varchar(6) DEFAULT NULL,
  `openid` varchar(255) DEFAULT NULL,
  `fk_user` int(11) DEFAULT NULL,
  `thm` double(24,8) DEFAULT NULL,
  `address` varchar(255) DEFAULT NULL,
  `zip` varchar(25) DEFAULT NULL,
  `town` varchar(50) DEFAULT NULL,
  `fk_state` int(11) DEFAULT '0',
  `fk_country` int(11) DEFAULT '0',
  `color` varchar(6) DEFAULT NULL,
  `accountancy_code` varchar(32) DEFAULT NULL,
  `barcode` varchar(255) DEFAULT NULL,
  `fk_barcode_type` int(11) DEFAULT '0',
  `nb_holiday` int(11) DEFAULT '0',
  `salary` double(24,8) DEFAULT NULL,
  `tjm` double(24,8) DEFAULT NULL,
  `salaryextra` double(24,8) DEFAULT NULL,
  `weeklyhours` double(16,8) DEFAULT NULL,
  `gender` varchar(10) DEFAULT NULL,
  `note_public` text,
  `dateemployment` datetime DEFAULT NULL,
  PRIMARY KEY (`rowid`),
  UNIQUE KEY `uk_user_login` (`login`,`entity`),
  UNIQUE KEY `uk_user_fk_socpeople` (`fk_socpeople`),
  UNIQUE KEY `uk_user_fk_member` (`fk_member`),
  UNIQUE KEY `uk_user_api_key` (`api_key`),
  KEY `idx_user_api_key` (`api_key`),
  KEY `idx_user_fk_societe` (`fk_soc`)
) ENGINE=InnoDB AUTO_INCREMENT=20 DEFAULT CHARSET=utf8;

--
-- Dumping data for table `llx_user`
--

INSERT INTO `llx_user` VALUES (1,'2010-07-08 13:20:11','2017-02-01 15:06:04',NULL,NULL,'aeinstein',0,NULL,NULL,NULL,1,0,NULL,'11c9c772d6471aa24c27274bdd8a223b',NULL,NULL,'Einstein','Albert','','','123456789','','','aeinstein@example.com','',0,'',1,1,NULL,NULL,NULL,'','2015-10-05 08:32:44','2015-10-03 11:43:50',NULL,'',1,'alberteinstein.jpg',NULL,NULL,14,NULL,'','','',NULL,NULL,'aaaaff','',NULL,0,0,NULL,NULL,NULL,NULL,'man',NULL,NULL),(2,'2010-07-08 13:54:48','2017-02-01 15:06:04',NULL,NULL,'demo',1,NULL,NULL,NULL,1,0,NULL,'fe01ce2a7fbac8fafaed7c982a04e229',NULL,NULL,'Doe','David','','','09123123','','','daviddoe@mycompany.com','',0,'',1,1,NULL,NULL,NULL,'','2016-07-30 23:10:54','2016-07-30 23:04:17',NULL,'',1,'johndoe.png',NULL,NULL,11,NULL,'','','',NULL,NULL,'','',NULL,0,0,NULL,NULL,NULL,NULL,'man',NULL,NULL),(3,'2010-07-11 16:18:59','2017-02-01 15:06:04',NULL,NULL,'pcurie',1,NULL,NULL,NULL,1,0,NULL,'ab335b4eb4c3c99334f656e5db9584c9',NULL,NULL,'Curie','Pierre','','','','','','pcurie@example.com','',0,'',1,1,NULL,NULL,2,'','2012-12-21 17:38:55',NULL,NULL,'',1,'pierrecurie.jpg',NULL,NULL,14,NULL,'','','',NULL,NULL,'','',NULL,0,0,NULL,NULL,NULL,NULL,NULL,NULL,NULL),(4,'2013-01-23 17:52:27','2017-02-01 15:06:04',NULL,NULL,'bbookkeeper',1,NULL,NULL,NULL,1,0,NULL,'a7d30b58d647fcf59b7163f9592b1dbb',NULL,NULL,'Bookkeeper','Bob','Bookkeeper','','','','','','',0,'',1,1,17,6,NULL,'','2013-02-25 10:18:41','2013-01-23 17:53:20',NULL,'',1,NULL,NULL,NULL,11,NULL,'','','',NULL,NULL,'','',NULL,0,0,NULL,NULL,NULL,NULL,'man',NULL,NULL),(10,'2015-10-03 11:47:41','2017-02-01 15:06:04',NULL,NULL,'mcurie',1,NULL,NULL,NULL,1,0,NULL,'52cda011808bb282d1d3625ab607a145',NULL,'t3mnkbhs','Curie','Marie','','','','','','','',0,NULL,1,1,NULL,NULL,NULL,'',NULL,NULL,NULL,'',1,'mariecurie.jpg',NULL,NULL,14,NULL,'','','',NULL,NULL,'ffaaff','',NULL,0,0,NULL,NULL,NULL,NULL,'woman',NULL,NULL),(11,'2015-10-05 09:07:52','2017-02-01 15:06:04',NULL,NULL,'zzeceo',1,NULL,NULL,NULL,1,0,NULL,'92af989c4c3a5140fb5d73eb77a52454',NULL,'cq78nf9m','Zeceo','Zack','President','','','','','','',0,NULL,1,1,NULL,NULL,NULL,'','2015-10-05 22:48:08','2015-10-05 21:18:46',NULL,'',1,NULL,NULL,NULL,NULL,NULL,'','','',NULL,NULL,'','',NULL,0,0,NULL,NULL,NULL,NULL,NULL,NULL,NULL),(12,'2015-10-05 09:09:46','2017-02-01 15:06:04',NULL,NULL,'admin',0,NULL,NULL,NULL,1,0,NULL,'21232f297a57a5a743894a0e4a801fc3',NULL,'nd6hgbcr','Adminson','Alice','Admin Technical','','','','','','',1,NULL,1,1,NULL,NULL,NULL,'','2017-05-12 13:02:48','2017-02-21 15:44:05',NULL,'',1,'mariecurie.jpg',NULL,NULL,11,NULL,'','','',NULL,NULL,'','',NULL,0,0,NULL,NULL,NULL,NULL,'woman',NULL,NULL),(13,'2015-10-05 21:29:35','2017-02-01 15:06:04',NULL,NULL,'ccommercy',1,NULL,NULL,NULL,1,0,NULL,'179858e041af35e8f4c81d68c55fe9da',NULL,'y451ksdv','Commercy','Charle','Commercial leader','','','','','','',0,NULL,1,1,NULL,NULL,NULL,'',NULL,NULL,NULL,'',1,NULL,NULL,NULL,11,NULL,'','','',NULL,NULL,'','',NULL,0,0,NULL,NULL,NULL,NULL,'man',NULL,NULL),(14,'2015-10-05 21:33:33','2017-02-01 15:06:04',NULL,NULL,'sscientol',1,NULL,NULL,NULL,1,0,NULL,'39bee07ac42f31c98e79cdcd5e5fe4c5',NULL,'s2hp8bxd','Scientol','Sam','Scientist leader','','','','','','',0,NULL,1,1,NULL,NULL,NULL,'',NULL,NULL,NULL,'',1,NULL,NULL,NULL,11,NULL,'','','',NULL,NULL,'','',NULL,0,0,NULL,NULL,NULL,NULL,NULL,NULL,NULL),(16,'2015-10-05 22:47:52','2017-02-20 16:49:00',NULL,NULL,'ccommerson',1,NULL,NULL,NULL,1,0,NULL,'d68005ccf362b82d084551b6291792a3',NULL,'cx9y1dk0','Charle1','Commerson','Sale representative','','','','','','',0,NULL,1,1,NULL,NULL,NULL,'','2015-10-05 23:46:24','2015-10-05 23:37:31',NULL,'',1,NULL,NULL,NULL,13,NULL,'','','',NULL,NULL,'','',NULL,0,0,NULL,NULL,NULL,NULL,NULL,NULL,NULL),(17,'2015-10-05 22:48:39','2017-02-01 15:06:04',NULL,NULL,'cc2',1,NULL,NULL,NULL,1,0,NULL,'a964065211872fb76f876c6c3e952ea3',NULL,'gw8cb7xj','Charle2','Commerson','Sale representative','','','','','','',0,NULL,1,1,NULL,NULL,NULL,'','2015-10-05 23:16:06',NULL,NULL,'',0,NULL,NULL,NULL,13,NULL,'','','',NULL,NULL,'','',NULL,0,0,NULL,NULL,NULL,NULL,'man',NULL,NULL),(18,'2016-01-22 17:27:02','2017-02-01 15:06:04',NULL,NULL,'ldestailleur',1,NULL,NULL,NULL,1,0,NULL,'1bb7805145a7a5066df9e6d585b8b645',NULL,'87g06wbx','Destailleur','Laurent','Project leader of Dolibarr ERP CRM','','','','','ldestailleur@example.com','<div style=\"line-height: 20.8px;\"><strong>Laurent DESTAILLEUR</strong></div>\r\n\r\n<div style=\"line-height: 20.8px;\">\r\n<div style=\"font-family: verdana, helvetica, sans-serif;\"><span style=\"color:rgb(96, 97, 99); font-family:arial; font-size:medium\"><strong>Project Director</strong></span><br />\r\n<span style=\"color:rgb(51, 102, 153)\"><span style=\"color:rgb(153, 51, 153); font-family:tahoma,new york,times,serif\"><span style=\"color:rgb(51, 102, 153)\">ldestailleur@example.com</span></span></span></div>\r\n\r\n<div style=\"font-family: verdana, helvetica, sans-serif;\">&nbsp;</div>\r\n\r\n<div style=\"font-family: verdana, helvetica, sans-serif;\">\r\n<div style=\"color: rgb(0, 0, 0);\"><span style=\"color:rgb(153, 51, 153); font-family:arial,helvetica,sans-serif; font-size:small\"><span style=\"color:rgb(51, 102, 153)\"><a href=\"http://www.facebook.com/teclib\" style=\"color: rgb(153, 51, 153); text-decoration: none; cursor: pointer;\" target=\"_blank\">Facebook</a></span>&nbsp;|&nbsp;<span style=\"color:rgb(51, 102, 153)\"><a href=\"http://twitter.com/teclib\" style=\"color: rgb(153, 51, 153); text-decoration: none; cursor: pointer;\" target=\"_blank\">Twitter</a></span>&nbsp;|&nbsp;<span style=\"color:rgb(51, 102, 153)\"><span style=\"color:rgb(153, 51, 153)\"><a href=\"http://www.teclib.com/\" style=\"color: rgb(153, 51, 153); text-decoration: none; cursor: pointer;\" target=\"_blank\">www.teclib.com</a></span></span></span></div>\r\n</div>\r\n</div>',0,NULL,1,1,10,10,NULL,'More information on http://www.destailleur.fr','2016-07-30 22:26:58',NULL,NULL,'',1,'ldestailleur_200x200.jpg',NULL,NULL,NULL,NULL,'','','',NULL,NULL,'007f7f','',NULL,0,0,NULL,NULL,NULL,NULL,'man',NULL,NULL),(19,'2017-02-02 03:55:44','2017-02-01 23:56:50',NULL,NULL,'aboston',1,NULL,NULL,NULL,1,0,NULL,'a7a77a5aff2d5fc2f75f2f61507c88d4',NULL,NULL,'Boston','Alex','','','','','','aboston@example.com','<strong>Alex Boston</strong><br />\r\nAdmin support service - 555 01 02 03 04',0,NULL,1,1,NULL,NULL,NULL,'',NULL,NULL,NULL,'',1,NULL,NULL,NULL,12,25.00000000,'','','',NULL,NULL,'ff00ff','',NULL,0,0,NULL,NULL,NULL,32.00000000,NULL,NULL,'2014-11-04 00:00:00');

--
-- Table structure for table `llx_user_alert`
--

CREATE TABLE `llx_user_alert` (
  `rowid` int(11) NOT NULL AUTO_INCREMENT,
  `type` int(11) DEFAULT NULL,
  `fk_contact` int(11) DEFAULT NULL,
  `fk_user` int(11) DEFAULT NULL,
  PRIMARY KEY (`rowid`)
) ENGINE=InnoDB AUTO_INCREMENT=3 DEFAULT CHARSET=utf8;

--
-- Dumping data for table `llx_user_alert`
--

INSERT INTO `llx_user_alert` VALUES (1,1,1,1),(2,1,10,12);

--
-- Table structure for table `llx_user_clicktodial`
--

CREATE TABLE `llx_user_clicktodial` (
  `fk_user` int(11) NOT NULL,
  `url` varchar(255) DEFAULT NULL,
  `login` varchar(32) DEFAULT NULL,
  `pass` varchar(64) DEFAULT NULL,
  `poste` varchar(20) DEFAULT NULL,
  PRIMARY KEY (`fk_user`)
) ENGINE=InnoDB DEFAULT CHARSET=utf8;

--
-- Dumping data for table `llx_user_clicktodial`
--


--
-- Table structure for table `llx_user_employment`
--

CREATE TABLE `llx_user_employment` (
  `rowid` int(11) NOT NULL AUTO_INCREMENT,
  `entity` int(11) NOT NULL DEFAULT '1',
  `ref` varchar(50) COLLATE utf8_unicode_ci DEFAULT NULL,
  `ref_ext` varchar(50) COLLATE utf8_unicode_ci DEFAULT NULL,
  `fk_user` int(11) DEFAULT NULL,
  `datec` datetime DEFAULT NULL,
  `tms` timestamp NOT NULL DEFAULT CURRENT_TIMESTAMP ON UPDATE CURRENT_TIMESTAMP,
  `fk_user_creat` int(11) DEFAULT NULL,
  `fk_user_modif` int(11) DEFAULT NULL,
  `job` varchar(128) COLLATE utf8_unicode_ci DEFAULT NULL,
  `status` int(11) NOT NULL,
  `salary` double(24,8) DEFAULT NULL,
  `salaryextra` double(24,8) DEFAULT NULL,
  `weeklyhours` double(16,8) DEFAULT NULL,
  `dateemployment` date DEFAULT NULL,
  `dateemploymentend` date DEFAULT NULL,
  PRIMARY KEY (`rowid`),
  UNIQUE KEY `uk_user_employment` (`ref`,`entity`),
  KEY `fk_user_employment_fk_user` (`fk_user`),
  CONSTRAINT `fk_user_employment_fk_user` FOREIGN KEY (`fk_user`) REFERENCES `llx_user` (`rowid`)
) ENGINE=InnoDB DEFAULT CHARSET=utf8 COLLATE=utf8_unicode_ci;

--
-- Dumping data for table `llx_user_employment`
--


--
-- Table structure for table `llx_user_extrafields`
--

CREATE TABLE `llx_user_extrafields` (
  `rowid` int(11) NOT NULL AUTO_INCREMENT,
  `tms` timestamp NOT NULL DEFAULT CURRENT_TIMESTAMP ON UPDATE CURRENT_TIMESTAMP,
  `fk_object` int(11) NOT NULL,
  `import_key` varchar(14) DEFAULT NULL,
  PRIMARY KEY (`rowid`),
  KEY `idx_user_extrafields` (`fk_object`)
) ENGINE=InnoDB DEFAULT CHARSET=utf8;

--
-- Dumping data for table `llx_user_extrafields`
--


--
-- Table structure for table `llx_user_param`
--

CREATE TABLE `llx_user_param` (
  `fk_user` int(11) NOT NULL,
  `entity` int(11) NOT NULL DEFAULT '1',
  `param` varchar(255) NOT NULL,
  `value` text NOT NULL,
  UNIQUE KEY `uk_user_param` (`fk_user`,`param`,`entity`)
) ENGINE=InnoDB DEFAULT CHARSET=utf8;

--
-- Dumping data for table `llx_user_param`
--

INSERT INTO `llx_user_param` VALUES (1,1,'MAIN_BOXES_0','1'),(1,1,'MAIN_THEME','eldy'),(1,3,'THEME_ELDY_ENABLE_PERSONALIZED','1'),(1,1,'THEME_ELDY_RGB','ded0ed'),(1,3,'THEME_ELDY_RGB','d0ddc3'),(2,1,'MAIN_BOXES_0','1'),(11,1,'MAIN_BOXES_0','1'),(12,1,'MAIN_BOXES_0','1'),(12,1,'MAIN_LANG_DEFAULT','en_US'),(12,1,'MAIN_SELECTEDFIELDS_/dolibarr_4.0/htdocs/adherents/list.php','d.zip,d.ref,d.lastname,d.firstname,d.company,d.login,d.morphy,t.libelle,d.email,d.datefin,d.statut,'),(12,1,'MAIN_SELECTEDFIELDS_invoicelist','rtp,f.facnumber,f.ref_client,f.date,f.date_lim_reglement,s.nom,s.town,s.zip,f.fk_mode_reglement,f.total_ht,f.fk_statut,'),(12,1,'MAIN_SELECTEDFIELDS_projectlist','p.budget_amount,p.ref,p.title,s.nom,commercial,p.dateo,p.datee,p.public,p.opp_amount,p.fk_opp_status,p.opp_percent,p.fk_statut,ef.priority,'),(12,1,'MAIN_SELECTEDFIELDS_proposallist','p.datec,p.ref,p.ref_client,s.nom,s.town,s.zip,p.date,p.fin_validite,p.total_ht,u.login,p.fk_statut,'),(12,1,'MAIN_SELECTEDFIELDS_servicelist','p.ref,p.label,p.duration,p.sellprice,p.minbuyprice,p.tosell,p.tobuy,');

--
-- Table structure for table `llx_user_rib`
--

CREATE TABLE `llx_user_rib` (
  `rowid` int(11) NOT NULL AUTO_INCREMENT,
  `fk_user` int(11) NOT NULL,
  `entity` int(11) NOT NULL DEFAULT '1',
  `datec` datetime DEFAULT NULL,
  `tms` timestamp NOT NULL DEFAULT CURRENT_TIMESTAMP ON UPDATE CURRENT_TIMESTAMP,
  `label` varchar(30) DEFAULT NULL,
  `bank` varchar(255) DEFAULT NULL,
  `code_banque` varchar(128) DEFAULT NULL,
  `code_guichet` varchar(6) DEFAULT NULL,
  `number` varchar(255) DEFAULT NULL,
  `cle_rib` varchar(5) DEFAULT NULL,
  `bic` varchar(11) DEFAULT NULL,
  `iban_prefix` varchar(34) DEFAULT NULL,
  `domiciliation` varchar(255) DEFAULT NULL,
  `proprio` varchar(60) DEFAULT NULL,
  `owner_address` varchar(255) DEFAULT NULL,
  PRIMARY KEY (`rowid`)
) ENGINE=InnoDB DEFAULT CHARSET=utf8;

--
-- Dumping data for table `llx_user_rib`
--


--
-- Table structure for table `llx_user_rights`
--

CREATE TABLE `llx_user_rights` (
  `rowid` int(11) NOT NULL AUTO_INCREMENT,
  `fk_user` int(11) NOT NULL,
  `fk_id` int(11) NOT NULL,
  PRIMARY KEY (`rowid`),
  UNIQUE KEY `uk_user_rights` (`fk_user`,`fk_id`),
  CONSTRAINT `fk_user_rights_fk_user_user` FOREIGN KEY (`fk_user`) REFERENCES `llx_user` (`rowid`)
) ENGINE=InnoDB AUTO_INCREMENT=15505 DEFAULT CHARSET=utf8;

--
-- Dumping data for table `llx_user_rights`
--

INSERT INTO `llx_user_rights` VALUES (12402,1,11),(12380,1,12),(12385,1,13),(12389,1,14),(12393,1,15),(12398,1,16),(12404,1,19),(9726,1,21),(9700,1,22),(9706,1,24),(9711,1,25),(9716,1,26),(9722,1,27),(9728,1,28),(9978,1,31),(9968,1,32),(9974,1,34),(1910,1,36),(9980,1,38),(11573,1,41),(11574,1,42),(11575,1,44),(11576,1,45),(7184,1,61),(7181,1,62),(7183,1,64),(7185,1,67),(7186,1,68),(1678,1,71),(1673,1,72),(1675,1,74),(1679,1,75),(1677,1,76),(1681,1,78),(1682,1,79),(12322,1,81),(12309,1,82),(12312,1,84),(12314,1,86),(12317,1,87),(12320,1,88),(12323,1,89),(11580,1,91),(11581,1,92),(11582,1,93),(11583,1,94),(10097,1,95),(10099,1,96),(10103,1,97),(10104,1,98),(7139,1,101),(7134,1,102),(7136,1,104),(7137,1,105),(7138,1,106),(7140,1,109),(10229,1,111),(10201,1,112),(10207,1,113),(10213,1,114),(10219,1,115),(10225,1,116),(10231,1,117),(12518,1,121),(12508,1,122),(12514,1,125),(12520,1,126),(11577,1,141),(11578,1,142),(11579,1,144),(2307,1,151),(2304,1,152),(2306,1,153),(2308,1,154),(10092,1,161),(10093,1,162),(10094,1,163),(10095,1,164),(10096,1,165),(1585,1,170),(12342,1,171),(12331,1,172),(12335,1,173),(12339,1,174),(12343,1,178),(10000,1,221),(9990,1,222),(9996,1,223),(10002,1,229),(10007,1,237),(10011,1,238),(10015,1,239),(1686,1,241),(1685,1,242),(1687,1,243),(12604,1,251),(12566,1,252),(12569,1,253),(12572,1,254),(12575,1,255),(12579,1,256),(1617,1,258),(12525,1,262),(12544,1,281),(12534,1,282),(12540,1,283),(12546,1,286),(12288,1,300),(12290,1,301),(11591,1,302),(1763,1,331),(1762,1,332),(1764,1,333),(12582,1,341),(12584,1,342),(12586,1,343),(12588,1,344),(12600,1,351),(12593,1,352),(12597,1,353),(12601,1,354),(12605,1,358),(12560,1,531),(12553,1,532),(12557,1,534),(1625,1,536),(12561,1,538),(12358,1,700),(12348,1,701),(12354,1,702),(12360,1,703),(1755,1,1001),(1754,1,1002),(1756,1,1003),(1758,1,1004),(1759,1,1005),(7146,1,1101),(7143,1,1102),(7145,1,1104),(7147,1,1109),(12412,1,1181),(12458,1,1182),(12417,1,1183),(12420,1,1184),(12423,1,1185),(12427,1,1186),(12431,1,1187),(12437,1,1188),(12434,1,1189),(1578,1,1201),(1579,1,1202),(12454,1,1231),(12443,1,1232),(12446,1,1233),(12449,1,1234),(12452,1,1235),(12455,1,1236),(12459,1,1237),(1736,1,1251),(12409,1,1321),(12326,1,1421),(8190,1,1791),(8187,1,1792),(8191,1,1793),(12264,1,2401),(12260,1,2402),(12266,1,2403),(12280,1,2411),(12276,1,2412),(12282,1,2413),(12286,1,2414),(1618,1,2500),(12370,1,2501),(12367,1,2503),(12371,1,2515),(9610,1,5001),(9611,1,5002),(12490,1,20001),(12468,1,20002),(12474,1,20003),(12480,1,20004),(12486,1,20005),(12492,1,20006),(12302,1,23001),(12295,1,23002),(12299,1,23003),(12303,1,23004),(7701,1,50101),(4984,1,50401),(4983,1,50402),(4985,1,50403),(4987,1,50411),(4988,1,50412),(4989,1,50415),(12498,1,55001),(12499,1,55002),(3564,1,100700),(3565,1,100701),(9596,1,101051),(9598,1,101052),(9600,1,101053),(9604,1,101060),(9605,1,101061),(7177,1,101201),(7178,1,101202),(10353,1,101250),(10355,1,101251),(8980,1,101261),(8981,1,101262),(7616,1,101331),(10030,1,101701),(10031,1,101702),(3582,1,102000),(3583,1,102001),(9819,1,400051),(9823,1,400052),(9827,1,400053),(9831,1,400055),(132,2,11),(133,2,12),(134,2,13),(135,2,14),(136,2,16),(137,2,19),(138,2,21),(139,2,22),(140,2,24),(141,2,25),(142,2,26),(143,2,27),(10359,2,31),(145,2,32),(10361,2,34),(146,2,36),(147,2,41),(148,2,42),(149,2,44),(150,2,61),(151,2,62),(152,2,64),(153,2,71),(154,2,72),(155,2,74),(156,2,75),(157,2,78),(158,2,79),(159,2,81),(160,2,82),(161,2,84),(162,2,86),(163,2,87),(164,2,88),(165,2,89),(166,2,91),(167,2,92),(168,2,93),(2475,2,95),(2476,2,96),(2477,2,97),(2478,2,98),(169,2,101),(170,2,102),(171,2,104),(172,2,109),(173,2,111),(174,2,112),(175,2,113),(176,2,114),(177,2,116),(178,2,117),(179,2,121),(180,2,122),(181,2,125),(182,2,141),(183,2,142),(184,2,144),(2479,2,151),(2480,2,152),(2481,2,153),(2482,2,154),(185,2,161),(186,2,162),(187,2,163),(188,2,164),(189,2,165),(190,2,170),(2471,2,171),(192,2,172),(2472,2,173),(193,2,221),(194,2,222),(195,2,229),(196,2,241),(197,2,242),(198,2,243),(199,2,251),(201,2,262),(202,2,281),(203,2,282),(204,2,283),(205,2,331),(15072,2,510),(2483,2,531),(207,2,532),(2484,2,534),(208,2,536),(2473,2,700),(210,2,701),(211,2,702),(2474,2,703),(15064,2,771),(15057,2,772),(15059,2,773),(15061,2,774),(15063,2,775),(15065,2,776),(212,2,1001),(213,2,1002),(214,2,1003),(215,2,1004),(216,2,1005),(217,2,1101),(218,2,1102),(219,2,1104),(220,2,1109),(15073,2,1121),(15074,2,1122),(15075,2,1123),(15076,2,1124),(15077,2,1125),(15078,2,1126),(221,2,1181),(222,2,1182),(223,2,1183),(224,2,1184),(225,2,1185),(226,2,1186),(227,2,1187),(228,2,1188),(229,2,1201),(230,2,1202),(231,2,1231),(232,2,1232),(233,2,1233),(234,2,1234),(235,2,1421),(236,2,2401),(237,2,2402),(238,2,2403),(239,2,2411),(240,2,2412),(241,2,2413),(242,2,2500),(2470,2,2501),(243,2,2515),(10363,2,20001),(10364,2,20002),(10365,2,20003),(10366,2,20004),(10367,2,20005),(10368,2,20006),(15054,2,23001),(10362,2,50101),(15067,2,55001),(15066,2,59001),(15068,2,63001),(15069,2,63002),(15070,2,63003),(15071,2,63004),(10372,2,101250),(1807,3,11),(1808,3,31),(1809,3,36),(1810,3,41),(1811,3,61),(1812,3,71),(1813,3,72),(1814,3,74),(1815,3,75),(1816,3,78),(1817,3,79),(1818,3,91),(1819,3,95),(1820,3,97),(1821,3,111),(1822,3,121),(1823,3,122),(1824,3,125),(1825,3,161),(1826,3,170),(1827,3,171),(1828,3,172),(1829,3,221),(1830,3,222),(1831,3,229),(1832,3,241),(1833,3,242),(1834,3,243),(1835,3,251),(1836,3,255),(1837,3,256),(1838,3,262),(1839,3,281),(1840,3,282),(1841,3,283),(1842,3,331),(1843,3,531),(1844,3,536),(1845,3,700),(1846,3,1001),(1847,3,1002),(1848,3,1003),(1849,3,1004),(1850,3,1005),(1851,3,1181),(1852,3,1182),(1853,3,1201),(1854,3,1202),(1855,3,1231),(1856,3,2401),(1857,3,2402),(1858,3,2403),(1859,3,2411),(1860,3,2412),(1861,3,2413),(1862,3,2500),(1863,3,2515),(8026,4,11),(8027,4,21),(8028,4,31),(8029,4,41),(8030,4,61),(8031,4,71),(8032,4,72),(8033,4,74),(8034,4,75),(8035,4,78),(8036,4,79),(8037,4,81),(8038,4,91),(8039,4,95),(8040,4,97),(8041,4,101),(8042,4,111),(8043,4,121),(8044,4,151),(8045,4,161),(8046,4,171),(8047,4,221),(8048,4,222),(8049,4,229),(8050,4,241),(8051,4,242),(8052,4,243),(8146,4,251),(8147,4,253),(8053,4,262),(8054,4,281),(8055,4,331),(8056,4,341),(8057,4,342),(8058,4,343),(8059,4,344),(8060,4,531),(8061,4,700),(8062,4,1001),(8063,4,1002),(8064,4,1003),(8065,4,1004),(8066,4,1005),(8067,4,1101),(8068,4,1181),(8069,4,1182),(8070,4,1201),(8071,4,1202),(8072,4,1231),(8073,4,2401),(8074,4,2501),(8075,4,2503),(8076,4,2515),(8077,4,20001),(8078,4,50101),(8079,4,101201),(8080,4,101261),(8081,4,102000),(8082,4,400051),(8083,4,400052),(8084,4,400053),(8085,4,400055),(12608,10,11),(12609,10,21),(12610,10,31),(12611,10,41),(12612,10,61),(12613,10,71),(12614,10,72),(12615,10,74),(12616,10,75),(12617,10,78),(12618,10,79),(12619,10,81),(12620,10,91),(12621,10,95),(12622,10,97),(12623,10,101),(12624,10,111),(12625,10,121),(12626,10,151),(12627,10,161),(12628,10,171),(12629,10,221),(12630,10,222),(12631,10,229),(12632,10,241),(12633,10,242),(12634,10,243),(12635,10,262),(12636,10,281),(12637,10,300),(12638,10,331),(12639,10,341),(12640,10,342),(12641,10,343),(12642,10,344),(12643,10,531),(12644,10,700),(12645,10,1001),(12646,10,1002),(12647,10,1003),(12648,10,1004),(12649,10,1005),(12650,10,1101),(12651,10,1181),(12652,10,1182),(12653,10,1201),(12654,10,1202),(12655,10,1231),(12656,10,2401),(12657,10,2501),(12658,10,2503),(12659,10,2515),(12660,10,20001),(12661,10,20002),(12662,10,23001),(12663,10,50101),(12664,11,11),(12665,11,21),(12666,11,31),(12667,11,41),(12668,11,61),(12669,11,71),(12670,11,72),(12671,11,74),(12672,11,75),(12673,11,78),(12674,11,79),(12675,11,81),(12676,11,91),(12677,11,95),(12678,11,97),(12679,11,101),(12680,11,111),(12681,11,121),(12682,11,151),(12683,11,161),(12684,11,171),(12685,11,221),(12686,11,222),(12687,11,229),(12688,11,241),(12689,11,242),(12690,11,243),(12691,11,262),(12692,11,281),(12693,11,300),(12694,11,331),(12695,11,341),(12696,11,342),(12697,11,343),(12698,11,344),(12699,11,531),(12700,11,700),(12701,11,1001),(12702,11,1002),(12703,11,1003),(12704,11,1004),(12705,11,1005),(12706,11,1101),(12707,11,1181),(12708,11,1182),(12709,11,1201),(12710,11,1202),(12711,11,1231),(12712,11,2401),(12713,11,2501),(12714,11,2503),(12715,11,2515),(12716,11,20001),(12717,11,20002),(12718,11,23001),(12719,11,50101),(15492,12,11),(15482,12,12),(15484,12,13),(15486,12,14),(15488,12,15),(15491,12,16),(15494,12,19),(14146,12,21),(14135,12,22),(14137,12,24),(14139,12,25),(14142,12,26),(14145,12,27),(14148,12,28),(14930,12,31),(14926,12,32),(14929,12,34),(14932,12,38),(13816,12,41),(13813,12,42),(13815,12,44),(13817,12,45),(14094,12,61),(14091,12,62),(14093,12,64),(14095,12,67),(14096,12,68),(13891,12,71),(13886,12,72),(13888,12,74),(13892,12,75),(13890,12,76),(13894,12,78),(13895,12,79),(14955,12,81),(14949,12,82),(14950,12,84),(14951,12,86),(14953,12,87),(14954,12,88),(14956,12,89),(15401,12,91),(15397,12,92),(15400,12,93),(15403,12,94),(13990,12,95),(12734,12,97),(14939,12,101),(14935,12,102),(14936,12,104),(14937,12,105),(14938,12,106),(14940,12,109),(15390,12,111),(15377,12,112),(15380,12,113),(15383,12,114),(15386,12,115),(15389,12,116),(15392,12,117),(15415,12,121),(15411,12,122),(15414,12,125),(15417,12,126),(13821,12,141),(13820,12,142),(13822,12,144),(13912,12,151),(13909,12,152),(13911,12,153),(13913,12,154),(14063,12,161),(14056,12,162),(14058,12,163),(14060,12,164),(14062,12,165),(14064,12,167),(13350,12,171),(13345,12,172),(13347,12,173),(13349,12,174),(13351,12,178),(13838,12,221),(13834,12,222),(13837,12,223),(13840,12,229),(13842,12,237),(13844,12,238),(13846,12,239),(13516,12,241),(13515,12,242),(13517,12,243),(14730,12,251),(14711,12,252),(14713,12,253),(14714,12,254),(14716,12,255),(14718,12,256),(15419,12,262),(15428,12,281),(15424,12,282),(15427,12,283),(15430,12,286),(15469,12,300),(15470,12,301),(14126,12,331),(14125,12,332),(14127,12,333),(14719,12,341),(14720,12,342),(14721,12,343),(14722,12,344),(14728,12,351),(14725,12,352),(14727,12,353),(14729,12,354),(14731,12,358),(13865,12,510),(13862,12,512),(13864,12,514),(13866,12,517),(15291,12,520),(15286,12,522),(15288,12,524),(15290,12,525),(15292,12,527),(14686,12,531),(14683,12,532),(14685,12,534),(14687,12,538),(13358,12,700),(14832,12,701),(14831,12,702),(14834,12,703),(15090,12,771),(15081,12,772),(15083,12,773),(15085,12,774),(15087,12,775),(15089,12,776),(15091,12,779),(14917,12,1001),(14916,12,1002),(14918,12,1003),(14920,12,1004),(14921,12,1005),(14945,12,1101),(14943,12,1102),(14944,12,1104),(14946,12,1109),(14762,12,1121),(14755,12,1122),(14757,12,1123),(14759,12,1124),(14761,12,1125),(14763,12,1126),(14982,12,1181),(15005,12,1182),(14985,12,1183),(14986,12,1184),(14988,12,1185),(14990,12,1186),(14992,12,1187),(14995,12,1188),(14993,12,1189),(13827,12,1201),(13828,12,1202),(15003,12,1231),(14998,12,1232),(14999,12,1233),(15001,12,1234),(15002,12,1235),(15004,12,1236),(15006,12,1237),(13829,12,1251),(15496,12,1321),(15497,12,1322),(14957,12,1421),(15036,12,2401),(15035,12,2402),(15038,12,2403),(15044,12,2411),(15043,12,2412),(15046,12,2413),(15047,12,2414),(14591,12,2501),(14590,12,2503),(14592,12,2515),(15435,12,5001),(15436,12,5002),(14651,12,20001),(14641,12,20002),(14644,12,20003),(14647,12,20004),(14650,12,20005),(14653,12,20006),(15476,12,23001),(15473,12,23002),(15475,12,23003),(15477,12,23004),(13712,12,50101),(15499,12,50401),(15501,12,50411),(15502,12,50412),(15503,12,50420),(15504,12,50430),(15498,12,50440),(15052,12,55001),(15053,12,55002),(14128,12,59001),(14129,12,59002),(14130,12,59003),(14818,12,63001),(14815,12,63002),(14817,12,63003),(14819,12,63004),(15241,12,64001),(15438,12,101701),(15439,12,101702),(12776,13,11),(12777,13,21),(12778,13,31),(12779,13,41),(12780,13,61),(12781,13,71),(12782,13,72),(12783,13,74),(12784,13,75),(12785,13,78),(12786,13,79),(12787,13,81),(12788,13,91),(12789,13,95),(12790,13,97),(12791,13,101),(12792,13,111),(12793,13,121),(12794,13,151),(12795,13,161),(12796,13,171),(12797,13,221),(12798,13,222),(12799,13,229),(12800,13,241),(12801,13,242),(12802,13,243),(12803,13,262),(12804,13,281),(12805,13,300),(12806,13,331),(12807,13,341),(12808,13,342),(12809,13,343),(12810,13,344),(12811,13,531),(12812,13,700),(12813,13,1001),(12814,13,1002),(12815,13,1003),(12816,13,1004),(12817,13,1005),(12818,13,1101),(12819,13,1181),(12820,13,1182),(12821,13,1201),(12822,13,1202),(12823,13,1231),(12824,13,2401),(12825,13,2501),(12826,13,2503),(12827,13,2515),(12828,13,20001),(12829,13,20002),(12830,13,23001),(12831,13,50101),(12832,14,11),(12833,14,21),(12834,14,31),(12835,14,41),(12836,14,61),(12837,14,71),(12838,14,72),(12839,14,74),(12840,14,75),(12841,14,78),(12842,14,79),(12843,14,81),(12844,14,91),(12845,14,95),(12846,14,97),(12847,14,101),(12848,14,111),(12849,14,121),(12850,14,151),(12851,14,161),(12852,14,171),(12853,14,221),(12854,14,222),(12855,14,229),(12856,14,241),(12857,14,242),(12858,14,243),(12859,14,262),(12860,14,281),(12861,14,300),(12862,14,331),(12863,14,341),(12864,14,342),(12865,14,343),(12866,14,344),(12867,14,531),(12868,14,700),(12869,14,1001),(12870,14,1002),(12871,14,1003),(12872,14,1004),(12873,14,1005),(12874,14,1101),(12875,14,1181),(12876,14,1182),(12877,14,1201),(12878,14,1202),(12879,14,1231),(12880,14,2401),(12881,14,2501),(12882,14,2503),(12883,14,2515),(12884,14,20001),(12885,14,20002),(12886,14,23001),(12887,14,50101),(12944,16,11),(12945,16,21),(12946,16,31),(13056,16,41),(13057,16,42),(13058,16,44),(13059,16,45),(12948,16,61),(12949,16,71),(12950,16,72),(12951,16,74),(12952,16,75),(12953,16,78),(12954,16,79),(12955,16,81),(12956,16,91),(12957,16,95),(12958,16,97),(12959,16,101),(12960,16,111),(12961,16,121),(13060,16,141),(13061,16,142),(13062,16,144),(12962,16,151),(12963,16,161),(12964,16,171),(12965,16,221),(12966,16,222),(12967,16,229),(12968,16,241),(12969,16,242),(12970,16,243),(13128,16,251),(13064,16,262),(12972,16,281),(12973,16,300),(12974,16,331),(12975,16,341),(12976,16,342),(12977,16,343),(12978,16,344),(12979,16,531),(12980,16,700),(12981,16,1001),(12982,16,1002),(12983,16,1003),(12984,16,1004),(12985,16,1005),(12986,16,1101),(12987,16,1181),(12988,16,1182),(12989,16,1201),(12990,16,1202),(12991,16,1231),(12992,16,2401),(12993,16,2501),(12994,16,2503),(12995,16,2515),(12996,16,20001),(12997,16,20002),(12998,16,23001),(12999,16,50101),(13000,17,11),(13001,17,21),(13002,17,31),(13065,17,41),(13066,17,42),(13067,17,44),(13068,17,45),(13004,17,61),(13005,17,71),(13006,17,72),(13007,17,74),(13008,17,75),(13009,17,78),(13010,17,79),(13011,17,81),(13012,17,91),(13013,17,95),(13014,17,97),(13015,17,101),(13016,17,111),(13017,17,121),(13069,17,141),(13070,17,142),(13071,17,144),(13018,17,151),(13019,17,161),(13020,17,171),(13021,17,221),(13022,17,222),(13023,17,229),(13024,17,241),(13025,17,242),(13026,17,243),(13028,17,281),(13029,17,300),(13030,17,331),(13031,17,341),(13032,17,342),(13033,17,343),(13034,17,344),(13035,17,531),(13036,17,700),(13037,17,1001),(13038,17,1002),(13039,17,1003),(13040,17,1004),(13041,17,1005),(13042,17,1101),(13043,17,1181),(13044,17,1182),(13045,17,1201),(13046,17,1202),(13047,17,1231),(13048,17,2401),(13049,17,2501),(13050,17,2503),(13051,17,2515),(13052,17,20001),(13053,17,20002),(13054,17,23001),(13055,17,50101),(14504,18,11),(14505,18,21),(14506,18,31),(14507,18,41),(14508,18,61),(14509,18,71),(14510,18,78),(14511,18,81),(14512,18,91),(14513,18,95),(14514,18,101),(14515,18,111),(14516,18,121),(14517,18,151),(14518,18,161),(14519,18,221),(14520,18,241),(14521,18,262),(14522,18,281),(14523,18,300),(14524,18,331),(14525,18,332),(14526,18,333),(14527,18,341),(14528,18,342),(14529,18,343),(14530,18,344),(14531,18,531),(14532,18,701),(14533,18,771),(14534,18,774),(14535,18,1001),(14536,18,1004),(14537,18,1101),(14538,18,1181),(14539,18,1182),(14540,18,1201),(14541,18,1231),(14542,18,2401),(14543,18,2501),(14544,18,2503),(14545,18,2515),(14546,18,20001),(14547,18,20002),(14548,18,50101),(14549,18,59001),(15242,19,21),(15243,19,31),(15244,19,41),(15245,19,61),(15246,19,71),(15247,19,78),(15248,19,81),(15249,19,101),(15250,19,121),(15251,19,151),(15252,19,161),(15253,19,221),(15254,19,241),(15255,19,262),(15256,19,281),(15257,19,300),(15258,19,331),(15259,19,332),(15260,19,341),(15261,19,342),(15262,19,343),(15263,19,344),(15264,19,531),(15265,19,701),(15266,19,771),(15267,19,774),(15268,19,777),(15269,19,1001),(15270,19,1004),(15271,19,1101),(15272,19,1121),(15273,19,1181),(15274,19,1182),(15275,19,1201),(15276,19,1231),(15277,19,2401),(15278,19,2501),(15279,19,20001),(15280,19,20002),(15281,19,50101),(15282,19,59001),(15283,19,63001);

--
-- Table structure for table `llx_usergroup`
--

CREATE TABLE `llx_usergroup` (
  `rowid` int(11) NOT NULL AUTO_INCREMENT,
  `nom` varchar(255) NOT NULL,
  `entity` int(11) NOT NULL DEFAULT '1',
  `datec` datetime DEFAULT NULL,
  `tms` timestamp NOT NULL DEFAULT CURRENT_TIMESTAMP ON UPDATE CURRENT_TIMESTAMP,
  `note` text,
  PRIMARY KEY (`rowid`),
  UNIQUE KEY `uk_usergroup_name` (`nom`,`entity`)
) ENGINE=InnoDB AUTO_INCREMENT=5 DEFAULT CHARSET=utf8;

--
-- Dumping data for table `llx_usergroup`
--

INSERT INTO `llx_usergroup` VALUES (1,'Sale representatives',1,'2013-01-16 20:48:08','2015-10-03 09:44:44','All sales representative users'),(2,'Management',1,'2015-10-03 11:46:25','2015-10-03 09:46:25',''),(3,'Scientists',1,'2015-10-03 11:46:46','2015-10-03 09:46:46',''),(4,'Commercial',1,'2015-10-05 21:30:13','2015-10-05 19:30:13','');

--
-- Table structure for table `llx_usergroup_extrafields`
--

CREATE TABLE `llx_usergroup_extrafields` (
  `rowid` int(11) NOT NULL AUTO_INCREMENT,
  `tms` timestamp NOT NULL DEFAULT CURRENT_TIMESTAMP ON UPDATE CURRENT_TIMESTAMP,
  `fk_object` int(11) NOT NULL,
  `import_key` varchar(14) DEFAULT NULL,
  PRIMARY KEY (`rowid`),
  KEY `idx_usergroup_extrafields` (`fk_object`)
) ENGINE=InnoDB DEFAULT CHARSET=utf8;

--
-- Dumping data for table `llx_usergroup_extrafields`
--


--
-- Table structure for table `llx_usergroup_rights`
--

CREATE TABLE `llx_usergroup_rights` (
  `rowid` int(11) NOT NULL AUTO_INCREMENT,
  `fk_usergroup` int(11) NOT NULL,
  `fk_id` int(11) NOT NULL,
  PRIMARY KEY (`rowid`),
  UNIQUE KEY `fk_usergroup` (`fk_usergroup`,`fk_id`),
  CONSTRAINT `fk_usergroup_rights_fk_usergroup` FOREIGN KEY (`fk_usergroup`) REFERENCES `llx_usergroup` (`rowid`)
) ENGINE=InnoDB AUTO_INCREMENT=200 DEFAULT CHARSET=utf8;

--
-- Dumping data for table `llx_usergroup_rights`
--

INSERT INTO `llx_usergroup_rights` VALUES (1,1,2401),(2,1,2402),(3,1,2403),(4,1,2411),(5,1,2412),(6,1,2413),(78,2,11),(79,2,12),(80,2,13),(81,2,14),(82,2,15),(83,2,16),(84,2,19),(144,2,21),(145,2,22),(146,2,24),(147,2,25),(148,2,26),(149,2,27),(150,2,28),(133,2,31),(134,2,32),(135,2,34),(136,2,38),(137,2,41),(138,2,42),(139,2,44),(140,2,45),(86,2,61),(87,2,62),(88,2,64),(89,2,67),(90,2,68),(7,2,71),(8,2,72),(9,2,74),(10,2,75),(11,2,76),(12,2,78),(13,2,79),(32,2,81),(33,2,82),(34,2,84),(35,2,86),(36,2,87),(37,2,88),(38,2,89),(173,2,91),(174,2,92),(175,2,93),(176,2,94),(40,2,95),(41,2,96),(42,2,97),(43,2,98),(66,2,101),(67,2,102),(68,2,104),(69,2,105),(70,2,106),(71,2,109),(21,2,111),(22,2,112),(23,2,113),(24,2,114),(25,2,115),(26,2,116),(27,2,117),(164,2,121),(165,2,122),(166,2,125),(167,2,126),(141,2,141),(142,2,142),(143,2,144),(129,2,151),(130,2,152),(131,2,153),(132,2,154),(44,2,161),(45,2,162),(46,2,163),(47,2,164),(48,2,165),(49,2,167),(54,2,171),(55,2,172),(56,2,173),(57,2,174),(58,2,178),(120,2,221),(121,2,222),(122,2,223),(123,2,229),(124,2,237),(125,2,238),(126,2,239),(29,2,241),(30,2,242),(31,2,243),(182,2,251),(183,2,252),(184,2,253),(185,2,254),(186,2,255),(187,2,256),(168,2,262),(169,2,281),(170,2,282),(171,2,283),(172,2,286),(197,2,331),(198,2,332),(199,2,333),(188,2,341),(189,2,342),(190,2,343),(191,2,344),(192,2,351),(193,2,352),(194,2,353),(195,2,354),(196,2,358),(151,2,531),(152,2,532),(153,2,534),(154,2,538),(59,2,700),(60,2,701),(61,2,702),(62,2,703),(177,2,1001),(178,2,1002),(179,2,1003),(180,2,1004),(181,2,1005),(72,2,1101),(73,2,1102),(74,2,1104),(75,2,1109),(91,2,1181),(92,2,1182),(93,2,1183),(94,2,1184),(95,2,1185),(96,2,1186),(97,2,1187),(98,2,1188),(99,2,1189),(76,2,1201),(77,2,1202),(100,2,1231),(101,2,1232),(102,2,1233),(103,2,1234),(104,2,1235),(105,2,1236),(106,2,1237),(113,2,1251),(85,2,1321),(39,2,1421),(14,2,2401),(15,2,2402),(16,2,2403),(17,2,2411),(18,2,2412),(19,2,2413),(20,2,2414),(63,2,2501),(64,2,2503),(65,2,2515),(114,2,20001),(115,2,20002),(116,2,20003),(117,2,20004),(118,2,20005),(119,2,20006),(50,2,23001),(51,2,23002),(52,2,23003),(53,2,23004),(28,2,50101),(127,2,55001),(128,2,55002);

--
-- Table structure for table `llx_usergroup_user`
--

CREATE TABLE `llx_usergroup_user` (
  `rowid` int(11) NOT NULL AUTO_INCREMENT,
  `entity` int(11) NOT NULL DEFAULT '1',
  `fk_user` int(11) NOT NULL,
  `fk_usergroup` int(11) NOT NULL,
  PRIMARY KEY (`rowid`),
  UNIQUE KEY `uk_usergroup_user` (`entity`,`fk_user`,`fk_usergroup`),
  KEY `fk_usergroup_user_fk_user` (`fk_user`),
  KEY `fk_usergroup_user_fk_usergroup` (`fk_usergroup`),
  CONSTRAINT `fk_usergroup_user_fk_user` FOREIGN KEY (`fk_user`) REFERENCES `llx_user` (`rowid`),
  CONSTRAINT `fk_usergroup_user_fk_usergroup` FOREIGN KEY (`fk_usergroup`) REFERENCES `llx_usergroup` (`rowid`)
) ENGINE=InnoDB AUTO_INCREMENT=14 DEFAULT CHARSET=utf8;

--
-- Dumping data for table `llx_usergroup_user`
--

INSERT INTO `llx_usergroup_user` VALUES (2,1,1,3),(12,1,2,4),(3,1,3,3),(4,1,11,2),(13,1,12,1),(5,1,13,4),(6,1,16,1),(7,1,17,1),(11,1,18,1),(8,1,18,2),(9,1,18,3),(10,1,18,4);

--
-- Table structure for table `llx_website`
--

CREATE TABLE `llx_website` (
  `rowid` int(11) NOT NULL AUTO_INCREMENT,
  `entity` int(11) DEFAULT '1',
  `ref` varchar(24) NOT NULL,
  `description` varchar(255) DEFAULT NULL,
  `status` int(11) DEFAULT NULL,
  `fk_default_home` int(11) DEFAULT NULL,
  `virtualhost` varchar(255) DEFAULT NULL,
  `date_creation` datetime DEFAULT NULL,
  `date_modification` datetime DEFAULT NULL,
  `tms` timestamp NOT NULL DEFAULT CURRENT_TIMESTAMP ON UPDATE CURRENT_TIMESTAMP,
  PRIMARY KEY (`rowid`),
  UNIQUE KEY `uk_website_ref` (`ref`,`entity`)
) ENGINE=InnoDB DEFAULT CHARSET=utf8;

--
-- Dumping data for table `llx_website`
--


--
-- Table structure for table `llx_website_page`
--

CREATE TABLE `llx_website_page` (
  `rowid` int(11) NOT NULL AUTO_INCREMENT,
  `fk_website` int(11) NOT NULL,
  `pageurl` varchar(16) NOT NULL,
  `title` varchar(255) DEFAULT NULL,
  `description` varchar(255) DEFAULT NULL,
  `keywords` varchar(255) DEFAULT NULL,
  `content` mediumtext,
  `status` int(11) DEFAULT NULL,
  `date_creation` datetime DEFAULT NULL,
  `date_modification` datetime DEFAULT NULL,
  `tms` timestamp NOT NULL DEFAULT CURRENT_TIMESTAMP ON UPDATE CURRENT_TIMESTAMP,
  PRIMARY KEY (`rowid`),
  UNIQUE KEY `uk_website_page_url` (`fk_website`,`pageurl`),
  CONSTRAINT `fk_website_page_website` FOREIGN KEY (`fk_website`) REFERENCES `llx_website` (`rowid`)
) ENGINE=InnoDB DEFAULT CHARSET=utf8;

--
-- Dumping data for table `llx_website_page`
--



