-- Table structure for table `llx_ecm_files`
--

CREATE TABLE `llx_ecm_files` (
  `rowid` int(11) NOT NULL AUTO_INCREMENT,
  `ref` varchar(128) DEFAULT NULL,
  `label` varchar(64) NOT NULL,
  `entity` int(11) NOT NULL DEFAULT '1',
  `filename` varchar(255) NOT NULL,
  `filepath` varchar(255) DEFAULT NULL,
  `fullpath_orig` varchar(750) DEFAULT NULL,
  `description` text,
  `keywords` text,
  `cover` text,
  `gen_or_uploaded` varchar(12) DEFAULT NULL,
  `extraparams` varchar(255) DEFAULT NULL,
  `date_c` datetime DEFAULT NULL,
  `date_m` timestamp NOT NULL DEFAULT CURRENT_TIMESTAMP ON UPDATE CURRENT_TIMESTAMP,
  `fk_user_c` int(11) DEFAULT NULL,
  `fk_user_m` int(11) DEFAULT NULL,
  `acl` text,
  `position` int(11) DEFAULT NULL,
  `keyword` varchar(750) DEFAULT NULL,
  PRIMARY KEY (`rowid`),
  UNIQUE KEY `uk_ecm_files` (`filepath`,`filename`,`entity`),
  KEY `idx_ecm_files_label` (`label`)
) ENGINE=InnoDB AUTO_INCREMENT=10 DEFAULT CHARSET=utf8;

--
-- Dumping data for table `llx_ecm_files`
--

INSERT INTO `llx_ecm_files` VALUES (1,NULL,'6ff09d1c53ef83fe622b02a320bcfa52',1,'FA1107-0019.pdf','facture/FA1107-0019','/home/ldestailleur/git/dolibarr_6.0/documents/facture/FA1107-0019/FA1107-0019.pdf','',NULL,NULL,'unknown',NULL,'2017-08-30 15:53:34','2017-08-30 11:53:34',18,NULL,NULL,1,NULL),(2,NULL,'a6c8a0f04af73e4dfc059006d7a5f55a',1,'FA1107-0019_invoice.odt','facture/FA1107-0019','/home/ldestailleur/git/dolibarr_6.0/documents/facture/FA1107-0019/FA1107-0019_invoice.odt','',NULL,NULL,'unknown',NULL,'2017-08-30 15:53:34','2017-08-30 11:53:34',18,NULL,NULL,2,NULL),(3,NULL,'24e96a4a0da25d1ac5049ea46d031d3a',1,'FA1107-0019-depotFacture-1418-INH-N000289-20170720.pdf','facture/FA1107-0019','depotFacture-1418-INH-N000289-20170720.pdf','',NULL,NULL,'uploaded',NULL,'2017-08-30 15:54:45','2017-08-30 11:54:45',18,NULL,NULL,3,NULL),(4,NULL,'91a42a4e2c77e826562c83fa84f6fccd',1,'CO7001-0027-acces-coopinfo.txt','commande/CO7001-0027','acces-coopinfo.txt','',NULL,NULL,'uploaded',NULL,'2017-08-30 16:02:33','2017-08-30 12:02:33',18,NULL,NULL,1,NULL),(5,NULL,'3a9283622bae3469fd90eefd90eb53ea',1,'FA1601-0024.pdf','facture/FA1601-0024','/home/ldestailleur/git/dolibarr_6.0/documents/facture/FA1601-0024/FA1601-0024.pdf','',NULL,NULL,'unknown',NULL,'2017-08-30 16:23:01','2017-08-30 12:23:01',12,NULL,NULL,1,NULL),(6,NULL,'24e96a4a0da25d1ac5049ea46d031d3a',1,'FA1601-0024-depotFacture-1418-INH-N000289-20170720.pdf','facture/FA1601-0024','depotFacture-1418-INH-N000289-20170720.pdf','',NULL,NULL,'uploaded',NULL,'2017-08-30 16:23:14','2017-08-30 12:23:14',12,NULL,NULL,2,NULL),(7,NULL,'d41d8cd98f00b204e9800998ecf8427e',1,'Exxxqqqw','produit/COMP-XP4523','/home/ldestailleur/git/dolibarr_6.0/documents/produit/COMP-XP4523/Exxxqqqw','',NULL,NULL,'unknown',NULL,'2017-08-30 19:03:15','2017-08-30 15:04:02',12,NULL,NULL,2,NULL),(8,NULL,'8245ba8e8e345655f06cd904d7d54f73',1,'compxp4523product.jpg','produit/COMP-XP4523','/home/ldestailleur/git/dolibarr_6.0/documents/produit/COMP-XP4523/compxp4523product.jpg','',NULL,NULL,'unknown',NULL,'2017-08-30 19:03:15','2017-08-30 15:04:02',12,NULL,NULL,1,NULL),(9,NULL,'d32552ee874c82b9f0ccab4f309b4b61',1,'dolihelp.ico','produit/COMP-XP4523','/home/ldestailleur/git/dolibarr_6.0/documents/produit/COMP-XP4523/dolihelp.ico','',NULL,NULL,'unknown',NULL,'2017-08-30 19:03:15','2017-08-30 15:03:15',12,NULL,NULL,3,NULL);

--
-- Table structure for table `llx_ecommerce_category`
--

CREATE TABLE `llx_ecommerce_category` (
  `rowid` int(11) NOT NULL AUTO_INCREMENT,
  `label` varchar(255) COLLATE utf8_unicode_ci DEFAULT NULL,
  `type` tinyint(4) NOT NULL DEFAULT '1',
  `description` text COLLATE utf8_unicode_ci,
  `fk_category` int(11) NOT NULL,
  `fk_site` int(11) NOT NULL,
  `remote_id` int(11) NOT NULL,
  `remote_parent_id` int(11) DEFAULT NULL,
  `last_update` datetime DEFAULT NULL,
  PRIMARY KEY (`rowid`),
  UNIQUE KEY `uk_ecommerce_category_fk_site_fk_category` (`fk_site`,`fk_category`),
  KEY `idx_ecommerce_category_fk_category` (`fk_category`),
  KEY `idx_ecommerce_category_fk_site` (`fk_site`)
) ENGINE=InnoDB AUTO_INCREMENT=2260 DEFAULT CHARSET=utf8 COLLATE=utf8_unicode_ci COMMENT='Table transition remote site -  Dolibarr';

--
-- Dumping data for table `llx_ecommerce_category`
--

INSERT INTO `llx_ecommerce_category` VALUES (1951,'Root Catalog',0,'',1750,1,3,1,'2007-12-05 04:38:59'),(1952,'Parquets',0,'',1751,1,35,3,'2016-01-19 09:35:20'),(1953,'Parquets massifs exotiques',0,'',1752,1,36,35,'2016-01-19 09:35:44'),(1954,'Parquets massifs salle de bain',0,'',1753,1,135,35,'2016-01-19 09:36:03'),(1955,'Parquets massifs bruts',0,'',1754,1,43,35,'2016-01-19 09:36:24'),(1956,'Parquets massifs naturels',0,'',1755,1,46,35,'2016-01-19 09:36:47'),(1957,'Parquets massifs tendances',0,'',1756,1,136,35,'2016-01-19 09:37:04'),(1958,'Parquets massifs vieillis',0,'',1757,1,227,35,'2016-01-19 09:37:23'),(1959,'Parquets contrecollés classiques',0,'',1758,1,51,35,'2016-01-19 09:37:49'),(1960,'Parquets contrecollés tendance',0,'',1759,1,54,35,'2016-01-19 09:38:09'),(1961,'Parquets contrecollés sols chauffants & rafraîchissants',0,'',1760,1,57,35,'2016-01-19 09:38:35'),(1962,'Parquets contrecollés vieillis',0,'',1761,1,279,35,'2016-01-19 09:38:57'),(1963,'Terrasses',0,'',1762,1,80,3,'2017-03-15 09:46:37'),(1964,'Lames terrasse Bois Exotique',0,'',1763,1,81,80,'2017-03-15 15:34:21'),(1965,'Ipé',0,'',1764,1,461,81,'2017-03-15 09:55:42'),(1966,'Cumaru',0,'',1765,1,462,81,'2017-03-15 09:57:55'),(1967,'Terrasses bois français',0,'',1766,1,84,80,'2015-10-07 15:51:30'),(1968,'Lames Terrasse Bois Composite',0,'',1767,1,86,80,'2017-03-15 14:33:51'),(1969,'Lames Bois Composite',0,'',1768,1,463,86,'2017-03-15 10:24:30'),(1970,'Fixations Lames Composites',0,'',1769,1,464,86,'2017-03-15 10:26:53'),(1971,'Accessoires terrasses',0,'',1770,1,286,80,'2017-03-15 10:58:40'),(1972,'FORET ÉTAGÉ SPAX',0,'',1771,1,396,286,'2017-03-15 10:57:07'),(1973,'CALES ET FEUTRES POUR LAMBOURDE',0,'',1772,1,459,286,'2017-03-15 10:55:50'),(1974,'Feutre Géotextile',0,'',1773,1,466,80,'2017-03-20 15:15:32'),(1975,'Cales pour Lambourdes',0,'',1774,1,394,80,'2017-03-16 13:47:30'),(1976,'Lambourdes Pour Terrasse',0,'',1775,1,465,80,'2017-03-15 10:36:30'),(1977,'Vis Terrasse Inox SPAX',0,'',1776,1,366,80,'2017-03-15 14:26:33'),(1978,'Fixations Terrasse',0,'',1777,1,365,80,'2017-03-20 09:18:10'),(1979,'Plots Pour Terrasse',0,'',1778,1,367,80,'2017-03-16 13:09:09'),(1980,'Redresseur De Lames',0,'',1779,1,368,80,'2017-03-16 13:26:27'),(1981,'Espaceur et gabarit',0,'',1780,1,370,80,'2017-03-16 13:37:38'),(1982,'Forets et Embouts',0,'',1781,1,369,80,'2017-03-16 13:53:06'),(1983,'BANDE D\'ÉTANCHÉITÉ',0,'',1782,1,395,80,'2017-03-15 14:15:22'),(1984,'Luminaires extérieurs terrasses et jardins',0,'',1783,1,290,80,'2017-03-16 13:58:11'),(1985,'ÉCLAIRAGE Á POSER AU SOL',0,'',1784,1,374,290,'2017-03-15 10:59:39'),(1986,'ÉCLAIRAGE MURAL',0,'',1785,1,375,290,'2017-03-15 10:59:44'),(1987,'ÉCLAIRAGE D\'ORIENTATION',0,'',1786,1,376,290,'2017-03-15 11:00:02'),(1988,'Eclairage Design Collection',0,'',1787,1,377,290,'2015-03-05 18:25:35'),(1989,'SPOTS',0,'',1788,1,378,290,'2017-03-15 11:00:08'),(1990,'TRANSFORMATEURS',0,'',1789,1,372,290,'2017-03-15 11:00:14'),(1991,'CÂBLES ET RALLONGES',0,'',1790,1,373,290,'2017-03-15 11:00:24'),(1992,'PROGRAMMATEURS, DÉTECTEURS, TÉLÉCOMMANDES',0,'',1791,1,379,290,'2017-03-15 11:00:31'),(1993,'Revêtements sol & mur',0,'',1792,1,60,3,'2017-02-01 10:13:13'),(1994,'Dalles (cuir, béton ciré...)',0,'',1793,1,63,60,'2017-02-01 13:50:13'),(1995,'Dalles/lames plombantes',0,'',1794,1,401,60,'2017-02-01 13:50:20'),(1996,'Sols en bois',0,'',1795,1,61,60,'2017-02-01 13:50:59'),(1997,'Sols en liège',0,'',1796,1,294,60,'2017-02-01 13:50:52'),(1998,'Stratifiés classiques',0,'',1797,1,68,60,'2016-01-18 17:43:44'),(1999,'Stratifiés tendances',0,'',1798,1,72,60,'2016-01-18 17:44:37'),(2000,'Stratifiés salles de bain',0,'',1799,1,76,60,'2016-01-18 17:45:57'),(2001,'Stratifiés économiques',0,'',1800,1,78,60,'2016-01-18 17:45:32'),(2002,'Stratifiés colle intégrée',0,'',1801,1,421,60,'2016-03-24 10:36:21'),(2003,'Vinyles Click',0,'',1802,1,400,60,'2016-01-18 17:46:15'),(2004,'Vinyles',0,'',1803,1,283,60,'2015-10-29 16:09:39'),(2005,'Lambris',0,'',1804,1,89,60,'2017-02-01 10:13:57'),(2006,'Lambris massifs pin',0,'',1805,1,90,89,'2017-02-01 10:15:07'),(2007,'Accessoires lambris',0,'',1806,1,302,89,'2017-02-01 10:15:13'),(2008,'Entretien',0,'',1807,1,323,3,'2016-01-18 17:08:34'),(2009,'Toutes surfaces',0,'',1808,1,335,323,'2016-03-31 12:14:59'),(2010,'Parquet ciré',0,'',1809,1,359,323,'2016-03-31 12:21:35'),(2011,'Parquet huilé',0,'',1810,1,337,323,'2016-03-31 12:26:55'),(2012,'Parquet vitrifié',0,'',1811,1,339,323,'2016-03-31 12:31:26'),(2013,'Sols stratifié - Vinyl',0,'',1812,1,340,323,'2016-03-31 12:40:36'),(2014,'Terrasse',0,'',1813,1,341,323,'2016-01-18 17:10:11'),(2015,'SATURATEURS ENVIRONNEMENT',0,'',1814,1,342,341,'2017-02-01 14:30:22'),(2016,'SATURATEURS BOIS',0,'',1815,1,343,341,'2017-02-01 14:30:30'),(2017,'SATURATEURS MONOCOUCHE',0,'',1816,1,344,341,'2017-02-01 14:30:41'),(2018,'SATURATEURS OPAQUES',0,'',1817,1,345,341,'2017-02-01 14:33:53'),(2019,'NETTOYANTS - DÉGRISEURS',0,'',1818,1,346,341,'2017-02-01 14:31:20'),(2020,'RÉNOVATEURS COMPOSITES',0,'',1819,1,347,341,'2017-02-01 14:31:33'),(2021,'SYSTÈME ANTI UV',0,'',1820,1,348,341,'2017-02-01 14:32:02'),(2022,'Bardage',0,'',1821,1,349,323,'2016-01-18 17:20:26'),(2023,'HUILES BARDAGES',0,'',1822,1,350,349,'2017-02-01 14:32:18'),(2024,'LASURES OPTEM',0,'',1823,1,352,349,'2017-02-01 14:32:25'),(2025,'LASURES HPS',0,'',1824,1,353,349,'2017-02-01 14:32:32'),(2026,'LASURES ENVIRONNEMENT',0,'',1825,1,354,349,'2017-02-01 14:32:42'),(2027,'PEINTURES ENVIRONNEMENT',0,'',1826,1,355,349,'2017-02-01 14:32:51'),(2028,'SYSTÈME ANTI UV BARDAGE',0,'',1827,1,356,349,'2017-07-04 22:36:49'),(2029,'HUILES POUR TECK',0,'',1828,1,413,349,'2017-02-01 14:33:13'),(2030,'Décapants',0,'',1829,1,357,323,'2016-03-31 12:46:26'),(2031,'Décireurs',0,'',1830,1,361,323,'2016-03-31 12:52:31'),(2032,'Traitements',0,'',1831,1,358,323,'2016-03-31 12:54:22'),(2033,'Pose',0,'',1832,1,128,3,'2015-01-22 14:40:40'),(2034,'Finition',0,'',1833,1,319,3,'2016-01-18 17:25:47'),(2035,'HUILES POUR PARQUETS',0,'',1834,1,239,319,'2017-02-01 13:54:09'),(2036,'HUILES ENVIRONNEMENT',0,'',1835,1,334,239,'2017-02-01 13:55:03'),(2037,'HUILES CIRE',0,'',1836,1,241,239,'2017-02-01 13:55:42'),(2038,'HUILES TRADITIONNELLES',0,'',1837,1,321,239,'2017-02-01 13:55:53'),(2039,'HUILES DURES',0,'',1838,1,322,239,'2017-02-01 13:56:00'),(2040,'LASURES',0,'',1839,1,255,319,'2017-02-01 13:54:17'),(2041,'PEINTURES ENVIRONNEMENT LASURE',0,'',1840,1,325,255,'2017-07-04 22:37:25'),(2042,'LASURES BOIS ENVIRONNEMENT',0,'',1841,1,326,255,'2017-02-01 13:56:35'),(2043,'LASURES OPTEM',0,'',1842,1,327,255,'2017-02-01 13:56:42'),(2044,'LASURES TRADITIONNELLES',0,'',1843,1,328,255,'2017-02-01 13:56:51'),(2045,'PRÉPARATION BOIS EXTERIEUR',0,'',1844,1,329,255,'2017-02-01 13:57:12'),(2046,'VITRIFICATEURS',0,'',1845,1,240,319,'2017-02-01 13:54:27'),(2047,'VITRIFICATEURS TRADITIONNELS',0,'',1846,1,330,240,'2017-02-01 13:57:45'),(2048,'VITRIFICATEURS ENVIRONNEMENT',0,'',1847,1,331,240,'2017-02-01 13:58:00'),(2049,'VITRIFICATEURS OCÉANIC®',0,'',1848,1,332,240,'2017-02-01 13:59:10'),(2050,'VITRIFICATEURS ESCALIERS',0,'',1849,1,333,240,'2017-02-01 13:59:40'),(2051,'VITRIFICATEURS BI COMPOSANTS',0,'',1850,1,404,240,'2017-02-01 13:59:51'),(2052,'Béton - Pavés briques',0,'',1851,1,300,319,'2016-03-25 09:44:34'),(2053,'Peintures sol',0,'',1852,1,271,319,'2016-03-25 09:47:36'),(2054,'Peintures tableau d\'école',0,'',1853,1,360,319,'2016-03-25 09:59:01'),(2055,'Peinture décorative aqua',0,'',1854,1,426,319,'2016-03-25 10:08:28'),(2056,'Primaire fond dur',0,'',1855,1,320,319,'2016-03-25 10:10:34'),(2057,'Teintes parquets - boiseries',0,'',1856,1,324,319,'2016-03-25 10:14:55'),(2058,'Vernis bois',0,'',1857,1,296,319,'2016-03-25 10:16:20'),(2059,'Parquet ciré',0,'',1858,1,414,319,'2016-03-31 12:57:15'),(2060,'Peinture rénovation multi supports',0,'',1859,1,435,319,'2016-10-17 15:33:29'),(2061,'Accessoires disabled',0,'',1860,1,98,3,'2017-07-04 23:32:02'),(2062,'Produits de finitions',0,'',1861,1,108,98,'2015-01-21 11:05:10'),(2063,'Ventes flash',0,'',1862,1,129,3,'2017-02-17 11:21:37'),(2064,'Marques',0,'',1863,1,151,3,'2015-10-16 09:15:18'),(2065,'Blanchon',0,'',1864,1,161,151,'2015-12-14 17:42:03'),(2066,'Colles',0,'',1865,1,263,161,'2015-10-14 17:04:55'),(2067,'Décapants',0,'',1866,1,268,161,'2016-01-18 14:33:19'),(2068,'Décireurs',0,'',1867,1,303,161,'2016-01-18 14:33:39'),(2069,'Dégriseurs bois',0,'',1868,1,250,161,'2016-01-18 14:34:12'),(2070,'Diluants',0,'',1869,1,298,161,'2016-01-22 15:03:39'),(2071,'Encaustique et Cire',0,'',1870,1,416,161,'2016-01-21 09:21:28'),(2072,'Fonds durs',0,'',1871,1,257,161,'2016-01-22 15:04:00'),(2073,'Huiles bardage',0,'',1872,1,351,161,'2016-01-18 14:35:20'),(2074,'Huile-cire dure : Solid\'Oil',0,'',1873,1,249,161,'2016-01-22 15:04:58'),(2075,'Huiles cires',0,'',1874,1,264,161,'2016-01-22 15:05:27'),(2076,'Huile cire béton',0,'',1875,1,254,161,'2016-01-18 14:36:33'),(2077,'Huiles environnement pour parquet',0,'',1876,1,244,161,'2016-01-22 15:06:30'),(2078,'Huile d\'entretien',0,'',1877,1,248,161,'2016-01-11 16:55:17'),(2079,'Huile pour Teck',0,'',1878,1,259,161,'2016-01-18 14:37:06'),(2080,'Lasures bois très longue durée',0,'',1879,1,256,161,'2016-01-18 14:37:20'),(2081,'Lasures OPTEM',0,'',1880,1,316,161,'2016-01-18 14:37:37'),(2082,'Liant mastic à bois',0,'',1881,1,308,161,'2016-01-18 14:37:54'),(2083,'Nettoyants et rénovateurs',0,'',1882,1,253,161,'2016-01-18 14:38:18'),(2084,'Peinture bois très longue durée',0,'',1883,1,315,161,'2016-01-13 10:25:14'),(2085,'Peinture ciment bois',0,'',1884,1,270,161,'2016-01-18 14:38:40'),(2086,'Préparation bois extérieur',0,'',1885,1,317,161,'2016-01-18 14:39:05'),(2087,'Peinture décorative aqua',0,'',1886,1,425,161,'2016-03-01 14:36:39'),(2088,'Prim\' Huile',0,'',1887,1,246,161,'2016-01-18 14:39:19'),(2089,'Saturateur pour terrasse',0,'',1888,1,247,161,'2016-02-24 17:24:11'),(2090,'Savon Naturel des parquets huilés',0,'',1889,1,245,161,'2016-01-18 14:40:23'),(2091,'Système incolore anti-UV',0,'',1890,1,260,161,'2016-01-18 14:41:09'),(2092,'Teintes',0,'',1891,1,258,161,'2016-01-18 14:41:34'),(2093,'Traitement des bois - Trait\'plus -Trait\'découp',0,'',1892,1,251,161,'2016-01-18 14:42:00'),(2094,'Vitrificateurs environnement Blanchon',0,'',1893,1,243,161,'2016-01-18 14:42:24'),(2095,'Vitrificateurs parquet (VP)',0,'',1894,1,261,161,'2016-02-02 14:00:59'),(2096,'Vitrificateurs parquet Océanic®',0,'',1895,1,265,161,'2016-01-19 11:00:23'),(2097,'Vitrificateurs parquet SVP aqua',0,'',1896,1,405,161,'2015-12-04 13:49:33'),(2098,'Vernis bois',0,'',1897,1,297,161,'2016-02-02 14:02:02'),(2099,'Peinture rénovation',0,'',1898,1,436,161,'2016-10-18 14:49:46'),(2100,'Bugal',0,'',1899,1,280,151,'2016-03-26 10:23:08'),(2101,'Bona',0,'',1900,1,269,151,'2016-03-26 10:24:58'),(2102,'Balai Bona spay mop parquet',0,'',1901,1,312,269,'2016-01-18 14:46:36'),(2103,'Balai Bona spay mop sol dur',0,'',1902,1,311,269,'2016-01-18 14:46:56'),(2104,'Entretien parquet vitrifié',0,'',1903,1,306,269,'2016-01-18 14:47:20'),(2105,'Entretien parquet huilé',0,'',1904,1,307,269,'2015-12-01 11:03:24'),(2106,'Savon pour parquet huilé',0,'',1905,1,406,269,'2015-12-02 14:06:24'),(2107,'Huile d\'entretien parquet huilé',0,'',1906,1,407,269,'2015-12-02 15:45:26'),(2108,'Bostik',0,'',1907,1,162,151,'2011-04-08 13:05:04'),(2109,'Chêne de l\'Est',0,'',1908,1,155,151,'2016-03-26 10:25:53'),(2110,'Poussière d\'argile',0,'',1909,1,164,155,'2016-01-18 14:47:59'),(2111,'Plancher d\'autrefois',0,'',1910,1,165,155,'2016-01-18 14:48:11'),(2112,'Privilège Café',0,'',1911,1,166,155,'2016-01-18 14:48:31'),(2113,'Gamme Initiale',0,'',1912,1,423,155,'2016-11-02 11:30:10'),(2114,'Gamme Nature',0,'',1913,1,437,155,'2016-11-02 11:30:22'),(2115,'Cepam',0,'',1914,1,158,151,'2015-07-30 14:04:49'),(2116,'Natural',0,'',1915,1,187,158,'2014-07-02 13:42:36'),(2117,'Grand large',0,'',1916,1,188,158,'2014-07-02 13:42:46'),(2118,'Bord à bord',0,'',1917,1,189,158,'2014-07-02 13:42:57'),(2119,'Clean green',0,'',1918,1,288,151,'2016-03-26 10:28:14'),(2120,'Design by BP',0,'',1919,1,152,151,'2016-03-26 10:28:19'),(2121,'Massif brut',0,'',1920,1,228,152,'2016-01-18 14:49:17'),(2122,'Massif huilé naturel',0,'',1921,1,229,152,'2016-01-18 14:49:33'),(2123,'Lambris',0,'',1922,1,231,152,'2016-01-18 14:49:42'),(2124,'Massifs exotiques',0,'',1923,1,232,152,'2015-12-15 14:03:23'),(2125,'Massifs salle de bain',0,'',1924,1,233,152,'2016-01-18 14:50:01'),(2126,'Médoc 5G',0,'',1925,1,234,152,'2014-04-09 10:25:52'),(2127,'Colosse 5G',0,'',1926,1,235,152,'2014-04-09 10:27:24'),(2128,'Terrasses bois composite',0,'',1927,1,236,152,'2016-01-18 14:50:24'),(2129,'Terrasses bois',0,'',1928,1,237,152,'2016-01-18 14:50:42'),(2130,'Stratifié',0,'',1929,1,238,152,'2016-01-18 14:50:56'),(2131,'Emfi',0,'',1930,1,224,151,'2016-02-05 10:16:51'),(2132,'Cabbani',0,'',1931,1,156,151,'2017-02-21 14:18:31'),(2133,'Collection 02 (Finition Huilée)',0,'',1932,1,192,156,'2017-02-21 15:20:28'),(2134,'Collection 01 (Finition Vernie)',0,'',1933,1,193,156,'2017-02-21 14:58:31'),(2135,'Collection 03 (Finition Vernie)',0,'',1934,1,412,156,'2017-02-22 13:14:49'),(2136,'Garden lights',0,'',1935,1,289,151,'2016-03-26 10:32:34'),(2137,'Transformateurs',0,'',1936,1,380,289,'2015-03-11 16:43:54'),(2138,'Câbles et rallonges',0,'',1937,1,381,289,'2015-03-11 16:44:02'),(2139,'Programmateurs, détecteurs, télécommandes',0,'',1938,1,382,289,'2015-03-11 16:44:09'),(2140,'Eclairage à poser au sol',0,'',1939,1,383,289,'2015-03-11 16:44:17'),(2141,'Eclairage mural',0,'',1940,1,384,289,'2015-03-11 16:44:24'),(2142,'Eclairage d\'orientation',0,'',1941,1,385,289,'2015-03-11 16:44:31'),(2143,'SPOTS',0,'',1942,1,386,289,'2015-03-11 16:44:38'),(2144,'Eclairage Design Collection',0,'',1943,1,387,289,'2015-03-11 16:46:51'),(2145,'Pièces détachées',0,'',1944,1,388,289,'2015-03-11 16:48:03'),(2146,'Hapax',0,'',1945,1,273,151,'2016-02-05 13:14:38'),(2147,'Haro',0,'',1946,1,163,151,'2016-01-14 16:39:17'),(2148,'A l\'Anglaise Série 4000',0,'',1947,1,217,163,'2016-02-25 10:30:24'),(2149,'Toscana Série 3000',0,'',1948,1,218,163,'2016-02-25 10:32:27'),(2150,'Planche large à l\'ancienne - Série 4000',0,'',1949,1,287,163,'2016-01-18 14:58:07'),(2151,'Planche large à l\'ancienne - Série 3000',0,'',1950,1,219,163,'2017-03-21 16:19:37'),(2152,'Célénio Papyrus',0,'',1951,1,222,163,'2016-01-18 14:58:53'),(2153,'Célénio Athos',0,'',1952,1,223,163,'2016-01-18 14:59:06'),(2154,'Célénio Atrium',0,'',1953,1,226,163,'2016-01-18 14:59:19'),(2155,'Gran Via',0,'',1954,1,424,163,'2016-02-25 10:06:45'),(2156,'Tritty 100',0,'',1955,1,242,163,'2016-02-23 15:24:42'),(2157,'Tritty 100 - Silent CT',0,'',1956,1,422,163,'2016-02-01 17:23:41'),(2158,'Tritty 75',0,'',1957,1,285,163,'2016-01-11 16:47:33'),(2159,'Tritty 75 - Silent CT',0,'',1958,1,420,163,'2016-02-01 15:22:18'),(2160,'Haro Sols en liège',0,'',1959,1,293,163,'2017-07-04 22:35:39'),(2161,'Tritty 90',0,'',1960,1,448,163,'2017-01-09 10:28:29'),(2162,'Tritty 90 - Silent CT',0,'',1961,1,449,163,'2017-01-09 10:33:13'),(2163,'Tritty 90 - Silent Pro',0,'',1962,1,450,163,'2017-01-09 10:34:36'),(2164,'A l\'anglaise Série 3500',0,'',1963,1,451,163,'2017-01-10 08:50:28'),(2165,'Planche large à l\'ancienne - Série 3500',0,'',1964,1,469,163,'2017-03-22 16:43:12'),(2166,'Lamett',0,'',1965,1,272,151,'2016-03-26 10:44:05'),(2167,'Atlanta',0,'',1966,1,274,272,'2015-03-04 17:24:47'),(2168,'Cézanne',0,'',1967,1,362,272,'2016-01-27 10:27:55'),(2169,'Cuba',0,'',1968,1,364,272,'2016-01-18 17:01:24'),(2170,'Dijon',0,'',1969,1,313,272,'2016-01-27 13:14:13'),(2171,'New york',0,'',1970,1,275,272,'2014-07-02 13:23:40'),(2172,'Oslo',0,'',1971,1,276,272,'2016-01-27 14:26:50'),(2173,'Country',0,'',1972,1,277,272,'2014-07-02 13:26:51'),(2174,'Farm',0,'',1973,1,278,272,'2015-11-18 16:38:07'),(2175,'Impérial',0,'',1974,1,230,272,'2016-01-18 17:02:26'),(2176,'Nature',0,'',1975,1,282,272,'2014-07-02 13:27:21'),(2177,'Brussels',0,'',1976,1,284,272,'2017-02-15 09:14:11'),(2178,'Palace',0,'',1977,1,363,272,'2016-01-18 17:02:52'),(2179,'Royal',0,'',1978,1,371,272,'2016-01-18 17:03:06'),(2180,'Classica',0,'',1979,1,391,272,'2017-02-15 09:14:07'),(2181,'Sapphire',0,'',1980,1,392,272,'2017-02-15 09:14:00'),(2182,'Bolero',0,'',1981,1,393,272,'2017-02-15 09:13:47'),(2183,'Listone Giordano',0,'',1982,1,154,151,'2016-01-18 14:31:31'),(2184,'Linéa 70',0,'',1983,1,195,154,'2016-01-18 17:04:34'),(2185,'Piano 90',0,'',1984,1,196,154,'2016-01-18 17:04:55'),(2186,'Makita',0,'',1985,1,403,151,'2015-11-04 13:40:24'),(2187,'Objectflor',0,'',1986,1,402,151,'2015-11-02 17:45:40'),(2188,'Parqueterie Berrichonne',0,'',1987,1,153,151,'2016-01-26 16:54:20'),(2189,'Confluence 90',0,'',1988,1,211,153,'2017-03-03 16:30:22'),(2190,'Terrasse',0,'',1989,1,214,153,'2016-01-14 14:58:31'),(2191,'Nativ 11',0,'',1990,1,215,153,'2017-02-22 16:43:16'),(2192,'Class clic 140',0,'',1991,1,216,153,'2017-03-03 16:29:58'),(2193,'Confluence 140',0,'',1992,1,417,153,'2017-03-03 16:30:06'),(2194,'Confluence 170',0,'',1993,1,418,153,'2017-03-03 16:30:12'),(2195,'Confluence 190',0,'',1994,1,419,153,'2017-03-03 16:30:17'),(2196,'Nativ 14',0,'',1995,1,460,153,'2017-03-01 10:42:26'),(2197,'Quick Step',0,'',1996,1,157,151,'2016-01-18 14:32:33'),(2198,'Ambient Click',0,'',1997,1,399,157,'2017-01-24 14:15:35'),(2199,'Arte',0,'',1998,1,184,157,'2016-03-26 11:03:17'),(2200,'Balance Click',0,'',1999,1,398,157,'2015-12-14 13:51:44'),(2201,'Classic',0,'',2000,1,181,157,'2016-01-18 17:06:14'),(2202,'Creo',0,'',2001,1,309,157,'2016-01-18 17:06:24'),(2203,'Vogue',0,'',2002,1,175,157,'2015-04-07 12:47:45'),(2204,'Eligna',0,'',2003,1,177,157,'2016-01-18 17:06:36'),(2205,'Eligna Wide',0,'',2004,1,262,157,'2016-01-18 17:06:46'),(2206,'Elite',0,'',2005,1,179,157,'2016-01-18 17:06:57'),(2207,'Impressive',0,'',2006,1,304,157,'2017-04-10 14:14:08'),(2208,'Impressive Ultra',0,'',2007,1,305,157,'2017-04-10 14:13:54'),(2209,'Lagune',0,'',2008,1,180,157,'2016-01-18 17:07:29'),(2210,'Largo',0,'',2009,1,174,157,'2016-01-18 17:07:39'),(2211,'Perspective',0,'',2010,1,178,157,'2016-01-18 17:07:47'),(2212,'Perspective Wide',0,'',2011,1,310,157,'2016-01-18 17:07:58'),(2213,'Imperio',0,'',2012,1,438,157,'2016-11-16 10:56:09'),(2214,'Palazzo',0,'',2013,1,439,157,'2016-11-16 10:58:35'),(2215,'Castello',0,'',2014,1,441,157,'2016-11-16 11:04:00'),(2216,'Villa',0,'',2015,1,442,157,'2016-11-16 11:03:35'),(2217,'Compact',0,'',2016,1,444,157,'2016-11-16 11:06:42'),(2218,'Balance Click Plus',0,'',2017,1,452,157,'2017-01-23 16:58:07'),(2219,'Ambient Click Plus',0,'',2018,1,453,157,'2017-01-24 14:15:57'),(2220,'Pulse Click',0,'',2019,1,454,157,'2017-01-24 16:18:34'),(2221,'Pulse Click Plus',0,'',2020,1,455,157,'2017-01-25 10:43:20'),(2222,'Majestic',0,'',2021,1,470,157,'2017-04-10 14:17:26'),(2223,'Solidfloor',0,'',2022,1,292,151,'2016-01-18 14:32:45'),(2224,'Spax',0,'',2023,1,281,151,'2016-11-30 10:04:04'),(2225,'Verniland',0,'',2024,1,160,151,'2015-11-04 13:38:41'),(2226,'Virginia',0,'',2025,1,167,160,'2014-07-02 13:41:49'),(2227,'Callao',0,'',2026,1,169,160,'2014-07-02 13:42:00'),(2228,'Sapin brossé large',0,'',2027,1,170,160,'2014-07-02 13:42:10'),(2229,'Duo color',0,'',2028,1,173,160,'2014-07-02 13:42:23'),(2230,'Accessoires lambris',0,'',2029,1,301,160,'2014-07-25 09:30:55'),(2231,'Woca',0,'',2030,1,427,151,'2016-04-14 12:24:43'),(2232,'Box d\'entretien des parquets huilés',0,'',2031,1,432,427,'2016-03-14 17:33:10'),(2233,'Détachant',0,'',2032,1,430,427,'2016-03-14 17:27:05'),(2234,'Huile d\'entretien',0,'',2033,1,429,427,'2016-03-15 17:01:35'),(2235,'Huile d\'extérieur',0,'',2034,1,433,427,'2016-03-14 17:58:24'),(2236,'Nettoyant intensif',0,'',2035,1,431,427,'2016-03-14 17:30:25'),(2237,'Oil Care',0,'',2036,1,434,427,'2016-04-01 14:54:00'),(2238,'Savon naturel des parquets huilés',0,'',2037,1,428,427,'2016-04-01 15:38:07'),(2239,'L\'outil parfait',0,'',2038,1,446,151,'2016-11-30 10:44:20'),(2240,'Lalegno',0,'',2039,1,456,151,'2017-02-01 13:14:31'),(2241,'Fiberdeck',0,'',2040,1,458,151,'2017-02-15 10:16:05'),(2242,'Dressing',0,'',2041,1,447,3,'2016-11-30 15:52:29'),(2243,'Kendoors',0,'',2042,1,471,447,'2017-05-31 08:03:58'),(2244,'Accessoires',0,'',2043,1,457,3,'2017-02-01 14:25:08'),(2245,'LAMBOURDES & TASSEAUX',0,'',2044,1,99,457,'2017-03-21 17:03:37'),(2246,'COLLES & MASTICS',0,'',2045,1,107,457,'2017-03-21 17:03:42'),(2247,'SOUS-COUCHES',0,'',2046,1,100,457,'2017-02-01 14:26:19'),(2248,'BARRES DE SEUIL',0,'',2047,1,225,457,'2017-02-01 14:26:26'),(2249,'PLINTHES',0,'',2048,1,103,457,'2017-02-01 14:26:33'),(2250,'SOUS-PROFILÉ INCIZO',0,'',2049,1,397,457,'2017-02-01 14:27:04'),(2251,'ACCESSOIRES TERRASSES',0,'',2050,1,140,457,'2017-02-01 14:27:16'),(2252,'ACCESSOIRES LUMINAIRES',0,'',2051,1,291,457,'2017-02-01 14:27:24'),(2253,'CONTRES PLINTHES',0,'',2052,1,408,457,'2017-02-01 14:27:56'),(2254,'CHAMPLATS',0,'',2053,1,409,457,'2017-02-01 14:27:41'),(2255,'QUARTS DE ROND',0,'',2054,1,410,457,'2017-02-01 14:27:50'),(2256,'NEZ DE MARCHE',0,'',2055,1,411,457,'2017-02-01 14:28:02'),(2257,'OUTILLAGE PARQUET',0,'',2056,1,116,457,'2017-02-01 14:28:13'),(2258,'Brosses & Spalters',0,'',2057,1,467,457,'2017-03-21 16:54:05'),(2259,'Rouleaux & Montures',0,'',2058,1,468,457,'2017-03-21 17:03:14');

--
-- Table structure for table `llx_element_contact`
--

CREATE TABLE `llx_element_contact` (
  `rowid` int(11) NOT NULL AUTO_INCREMENT,
  `datecreate` datetime DEFAULT NULL,
  `statut` smallint(6) DEFAULT '5',
  `element_id` int(11) NOT NULL,
  `fk_c_type_contact` int(11) NOT NULL,
  `fk_socpeople` int(11) NOT NULL,
  PRIMARY KEY (`rowid`),
  UNIQUE KEY `idx_element_contact_idx1` (`element_id`,`fk_c_type_contact`,`fk_socpeople`),
  KEY `fk_element_contact_fk_c_type_contact` (`fk_c_type_contact`),
  KEY `idx_element_contact_fk_socpeople` (`fk_socpeople`),
  CONSTRAINT `fk_element_contact_fk_c_type_contact` FOREIGN KEY (`fk_c_type_contact`) REFERENCES `llx_c_type_contact` (`rowid`)
) ENGINE=InnoDB AUTO_INCREMENT=29 DEFAULT CHARSET=utf8;

--
-- Dumping data for table `llx_element_contact`
--

INSERT INTO `llx_element_contact` VALUES (1,'2010-07-09 00:49:43',4,1,160,1),(2,'2010-07-09 00:49:56',4,2,160,1),(3,'2010-07-09 00:50:19',4,3,160,1),(4,'2010-07-09 00:50:42',4,4,160,1),(5,'2010-07-09 01:52:36',4,1,120,1),(6,'2010-07-09 01:53:25',4,1,10,2),(7,'2010-07-09 01:53:25',4,1,11,2),(8,'2010-07-10 18:13:37',4,2,10,2),(9,'2010-07-10 18:13:37',4,2,11,2),(11,'2010-07-11 16:22:36',4,5,160,1),(12,'2010-07-11 16:23:53',4,2,180,1),(13,'2013-01-23 15:04:27',4,19,200,5),(14,'2013-01-23 16:06:37',4,19,210,2),(15,'2013-01-23 16:12:43',4,19,220,2),(16,'2013-03-06 10:04:57',4,3,10,1),(17,'2013-03-06 10:04:57',4,3,11,1),(18,'2014-12-21 13:52:41',4,3,180,1),(19,'2014-12-21 13:55:39',4,4,180,1),(20,'2014-12-21 14:16:58',4,5,180,1),(21,'2016-07-30 15:29:07',4,6,160,12),(22,'2016-07-30 15:29:48',4,7,160,12),(23,'2016-07-30 15:30:25',4,8,160,12),(24,'2016-07-30 15:33:27',4,6,180,12),(25,'2016-07-30 15:33:39',4,7,180,12),(26,'2016-07-30 15:33:54',4,8,180,12),(27,'2016-07-30 15:34:09',4,9,180,12),(28,'2016-07-31 18:27:20',4,9,160,12);

--
-- Table structure for table `llx_element_element`
--

CREATE TABLE `llx_element_element` (
  `rowid` int(11) NOT NULL AUTO_INCREMENT,
  `fk_source` int(11) NOT NULL,
  `sourcetype` varchar(32) NOT NULL,
  `fk_target` int(11) NOT NULL,
  `targettype` varchar(32) NOT NULL,
  PRIMARY KEY (`rowid`),
  UNIQUE KEY `idx_element_element_idx1` (`fk_source`,`sourcetype`,`fk_target`,`targettype`),
  KEY `idx_element_element_fk_target` (`fk_target`)
) ENGINE=InnoDB AUTO_INCREMENT=14 DEFAULT CHARSET=utf8;

--
-- Dumping data for table `llx_element_element`
--

INSERT INTO `llx_element_element` VALUES (4,1,'order_supplier',20,'invoice_supplier'),(12,1,'shipping',217,'facture'),(5,2,'cabinetmed_cabinetmedcons',216,'facture'),(1,2,'contrat',2,'facture'),(2,2,'propal',1,'commande'),(3,5,'commande',1,'shipping'),(13,5,'commande',217,'facture'),(11,25,'propal',92,'commande'),(9,28,'propal',90,'commande'),(10,29,'propal',91,'commande'),(6,75,'commande',2,'shipping');

--
-- Table structure for table `llx_element_resources`
--

CREATE TABLE `llx_element_resources` (
  `rowid` int(11) NOT NULL AUTO_INCREMENT,
  `element_id` int(11) DEFAULT NULL,
  `element_type` varchar(64) DEFAULT NULL,
  `resource_id` int(11) DEFAULT NULL,
  `resource_type` varchar(64) DEFAULT NULL,
  `busy` int(11) DEFAULT NULL,
  `mandatory` int(11) DEFAULT NULL,
  `fk_user_create` int(11) DEFAULT NULL,
  `tms` timestamp NOT NULL DEFAULT CURRENT_TIMESTAMP ON UPDATE CURRENT_TIMESTAMP,
  `duree` double DEFAULT NULL,
  PRIMARY KEY (`rowid`),
  UNIQUE KEY `idx_element_resources_idx1` (`resource_id`,`resource_type`,`element_id`,`element_type`),
  KEY `idx_element_element_element_id` (`element_id`)
) ENGINE=InnoDB DEFAULT CHARSET=utf8;

--
-- Dumping data for table `llx_element_resources`
--


--
-- Table structure for table `llx_element_tag`
--

CREATE TABLE `llx_element_tag` (
  `rowid` int(11) NOT NULL AUTO_INCREMENT,
  `entity` int(11) NOT NULL DEFAULT '1',
  `lang` varchar(5) NOT NULL,
  `tag` varchar(255) NOT NULL,
  `fk_element` int(11) NOT NULL,
  `element` varchar(64) NOT NULL,
  PRIMARY KEY (`rowid`),
  UNIQUE KEY `uk_element_tag` (`entity`,`lang`,`tag`,`fk_element`,`element`)
) ENGINE=InnoDB DEFAULT CHARSET=utf8;

--
-- Dumping data for table `llx_element_tag`
--


--
-- Table structure for table `llx_entity_extrafields`
--

CREATE TABLE `llx_entity_extrafields` (
  `rowid` int(11) NOT NULL AUTO_INCREMENT,
  `tms` timestamp NOT NULL DEFAULT CURRENT_TIMESTAMP ON UPDATE CURRENT_TIMESTAMP,
  `fk_object` int(11) NOT NULL,
  `import_key` varchar(14) COLLATE utf8_unicode_ci DEFAULT NULL,
  PRIMARY KEY (`rowid`)
) ENGINE=InnoDB DEFAULT CHARSET=utf8 COLLATE=utf8_unicode_ci;

--
-- Dumping data for table `llx_entity_extrafields`
--


--
-- Table structure for table `llx_entrepot`
--

CREATE TABLE `llx_entrepot` (
  `rowid` int(11) NOT NULL AUTO_INCREMENT,
  `datec` datetime DEFAULT NULL,
  `tms` timestamp NOT NULL DEFAULT CURRENT_TIMESTAMP ON UPDATE CURRENT_TIMESTAMP,
  `label` varchar(255) NOT NULL,
  `entity` int(11) NOT NULL DEFAULT '1',
  `description` text,
  `lieu` varchar(64) DEFAULT NULL,
  `address` varchar(255) DEFAULT NULL,
  `zip` varchar(10) DEFAULT NULL,
  `town` varchar(50) DEFAULT NULL,
  `fk_departement` int(11) DEFAULT NULL,
  `fk_pays` int(11) DEFAULT '0',
  `statut` tinyint(4) DEFAULT '1',
  `fk_user_author` int(11) DEFAULT NULL,
  `import_key` varchar(14) DEFAULT NULL,
  `fk_parent` int(11) DEFAULT '0',
  PRIMARY KEY (`rowid`),
  UNIQUE KEY `uk_entrepot_label` (`label`,`entity`)
) ENGINE=InnoDB AUTO_INCREMENT=21 DEFAULT CHARSET=utf8;

--
-- Dumping data for table `llx_entrepot`
--

INSERT INTO `llx_entrepot` VALUES (1,'2010-07-09 00:31:22','2010-07-08 22:40:36','WAREHOUSEHOUSTON',1,'Warehouse located at Houston','Warehouse houston','','','Houston',NULL,11,1,1,NULL,0),(2,'2010-07-09 00:41:03','2010-07-08 22:41:03','WAREHOUSEPARIS',1,'<br />','Warehouse Paris','','75000','Paris',NULL,1,1,1,NULL,0),(3,'2010-07-11 16:18:59','2016-07-30 13:52:08','Stock personnel Dupont',1,'Cet entrep&ocirc;t repr&eacute;sente le stock personnel de Alain Dupont','','','','',NULL,2,1,1,NULL,0),(9,'2015-10-03 11:47:41','2015-10-03 09:47:41','Personal stock Marie Curie',1,'This warehouse represents personal stock of Marie Curie','','','','',NULL,1,1,1,NULL,0),(10,'2015-10-05 09:07:52','2016-07-30 13:52:24','Personal stock Alex Theceo',1,'This warehouse represents personal stock of Alex Theceo','','','','',NULL,3,1,1,NULL,0),(12,'2015-10-05 21:29:35','2015-10-05 19:29:35','Personal stock Charly Commery',1,'This warehouse represents personal stock of Charly Commery','','','','',NULL,1,1,11,NULL,0),(13,'2015-10-05 21:33:33','2016-07-30 13:51:38','Personal stock Sam Scientol',1,'This warehouse represents personal stock of Sam Scientol','','','7500','Paris',NULL,1,0,11,NULL,0),(18,'2016-01-22 17:27:02','2016-01-22 16:27:02','Personal stock Laurent Destailleur',1,'This warehouse represents personal stock of Laurent Destailleur','','','','',NULL,1,1,12,NULL,0),(19,'2016-07-30 16:50:23','2016-07-30 12:50:23','Personal stock Eldy',1,'This warehouse represents personal stock of Eldy','','','','',NULL,14,1,12,NULL,0),(20,'2017-02-02 03:55:45','2017-02-01 23:55:45','Personal stock Alex Boston',1,'This warehouse represents personal stock of Alex Boston','','','','',NULL,14,1,12,NULL,NULL);

--
-- Table structure for table `llx_establishment`
--

CREATE TABLE `llx_establishment` (
  `rowid` int(11) NOT NULL AUTO_INCREMENT,
  `entity` int(11) NOT NULL DEFAULT '1',
  `name` varchar(50) DEFAULT NULL,
  `address` varchar(255) DEFAULT NULL,
  `zip` varchar(25) DEFAULT NULL,
  `town` varchar(50) DEFAULT NULL,
  `fk_state` int(11) DEFAULT '0',
  `fk_country` int(11) DEFAULT '0',
  `profid1` varchar(20) DEFAULT NULL,
  `profid2` varchar(20) DEFAULT NULL,
  `profid3` varchar(20) DEFAULT NULL,
  `phone` varchar(20) DEFAULT NULL,
  `fk_user_author` int(11) NOT NULL,
  `fk_user_mod` int(11) DEFAULT NULL,
  `datec` datetime NOT NULL,
  `tms` timestamp NOT NULL DEFAULT CURRENT_TIMESTAMP ON UPDATE CURRENT_TIMESTAMP,
  `status` tinyint(4) DEFAULT '1',
  PRIMARY KEY (`rowid`)
) ENGINE=InnoDB DEFAULT CHARSET=utf8;

--
-- Dumping data for table `llx_establishment`
--


--
-- Table structure for table `llx_event_element`
--

CREATE TABLE `llx_event_element` (
  `rowid` int(11) NOT NULL AUTO_INCREMENT,
  `fk_source` int(11) NOT NULL,
  `fk_target` int(11) NOT NULL,
  `targettype` varchar(32) NOT NULL,
  PRIMARY KEY (`rowid`)
) ENGINE=InnoDB DEFAULT CHARSET=utf8;

--
-- Dumping data for table `llx_event_element`
--


--
-- Table structure for table `llx_events`
--

CREATE TABLE `llx_events` (
  `rowid` int(11) NOT NULL AUTO_INCREMENT,
  `tms` timestamp NOT NULL DEFAULT CURRENT_TIMESTAMP ON UPDATE CURRENT_TIMESTAMP,
  `type` varchar(32) NOT NULL,
  `entity` int(11) NOT NULL DEFAULT '1',
  `dateevent` datetime DEFAULT NULL,
  `fk_user` int(11) DEFAULT NULL,
  `description` varchar(250) NOT NULL,
  `ip` varchar(250) DEFAULT NULL,
  `user_agent` varchar(255) DEFAULT NULL,
  `fk_object` int(11) DEFAULT NULL,
  PRIMARY KEY (`rowid`),
  KEY `idx_events_dateevent` (`dateevent`)
) ENGINE=InnoDB AUTO_INCREMENT=871 DEFAULT CHARSET=utf8;

--
-- Dumping data for table `llx_events`
--

INSERT INTO `llx_events` VALUES (30,'2011-07-18 18:23:06','USER_LOGOUT',1,'2011-07-18 20:23:06',1,'(UserLogoff,admin)','127.0.0.1','Mozilla/5.0 (X11; Linux i686; rv:5.0) Gecko/20100101 Firefox/5.0',NULL),(31,'2011-07-18 18:23:12','USER_LOGIN_FAILED',1,'2011-07-18 20:23:12',NULL,'Identifiants login ou mot de passe incorrects - login=admin','127.0.0.1','Mozilla/5.0 (X11; Linux i686; rv:5.0) Gecko/20100101 Firefox/5.0',NULL),(32,'2011-07-18 18:23:17','USER_LOGIN',1,'2011-07-18 20:23:17',1,'(UserLogged,admin)','127.0.0.1','Mozilla/5.0 (X11; Linux i686; rv:5.0) Gecko/20100101 Firefox/5.0',NULL),(33,'2011-07-18 20:10:51','USER_LOGIN_FAILED',1,'2011-07-18 22:10:51',NULL,'Identifiants login ou mot de passe incorrects - login=admin','127.0.0.1','Mozilla/5.0 (X11; Linux i686; rv:5.0) Gecko/20100101 Firefox/5.0',NULL),(34,'2011-07-18 20:10:55','USER_LOGIN',1,'2011-07-18 22:10:55',1,'(UserLogged,admin)','127.0.0.1','Mozilla/5.0 (X11; Linux i686; rv:5.0) Gecko/20100101 Firefox/5.0',NULL),(35,'2011-07-18 21:18:57','USER_LOGIN',1,'2011-07-18 23:18:57',1,'(UserLogged,admin)','127.0.0.1','Mozilla/5.0 (X11; Linux i686; rv:5.0) Gecko/20100101 Firefox/5.0',NULL),(36,'2011-07-20 10:34:10','USER_LOGIN',1,'2011-07-20 12:34:10',1,'(UserLogged,admin)','::1','Mozilla/5.0 (X11; Linux i686; rv:5.0) Gecko/20100101 Firefox/5.0',NULL),(37,'2011-07-20 12:36:44','USER_LOGIN',1,'2011-07-20 14:36:44',1,'(UserLogged,admin)','::1','Mozilla/5.0 (X11; Linux i686; rv:5.0) Gecko/20100101 Firefox/5.0',NULL),(38,'2011-07-20 13:20:51','USER_LOGIN_FAILED',1,'2011-07-20 15:20:51',NULL,'Identifiants login ou mot de passe incorrects - login=admin','127.0.0.1','Mozilla/5.0 (X11; Linux i686; rv:5.0) Gecko/20100101 Firefox/5.0',NULL),(39,'2011-07-20 13:20:54','USER_LOGIN',1,'2011-07-20 15:20:54',1,'(UserLogged,admin)','127.0.0.1','Mozilla/5.0 (X11; Linux i686; rv:5.0) Gecko/20100101 Firefox/5.0',NULL),(40,'2011-07-20 15:03:46','USER_LOGIN_FAILED',1,'2011-07-20 17:03:46',NULL,'Identifiants login ou mot de passe incorrects - login=admin','127.0.0.1','Mozilla/5.0 (X11; Linux i686; rv:5.0) Gecko/20100101 Firefox/5.0',NULL),(41,'2011-07-20 15:03:55','USER_LOGIN',1,'2011-07-20 17:03:55',1,'(UserLogged,admin)','127.0.0.1','Mozilla/5.0 (X11; Linux i686; rv:5.0) Gecko/20100101 Firefox/5.0',NULL),(42,'2011-07-20 18:05:05','USER_LOGIN_FAILED',1,'2011-07-20 20:05:05',NULL,'Identifiants login ou mot de passe incorrects - login=admin','127.0.0.1','Mozilla/5.0 (X11; Linux i686; rv:5.0) Gecko/20100101 Firefox/5.0',NULL),(43,'2011-07-20 18:05:08','USER_LOGIN',1,'2011-07-20 20:05:08',1,'(UserLogged,admin)','127.0.0.1','Mozilla/5.0 (X11; Linux i686; rv:5.0) Gecko/20100101 Firefox/5.0',NULL),(44,'2011-07-20 21:08:53','USER_LOGIN_FAILED',1,'2011-07-20 23:08:53',NULL,'Identifiants login ou mot de passe incorrects - login=admin','127.0.0.1','Mozilla/5.0 (X11; Linux i686; rv:5.0) Gecko/20100101 Firefox/5.0',NULL),(45,'2011-07-20 21:08:56','USER_LOGIN',1,'2011-07-20 23:08:56',1,'(UserLogged,admin)','127.0.0.1','Mozilla/5.0 (X11; Linux i686; rv:5.0) Gecko/20100101 Firefox/5.0',NULL),(46,'2011-07-21 01:26:12','USER_LOGIN',1,'2011-07-21 03:26:12',1,'(UserLogged,admin)','::1','Mozilla/5.0 (X11; Linux i686; rv:5.0) Gecko/20100101 Firefox/5.0',NULL),(47,'2011-07-21 22:35:45','USER_LOGIN_FAILED',1,'2011-07-22 00:35:45',NULL,'Identifiants login ou mot de passe incorrects - login=admin','127.0.0.1','Mozilla/5.0 (X11; Linux i686; rv:5.0) Gecko/20100101 Firefox/5.0',NULL),(48,'2011-07-21 22:35:49','USER_LOGIN',1,'2011-07-22 00:35:49',1,'(UserLogged,admin)','127.0.0.1','Mozilla/5.0 (X11; Linux i686; rv:5.0) Gecko/20100101 Firefox/5.0',NULL),(49,'2011-07-26 23:09:47','USER_LOGIN_FAILED',1,'2011-07-27 01:09:47',NULL,'Identifiants login ou mot de passe incorrects - login=admin','127.0.0.1','Mozilla/5.0 (X11; Linux i686; rv:5.0) Gecko/20100101 Firefox/5.0',NULL),(50,'2011-07-26 23:09:50','USER_LOGIN',1,'2011-07-27 01:09:50',1,'(UserLogged,admin)','127.0.0.1','Mozilla/5.0 (X11; Linux i686; rv:5.0) Gecko/20100101 Firefox/5.0',NULL),(51,'2011-07-27 17:02:27','USER_LOGIN_FAILED',1,'2011-07-27 19:02:27',NULL,'Identifiants login ou mot de passe incorrects - login=admin','127.0.0.1','Mozilla/5.0 (X11; Linux i686; rv:5.0) Gecko/20100101 Firefox/5.0',NULL),(52,'2011-07-27 17:02:32','USER_LOGIN',1,'2011-07-27 19:02:32',1,'(UserLogged,admin)','127.0.0.1','Mozilla/5.0 (X11; Linux i686; rv:5.0) Gecko/20100101 Firefox/5.0',NULL),(53,'2011-07-27 23:33:37','USER_LOGIN_FAILED',1,'2011-07-28 01:33:37',NULL,'Identifiants login ou mot de passe incorrects - login=admin','127.0.0.1','Mozilla/5.0 (X11; Linux i686; rv:5.0) Gecko/20100101 Firefox/5.0',NULL),(54,'2011-07-27 23:33:41','USER_LOGIN',1,'2011-07-28 01:33:41',1,'(UserLogged,admin)','127.0.0.1','Mozilla/5.0 (X11; Linux i686; rv:5.0) Gecko/20100101 Firefox/5.0',NULL),(55,'2011-07-28 18:20:36','USER_LOGIN_FAILED',1,'2011-07-28 20:20:36',NULL,'Identifiants login ou mot de passe incorrects - login=admin','127.0.0.1','Mozilla/5.0 (X11; Linux i686; rv:5.0) Gecko/20100101 Firefox/5.0',NULL),(56,'2011-07-28 18:20:38','USER_LOGIN',1,'2011-07-28 20:20:38',1,'(UserLogged,admin)','127.0.0.1','Mozilla/5.0 (X11; Linux i686; rv:5.0) Gecko/20100101 Firefox/5.0',NULL),(57,'2011-07-28 20:13:30','USER_LOGIN_FAILED',1,'2011-07-28 22:13:30',NULL,'Identifiants login ou mot de passe incorrects - login=admin','127.0.0.1','Mozilla/5.0 (X11; Linux i686; rv:5.0) Gecko/20100101 Firefox/5.0',NULL),(58,'2011-07-28 20:13:34','USER_LOGIN',1,'2011-07-28 22:13:34',1,'(UserLogged,admin)','127.0.0.1','Mozilla/5.0 (X11; Linux i686; rv:5.0) Gecko/20100101 Firefox/5.0',NULL),(59,'2011-07-28 20:22:51','USER_LOGIN',1,'2011-07-28 22:22:51',1,'(UserLogged,admin)','127.0.0.1','Mozilla/5.0 (X11; Linux i686; rv:5.0) Gecko/20100101 Firefox/5.0',NULL),(60,'2011-07-28 23:05:06','USER_LOGIN',1,'2011-07-29 01:05:06',1,'(UserLogged,admin)','::1','Mozilla/5.0 (X11; Linux i686; rv:5.0) Gecko/20100101 Firefox/5.0',NULL),(61,'2011-07-29 20:15:50','USER_LOGIN_FAILED',1,'2011-07-29 22:15:50',NULL,'Identifiants login ou mot de passe incorrects - login=admin','127.0.0.1','Mozilla/5.0 (X11; Linux i686; rv:5.0) Gecko/20100101 Firefox/5.0',NULL),(62,'2011-07-29 20:15:53','USER_LOGIN',1,'2011-07-29 22:15:53',1,'(UserLogged,admin)','127.0.0.1','Mozilla/5.0 (X11; Linux i686; rv:5.0) Gecko/20100101 Firefox/5.0',NULL),(68,'2011-07-29 20:51:01','USER_LOGOUT',1,'2011-07-29 22:51:01',1,'(UserLogoff,admin)','127.0.0.1','Mozilla/5.0 (X11; Linux i686; rv:5.0) Gecko/20100101 Firefox/5.0',NULL),(69,'2011-07-29 20:51:05','USER_LOGIN',1,'2011-07-29 22:51:05',1,'(UserLogged,admin)','127.0.0.1','Mozilla/5.0 (X11; Linux i686; rv:5.0) Gecko/20100101 Firefox/5.0',NULL),(70,'2011-07-30 08:46:20','USER_LOGIN_FAILED',1,'2011-07-30 10:46:20',NULL,'Identifiants login ou mot de passe incorrects - login=admin','127.0.0.1','Mozilla/5.0 (X11; Linux i686; rv:5.0) Gecko/20100101 Firefox/5.0',NULL),(71,'2011-07-30 08:46:38','USER_LOGIN_FAILED',1,'2011-07-30 10:46:38',NULL,'Identifiants login ou mot de passe incorrects - login=admin','127.0.0.1','Mozilla/5.0 (X11; Linux i686; rv:5.0) Gecko/20100101 Firefox/5.0',NULL),(72,'2011-07-30 08:46:42','USER_LOGIN',1,'2011-07-30 10:46:42',1,'(UserLogged,admin)','127.0.0.1','Mozilla/5.0 (X11; Linux i686; rv:5.0) Gecko/20100101 Firefox/5.0',NULL),(73,'2011-07-30 10:05:12','USER_LOGIN_FAILED',1,'2011-07-30 12:05:12',NULL,'Identifiants login ou mot de passe incorrects - login=admin','127.0.0.1','Mozilla/5.0 (X11; Linux i686; rv:5.0) Gecko/20100101 Firefox/5.0',NULL),(74,'2011-07-30 10:05:15','USER_LOGIN',1,'2011-07-30 12:05:15',1,'(UserLogged,admin)','127.0.0.1','Mozilla/5.0 (X11; Linux i686; rv:5.0) Gecko/20100101 Firefox/5.0',NULL),(75,'2011-07-30 12:15:46','USER_LOGIN',1,'2011-07-30 14:15:46',1,'(UserLogged,admin)','127.0.0.1','Mozilla/5.0 (X11; Linux i686; rv:5.0) Gecko/20100101 Firefox/5.0',NULL),(76,'2011-07-31 22:19:30','USER_LOGIN',1,'2011-08-01 00:19:30',1,'(UserLogged,admin)','::1','Mozilla/5.0 (X11; Linux i686; rv:5.0) Gecko/20100101 Firefox/5.0',NULL),(77,'2011-07-31 23:32:52','USER_LOGIN',1,'2011-08-01 01:32:52',1,'(UserLogged,admin)','::1','Mozilla/5.0 (X11; Linux i686; rv:5.0) Gecko/20100101 Firefox/5.0',NULL),(78,'2011-08-01 01:24:50','USER_LOGIN_FAILED',1,'2011-08-01 03:24:50',NULL,'Identifiants login ou mot de passe incorrects - login=admin','127.0.0.1','Mozilla/5.0 (X11; Linux i686; rv:5.0) Gecko/20100101 Firefox/5.0',NULL),(79,'2011-08-01 01:24:54','USER_LOGIN',1,'2011-08-01 03:24:54',1,'(UserLogged,admin)','127.0.0.1','Mozilla/5.0 (X11; Linux i686; rv:5.0) Gecko/20100101 Firefox/5.0',NULL),(80,'2011-08-01 19:31:36','USER_LOGIN_FAILED',1,'2011-08-01 21:31:35',NULL,'Identifiants login ou mot de passe incorrects - login=admin','127.0.0.1','Mozilla/5.0 (X11; Linux i686; rv:5.0) Gecko/20100101 Firefox/5.0',NULL),(81,'2011-08-01 19:31:39','USER_LOGIN',1,'2011-08-01 21:31:39',1,'(UserLogged,admin)','127.0.0.1','Mozilla/5.0 (X11; Linux i686; rv:5.0) Gecko/20100101 Firefox/5.0',NULL),(82,'2011-08-01 20:01:36','USER_LOGIN',1,'2011-08-01 22:01:36',1,'(UserLogged,admin)','127.0.0.1','Mozilla/5.0 (X11; Linux i686; rv:5.0) Gecko/20100101 Firefox/5.0',NULL),(83,'2011-08-01 20:52:54','USER_LOGIN_FAILED',1,'2011-08-01 22:52:54',NULL,'Identifiants login ou mot de passe incorrects - login=admin','127.0.0.1','Mozilla/5.0 (X11; Linux i686; rv:5.0) Gecko/20100101 Firefox/5.0',NULL),(84,'2011-08-01 20:52:58','USER_LOGIN',1,'2011-08-01 22:52:58',1,'(UserLogged,admin)','127.0.0.1','Mozilla/5.0 (X11; Linux i686; rv:5.0) Gecko/20100101 Firefox/5.0',NULL),(85,'2011-08-01 21:17:28','USER_LOGIN_FAILED',1,'2011-08-01 23:17:28',NULL,'Identifiants login ou mot de passe incorrects - login=admin','127.0.0.1','Mozilla/5.0 (X11; Linux i686; rv:5.0) Gecko/20100101 Firefox/5.0',NULL),(86,'2011-08-01 21:17:31','USER_LOGIN',1,'2011-08-01 23:17:31',1,'(UserLogged,admin)','127.0.0.1','Mozilla/5.0 (X11; Linux i686; rv:5.0) Gecko/20100101 Firefox/5.0',NULL),(87,'2011-08-04 11:55:17','USER_LOGIN',1,'2011-08-04 13:55:17',1,'(UserLogged,admin)','::1','Mozilla/5.0 (X11; Linux i686; rv:5.0) Gecko/20100101 Firefox/5.0',NULL),(88,'2011-08-04 20:19:03','USER_LOGIN_FAILED',1,'2011-08-04 22:19:03',NULL,'Identifiants login ou mot de passe incorrects - login=admin','127.0.0.1','Mozilla/5.0 (X11; Linux i686; rv:5.0) Gecko/20100101 Firefox/5.0',NULL),(89,'2011-08-04 20:19:07','USER_LOGIN',1,'2011-08-04 22:19:07',1,'(UserLogged,admin)','127.0.0.1','Mozilla/5.0 (X11; Linux i686; rv:5.0) Gecko/20100101 Firefox/5.0',NULL),(90,'2011-08-05 17:51:42','USER_LOGIN_FAILED',1,'2011-08-05 19:51:42',NULL,'Identifiants login ou mot de passe incorrects - login=admin','127.0.0.1','Mozilla/5.0 (X11; Linux i686; rv:5.0) Gecko/20100101 Firefox/5.0',NULL),(91,'2011-08-05 17:51:47','USER_LOGIN',1,'2011-08-05 19:51:47',1,'(UserLogged,admin)','127.0.0.1','Mozilla/5.0 (X11; Linux i686; rv:5.0) Gecko/20100101 Firefox/5.0',NULL),(92,'2011-08-05 17:56:03','USER_LOGIN',1,'2011-08-05 19:56:03',1,'(UserLogged,admin)','127.0.0.1','Mozilla/5.0 (X11; Linux i686; rv:5.0) Gecko/20100101 Firefox/5.0',NULL),(93,'2011-08-05 17:59:10','USER_LOGIN',1,'2011-08-05 19:59:10',1,'(UserLogged,admin)','127.0.0.1','Mozilla/5.0 (X11; Linux i686) AppleWebKit/534.30 (KHTML, like Gecko) Chrome/12.0.742.100 Safari/534.30',NULL),(94,'2011-08-05 18:01:58','USER_LOGIN',1,'2011-08-05 20:01:58',1,'(UserLogged,admin)','127.0.0.1','Mozilla/5.0 (X11; Linux i686) AppleWebKit/534.30 (KHTML, like Gecko) Chrome/12.0.742.100 Safari/534.30',NULL),(95,'2011-08-05 19:59:56','USER_LOGIN',1,'2011-08-05 21:59:56',1,'(UserLogged,admin)','127.0.0.1','Mozilla/5.0 (X11; Linux i686; rv:5.0) Gecko/20100101 Firefox/5.0',NULL),(96,'2011-08-06 18:33:22','USER_LOGIN',1,'2011-08-06 20:33:22',1,'(UserLogged,admin)','::1','Mozilla/5.0 (X11; Linux i686; rv:5.0) Gecko/20100101 Firefox/5.0',NULL),(97,'2011-08-07 00:56:59','USER_LOGIN',1,'2011-08-07 02:56:59',1,'(UserLogged,admin)','::1','Mozilla/5.0 (X11; Linux i686; rv:5.0) Gecko/20100101 Firefox/5.0',NULL),(98,'2011-08-07 22:49:14','USER_LOGIN',1,'2011-08-08 00:49:14',1,'(UserLogged,admin)','::1','Mozilla/5.0 (X11; Linux i686; rv:5.0) Gecko/20100101 Firefox/5.0',NULL),(99,'2011-08-07 23:05:18','USER_LOGOUT',1,'2011-08-08 01:05:18',1,'(UserLogoff,admin)','::1','Mozilla/5.0 (X11; Linux i686; rv:5.0) Gecko/20100101 Firefox/5.0',NULL),(105,'2011-08-08 00:41:09','USER_LOGIN',1,'2011-08-08 02:41:09',1,'(UserLogged,admin)','127.0.0.1','Mozilla/5.0 (X11; Linux i686; rv:5.0) Gecko/20100101 Firefox/5.0',NULL),(106,'2011-08-08 11:58:55','USER_LOGIN',1,'2011-08-08 13:58:55',1,'(UserLogged,admin)','::1','Mozilla/5.0 (X11; Linux i686; rv:5.0) Gecko/20100101 Firefox/5.0',NULL),(107,'2011-08-08 14:35:48','USER_LOGIN',1,'2011-08-08 16:35:48',1,'(UserLogged,admin)','::1','Mozilla/5.0 (X11; Linux i686; rv:5.0) Gecko/20100101 Firefox/5.0',NULL),(108,'2011-08-08 14:36:31','USER_LOGOUT',1,'2011-08-08 16:36:31',1,'(UserLogoff,admin)','::1','Mozilla/5.0 (X11; Linux i686; rv:5.0) Gecko/20100101 Firefox/5.0',NULL),(109,'2011-08-08 14:38:28','USER_LOGIN',1,'2011-08-08 16:38:28',1,'(UserLogged,admin)','::1','Mozilla/5.0 (X11; Linux i686; rv:5.0) Gecko/20100101 Firefox/5.0',NULL),(110,'2011-08-08 14:39:02','USER_LOGOUT',1,'2011-08-08 16:39:02',1,'(UserLogoff,admin)','::1','Mozilla/5.0 (X11; Linux i686; rv:5.0) Gecko/20100101 Firefox/5.0',NULL),(111,'2011-08-08 14:39:10','USER_LOGIN',1,'2011-08-08 16:39:10',1,'(UserLogged,admin)','::1','Mozilla/5.0 (X11; Linux i686; rv:5.0) Gecko/20100101 Firefox/5.0',NULL),(112,'2011-08-08 14:39:28','USER_LOGOUT',1,'2011-08-08 16:39:28',1,'(UserLogoff,admin)','::1','Mozilla/5.0 (X11; Linux i686; rv:5.0) Gecko/20100101 Firefox/5.0',NULL),(113,'2011-08-08 14:39:37','USER_LOGIN',1,'2011-08-08 16:39:37',1,'(UserLogged,admin)','::1','Mozilla/5.0 (X11; Linux i686; rv:5.0) Gecko/20100101 Firefox/5.0',NULL),(114,'2011-08-08 14:50:02','USER_LOGOUT',1,'2011-08-08 16:50:02',1,'(UserLogoff,admin)','::1','Mozilla/5.0 (X11; Linux i686; rv:5.0) Gecko/20100101 Firefox/5.0',NULL),(115,'2011-08-08 14:51:45','USER_LOGIN_FAILED',1,'2011-08-08 16:51:45',NULL,'Identifiants login ou mot de passe incorrects - login=','::1','Mozilla/5.0 (X11; Linux i686; rv:5.0) Gecko/20100101 Firefox/5.0',NULL),(116,'2011-08-08 14:51:52','USER_LOGIN',1,'2011-08-08 16:51:52',1,'(UserLogged,admin)','::1','Mozilla/5.0 (X11; Linux i686; rv:5.0) Gecko/20100101 Firefox/5.0',NULL),(117,'2011-08-08 15:09:54','USER_LOGOUT',1,'2011-08-08 17:09:54',1,'(UserLogoff,admin)','::1','Mozilla/5.0 (X11; Linux i686; rv:5.0) Gecko/20100101 Firefox/5.0',NULL),(118,'2011-08-08 15:10:19','USER_LOGIN_FAILED',1,'2011-08-08 17:10:19',NULL,'Identifiants login ou mot de passe incorrects - login=','::1','Mozilla/5.0 (X11; Linux i686; rv:5.0) Gecko/20100101 Firefox/5.0',NULL),(119,'2011-08-08 15:10:28','USER_LOGIN',1,'2011-08-08 17:10:28',1,'(UserLogged,admin)','::1','Mozilla/5.0 (X11; Linux i686; rv:5.0) Gecko/20100101 Firefox/5.0',NULL),(121,'2011-08-08 15:14:58','USER_LOGOUT',1,'2011-08-08 17:14:58',1,'(UserLogoff,admin)','::1','Mozilla/5.0 (X11; Linux i686; rv:5.0) Gecko/20100101 Firefox/5.0',NULL),(122,'2011-08-08 15:15:00','USER_LOGIN_FAILED',1,'2011-08-08 17:15:00',NULL,'Identifiants login ou mot de passe incorrects - login=','::1','Mozilla/5.0 (X11; Linux i686; rv:5.0) Gecko/20100101 Firefox/5.0',NULL),(123,'2011-08-08 15:17:57','USER_LOGIN',1,'2011-08-08 17:17:57',1,'(UserLogged,admin)','::1','Mozilla/5.0 (X11; Linux i686; rv:5.0) Gecko/20100101 Firefox/5.0',NULL),(124,'2011-08-08 15:35:56','USER_LOGOUT',1,'2011-08-08 17:35:56',1,'(UserLogoff,admin)','::1','Mozilla/5.0 (X11; Linux i686; rv:5.0) Gecko/20100101 Firefox/5.0',NULL),(125,'2011-08-08 15:36:05','USER_LOGIN',1,'2011-08-08 17:36:05',1,'(UserLogged,admin)','::1','Mozilla/5.0 (X11; Linux i686; rv:5.0) Gecko/20100101 Firefox/5.0',NULL),(126,'2011-08-08 17:32:42','USER_LOGIN',1,'2011-08-08 19:32:42',1,'(UserLogged,admin)','::1','Mozilla/5.0 (X11; Linux i686; rv:5.0) Gecko/20100101 Firefox/5.0',NULL),(127,'2012-12-08 13:49:37','USER_LOGOUT',1,'2012-12-08 14:49:37',1,'(UserLogoff,admin)','::1','Mozilla/5.0 (X11; Linux x86_64) AppleWebKit/537.11 (KHTML, like Gecko) Chrome/23.0.1271.95 Safari/537.11',NULL),(128,'2012-12-08 13:49:42','USER_LOGIN',1,'2012-12-08 14:49:42',1,'(UserLogged,admin)','::1','Mozilla/5.0 (X11; Linux x86_64) AppleWebKit/537.11 (KHTML, like Gecko) Chrome/23.0.1271.95 Safari/537.11',NULL),(129,'2012-12-08 13:50:12','USER_LOGOUT',1,'2012-12-08 14:50:12',1,'(UserLogoff,admin)','::1','Mozilla/5.0 (X11; Linux x86_64) AppleWebKit/537.11 (KHTML, like Gecko) Chrome/23.0.1271.95 Safari/537.11',NULL),(130,'2012-12-08 13:50:14','USER_LOGIN',1,'2012-12-08 14:50:14',1,'(UserLogged,admin)','::1','Mozilla/5.0 (X11; Linux x86_64) AppleWebKit/537.11 (KHTML, like Gecko) Chrome/23.0.1271.95 Safari/537.11',NULL),(131,'2012-12-08 13:50:17','USER_LOGOUT',1,'2012-12-08 14:50:17',1,'(UserLogoff,admin)','::1','Mozilla/5.0 (X11; Linux x86_64) AppleWebKit/537.11 (KHTML, like Gecko) Chrome/23.0.1271.95 Safari/537.11',NULL),(132,'2012-12-08 13:52:47','USER_LOGIN',1,'2012-12-08 14:52:47',1,'(UserLogged,admin)','::1','Mozilla/5.0 (X11; Linux x86_64) AppleWebKit/537.11 (KHTML, like Gecko) Chrome/23.0.1271.95 Safari/537.11',NULL),(133,'2012-12-08 13:53:08','USER_MODIFY',1,'2012-12-08 14:53:08',1,'User admin modified','::1','Mozilla/5.0 (X11; Linux x86_64) AppleWebKit/537.11 (KHTML, like Gecko) Chrome/23.0.1271.95 Safari/537.11',NULL),(134,'2012-12-08 14:08:45','USER_LOGOUT',1,'2012-12-08 15:08:45',1,'(UserLogoff,admin)','::1','Mozilla/5.0 (X11; Linux x86_64) AppleWebKit/537.11 (KHTML, like Gecko) Chrome/23.0.1271.95 Safari/537.11',NULL),(135,'2012-12-08 14:09:09','USER_LOGIN',1,'2012-12-08 15:09:09',1,'(UserLogged,admin)','::1','Mozilla/5.0 (X11; Linux x86_64) AppleWebKit/537.11 (KHTML, like Gecko) Chrome/23.0.1271.95 Safari/537.11',NULL),(136,'2012-12-08 14:11:43','USER_LOGOUT',1,'2012-12-08 15:11:43',1,'(UserLogoff,admin)','::1','Mozilla/5.0 (X11; Linux x86_64) AppleWebKit/537.11 (KHTML, like Gecko) Chrome/23.0.1271.95 Safari/537.11',NULL),(137,'2012-12-08 14:11:45','USER_LOGIN',1,'2012-12-08 15:11:45',1,'(UserLogged,admin)','::1','Mozilla/5.0 (X11; Linux x86_64) AppleWebKit/537.11 (KHTML, like Gecko) Chrome/23.0.1271.95 Safari/537.11',NULL),(138,'2012-12-08 14:22:53','USER_LOGOUT',1,'2012-12-08 15:22:53',1,'(UserLogoff,admin)','::1','Mozilla/5.0 (X11; Linux x86_64) AppleWebKit/537.11 (KHTML, like Gecko) Chrome/23.0.1271.95 Safari/537.11',NULL),(139,'2012-12-08 14:22:54','USER_LOGIN',1,'2012-12-08 15:22:54',1,'(UserLogged,admin)','::1','Mozilla/5.0 (X11; Linux x86_64) AppleWebKit/537.11 (KHTML, like Gecko) Chrome/23.0.1271.95 Safari/537.11',NULL),(140,'2012-12-08 14:23:10','USER_LOGOUT',1,'2012-12-08 15:23:10',1,'(UserLogoff,admin)','::1','Mozilla/5.0 (X11; Linux x86_64) AppleWebKit/537.11 (KHTML, like Gecko) Chrome/23.0.1271.95 Safari/537.11',NULL),(141,'2012-12-08 14:23:11','USER_LOGIN',1,'2012-12-08 15:23:11',1,'(UserLogged,admin)','::1','Mozilla/5.0 (X11; Linux x86_64) AppleWebKit/537.11 (KHTML, like Gecko) Chrome/23.0.1271.95 Safari/537.11',NULL),(142,'2012-12-08 14:23:49','USER_LOGOUT',1,'2012-12-08 15:23:49',1,'(UserLogoff,admin)','::1','Mozilla/5.0 (X11; Linux x86_64) AppleWebKit/537.11 (KHTML, like Gecko) Chrome/23.0.1271.95 Safari/537.11',NULL),(143,'2012-12-08 14:23:50','USER_LOGIN',1,'2012-12-08 15:23:50',1,'(UserLogged,admin)','::1','Mozilla/5.0 (X11; Linux x86_64) AppleWebKit/537.11 (KHTML, like Gecko) Chrome/23.0.1271.95 Safari/537.11',NULL),(144,'2012-12-08 14:28:08','USER_LOGOUT',1,'2012-12-08 15:28:08',1,'(UserLogoff,admin)','::1','Mozilla/5.0 (X11; Linux x86_64) AppleWebKit/537.11 (KHTML, like Gecko) Chrome/23.0.1271.95 Safari/537.11',NULL),(145,'2012-12-08 14:35:15','USER_LOGIN',1,'2012-12-08 15:35:15',1,'(UserLogged,admin)','::1','Mozilla/5.0 (X11; Linux x86_64) AppleWebKit/537.11 (KHTML, like Gecko) Chrome/23.0.1271.95 Safari/537.11',NULL),(146,'2012-12-08 14:35:18','USER_LOGOUT',1,'2012-12-08 15:35:18',1,'(UserLogoff,admin)','::1','Mozilla/5.0 (X11; Linux x86_64) AppleWebKit/537.11 (KHTML, like Gecko) Chrome/23.0.1271.95 Safari/537.11',NULL),(147,'2012-12-08 14:36:07','USER_LOGIN',1,'2012-12-08 15:36:07',1,'(UserLogged,admin)','::1','Mozilla/5.0 (X11; Linux x86_64) AppleWebKit/537.11 (KHTML, like Gecko) Chrome/23.0.1271.95 Safari/537.11',NULL),(148,'2012-12-08 14:36:09','USER_LOGOUT',1,'2012-12-08 15:36:09',1,'(UserLogoff,admin)','::1','Mozilla/5.0 (X11; Linux x86_64) AppleWebKit/537.11 (KHTML, like Gecko) Chrome/23.0.1271.95 Safari/537.11',NULL),(149,'2012-12-08 14:36:41','USER_LOGIN',1,'2012-12-08 15:36:41',1,'(UserLogged,admin)','::1','Mozilla/5.0 (X11; Linux x86_64) AppleWebKit/537.11 (KHTML, like Gecko) Chrome/23.0.1271.95 Safari/537.11',NULL),(150,'2012-12-08 15:59:13','USER_LOGIN',1,'2012-12-08 16:59:13',1,'(UserLogged,admin)','::1','Mozilla/5.0 (X11; Linux x86_64) AppleWebKit/537.11 (KHTML, like Gecko) Chrome/23.0.1271.95 Safari/537.11',NULL),(151,'2012-12-09 11:49:52','USER_LOGIN',1,'2012-12-09 12:49:52',1,'(UserLogged,admin)','::1','Mozilla/5.0 (X11; Linux x86_64) AppleWebKit/537.11 (KHTML, like Gecko) Chrome/23.0.1271.95 Safari/537.11',NULL),(152,'2012-12-09 13:46:31','USER_LOGIN',1,'2012-12-09 14:46:31',1,'(UserLogged,admin)','::1','Mozilla/5.0 (X11; Linux x86_64) AppleWebKit/537.11 (KHTML, like Gecko) Chrome/23.0.1271.95 Safari/537.11',NULL),(153,'2012-12-09 19:03:14','USER_LOGIN',1,'2012-12-09 20:03:14',1,'(UserLogged,admin)','::1','Mozilla/5.0 (X11; Linux x86_64) AppleWebKit/537.11 (KHTML, like Gecko) Chrome/23.0.1271.95 Safari/537.11',NULL),(154,'2012-12-10 00:16:31','USER_LOGIN',1,'2012-12-10 01:16:31',1,'(UserLogged,admin)','::1','Mozilla/5.0 (X11; Linux x86_64) AppleWebKit/537.11 (KHTML, like Gecko) Chrome/23.0.1271.95 Safari/537.11',NULL),(170,'2012-12-11 22:03:31','USER_LOGIN',1,'2012-12-11 23:03:31',1,'(UserLogged,admin)','::1','Mozilla/5.0 (X11; Linux x86_64) AppleWebKit/537.11 (KHTML, like Gecko) Chrome/23.0.1271.95 Safari/537.11',NULL),(171,'2012-12-12 00:32:39','USER_LOGIN',1,'2012-12-12 01:32:39',1,'(UserLogged,admin)','::1','Mozilla/5.0 (X11; Linux x86_64) AppleWebKit/537.11 (KHTML, like Gecko) Chrome/23.0.1271.95 Safari/537.11',NULL),(172,'2012-12-12 10:49:59','USER_LOGIN',1,'2012-12-12 11:49:59',1,'(UserLogged,admin)','::1','Mozilla/5.0 (X11; Linux x86_64) AppleWebKit/537.11 (KHTML, like Gecko) Chrome/23.0.1271.95 Safari/537.11',NULL),(175,'2012-12-12 10:57:40','USER_MODIFY',1,'2012-12-12 11:57:40',1,'Modification utilisateur admin','::1','Mozilla/5.0 (X11; Linux x86_64) AppleWebKit/537.11 (KHTML, like Gecko) Chrome/23.0.1271.95 Safari/537.11',NULL),(176,'2012-12-12 13:29:15','USER_LOGIN',1,'2012-12-12 14:29:15',1,'(UserLogged,admin)','::1','Mozilla/5.0 (X11; Linux x86_64) AppleWebKit/537.11 (KHTML, like Gecko) Chrome/23.0.1271.95 Safari/537.11',NULL),(177,'2012-12-12 13:30:15','USER_LOGIN',1,'2012-12-12 14:30:15',1,'(UserLogged,admin)','127.0.0.1','Mozilla/5.0 (X11; Linux x86_64) AppleWebKit/537.11 (KHTML, like Gecko) Chrome/23.0.1271.95 Safari/537.11',NULL),(178,'2012-12-12 13:40:08','USER_LOGOUT',1,'2012-12-12 14:40:08',1,'(UserLogoff,admin)','127.0.0.1','Mozilla/5.0 (X11; Linux x86_64) AppleWebKit/537.11 (KHTML, like Gecko) Chrome/23.0.1271.95 Safari/537.11',NULL),(179,'2012-12-12 13:40:10','USER_LOGIN',1,'2012-12-12 14:40:10',1,'(UserLogged,admin)','127.0.0.1','Mozilla/5.0 (X11; Linux x86_64) AppleWebKit/537.11 (KHTML, like Gecko) Chrome/23.0.1271.95 Safari/537.11',NULL),(180,'2012-12-12 13:40:26','USER_MODIFY',1,'2012-12-12 14:40:26',1,'Modification utilisateur admin','127.0.0.1','Mozilla/5.0 (X11; Linux x86_64) AppleWebKit/537.11 (KHTML, like Gecko) Chrome/23.0.1271.95 Safari/537.11',NULL),(181,'2012-12-12 13:40:34','USER_LOGOUT',1,'2012-12-12 14:40:34',1,'(UserLogoff,admin)','127.0.0.1','Mozilla/5.0 (X11; Linux x86_64) AppleWebKit/537.11 (KHTML, like Gecko) Chrome/23.0.1271.95 Safari/537.11',NULL),(182,'2012-12-12 13:42:23','USER_LOGIN',1,'2012-12-12 14:42:23',1,'(UserLogged,admin)','127.0.0.1','Mozilla/5.0 (X11; Linux x86_64) AppleWebKit/537.11 (KHTML, like Gecko) Chrome/23.0.1271.95 Safari/537.11',NULL),(183,'2012-12-12 13:43:02','USER_NEW_PASSWORD',1,'2012-12-12 14:43:02',NULL,'Changement mot de passe de admin','127.0.0.1','Mozilla/5.0 (X11; Linux x86_64) AppleWebKit/537.11 (KHTML, like Gecko) Chrome/23.0.1271.95 Safari/537.11',NULL),(184,'2012-12-12 13:43:25','USER_LOGOUT',1,'2012-12-12 14:43:25',1,'(UserLogoff,admin)','127.0.0.1','Mozilla/5.0 (X11; Linux x86_64) AppleWebKit/537.11 (KHTML, like Gecko) Chrome/23.0.1271.95 Safari/537.11',NULL),(185,'2012-12-12 13:43:27','USER_LOGIN_FAILED',1,'2012-12-12 14:43:27',NULL,'Identifiants login ou mot de passe incorrects - login=admin','127.0.0.1','Mozilla/5.0 (X11; Linux x86_64) AppleWebKit/537.11 (KHTML, like Gecko) Chrome/23.0.1271.95 Safari/537.11',NULL),(186,'2012-12-12 13:43:30','USER_LOGIN',1,'2012-12-12 14:43:30',1,'(UserLogged,admin)','127.0.0.1','Mozilla/5.0 (X11; Linux x86_64) AppleWebKit/537.11 (KHTML, like Gecko) Chrome/23.0.1271.95 Safari/537.11',NULL),(187,'2012-12-12 14:52:11','USER_LOGIN',1,'2012-12-12 15:52:11',1,'(UserLogged,admin)','127.0.0.1','Mozilla/5.0 (X11; Linux x86_64) AppleWebKit/537.11 (KHTML, like Gecko) Chrome/23.0.1271.95 Safari/537.11',NULL),(188,'2012-12-12 17:53:00','USER_LOGIN_FAILED',1,'2012-12-12 18:53:00',NULL,'Identifiants login ou mot de passe incorrects - login=admin','127.0.0.1','Mozilla/5.0 (X11; Linux x86_64) AppleWebKit/537.11 (KHTML, like Gecko) Chrome/23.0.1271.97 Safari/537.11',NULL),(189,'2012-12-12 17:53:07','USER_LOGIN_FAILED',1,'2012-12-12 18:53:07',NULL,'Identifiants login ou mot de passe incorrects - login=admin','127.0.0.1','Mozilla/5.0 (X11; Linux x86_64) AppleWebKit/537.11 (KHTML, like Gecko) Chrome/23.0.1271.97 Safari/537.11',NULL),(190,'2012-12-12 17:53:51','USER_NEW_PASSWORD',1,'2012-12-12 18:53:51',NULL,'Changement mot de passe de admin','127.0.0.1','Mozilla/5.0 (X11; Linux x86_64) AppleWebKit/537.11 (KHTML, like Gecko) Chrome/23.0.1271.97 Safari/537.11',NULL),(191,'2012-12-12 17:54:00','USER_LOGIN',1,'2012-12-12 18:54:00',1,'(UserLogged,admin)','127.0.0.1','Mozilla/5.0 (X11; Linux x86_64) AppleWebKit/537.11 (KHTML, like Gecko) Chrome/23.0.1271.97 Safari/537.11',NULL),(192,'2012-12-12 17:54:10','USER_NEW_PASSWORD',1,'2012-12-12 18:54:10',1,'Changement mot de passe de admin','127.0.0.1','Mozilla/5.0 (X11; Linux x86_64) AppleWebKit/537.11 (KHTML, like Gecko) Chrome/23.0.1271.97 Safari/537.11',NULL),(193,'2012-12-12 17:54:10','USER_MODIFY',1,'2012-12-12 18:54:10',1,'Modification utilisateur admin','127.0.0.1','Mozilla/5.0 (X11; Linux x86_64) AppleWebKit/537.11 (KHTML, like Gecko) Chrome/23.0.1271.97 Safari/537.11',NULL),(194,'2012-12-12 18:57:09','USER_LOGIN',1,'2012-12-12 19:57:09',1,'(UserLogged,admin)','127.0.0.1','Mozilla/5.0 (X11; Linux x86_64) AppleWebKit/537.11 (KHTML, like Gecko) Chrome/23.0.1271.97 Safari/537.11',NULL),(195,'2012-12-12 23:04:08','USER_LOGIN',1,'2012-12-13 00:04:08',1,'(UserLogged,admin)','127.0.0.1','Mozilla/5.0 (X11; Linux x86_64) AppleWebKit/537.11 (KHTML, like Gecko) Chrome/23.0.1271.97 Safari/537.11',NULL),(196,'2012-12-17 20:03:14','USER_LOGIN',1,'2012-12-17 21:03:14',1,'(UserLogged,admin)','::1','Mozilla/5.0 (X11; Linux x86_64) AppleWebKit/537.11 (KHTML, like Gecko) Chrome/23.0.1271.97 Safari/537.11',NULL),(197,'2012-12-17 21:18:45','USER_LOGIN',1,'2012-12-17 22:18:45',1,'(UserLogged,admin)','::1','Mozilla/5.0 (X11; Linux x86_64) AppleWebKit/537.11 (KHTML, like Gecko) Chrome/23.0.1271.97 Safari/537.11',NULL),(198,'2012-12-17 22:30:08','USER_LOGIN',1,'2012-12-17 23:30:08',1,'(UserLogged,admin)','::1','Mozilla/5.0 (X11; Linux x86_64) AppleWebKit/537.11 (KHTML, like Gecko) Chrome/23.0.1271.97 Safari/537.11',NULL),(199,'2012-12-18 23:32:03','USER_LOGIN',1,'2012-12-19 00:32:03',1,'(UserLogged,admin)','::1','Mozilla/5.0 (X11; Linux x86_64) AppleWebKit/537.11 (KHTML, like Gecko) Chrome/23.0.1271.97 Safari/537.11',NULL),(200,'2012-12-19 09:38:03','USER_LOGIN',1,'2012-12-19 10:38:03',1,'(UserLogged,admin)','::1','Mozilla/5.0 (X11; Linux x86_64) AppleWebKit/537.11 (KHTML, like Gecko) Chrome/23.0.1271.97 Safari/537.11',NULL),(201,'2012-12-19 11:23:35','USER_LOGIN',1,'2012-12-19 12:23:35',1,'(UserLogged,admin)','::1','Mozilla/5.0 (X11; Linux x86_64) AppleWebKit/537.11 (KHTML, like Gecko) Chrome/23.0.1271.97 Safari/537.11',NULL),(202,'2012-12-19 12:46:22','USER_LOGIN',1,'2012-12-19 13:46:22',1,'(UserLogged,admin)','::1','Mozilla/5.0 (X11; Linux x86_64) AppleWebKit/537.11 (KHTML, like Gecko) Chrome/23.0.1271.97 Safari/537.11',NULL),(214,'2012-12-19 19:11:31','USER_LOGIN',1,'2012-12-19 20:11:31',1,'(UserLogged,admin)','::1','Mozilla/5.0 (X11; Linux x86_64) AppleWebKit/537.11 (KHTML, like Gecko) Chrome/23.0.1271.97 Safari/537.11',NULL),(215,'2012-12-21 16:36:57','USER_LOGIN',1,'2012-12-21 17:36:57',1,'(UserLogged,admin)','::1','Mozilla/5.0 (X11; Linux x86_64) AppleWebKit/537.11 (KHTML, like Gecko) Chrome/23.0.1271.97 Safari/537.11',NULL),(216,'2012-12-21 16:38:43','USER_NEW_PASSWORD',1,'2012-12-21 17:38:43',1,'Changement mot de passe de adupont','::1','Mozilla/5.0 (X11; Linux x86_64) AppleWebKit/537.11 (KHTML, like Gecko) Chrome/23.0.1271.97 Safari/537.11',NULL),(217,'2012-12-21 16:38:43','USER_MODIFY',1,'2012-12-21 17:38:43',1,'Modification utilisateur adupont','::1','Mozilla/5.0 (X11; Linux x86_64) AppleWebKit/537.11 (KHTML, like Gecko) Chrome/23.0.1271.97 Safari/537.11',NULL),(218,'2012-12-21 16:38:51','USER_LOGOUT',1,'2012-12-21 17:38:51',1,'(UserLogoff,admin)','::1','Mozilla/5.0 (X11; Linux x86_64) AppleWebKit/537.11 (KHTML, like Gecko) Chrome/23.0.1271.97 Safari/537.11',NULL),(219,'2012-12-21 16:38:55','USER_LOGIN',1,'2012-12-21 17:38:55',3,'(UserLogged,adupont)','::1','Mozilla/5.0 (X11; Linux x86_64) AppleWebKit/537.11 (KHTML, like Gecko) Chrome/23.0.1271.97 Safari/537.11',NULL),(220,'2012-12-21 16:48:18','USER_LOGOUT',1,'2012-12-21 17:48:18',3,'(UserLogoff,adupont)','::1','Mozilla/5.0 (X11; Linux x86_64) AppleWebKit/537.11 (KHTML, like Gecko) Chrome/23.0.1271.97 Safari/537.11',NULL),(221,'2012-12-21 16:48:20','USER_LOGIN',1,'2012-12-21 17:48:20',1,'(UserLogged,admin)','::1','Mozilla/5.0 (X11; Linux x86_64) AppleWebKit/537.11 (KHTML, like Gecko) Chrome/23.0.1271.97 Safari/537.11',NULL),(222,'2012-12-26 18:28:18','USER_LOGIN',1,'2012-12-26 19:28:18',1,'(UserLogged,admin)','127.0.0.1','Mozilla/5.0 (X11; Linux x86_64) AppleWebKit/537.11 (KHTML, like Gecko) Chrome/23.0.1271.97 Safari/537.11',NULL),(223,'2012-12-26 20:00:24','USER_LOGIN',1,'2012-12-26 21:00:24',1,'(UserLogged,admin)','127.0.0.1','Mozilla/5.0 (X11; Linux x86_64) AppleWebKit/537.11 (KHTML, like Gecko) Chrome/23.0.1271.97 Safari/537.11',NULL),(224,'2012-12-27 01:10:27','USER_LOGIN',1,'2012-12-27 02:10:27',1,'(UserLogged,admin)','127.0.0.1','Mozilla/5.0 (X11; Linux x86_64) AppleWebKit/537.11 (KHTML, like Gecko) Chrome/23.0.1271.97 Safari/537.11',NULL),(225,'2012-12-28 19:12:08','USER_LOGIN',1,'2012-12-28 20:12:08',1,'(UserLogged,admin)','127.0.0.1','Mozilla/5.0 (X11; Linux x86_64) AppleWebKit/537.11 (KHTML, like Gecko) Chrome/23.0.1271.97 Safari/537.11',NULL),(226,'2012-12-28 20:16:58','USER_LOGIN',1,'2012-12-28 21:16:58',1,'(UserLogged,admin)','127.0.0.1','Mozilla/5.0 (X11; Linux x86_64) AppleWebKit/537.11 (KHTML, like Gecko) Chrome/23.0.1271.97 Safari/537.11',NULL),(227,'2012-12-29 14:35:46','USER_LOGIN',1,'2012-12-29 15:35:46',1,'(UserLogged,admin)','::1','Mozilla/5.0 (X11; Linux x86_64) AppleWebKit/537.11 (KHTML, like Gecko) Chrome/23.0.1271.97 Safari/537.11',NULL),(228,'2012-12-29 14:37:59','USER_LOGOUT',1,'2012-12-29 15:37:59',1,'(UserLogoff,admin)','::1','Mozilla/5.0 (X11; Linux x86_64) AppleWebKit/537.11 (KHTML, like Gecko) Chrome/23.0.1271.97 Safari/537.11',NULL),(229,'2012-12-29 14:38:00','USER_LOGIN',1,'2012-12-29 15:38:00',1,'(UserLogged,admin)','::1','Mozilla/5.0 (X11; Linux x86_64) AppleWebKit/537.11 (KHTML, like Gecko) Chrome/23.0.1271.97 Safari/537.11',NULL),(230,'2012-12-29 17:16:48','USER_LOGIN',1,'2012-12-29 18:16:48',1,'(UserLogged,admin)','127.0.0.1','Mozilla/5.0 (X11; Linux x86_64) AppleWebKit/537.11 (KHTML, like Gecko) Chrome/23.0.1271.97 Safari/537.11',NULL),(231,'2012-12-31 12:02:59','USER_LOGIN',1,'2012-12-31 13:02:59',1,'(UserLogged,admin)','::1','Mozilla/5.0 (X11; Linux x86_64) AppleWebKit/537.11 (KHTML, like Gecko) Chrome/23.0.1271.97 Safari/537.11',NULL),(232,'2013-01-02 20:32:51','USER_LOGIN',1,'2013-01-02 21:32:51',1,'(UserLogged,admin)','::1','Mozilla/5.0 (X11; Ubuntu; Linux x86_64; rv:17.0) Gecko/20100101 Firefox/17.0',NULL),(233,'2013-01-02 20:58:59','USER_LOGIN',1,'2013-01-02 21:58:59',1,'(UserLogged,admin)','::1','Mozilla/5.0 (X11; Linux x86_64) AppleWebKit/537.11 (KHTML, like Gecko) Chrome/23.0.1271.97 Safari/537.11',NULL),(234,'2013-01-03 09:25:07','USER_LOGIN',1,'2013-01-03 10:25:07',1,'(UserLogged,admin)','::1','Mozilla/5.0 (X11; Linux x86_64) AppleWebKit/537.11 (KHTML, like Gecko) Chrome/23.0.1271.97 Safari/537.11',NULL),(235,'2013-01-03 19:39:31','USER_LOGIN',1,'2013-01-03 20:39:31',1,'(UserLogged,admin)','::1','Mozilla/5.0 (X11; Linux x86_64) AppleWebKit/537.11 (KHTML, like Gecko) Chrome/23.0.1271.97 Safari/537.11',NULL),(236,'2013-01-04 22:40:19','USER_LOGIN',1,'2013-01-04 23:40:19',1,'(UserLogged,admin)','::1','Mozilla/5.0 (X11; Linux x86_64) AppleWebKit/537.11 (KHTML, like Gecko) Chrome/23.0.1271.97 Safari/537.11',NULL),(237,'2013-01-05 12:59:59','USER_LOGIN',1,'2013-01-05 13:59:59',1,'(UserLogged,admin)','::1','Mozilla/5.0 (X11; Linux x86_64) AppleWebKit/537.11 (KHTML, like Gecko) Chrome/23.0.1271.97 Safari/537.11',NULL),(238,'2013-01-05 15:28:52','USER_LOGIN',1,'2013-01-05 16:28:52',1,'(UserLogged,admin)','::1','Mozilla/5.0 (X11; Linux x86_64) AppleWebKit/537.11 (KHTML, like Gecko) Chrome/23.0.1271.97 Safari/537.11',NULL),(239,'2013-01-05 17:02:08','USER_LOGIN',1,'2013-01-05 18:02:08',1,'(UserLogged,admin)','::1','Mozilla/5.0 (X11; Linux x86_64) AppleWebKit/537.11 (KHTML, like Gecko) Chrome/23.0.1271.97 Safari/537.11',NULL),(240,'2013-01-06 12:13:33','USER_LOGIN',1,'2013-01-06 13:13:33',1,'(UserLogged,admin)','::1','Mozilla/5.0 (X11; Linux x86_64) AppleWebKit/537.11 (KHTML, like Gecko) Chrome/23.0.1271.97 Safari/537.11',NULL),(241,'2013-01-07 01:21:15','USER_LOGIN',1,'2013-01-07 02:21:15',1,'(UserLogged,admin)','::1','Mozilla/5.0 (X11; Linux x86_64) AppleWebKit/537.11 (KHTML, like Gecko) Chrome/23.0.1271.97 Safari/537.11',NULL),(242,'2013-01-07 01:46:31','USER_LOGOUT',1,'2013-01-07 02:46:31',1,'(UserLogoff,admin)','::1','Mozilla/5.0 (X11; Linux x86_64) AppleWebKit/537.11 (KHTML, like Gecko) Chrome/23.0.1271.97 Safari/537.11',NULL),(243,'2013-01-07 19:54:50','USER_LOGIN',1,'2013-01-07 20:54:50',1,'(UserLogged,admin)','::1','Mozilla/5.0 (X11; Linux x86_64) AppleWebKit/537.11 (KHTML, like Gecko) Chrome/23.0.1271.97 Safari/537.11',NULL),(244,'2013-01-08 21:55:01','USER_LOGIN',1,'2013-01-08 22:55:01',1,'(UserLogged,admin)','::1','Mozilla/5.0 (X11; Linux x86_64) AppleWebKit/537.11 (KHTML, like Gecko) Chrome/23.0.1271.97 Safari/537.11',NULL),(245,'2013-01-09 11:13:28','USER_LOGIN',1,'2013-01-09 12:13:28',1,'(UserLogged,admin)','::1','Mozilla/5.0 (X11; Linux x86_64) AppleWebKit/537.11 (KHTML, like Gecko) Chrome/23.0.1271.97 Safari/537.11',NULL),(246,'2013-01-10 18:30:46','USER_LOGIN',1,'2013-01-10 19:30:46',1,'(UserLogged,admin)','::1','Mozilla/5.0 (X11; Linux x86_64) AppleWebKit/537.11 (KHTML, like Gecko) Chrome/23.0.1271.97 Safari/537.11',NULL),(247,'2013-01-11 18:03:26','USER_LOGIN',1,'2013-01-11 19:03:26',1,'(UserLogged,admin)','::1','Mozilla/5.0 (X11; Linux x86_64) AppleWebKit/537.11 (KHTML, like Gecko) Chrome/23.0.1271.97 Safari/537.11',NULL),(248,'2013-01-12 11:15:04','USER_LOGIN',1,'2013-01-12 12:15:04',1,'(UserLogged,admin)','::1','Mozilla/5.0 (X11; Linux x86_64) AppleWebKit/537.11 (KHTML, like Gecko) Chrome/23.0.1271.97 Safari/537.11',NULL),(249,'2013-01-12 14:42:44','USER_LOGIN',1,'2013-01-12 15:42:44',1,'(UserLogged,admin)','::1','Mozilla/5.0 (X11; Linux x86_64) AppleWebKit/537.11 (KHTML, like Gecko) Chrome/23.0.1271.97 Safari/537.11',NULL),(250,'2013-01-13 12:07:17','USER_LOGIN',1,'2013-01-13 13:07:17',1,'(UserLogged,admin)','::1','Mozilla/5.0 (X11; Linux x86_64) AppleWebKit/537.11 (KHTML, like Gecko) Chrome/23.0.1271.97 Safari/537.11',NULL),(251,'2013-01-13 17:37:58','USER_LOGIN',1,'2013-01-13 18:37:58',1,'(UserLogged,admin)','::1','Mozilla/5.0 (X11; Linux x86_64) AppleWebKit/537.11 (KHTML, like Gecko) Chrome/23.0.1271.97 Safari/537.11',NULL),(252,'2013-01-13 19:24:21','USER_LOGIN',1,'2013-01-13 20:24:21',1,'(UserLogged,admin)','::1','Mozilla/5.0 (X11; Linux x86_64) AppleWebKit/537.11 (KHTML, like Gecko) Chrome/23.0.1271.97 Safari/537.11',NULL),(253,'2013-01-13 19:29:19','USER_LOGOUT',1,'2013-01-13 20:29:19',1,'(UserLogoff,admin)','::1','Mozilla/5.0 (X11; Linux x86_64) AppleWebKit/537.11 (KHTML, like Gecko) Chrome/23.0.1271.97 Safari/537.11',NULL),(254,'2013-01-13 21:39:39','USER_LOGIN',1,'2013-01-13 22:39:39',1,'(UserLogged,admin)','::1','Mozilla/5.0 (X11; Linux x86_64) AppleWebKit/537.11 (KHTML, like Gecko) Chrome/23.0.1271.97 Safari/537.11',NULL),(255,'2013-01-14 00:52:21','USER_LOGIN',1,'2013-01-14 01:52:21',1,'(UserLogged,admin)','::1','Mozilla/5.0 (X11; Linux x86_64) AppleWebKit/537.11 (KHTML, like Gecko) Chrome/23.0.1271.97 Safari/537.11',NULL),(256,'2013-01-16 11:34:31','USER_LOGIN',1,'2013-01-16 12:34:31',1,'(UserLogged,admin)','::1','Mozilla/5.0 (X11; Linux x86_64) AppleWebKit/537.17 (KHTML, like Gecko) Chrome/24.0.1312.52 Safari/537.17',NULL),(257,'2013-01-16 15:36:21','USER_LOGIN',1,'2013-01-16 16:36:21',1,'(UserLogged,admin)','::1','Mozilla/5.0 (X11; Linux x86_64) AppleWebKit/537.17 (KHTML, like Gecko) Chrome/24.0.1312.52 Safari/537.17',NULL),(258,'2013-01-16 19:17:36','USER_LOGIN',1,'2013-01-16 20:17:36',1,'(UserLogged,admin)','::1','Mozilla/5.0 (X11; Linux x86_64) AppleWebKit/537.17 (KHTML, like Gecko) Chrome/24.0.1312.52 Safari/537.17',NULL),(259,'2013-01-16 19:48:08','GROUP_CREATE',1,'2013-01-16 20:48:08',1,'Création groupe ggg','::1','Mozilla/5.0 (X11; Linux x86_64) AppleWebKit/537.17 (KHTML, like Gecko) Chrome/24.0.1312.52 Safari/537.17',NULL),(260,'2013-01-16 21:48:53','USER_LOGIN',1,'2013-01-16 22:48:53',1,'(UserLogged,admin)','::1','Mozilla/5.0 (X11; Linux x86_64) AppleWebKit/537.17 (KHTML, like Gecko) Chrome/24.0.1312.52 Safari/537.17',NULL),(261,'2013-01-17 19:55:53','USER_LOGIN',1,'2013-01-17 20:55:53',1,'(UserLogged,admin)','::1','Mozilla/5.0 (X11; Linux x86_64) AppleWebKit/537.17 (KHTML, like Gecko) Chrome/24.0.1312.52 Safari/537.17',NULL),(262,'2013-01-18 09:48:01','USER_LOGIN',1,'2013-01-18 10:48:01',1,'(UserLogged,admin)','::1','Mozilla/5.0 (X11; Linux x86_64) AppleWebKit/537.17 (KHTML, like Gecko) Chrome/24.0.1312.52 Safari/537.17',NULL),(263,'2013-01-18 13:22:36','USER_LOGIN',1,'2013-01-18 14:22:36',1,'(UserLogged,admin)','::1','Mozilla/5.0 (X11; Linux x86_64) AppleWebKit/537.17 (KHTML, like Gecko) Chrome/24.0.1312.52 Safari/537.17',NULL),(264,'2013-01-18 16:10:23','USER_LOGIN',1,'2013-01-18 17:10:22',1,'(UserLogged,admin)','::1','Mozilla/5.0 (X11; Linux x86_64) AppleWebKit/537.17 (KHTML, like Gecko) Chrome/24.0.1312.52 Safari/537.17',NULL),(265,'2013-01-18 17:41:40','USER_LOGIN',1,'2013-01-18 18:41:40',1,'(UserLogged,admin)','::1','Mozilla/5.0 (X11; Linux x86_64) AppleWebKit/537.17 (KHTML, like Gecko) Chrome/24.0.1312.52 Safari/537.17',NULL),(266,'2013-01-19 14:33:48','USER_LOGIN',1,'2013-01-19 15:33:48',1,'(UserLogged,admin)','::1','Mozilla/5.0 (X11; Linux x86_64) AppleWebKit/537.17 (KHTML, like Gecko) Chrome/24.0.1312.52 Safari/537.17',NULL),(267,'2013-01-19 16:47:43','USER_LOGIN',1,'2013-01-19 17:47:43',1,'(UserLogged,admin)','::1','Mozilla/5.0 (X11; Linux x86_64) AppleWebKit/537.17 (KHTML, like Gecko) Chrome/24.0.1312.52 Safari/537.17',NULL),(268,'2013-01-19 16:59:43','USER_LOGIN',1,'2013-01-19 17:59:43',1,'(UserLogged,admin)','::1','Mozilla/5.0 (X11; Linux x86_64) AppleWebKit/537.17 (KHTML, like Gecko) Chrome/24.0.1312.52 Safari/537.17',NULL),(269,'2013-01-19 17:00:22','USER_LOGIN',1,'2013-01-19 18:00:22',1,'(UserLogged,admin)','::1','Mozilla/5.0 (X11; Linux x86_64) AppleWebKit/537.17 (KHTML, like Gecko) Chrome/24.0.1312.52 Safari/537.17',NULL),(270,'2013-01-19 17:04:16','USER_LOGOUT',1,'2013-01-19 18:04:16',1,'(UserLogoff,admin)','::1','Mozilla/5.0 (X11; Linux x86_64) AppleWebKit/537.17 (KHTML, like Gecko) Chrome/24.0.1312.52 Safari/537.17',NULL),(271,'2013-01-19 17:04:18','USER_LOGIN',1,'2013-01-19 18:04:18',1,'(UserLogged,admin)','::1','Mozilla/5.0 (X11; Linux x86_64) AppleWebKit/537.17 (KHTML, like Gecko) Chrome/24.0.1312.52 Safari/537.17',NULL),(272,'2013-01-20 00:34:19','USER_LOGIN',1,'2013-01-20 01:34:19',1,'(UserLogged,admin)','::1','Mozilla/5.0 (X11; Linux x86_64) AppleWebKit/537.17 (KHTML, like Gecko) Chrome/24.0.1312.52 Safari/537.17',NULL),(273,'2013-01-21 11:54:17','USER_LOGIN',1,'2013-01-21 12:54:17',1,'(UserLogged,admin)','::1','Mozilla/5.0 (X11; Linux x86_64) AppleWebKit/537.17 (KHTML, like Gecko) Chrome/24.0.1312.52 Safari/537.17',NULL),(274,'2013-01-21 13:48:15','USER_LOGIN',1,'2013-01-21 14:48:15',1,'(UserLogged,admin)','::1','Mozilla/5.0 (X11; Linux x86_64) AppleWebKit/537.17 (KHTML, like Gecko) Chrome/24.0.1312.52 Safari/537.17',NULL),(275,'2013-01-21 14:30:22','USER_LOGIN',1,'2013-01-21 15:30:22',1,'(UserLogged,admin)','127.0.0.1','Mozilla/5.0 (X11; Linux x86_64) AppleWebKit/537.17 (KHTML, like Gecko) Chrome/24.0.1312.52 Safari/537.17',NULL),(276,'2013-01-21 15:10:46','USER_LOGIN',1,'2013-01-21 16:10:46',1,'(UserLogged,admin)','::1','Mozilla/5.0 (X11; Linux x86_64) AppleWebKit/537.17 (KHTML, like Gecko) Chrome/24.0.1312.52 Safari/537.17',NULL),(277,'2013-01-21 17:27:43','USER_LOGIN',1,'2013-01-21 18:27:43',1,'(UserLogged,admin)','127.0.0.1','Mozilla/5.0 (X11; Linux x86_64) AppleWebKit/537.17 (KHTML, like Gecko) Chrome/24.0.1312.52 Safari/537.17',NULL),(278,'2013-01-21 21:48:15','USER_LOGIN',1,'2013-01-21 22:48:15',1,'(UserLogged,admin)','::1','Mozilla/5.0 (X11; Linux x86_64) AppleWebKit/537.17 (KHTML, like Gecko) Chrome/24.0.1312.52 Safari/537.17',NULL),(279,'2013-01-21 21:50:42','USER_LOGIN',1,'2013-01-21 22:50:42',1,'(UserLogged,admin)','127.0.0.1','Mozilla/5.0 (X11; Linux x86_64) AppleWebKit/537.17 (KHTML, like Gecko) Chrome/24.0.1312.52 Safari/537.17',NULL),(280,'2013-01-23 09:28:26','USER_LOGIN',1,'2013-01-23 10:28:26',1,'(UserLogged,admin)','::1','Mozilla/5.0 (X11; Linux x86_64) AppleWebKit/537.17 (KHTML, like Gecko) Chrome/24.0.1312.56 Safari/537.17',NULL),(281,'2013-01-23 13:21:57','USER_LOGIN',1,'2013-01-23 14:21:57',1,'(UserLogged,admin)','::1','Mozilla/5.0 (X11; Linux x86_64) AppleWebKit/537.17 (KHTML, like Gecko) Chrome/24.0.1312.56 Safari/537.17',NULL),(282,'2013-01-23 16:52:00','USER_LOGOUT',1,'2013-01-23 17:52:00',1,'(UserLogoff,admin)','::1','Mozilla/5.0 (X11; Linux x86_64) AppleWebKit/537.17 (KHTML, like Gecko) Chrome/24.0.1312.56 Safari/537.17',NULL),(283,'2013-01-23 16:52:05','USER_LOGIN_FAILED',1,'2013-01-23 17:52:05',NULL,'Bad value for login or password - login=bbb','::1','Mozilla/5.0 (X11; Linux x86_64) AppleWebKit/537.17 (KHTML, like Gecko) Chrome/24.0.1312.56 Safari/537.17',NULL),(284,'2013-01-23 16:52:09','USER_LOGIN',1,'2013-01-23 17:52:09',1,'(UserLogged,admin)','::1','Mozilla/5.0 (X11; Linux x86_64) AppleWebKit/537.17 (KHTML, like Gecko) Chrome/24.0.1312.56 Safari/537.17',NULL),(285,'2013-01-23 16:52:27','USER_CREATE',1,'2013-01-23 17:52:27',1,'Création utilisateur aaa','::1','Mozilla/5.0 (X11; Linux x86_64) AppleWebKit/537.17 (KHTML, like Gecko) Chrome/24.0.1312.56 Safari/537.17',NULL),(286,'2013-01-23 16:52:27','USER_NEW_PASSWORD',1,'2013-01-23 17:52:27',1,'Changement mot de passe de aaa','::1','Mozilla/5.0 (X11; Linux x86_64) AppleWebKit/537.17 (KHTML, like Gecko) Chrome/24.0.1312.56 Safari/537.17',NULL),(287,'2013-01-23 16:52:37','USER_CREATE',1,'2013-01-23 17:52:37',1,'Création utilisateur bbb','::1','Mozilla/5.0 (X11; Linux x86_64) AppleWebKit/537.17 (KHTML, like Gecko) Chrome/24.0.1312.56 Safari/537.17',NULL),(288,'2013-01-23 16:52:37','USER_NEW_PASSWORD',1,'2013-01-23 17:52:37',1,'Changement mot de passe de bbb','::1','Mozilla/5.0 (X11; Linux x86_64) AppleWebKit/537.17 (KHTML, like Gecko) Chrome/24.0.1312.56 Safari/537.17',NULL),(289,'2013-01-23 16:53:15','USER_LOGOUT',1,'2013-01-23 17:53:15',1,'(UserLogoff,admin)','::1','Mozilla/5.0 (X11; Linux x86_64) AppleWebKit/537.17 (KHTML, like Gecko) Chrome/24.0.1312.56 Safari/537.17',NULL),(290,'2013-01-23 16:53:20','USER_LOGIN',1,'2013-01-23 17:53:20',4,'(UserLogged,aaa)','::1','Mozilla/5.0 (X11; Linux x86_64) AppleWebKit/537.17 (KHTML, like Gecko) Chrome/24.0.1312.56 Safari/537.17',NULL),(291,'2013-01-23 19:16:58','USER_LOGIN',1,'2013-01-23 20:16:58',1,'(UserLogged,admin)','::1','Mozilla/5.0 (X11; Linux x86_64) AppleWebKit/537.17 (KHTML, like Gecko) Chrome/24.0.1312.56 Safari/537.17',NULL),(292,'2013-01-26 10:54:07','USER_LOGIN',1,'2013-01-26 11:54:07',1,'(UserLogged,admin)','::1','Mozilla/5.0 (X11; Linux x86_64) AppleWebKit/537.17 (KHTML, like Gecko) Chrome/24.0.1312.56 Safari/537.17',NULL),(293,'2013-01-29 10:15:36','USER_LOGIN',1,'2013-01-29 11:15:36',1,'(UserLogged,admin)','::1','Mozilla/5.0 (X11; Linux x86_64) AppleWebKit/537.17 (KHTML, like Gecko) Chrome/24.0.1312.56 Safari/537.17',NULL),(294,'2013-01-30 17:42:50','USER_LOGIN',1,'2013-01-30 18:42:50',1,'(UserLogged,admin)','::1','Mozilla/5.0 (X11; Linux x86_64) AppleWebKit/537.17 (KHTML, like Gecko) Chrome/24.0.1312.56 Safari/537.17',NULL),(295,'2013-02-01 08:49:55','USER_LOGIN',1,'2013-02-01 09:49:55',1,'(UserLogged,admin)','::1','Mozilla/5.0 (X11; Linux x86_64) AppleWebKit/537.17 (KHTML, like Gecko) Chrome/24.0.1312.57 Safari/537.17',NULL),(296,'2013-02-01 08:51:57','USER_LOGOUT',1,'2013-02-01 09:51:57',1,'(UserLogoff,admin)','::1','Mozilla/5.0 (X11; Linux x86_64) AppleWebKit/537.17 (KHTML, like Gecko) Chrome/24.0.1312.57 Safari/537.17',NULL),(297,'2013-02-01 08:52:39','USER_LOGIN',1,'2013-02-01 09:52:39',1,'(UserLogged,admin)','::1','Mozilla/5.0 (X11; Linux x86_64) AppleWebKit/537.17 (KHTML, like Gecko) Chrome/24.0.1312.57 Safari/537.17',NULL),(298,'2013-02-01 21:03:01','USER_LOGIN',1,'2013-02-01 22:03:01',1,'(UserLogged,admin)','::1','Mozilla/5.0 (X11; Linux x86_64) AppleWebKit/537.17 (KHTML, like Gecko) Chrome/24.0.1312.57 Safari/537.17',NULL),(299,'2013-02-10 19:48:39','USER_LOGIN',1,'2013-02-10 20:48:39',1,'(UserLogged,admin)','::1','Mozilla/5.0 (X11; Linux x86_64) AppleWebKit/537.17 (KHTML, like Gecko) Chrome/24.0.1312.57 Safari/537.17',NULL),(300,'2013-02-10 20:46:48','USER_LOGIN',1,'2013-02-10 21:46:48',1,'(UserLogged,admin)','::1','Mozilla/5.0 (X11; Linux x86_64) AppleWebKit/537.17 (KHTML, like Gecko) Chrome/24.0.1312.57 Safari/537.17',NULL),(301,'2013-02-10 21:39:23','USER_LOGIN',1,'2013-02-10 22:39:23',1,'(UserLogged,admin)','::1','Mozilla/5.0 (X11; Linux x86_64) AppleWebKit/537.17 (KHTML, like Gecko) Chrome/24.0.1312.57 Safari/537.17',NULL),(302,'2013-02-11 19:00:13','USER_LOGIN',1,'2013-02-11 20:00:13',1,'(UserLogged,admin)','::1','Mozilla/5.0 (X11; Linux x86_64) AppleWebKit/537.17 (KHTML, like Gecko) Chrome/24.0.1312.57 Safari/537.17',NULL),(303,'2013-02-11 19:43:44','USER_LOGIN_FAILED',1,'2013-02-11 20:43:44',NULL,'Unknown column \'u.fk_user\' in \'field list\'','::1','Mozilla/5.0 (X11; Linux x86_64) AppleWebKit/537.17 (KHTML, like Gecko) Chrome/24.0.1312.57 Safari/537.17',NULL),(304,'2013-02-11 19:44:01','USER_LOGIN',1,'2013-02-11 20:44:01',1,'(UserLogged,admin)','::1','Mozilla/5.0 (X11; Linux x86_64) AppleWebKit/537.17 (KHTML, like Gecko) Chrome/24.0.1312.57 Safari/537.17',NULL),(305,'2013-02-12 00:27:35','USER_LOGIN',1,'2013-02-12 01:27:35',1,'(UserLogged,admin)','::1','Mozilla/5.0 (X11; Linux x86_64) AppleWebKit/537.17 (KHTML, like Gecko) Chrome/24.0.1312.57 Safari/537.17',NULL),(306,'2013-02-12 00:27:38','USER_LOGOUT',1,'2013-02-12 01:27:38',1,'(UserLogoff,admin)','::1','Mozilla/5.0 (X11; Linux x86_64) AppleWebKit/537.17 (KHTML, like Gecko) Chrome/24.0.1312.57 Safari/537.17',NULL),(307,'2013-02-12 00:28:07','USER_LOGIN',1,'2013-02-12 01:28:07',1,'(UserLogged,admin)','::1','Mozilla/5.0 (X11; Linux x86_64) AppleWebKit/537.17 (KHTML, like Gecko) Chrome/24.0.1312.57 Safari/537.17',NULL),(308,'2013-02-12 00:28:09','USER_LOGOUT',1,'2013-02-12 01:28:09',1,'(UserLogoff,admin)','::1','Mozilla/5.0 (X11; Linux x86_64) AppleWebKit/537.17 (KHTML, like Gecko) Chrome/24.0.1312.57 Safari/537.17',NULL),(309,'2013-02-12 00:28:26','USER_LOGIN',1,'2013-02-12 01:28:26',1,'(UserLogged,admin)','::1','Mozilla/5.0 (X11; Linux x86_64) AppleWebKit/537.17 (KHTML, like Gecko) Chrome/24.0.1312.57 Safari/537.17',NULL),(310,'2013-02-12 00:28:30','USER_LOGOUT',1,'2013-02-12 01:28:30',1,'(UserLogoff,admin)','::1','Mozilla/5.0 (X11; Linux x86_64) AppleWebKit/537.17 (KHTML, like Gecko) Chrome/24.0.1312.57 Safari/537.17',NULL),(311,'2013-02-12 12:42:15','USER_LOGIN',1,'2013-02-12 13:42:15',1,'(UserLogged,admin)','::1','Mozilla/5.0 (X11; Linux x86_64) AppleWebKit/537.17 (KHTML, like Gecko) Chrome/24.0.1312.57 Safari/537.17',NULL),(312,'2013-02-12 13:46:16','USER_LOGIN',1,'2013-02-12 14:46:16',1,'(UserLogged,admin)','::1','Mozilla/5.0 (X11; Linux x86_64) AppleWebKit/537.17 (KHTML, like Gecko) Chrome/24.0.1312.69 Safari/537.17',NULL),(313,'2013-02-12 14:54:28','USER_LOGIN',1,'2013-02-12 15:54:28',1,'(UserLogged,admin)','::1','Mozilla/5.0 (X11; Linux x86_64) AppleWebKit/537.17 (KHTML, like Gecko) Chrome/24.0.1312.69 Safari/537.17',NULL),(314,'2013-02-12 16:04:46','USER_LOGIN',1,'2013-02-12 17:04:46',1,'(UserLogged,admin)','::1','Mozilla/5.0 (X11; Linux x86_64) AppleWebKit/537.17 (KHTML, like Gecko) Chrome/24.0.1312.69 Safari/537.17',NULL),(315,'2013-02-13 14:02:43','USER_LOGIN',1,'2013-02-13 15:02:43',1,'(UserLogged,admin)','::1','Mozilla/5.0 (X11; Linux x86_64) AppleWebKit/537.17 (KHTML, like Gecko) Chrome/24.0.1312.69 Safari/537.17',NULL),(316,'2013-02-13 14:48:30','USER_LOGIN',1,'2013-02-13 15:48:30',1,'(UserLogged,admin)','::1','Mozilla/5.0 (X11; Linux x86_64) AppleWebKit/537.17 (KHTML, like Gecko) Chrome/24.0.1312.69 Safari/537.17',NULL),(317,'2013-02-13 17:44:53','USER_LOGIN',1,'2013-02-13 18:44:53',1,'(UserLogged,admin)','::1','Mozilla/5.0 (X11; Linux x86_64) AppleWebKit/537.17 (KHTML, like Gecko) Chrome/24.0.1312.69 Safari/537.17',NULL),(318,'2013-02-15 08:44:36','USER_LOGIN',1,'2013-02-15 09:44:36',1,'(UserLogged,admin)','::1','Mozilla/5.0 (X11; Linux x86_64) AppleWebKit/537.17 (KHTML, like Gecko) Chrome/24.0.1312.69 Safari/537.17',NULL),(319,'2013-02-15 08:53:20','USER_LOGIN',1,'2013-02-15 09:53:20',1,'(UserLogged,admin)','127.0.0.1','Mozilla/5.0 (X11; Linux x86_64) AppleWebKit/537.17 (KHTML, like Gecko) Chrome/24.0.1312.69 Safari/537.17',NULL),(320,'2013-02-16 19:10:28','USER_LOGIN',1,'2013-02-16 20:10:28',1,'(UserLogged,admin)','127.0.0.1','Mozilla/5.0 (X11; Linux x86_64) AppleWebKit/537.17 (KHTML, like Gecko) Chrome/24.0.1312.69 Safari/537.17',NULL),(321,'2013-02-16 19:22:40','USER_CREATE',1,'2013-02-16 20:22:40',1,'Création utilisateur aaab','127.0.0.1','Mozilla/5.0 (X11; Linux x86_64) AppleWebKit/537.17 (KHTML, like Gecko) Chrome/24.0.1312.69 Safari/537.17',NULL),(322,'2013-02-16 19:22:40','USER_NEW_PASSWORD',1,'2013-02-16 20:22:40',1,'Changement mot de passe de aaab','127.0.0.1','Mozilla/5.0 (X11; Linux x86_64) AppleWebKit/537.17 (KHTML, like Gecko) Chrome/24.0.1312.69 Safari/537.17',NULL),(323,'2013-02-16 19:48:15','USER_CREATE',1,'2013-02-16 20:48:15',1,'Création utilisateur zzz','127.0.0.1','Mozilla/5.0 (X11; Linux x86_64) AppleWebKit/537.17 (KHTML, like Gecko) Chrome/24.0.1312.69 Safari/537.17',NULL),(324,'2013-02-16 19:48:15','USER_NEW_PASSWORD',1,'2013-02-16 20:48:15',1,'Changement mot de passe de zzz','127.0.0.1','Mozilla/5.0 (X11; Linux x86_64) AppleWebKit/537.17 (KHTML, like Gecko) Chrome/24.0.1312.69 Safari/537.17',NULL),(325,'2013-02-16 19:50:08','USER_CREATE',1,'2013-02-16 20:50:08',1,'Création utilisateur zzzg','127.0.0.1','Mozilla/5.0 (X11; Linux x86_64) AppleWebKit/537.17 (KHTML, like Gecko) Chrome/24.0.1312.69 Safari/537.17',NULL),(326,'2013-02-16 19:50:08','USER_NEW_PASSWORD',1,'2013-02-16 20:50:08',1,'Changement mot de passe de zzzg','127.0.0.1','Mozilla/5.0 (X11; Linux x86_64) AppleWebKit/537.17 (KHTML, like Gecko) Chrome/24.0.1312.69 Safari/537.17',NULL),(327,'2013-02-16 21:20:03','USER_LOGIN',1,'2013-02-16 22:20:03',1,'(UserLogged,admin)','127.0.0.1','Mozilla/5.0 (X11; Linux x86_64) AppleWebKit/537.17 (KHTML, like Gecko) Chrome/24.0.1312.69 Safari/537.17',NULL),(328,'2013-02-17 14:30:51','USER_LOGIN',1,'2013-02-17 15:30:51',1,'(UserLogged,admin)','127.0.0.1','Mozilla/5.0 (X11; Linux x86_64) AppleWebKit/537.17 (KHTML, like Gecko) Chrome/24.0.1312.69 Safari/537.17',NULL),(329,'2013-02-17 17:21:22','USER_LOGIN',1,'2013-02-17 18:21:22',1,'(UserLogged,admin)','127.0.0.1','Mozilla/5.0 (X11; Linux x86_64) AppleWebKit/537.17 (KHTML, like Gecko) Chrome/24.0.1312.69 Safari/537.17',NULL),(330,'2013-02-17 17:48:43','USER_MODIFY',1,'2013-02-17 18:48:43',1,'Modification utilisateur aaa','127.0.0.1','Mozilla/5.0 (X11; Linux x86_64) AppleWebKit/537.17 (KHTML, like Gecko) Chrome/24.0.1312.69 Safari/537.17',NULL),(331,'2013-02-17 17:48:47','USER_MODIFY',1,'2013-02-17 18:48:47',1,'Modification utilisateur aaa','127.0.0.1','Mozilla/5.0 (X11; Linux x86_64) AppleWebKit/537.17 (KHTML, like Gecko) Chrome/24.0.1312.69 Safari/537.17',NULL),(332,'2013-02-17 17:48:51','USER_MODIFY',1,'2013-02-17 18:48:51',1,'Modification utilisateur aaa','127.0.0.1','Mozilla/5.0 (X11; Linux x86_64) AppleWebKit/537.17 (KHTML, like Gecko) Chrome/24.0.1312.69 Safari/537.17',NULL),(333,'2013-02-17 17:48:56','USER_MODIFY',1,'2013-02-17 18:48:56',1,'Modification utilisateur aaa','127.0.0.1','Mozilla/5.0 (X11; Linux x86_64) AppleWebKit/537.17 (KHTML, like Gecko) Chrome/24.0.1312.69 Safari/537.17',NULL),(334,'2013-02-18 22:00:01','USER_LOGIN',1,'2013-02-18 23:00:01',1,'(UserLogged,admin)','127.0.0.1','Mozilla/5.0 (X11; Linux x86_64) AppleWebKit/537.17 (KHTML, like Gecko) Chrome/24.0.1312.69 Safari/537.17',NULL),(335,'2013-02-19 08:19:52','USER_LOGIN',1,'2013-02-19 09:19:52',1,'(UserLogged,admin)','127.0.0.1','Mozilla/5.0 (X11; Linux x86_64) AppleWebKit/537.17 (KHTML, like Gecko) Chrome/24.0.1312.69 Safari/537.17',NULL),(336,'2013-02-19 22:00:52','USER_LOGIN',1,'2013-02-19 23:00:52',1,'(UserLogged,admin)','127.0.0.1','Mozilla/5.0 (X11; Linux x86_64) AppleWebKit/537.17 (KHTML, like Gecko) Chrome/24.0.1312.69 Safari/537.17',NULL),(337,'2013-02-20 09:34:52','USER_LOGIN',1,'2013-02-20 10:34:52',1,'(UserLogged,admin)','127.0.0.1','Mozilla/5.0 (X11; Linux x86_64) AppleWebKit/537.17 (KHTML, like Gecko) Chrome/24.0.1312.69 Safari/537.17',NULL),(338,'2013-02-20 13:12:28','USER_LOGIN',1,'2013-02-20 14:12:28',1,'(UserLogged,admin)','127.0.0.1','Mozilla/5.0 (X11; Linux x86_64) AppleWebKit/537.17 (KHTML, like Gecko) Chrome/24.0.1312.69 Safari/537.17',NULL),(339,'2013-02-20 17:19:44','USER_LOGIN',1,'2013-02-20 18:19:44',1,'(UserLogged,admin)','127.0.0.1','Mozilla/5.0 (X11; Linux x86_64) AppleWebKit/537.17 (KHTML, like Gecko) Chrome/24.0.1312.69 Safari/537.17',NULL),(340,'2013-02-20 19:07:21','USER_MODIFY',1,'2013-02-20 20:07:21',1,'Modification utilisateur adupont','127.0.0.1','Mozilla/5.0 (X11; Linux x86_64) AppleWebKit/537.17 (KHTML, like Gecko) Chrome/24.0.1312.69 Safari/537.17',NULL),(341,'2013-02-20 19:47:17','USER_LOGIN',1,'2013-02-20 20:47:17',1,'(UserLogged,admin)','127.0.0.1','Mozilla/5.0 (X11; Linux x86_64) AppleWebKit/537.17 (KHTML, like Gecko) Chrome/24.0.1312.69 Safari/537.17',NULL),(342,'2013-02-20 19:48:01','USER_MODIFY',1,'2013-02-20 20:48:01',1,'Modification utilisateur aaa','127.0.0.1','Mozilla/5.0 (X11; Linux x86_64) AppleWebKit/537.17 (KHTML, like Gecko) Chrome/24.0.1312.69 Safari/537.17',NULL),(343,'2013-02-21 08:27:07','USER_LOGIN',1,'2013-02-21 09:27:07',1,'(UserLogged,admin)','127.0.0.1','Mozilla/5.0 (X11; Linux x86_64) AppleWebKit/537.17 (KHTML, like Gecko) Chrome/24.0.1312.69 Safari/537.17',NULL),(344,'2013-02-23 13:34:13','USER_LOGIN',1,'2013-02-23 14:34:13',1,'(UserLogged,admin)','127.0.0.1','Mozilla/5.0 (X11; Linux x86_64) AppleWebKit/537.17 (KHTML, like Gecko) Chrome/24.0.1312.69 Safari/537.17',NULL),(345,'2013-02-24 01:06:41','USER_LOGIN_FAILED',1,'2013-02-24 02:06:41',NULL,'Bad value for login or password - login=admin','127.0.0.1','Mozilla/5.0 (X11; Linux x86_64) AppleWebKit/537.22 (KHTML, like Gecko) Chrome/25.0.1364.97 Safari/537.22',NULL),(346,'2013-02-24 01:06:45','USER_LOGIN_FAILED',1,'2013-02-24 02:06:45',NULL,'Bad value for login or password - login=admin','127.0.0.1','Mozilla/5.0 (X11; Linux x86_64) AppleWebKit/537.22 (KHTML, like Gecko) Chrome/25.0.1364.97 Safari/537.22',NULL),(347,'2013-02-24 01:06:55','USER_LOGIN_FAILED',1,'2013-02-24 02:06:55',NULL,'Bad value for login or password - login=admin','127.0.0.1','Mozilla/5.0 (X11; Linux x86_64) AppleWebKit/537.22 (KHTML, like Gecko) Chrome/25.0.1364.97 Safari/537.22',NULL),(348,'2013-02-24 01:07:03','USER_LOGIN_FAILED',1,'2013-02-24 02:07:03',NULL,'Bad value for login or password - login=admin','127.0.0.1','Mozilla/5.0 (X11; Linux x86_64) AppleWebKit/537.22 (KHTML, like Gecko) Chrome/25.0.1364.97 Safari/537.22',NULL),(349,'2013-02-24 01:07:21','USER_LOGIN_FAILED',1,'2013-02-24 02:07:21',NULL,'Bad value for login or password - login=admin','127.0.0.1','Mozilla/5.0 (X11; Linux x86_64) AppleWebKit/537.22 (KHTML, like Gecko) Chrome/25.0.1364.97 Safari/537.22',NULL),(350,'2013-02-24 01:08:12','USER_LOGIN_FAILED',1,'2013-02-24 02:08:12',NULL,'Bad value for login or password - login=admin','127.0.0.1','Mozilla/5.0 (X11; Linux x86_64) AppleWebKit/537.22 (KHTML, like Gecko) Chrome/25.0.1364.97 Safari/537.22',NULL),(351,'2013-02-24 01:08:42','USER_LOGIN_FAILED',1,'2013-02-24 02:08:42',NULL,'Bad value for login or password - login=admin','127.0.0.1','Mozilla/5.0 (X11; Linux x86_64) AppleWebKit/537.22 (KHTML, like Gecko) Chrome/25.0.1364.97 Safari/537.22',NULL),(352,'2013-02-24 01:08:50','USER_LOGIN_FAILED',1,'2013-02-24 02:08:50',NULL,'Bad value for login or password - login=admin','127.0.0.1','Mozilla/5.0 (X11; Linux x86_64) AppleWebKit/537.22 (KHTML, like Gecko) Chrome/25.0.1364.97 Safari/537.22',NULL),(353,'2013-02-24 01:09:08','USER_LOGIN_FAILED',1,'2013-02-24 02:09:08',NULL,'Bad value for login or password - login=admin','127.0.0.1','Mozilla/5.0 (X11; Linux x86_64) AppleWebKit/537.22 (KHTML, like Gecko) Chrome/25.0.1364.97 Safari/537.22',NULL),(354,'2013-02-24 01:09:42','USER_LOGIN_FAILED',1,'2013-02-24 02:09:42',NULL,'Bad value for login or password - login=admin','127.0.0.1','Mozilla/5.0 (X11; Linux x86_64) AppleWebKit/537.22 (KHTML, like Gecko) Chrome/25.0.1364.97 Safari/537.22',NULL),(355,'2013-02-24 01:09:50','USER_LOGIN_FAILED',1,'2013-02-24 02:09:50',NULL,'Bad value for login or password - login=admin','127.0.0.1','Mozilla/5.0 (X11; Linux x86_64) AppleWebKit/537.22 (KHTML, like Gecko) Chrome/25.0.1364.97 Safari/537.22',NULL),(356,'2013-02-24 01:10:05','USER_LOGIN_FAILED',1,'2013-02-24 02:10:05',NULL,'Bad value for login or password - login=admin','127.0.0.1','Mozilla/5.0 (X11; Linux x86_64) AppleWebKit/537.22 (KHTML, like Gecko) Chrome/25.0.1364.97 Safari/537.22',NULL),(357,'2013-02-24 01:10:22','USER_LOGIN_FAILED',1,'2013-02-24 02:10:22',NULL,'Bad value for login or password - login=admin','127.0.0.1','Mozilla/5.0 (X11; Linux x86_64) AppleWebKit/537.22 (KHTML, like Gecko) Chrome/25.0.1364.97 Safari/537.22',NULL),(358,'2013-02-24 01:10:30','USER_LOGIN_FAILED',1,'2013-02-24 02:10:30',NULL,'Bad value for login or password - login=admin','127.0.0.1','Mozilla/5.0 (X11; Linux x86_64) AppleWebKit/537.22 (KHTML, like Gecko) Chrome/25.0.1364.97 Safari/537.22',NULL),(359,'2013-02-24 01:10:56','USER_LOGIN_FAILED',1,'2013-02-24 02:10:56',NULL,'Bad value for login or password - login=admin','127.0.0.1','Mozilla/5.0 (X11; Linux x86_64) AppleWebKit/537.22 (KHTML, like Gecko) Chrome/25.0.1364.97 Safari/537.22',NULL),(360,'2013-02-24 01:11:26','USER_LOGIN_FAILED',1,'2013-02-24 02:11:26',NULL,'Bad value for login or password - login=admin','127.0.0.1','Mozilla/5.0 (X11; Linux x86_64) AppleWebKit/537.22 (KHTML, like Gecko) Chrome/25.0.1364.97 Safari/537.22',NULL),(361,'2013-02-24 01:12:06','USER_LOGIN_FAILED',1,'2013-02-24 02:12:06',NULL,'Bad value for login or password - login=admin','127.0.0.1','Mozilla/5.0 (X11; Linux x86_64) AppleWebKit/537.22 (KHTML, like Gecko) Chrome/25.0.1364.97 Safari/537.22',NULL),(362,'2013-02-24 01:21:14','USER_LOGIN_FAILED',1,'2013-02-24 02:21:14',NULL,'Bad value for login or password - login=admin','127.0.0.1','Mozilla/5.0 (X11; Linux x86_64) AppleWebKit/537.22 (KHTML, like Gecko) Chrome/25.0.1364.97 Safari/537.22',NULL),(363,'2013-02-24 01:21:25','USER_LOGIN_FAILED',1,'2013-02-24 02:21:25',NULL,'Bad value for login or password - login=admin','127.0.0.1','Mozilla/5.0 (X11; Linux x86_64) AppleWebKit/537.22 (KHTML, like Gecko) Chrome/25.0.1364.97 Safari/537.22',NULL),(364,'2013-02-24 01:21:54','USER_LOGIN_FAILED',1,'2013-02-24 02:21:54',NULL,'Bad value for login or password - login=admin','127.0.0.1','Mozilla/5.0 (X11; Linux x86_64) AppleWebKit/537.22 (KHTML, like Gecko) Chrome/25.0.1364.97 Safari/537.22',NULL),(365,'2013-02-24 01:22:14','USER_LOGIN_FAILED',1,'2013-02-24 02:22:14',NULL,'Bad value for login or password - login=admin','127.0.0.1','Mozilla/5.0 (X11; Linux x86_64) AppleWebKit/537.22 (KHTML, like Gecko) Chrome/25.0.1364.97 Safari/537.22',NULL),(366,'2013-02-24 01:22:37','USER_LOGIN_FAILED',1,'2013-02-24 02:22:37',NULL,'Bad value for login or password - login=admin','127.0.0.1','Mozilla/5.0 (X11; Linux x86_64) AppleWebKit/537.22 (KHTML, like Gecko) Chrome/25.0.1364.97 Safari/537.22',NULL),(367,'2013-02-24 01:23:01','USER_LOGIN_FAILED',1,'2013-02-24 02:23:01',NULL,'Bad value for login or password - login=admin','127.0.0.1','Mozilla/5.0 (X11; Linux x86_64) AppleWebKit/537.22 (KHTML, like Gecko) Chrome/25.0.1364.97 Safari/537.22',NULL),(368,'2013-02-24 01:23:39','USER_LOGIN_FAILED',1,'2013-02-24 02:23:39',NULL,'Bad value for login or password - login=admin','127.0.0.1','Mozilla/5.0 (X11; Linux x86_64) AppleWebKit/537.22 (KHTML, like Gecko) Chrome/25.0.1364.97 Safari/537.22',NULL),(369,'2013-02-24 01:24:04','USER_LOGIN_FAILED',1,'2013-02-24 02:24:04',NULL,'Bad value for login or password - login=admin','127.0.0.1','Mozilla/5.0 (X11; Linux x86_64) AppleWebKit/537.22 (KHTML, like Gecko) Chrome/25.0.1364.97 Safari/537.22',NULL),(370,'2013-02-24 01:24:39','USER_LOGIN_FAILED',1,'2013-02-24 02:24:39',NULL,'Bad value for login or password - login=aa','127.0.0.1','Mozilla/5.0 (X11; Linux x86_64) AppleWebKit/537.22 (KHTML, like Gecko) Chrome/25.0.1364.97 Safari/537.22',NULL),(371,'2013-02-24 01:25:01','USER_LOGIN_FAILED',1,'2013-02-24 02:25:01',NULL,'Bad value for login or password - login=aa','127.0.0.1','Mozilla/5.0 (X11; Linux x86_64) AppleWebKit/537.22 (KHTML, like Gecko) Chrome/25.0.1364.97 Safari/537.22',NULL),(372,'2013-02-24 01:25:12','USER_LOGIN_FAILED',1,'2013-02-24 02:25:12',NULL,'Bad value for login or password - login=aa','127.0.0.1','Mozilla/5.0 (X11; Linux x86_64) AppleWebKit/537.22 (KHTML, like Gecko) Chrome/25.0.1364.97 Safari/537.22',NULL),(373,'2013-02-24 01:27:30','USER_LOGIN_FAILED',1,'2013-02-24 02:27:30',NULL,'Bad value for login or password - login=aa','127.0.0.1','Mozilla/5.0 (X11; Linux x86_64) AppleWebKit/537.22 (KHTML, like Gecko) Chrome/25.0.1364.97 Safari/537.22',NULL),(374,'2013-02-24 01:28:00','USER_LOGIN_FAILED',1,'2013-02-24 02:28:00',NULL,'Bad value for login or password - login=aa','127.0.0.1','Mozilla/5.0 (X11; Linux x86_64) AppleWebKit/537.22 (KHTML, like Gecko) Chrome/25.0.1364.97 Safari/537.22',NULL),(375,'2013-02-24 01:28:35','USER_LOGIN_FAILED',1,'2013-02-24 02:28:35',NULL,'Bad value for login or password - login=aa','127.0.0.1','Mozilla/5.0 (X11; Linux x86_64) AppleWebKit/537.22 (KHTML, like Gecko) Chrome/25.0.1364.97 Safari/537.22',NULL),(376,'2013-02-24 01:29:03','USER_LOGIN_FAILED',1,'2013-02-24 02:29:03',NULL,'Bad value for login or password - login=aa','127.0.0.1','Mozilla/5.0 (X11; Linux x86_64) AppleWebKit/537.22 (KHTML, like Gecko) Chrome/25.0.1364.97 Safari/537.22',NULL),(377,'2013-02-24 01:29:55','USER_LOGIN_FAILED',1,'2013-02-24 02:29:55',NULL,'Bad value for login or password - login=aa','127.0.0.1','Mozilla/5.0 (X11; Linux x86_64) AppleWebKit/537.22 (KHTML, like Gecko) Chrome/25.0.1364.97 Safari/537.22',NULL),(378,'2013-02-24 01:32:40','USER_LOGIN_FAILED',1,'2013-02-24 02:32:40',NULL,'Bad value for login or password - login=aa','127.0.0.1','Mozilla/5.0 (X11; Linux x86_64) AppleWebKit/537.22 (KHTML, like Gecko) Chrome/25.0.1364.97 Safari/537.22',NULL),(379,'2013-02-24 01:39:33','USER_LOGIN_FAILED',1,'2013-02-24 02:39:33',NULL,'Identifiants login ou mot de passe incorrects - login=aa','127.0.0.1','Mozilla/5.0 (X11; Linux x86_64) AppleWebKit/537.22 (KHTML, like Gecko) Chrome/25.0.1364.97 Safari/537.22',NULL),(380,'2013-02-24 01:39:38','USER_LOGIN_FAILED',1,'2013-02-24 02:39:38',NULL,'Identifiants login ou mot de passe incorrects - login=aa','127.0.0.1','Mozilla/5.0 (X11; Linux x86_64) AppleWebKit/537.22 (KHTML, like Gecko) Chrome/25.0.1364.97 Safari/537.22',NULL),(381,'2013-02-24 01:39:47','USER_LOGIN_FAILED',1,'2013-02-24 02:39:47',NULL,'Identifiants login ou mot de passe incorrects - login=lmkm','127.0.0.1','Mozilla/5.0 (X11; Linux x86_64) AppleWebKit/537.22 (KHTML, like Gecko) Chrome/25.0.1364.97 Safari/537.22',NULL),(382,'2013-02-24 01:40:54','USER_LOGIN_FAILED',1,'2013-02-24 02:40:54',NULL,'Identifiants login ou mot de passe incorrects - login=lmkm','127.0.0.1','Mozilla/5.0 (X11; Linux x86_64) AppleWebKit/537.22 (KHTML, like Gecko) Chrome/25.0.1364.97 Safari/537.22',NULL),(383,'2013-02-24 01:47:57','USER_LOGIN_FAILED',1,'2013-02-24 02:47:57',NULL,'Identifiants login ou mot de passe incorrects - login=lmkm','127.0.0.1','Mozilla/5.0 (X11; Linux x86_64) AppleWebKit/537.22 (KHTML, like Gecko) Chrome/25.0.1364.97 Safari/537.22',NULL),(384,'2013-02-24 01:48:05','USER_LOGIN_FAILED',1,'2013-02-24 02:48:05',NULL,'Identifiants login ou mot de passe incorrects - login=admin','127.0.0.1','Mozilla/5.0 (X11; Linux x86_64) AppleWebKit/537.22 (KHTML, like Gecko) Chrome/25.0.1364.97 Safari/537.22',NULL),(385,'2013-02-24 01:48:07','USER_LOGIN_FAILED',1,'2013-02-24 02:48:07',NULL,'Unknown column \'u.lastname\' in \'field list\'','127.0.0.1','Mozilla/5.0 (X11; Linux x86_64) AppleWebKit/537.22 (KHTML, like Gecko) Chrome/25.0.1364.97 Safari/537.22',NULL),(386,'2013-02-24 01:48:35','USER_LOGIN',1,'2013-02-24 02:48:35',1,'(UserLogged,admin)','127.0.0.1','Mozilla/5.0 (X11; Linux x86_64) AppleWebKit/537.22 (KHTML, like Gecko) Chrome/25.0.1364.97 Safari/537.22',NULL),(387,'2013-02-24 01:56:32','USER_LOGIN',1,'2013-02-24 02:56:32',1,'(UserLogged,admin)','192.168.0.254','Mozilla/5.0 (Linux; U; Android 2.2; en-us; sdk Build/FRF91) AppleWebKit/533.1 (KHTML, like Gecko) Version/4.0 Mobile Safari/533.1',NULL),(388,'2013-02-24 02:05:55','USER_LOGOUT',1,'2013-02-24 03:05:55',1,'(UserLogoff,admin)','127.0.0.1','Mozilla/5.0 (X11; Linux x86_64) AppleWebKit/537.22 (KHTML, like Gecko) Chrome/25.0.1364.97 Safari/537.22',NULL),(389,'2013-02-24 02:39:52','USER_LOGIN',1,'2013-02-24 03:39:52',1,'(UserLogged,admin)','127.0.0.1','Mozilla/5.0 (X11; Linux x86_64) AppleWebKit/537.22 (KHTML, like Gecko) Chrome/25.0.1364.97 Safari/537.22',NULL),(390,'2013-02-24 02:51:10','USER_LOGOUT',1,'2013-02-24 03:51:10',1,'(UserLogoff,admin)','127.0.0.1','Mozilla/5.0 (X11; Linux x86_64) AppleWebKit/537.22 (KHTML, like Gecko) Chrome/25.0.1364.97 Safari/537.22',NULL),(391,'2013-02-24 12:46:41','USER_LOGIN',1,'2013-02-24 13:46:41',1,'(UserLogged,admin)','127.0.0.1','Mozilla/5.0 (X11; Linux x86_64) AppleWebKit/537.22 (KHTML, like Gecko) Chrome/25.0.1364.97 Safari/537.22',NULL),(392,'2013-02-24 12:46:52','USER_LOGOUT',1,'2013-02-24 13:46:52',1,'(UserLogoff,admin)','127.0.0.1','Mozilla/5.0 (X11; Linux x86_64) AppleWebKit/537.22 (KHTML, like Gecko) Chrome/25.0.1364.97 Safari/537.22',NULL),(393,'2013-02-24 12:46:56','USER_LOGIN',1,'2013-02-24 13:46:56',1,'(UserLogged,admin)','127.0.0.1','Mozilla/5.0 (X11; Linux x86_64) AppleWebKit/537.22 (KHTML, like Gecko) Chrome/25.0.1364.97 Safari/537.22',NULL),(394,'2013-02-24 12:47:56','USER_LOGOUT',1,'2013-02-24 13:47:56',1,'(UserLogoff,admin)','127.0.0.1','Mozilla/5.0 (X11; Linux x86_64) AppleWebKit/537.22 (KHTML, like Gecko) Chrome/25.0.1364.97 Safari/537.22',NULL),(395,'2013-02-24 12:48:00','USER_LOGIN',1,'2013-02-24 13:48:00',1,'(UserLogged,admin)','127.0.0.1','Mozilla/5.0 (X11; Linux x86_64) AppleWebKit/537.22 (KHTML, like Gecko) Chrome/25.0.1364.97 Safari/537.22',NULL),(396,'2013-02-24 12:48:11','USER_LOGOUT',1,'2013-02-24 13:48:11',1,'(UserLogoff,admin)','127.0.0.1','Mozilla/5.0 (X11; Linux x86_64) AppleWebKit/537.22 (KHTML, like Gecko) Chrome/25.0.1364.97 Safari/537.22',NULL),(397,'2013-02-24 12:48:32','USER_LOGIN',1,'2013-02-24 13:48:32',1,'(UserLogged,admin)','127.0.0.1','Mozilla/5.0 (X11; Linux x86_64) AppleWebKit/537.22 (KHTML, like Gecko) Chrome/25.0.1364.97 Safari/537.22',NULL),(398,'2013-02-24 12:52:22','USER_LOGOUT',1,'2013-02-24 13:52:22',1,'(UserLogoff,admin)','127.0.0.1','Mozilla/5.0 (X11; Linux x86_64) AppleWebKit/537.22 (KHTML, like Gecko) Chrome/25.0.1364.97 Safari/537.22',NULL),(399,'2013-02-24 12:52:27','USER_LOGIN',1,'2013-02-24 13:52:27',1,'(UserLogged,admin)','127.0.0.1','Mozilla/5.0 (X11; Linux x86_64) AppleWebKit/537.22 (KHTML, like Gecko) Chrome/25.0.1364.97 Safari/537.22',NULL),(400,'2013-02-24 12:52:54','USER_LOGOUT',1,'2013-02-24 13:52:54',1,'(UserLogoff,admin)','127.0.0.1','Mozilla/5.0 (X11; Linux x86_64) AppleWebKit/537.22 (KHTML, like Gecko) Chrome/25.0.1364.97 Safari/537.22',NULL),(401,'2013-02-24 12:52:59','USER_LOGIN',1,'2013-02-24 13:52:59',1,'(UserLogged,admin)','127.0.0.1','Mozilla/5.0 (X11; Linux x86_64) AppleWebKit/537.22 (KHTML, like Gecko) Chrome/25.0.1364.97 Safari/537.22',NULL),(402,'2013-02-24 12:55:39','USER_LOGOUT',1,'2013-02-24 13:55:39',1,'(UserLogoff,admin)','127.0.0.1','Mozilla/5.0 (X11; Linux x86_64) AppleWebKit/537.22 (KHTML, like Gecko) Chrome/25.0.1364.97 Safari/537.22',NULL),(403,'2013-02-24 12:55:59','USER_LOGIN',1,'2013-02-24 13:55:59',1,'(UserLogged,admin)','127.0.0.1','Mozilla/5.0 (X11; Linux x86_64) AppleWebKit/537.22 (KHTML, like Gecko) Chrome/25.0.1364.97 Safari/537.22',NULL),(404,'2013-02-24 12:56:07','USER_LOGOUT',1,'2013-02-24 13:56:07',1,'(UserLogoff,admin)','127.0.0.1','Mozilla/5.0 (X11; Linux x86_64) AppleWebKit/537.22 (KHTML, like Gecko) Chrome/25.0.1364.97 Safari/537.22',NULL),(405,'2013-02-24 12:56:23','USER_LOGIN',1,'2013-02-24 13:56:23',1,'(UserLogged,admin)','127.0.0.1','Mozilla/5.0 (X11; Linux x86_64) AppleWebKit/537.22 (KHTML, like Gecko) Chrome/25.0.1364.97 Safari/537.22',NULL),(406,'2013-02-24 12:56:46','USER_LOGOUT',1,'2013-02-24 13:56:46',1,'(UserLogoff,admin)','127.0.0.1','Mozilla/5.0 (X11; Linux x86_64) AppleWebKit/537.22 (KHTML, like Gecko) Chrome/25.0.1364.97 Safari/537.22',NULL),(407,'2013-02-24 12:58:30','USER_LOGIN',1,'2013-02-24 13:58:30',1,'(UserLogged,admin)','127.0.0.1','Mozilla/5.0 (X11; Linux x86_64) AppleWebKit/537.22 (KHTML, like Gecko) Chrome/25.0.1364.97 Safari/537.22',NULL),(408,'2013-02-24 12:58:33','USER_LOGOUT',1,'2013-02-24 13:58:33',1,'(UserLogoff,admin)','127.0.0.1','Mozilla/5.0 (X11; Linux x86_64) AppleWebKit/537.22 (KHTML, like Gecko) Chrome/25.0.1364.97 Safari/537.22',NULL),(409,'2013-02-24 12:58:51','USER_LOGIN',1,'2013-02-24 13:58:51',1,'(UserLogged,admin)','127.0.0.1','Mozilla/5.0 (X11; Linux x86_64) AppleWebKit/537.22 (KHTML, like Gecko) Chrome/25.0.1364.97 Safari/537.22',NULL),(410,'2013-02-24 12:58:58','USER_LOGOUT',1,'2013-02-24 13:58:58',1,'(UserLogoff,admin)','127.0.0.1','Mozilla/5.0 (X11; Linux x86_64) AppleWebKit/537.22 (KHTML, like Gecko) Chrome/25.0.1364.97 Safari/537.22',NULL),(411,'2013-02-24 13:18:53','USER_LOGIN',1,'2013-02-24 14:18:53',1,'(UserLogged,admin)','127.0.0.1','Mozilla/5.0 (X11; Linux x86_64) AppleWebKit/537.22 (KHTML, like Gecko) Chrome/25.0.1364.97 Safari/537.22',NULL),(412,'2013-02-24 13:19:52','USER_LOGOUT',1,'2013-02-24 14:19:52',1,'(UserLogoff,admin)','127.0.0.1','Mozilla/5.0 (X11; Linux x86_64) AppleWebKit/537.22 (KHTML, like Gecko) Chrome/25.0.1364.97 Safari/537.22',NULL),(413,'2013-02-24 15:39:31','USER_LOGIN_FAILED',1,'2013-02-24 16:39:31',NULL,'ErrorBadValueForCode - login=admin','127.0.0.1',NULL,NULL),(414,'2013-02-24 15:42:07','USER_LOGIN',1,'2013-02-24 16:42:07',1,'(UserLogged,admin)','127.0.0.1',NULL,NULL),(415,'2013-02-24 15:42:52','USER_LOGOUT',1,'2013-02-24 16:42:52',1,'(UserLogoff,admin)','127.0.0.1','Mozilla/5.0 (iPhone; U; CPU iPhone OS 4_0 like Mac OS X; en-us) AppleWebKit/532.9 (KHTML, like Gecko) Version/4.0.5 Mobile/8A293 Safari/6531.22.7',NULL),(416,'2013-02-24 16:04:21','USER_LOGIN',1,'2013-02-24 17:04:21',1,'(UserLogged,admin)','192.168.0.254','Mozilla/5.0 (Linux; U; Android 2.2; en-us; sdk Build/FRF91) AppleWebKit/533.1 (KHTML, like Gecko) Version/4.0 Mobile Safari/533.1',NULL),(417,'2013-02-24 16:11:28','USER_LOGIN_FAILED',1,'2013-02-24 17:11:28',NULL,'ErrorBadValueForCode - login=admin','127.0.0.1','Mozilla/5.0 (iPhone; U; CPU iPhone OS 4_0 like Mac OS X; en-us) AppleWebKit/532.9 (KHTML, like Gecko) Version/4.0.5 Mobile/8A293 Safari/6531.22.7',NULL),(418,'2013-02-24 16:11:37','USER_LOGIN',1,'2013-02-24 17:11:37',1,'(UserLogged,admin)','127.0.0.1','Mozilla/5.0 (iPhone; U; CPU iPhone OS 4_0 like Mac OS X; en-us) AppleWebKit/532.9 (KHTML, like Gecko) Version/4.0.5 Mobile/8A293 Safari/6531.22.7',NULL),(419,'2013-02-24 16:36:52','USER_LOGOUT',1,'2013-02-24 17:36:52',1,'(UserLogoff,admin)','192.168.0.254','Mozilla/5.0 (Linux; U; Android 2.2; en-us; sdk Build/FRF91) AppleWebKit/533.1 (KHTML, like Gecko) Version/4.0 Mobile Safari/533.1',NULL),(420,'2013-02-24 16:40:37','USER_LOGIN',1,'2013-02-24 17:40:37',1,'(UserLogged,admin)','127.0.0.1','Mozilla/5.0 (X11; Linux x86_64) AppleWebKit/537.22 (KHTML, like Gecko) Chrome/25.0.1364.97 Safari/537.22',NULL),(421,'2013-02-24 16:57:16','USER_LOGIN',1,'2013-02-24 17:57:16',1,'(UserLogged,admin)','192.168.0.254','Mozilla/5.0 (Linux; U; Android 2.2; en-us; sdk Build/FRF91) AppleWebKit/533.1 (KHTML, like Gecko) Version/4.0 Mobile Safari/533.1 - 2131034114',NULL),(422,'2013-02-24 17:01:30','USER_LOGOUT',1,'2013-02-24 18:01:30',1,'(UserLogoff,admin)','192.168.0.254','Mozilla/5.0 (Linux; U; Android 2.2; en-us; sdk Build/FRF91) AppleWebKit/533.1 (KHTML, like Gecko) Version/4.0 Mobile Safari/533.1 - 2131034114',NULL),(423,'2013-02-24 17:02:33','USER_LOGIN',1,'2013-02-24 18:02:33',1,'(UserLogged,admin)','127.0.0.1','Mozilla/5.0 (X11; Linux x86_64) AppleWebKit/537.22 (KHTML, like Gecko) Chrome/25.0.1364.97 Safari/537.22',NULL),(424,'2013-02-24 17:14:22','USER_LOGOUT',1,'2013-02-24 18:14:22',1,'(UserLogoff,admin)','127.0.0.1','Mozilla/5.0 (X11; Linux x86_64) AppleWebKit/537.22 (KHTML, like Gecko) Chrome/25.0.1364.97 Safari/537.22',NULL),(425,'2013-02-24 17:15:07','USER_LOGIN_FAILED',1,'2013-02-24 18:15:07',NULL,'Identifiants login ou mot de passe incorrects - login=admin','127.0.0.1','Mozilla/5.0 (X11; Linux x86_64) AppleWebKit/537.22 (KHTML, like Gecko) Chrome/25.0.1364.97 Safari/537.22',NULL),(426,'2013-02-24 17:15:20','USER_LOGIN',1,'2013-02-24 18:15:20',1,'(UserLogged,admin)','127.0.0.1','Mozilla/5.0 (X11; Linux x86_64) AppleWebKit/537.22 (KHTML, like Gecko) Chrome/25.0.1364.97 Safari/537.22',NULL),(427,'2013-02-24 17:20:14','USER_LOGIN',1,'2013-02-24 18:20:14',1,'(UserLogged,admin)','127.0.0.1','Mozilla/5.0 (X11; Linux x86_64) AppleWebKit/537.22 (KHTML, like Gecko) Chrome/25.0.1364.97 Safari/537.22',NULL),(428,'2013-02-24 17:20:51','USER_LOGIN',1,'2013-02-24 18:20:51',1,'(UserLogged,admin)','127.0.0.1','Mozilla/5.0 (X11; Linux x86_64) AppleWebKit/537.22 (KHTML, like Gecko) Chrome/25.0.1364.97 Safari/537.22',NULL),(429,'2013-02-24 17:20:54','USER_LOGOUT',1,'2013-02-24 18:20:54',1,'(UserLogoff,admin)','127.0.0.1','Mozilla/5.0 (X11; Linux x86_64) AppleWebKit/537.22 (KHTML, like Gecko) Chrome/25.0.1364.97 Safari/537.22',NULL),(430,'2013-02-24 17:21:19','USER_LOGIN',1,'2013-02-24 18:21:19',1,'(UserLogged,admin)','127.0.0.1','Mozilla/5.0 (X11; Linux x86_64) AppleWebKit/537.22 (KHTML, like Gecko) Chrome/25.0.1364.97 Safari/537.22',NULL),(431,'2013-02-24 17:32:35','USER_LOGIN',1,'2013-02-24 18:32:35',1,'(UserLogged,admin)','192.168.0.254','Mozilla/5.0 (Linux; U; Android 2.2; en-us; sdk Build/FRF91) AppleWebKit/533.1 (KHTML, like Gecko) Version/4.0 Mobile Safari/533.1 - 2131034114',NULL),(432,'2013-02-24 18:28:48','USER_LOGIN',1,'2013-02-24 19:28:48',1,'(UserLogged,admin)','127.0.0.1','Mozilla/5.0 (X11; Linux x86_64) AppleWebKit/537.22 (KHTML, like Gecko) Chrome/25.0.1364.97 Safari/537.22',NULL),(433,'2013-02-24 18:29:27','USER_LOGOUT',1,'2013-02-24 19:29:27',1,'(UserLogoff,admin)','127.0.0.1','Mozilla/5.0 (iPhone; U; CPU iPhone OS 4_0 like Mac OS X; en-us) AppleWebKit/532.9 (KHTML, like Gecko) Version/4.0.5 Mobile/8A293 Safari/6531.22.7',NULL),(434,'2013-02-24 18:29:32','USER_LOGIN',1,'2013-02-24 19:29:32',1,'(UserLogged,admin)','127.0.0.1','Mozilla/5.0 (iPhone; U; CPU iPhone OS 4_0 like Mac OS X; en-us) AppleWebKit/532.9 (KHTML, like Gecko) Version/4.0.5 Mobile/8A293 Safari/6531.22.7',NULL),(435,'2013-02-24 20:13:13','USER_LOGOUT',1,'2013-02-24 21:13:13',1,'(UserLogoff,admin)','127.0.0.1','Mozilla/5.0 (X11; Linux x86_64) AppleWebKit/537.22 (KHTML, like Gecko) Chrome/25.0.1364.97 Safari/537.22',NULL),(436,'2013-02-24 20:13:17','USER_LOGIN',1,'2013-02-24 21:13:17',1,'(UserLogged,admin)','127.0.0.1','Mozilla/5.0 (X11; Linux x86_64) AppleWebKit/537.22 (KHTML, like Gecko) Chrome/25.0.1364.97 Safari/537.22',NULL),(437,'2013-02-25 08:57:16','USER_LOGIN',1,'2013-02-25 09:57:16',1,'(UserLogged,admin)','127.0.0.1','Mozilla/5.0 (X11; Linux x86_64) AppleWebKit/537.22 (KHTML, like Gecko) Chrome/25.0.1364.97 Safari/537.22',NULL),(438,'2013-02-25 08:57:59','USER_LOGOUT',1,'2013-02-25 09:57:59',1,'(UserLogoff,admin)','127.0.0.1','Mozilla/5.0 (X11; Linux x86_64) AppleWebKit/537.22 (KHTML, like Gecko) Chrome/25.0.1364.97 Safari/537.22',NULL),(439,'2013-02-25 09:15:02','USER_LOGIN',1,'2013-02-25 10:15:02',1,'(UserLogged,admin)','127.0.0.1','Mozilla/5.0 (X11; Linux x86_64) AppleWebKit/537.22 (KHTML, like Gecko) Chrome/25.0.1364.97 Safari/537.22',NULL),(440,'2013-02-25 09:15:50','USER_LOGOUT',1,'2013-02-25 10:15:50',1,'(UserLogoff,admin)','127.0.0.1','Mozilla/5.0 (X11; Linux x86_64) AppleWebKit/537.22 (KHTML, like Gecko) Chrome/25.0.1364.97 Safari/537.22',NULL),(441,'2013-02-25 09:15:57','USER_LOGIN',1,'2013-02-25 10:15:57',1,'(UserLogged,admin)','127.0.0.1','Mozilla/5.0 (X11; Linux x86_64) AppleWebKit/537.22 (KHTML, like Gecko) Chrome/25.0.1364.97 Safari/537.22',NULL),(442,'2013-02-25 09:16:12','USER_LOGOUT',1,'2013-02-25 10:16:12',1,'(UserLogoff,admin)','127.0.0.1','Mozilla/5.0 (X11; Linux x86_64) AppleWebKit/537.22 (KHTML, like Gecko) Chrome/25.0.1364.97 Safari/537.22',NULL),(443,'2013-02-25 09:16:19','USER_LOGIN',1,'2013-02-25 10:16:19',1,'(UserLogged,admin)','127.0.0.1','Mozilla/5.0 (X11; Linux x86_64) AppleWebKit/537.22 (KHTML, like Gecko) Chrome/25.0.1364.97 Safari/537.22',NULL),(444,'2013-02-25 09:16:25','USER_LOGOUT',1,'2013-02-25 10:16:25',1,'(UserLogoff,admin)','127.0.0.1','Mozilla/5.0 (X11; Linux x86_64) AppleWebKit/537.22 (KHTML, like Gecko) Chrome/25.0.1364.97 Safari/537.22',NULL),(445,'2013-02-25 09:16:39','USER_LOGIN_FAILED',1,'2013-02-25 10:16:39',NULL,'Bad value for login or password - login=admin','127.0.0.1','Mozilla/5.0 (X11; Linux x86_64) AppleWebKit/537.22 (KHTML, like Gecko) Chrome/25.0.1364.97 Safari/537.22',NULL),(446,'2013-02-25 09:16:42','USER_LOGIN_FAILED',1,'2013-02-25 10:16:42',NULL,'Bad value for login or password - login=admin','127.0.0.1','Mozilla/5.0 (X11; Linux x86_64) AppleWebKit/537.22 (KHTML, like Gecko) Chrome/25.0.1364.97 Safari/537.22',NULL),(447,'2013-02-25 09:16:54','USER_LOGIN_FAILED',1,'2013-02-25 10:16:54',NULL,'Identificadors d&#039;usuari o contrasenya incorrectes - login=gfdg','127.0.0.1','Mozilla/5.0 (X11; Linux x86_64) AppleWebKit/537.22 (KHTML, like Gecko) Chrome/25.0.1364.97 Safari/537.22',NULL),(448,'2013-02-25 09:17:53','USER_LOGIN',1,'2013-02-25 10:17:53',1,'(UserLogged,admin)','127.0.0.1','Mozilla/5.0 (X11; Linux x86_64) AppleWebKit/537.22 (KHTML, like Gecko) Chrome/25.0.1364.97 Safari/537.22',NULL),(449,'2013-02-25 09:18:37','USER_LOGOUT',1,'2013-02-25 10:18:37',1,'(UserLogoff,admin)','127.0.0.1','Mozilla/5.0 (X11; Linux x86_64) AppleWebKit/537.22 (KHTML, like Gecko) Chrome/25.0.1364.97 Safari/537.22',NULL),(450,'2013-02-25 09:18:41','USER_LOGIN',1,'2013-02-25 10:18:41',4,'(UserLogged,aaa)','127.0.0.1','Mozilla/5.0 (X11; Linux x86_64) AppleWebKit/537.22 (KHTML, like Gecko) Chrome/25.0.1364.97 Safari/537.22',NULL),(451,'2013-02-25 09:18:47','USER_LOGOUT',1,'2013-02-25 10:18:47',4,'(UserLogoff,aaa)','127.0.0.1','Mozilla/5.0 (X11; Linux x86_64) AppleWebKit/537.22 (KHTML, like Gecko) Chrome/25.0.1364.97 Safari/537.22',NULL),(452,'2013-02-25 10:05:34','USER_LOGIN',1,'2013-02-25 11:05:34',1,'(UserLogged,admin)','127.0.0.1','Mozilla/5.0 (X11; Linux x86_64) AppleWebKit/537.22 (KHTML, like Gecko) Chrome/25.0.1364.97 Safari/537.22',NULL),(453,'2013-02-26 21:51:40','USER_LOGIN',1,'2013-02-26 22:51:40',1,'(UserLogged,admin)','127.0.0.1','Mozilla/5.0 (X11; Linux x86_64) AppleWebKit/537.22 (KHTML, like Gecko) Chrome/25.0.1364.97 Safari/537.22',NULL),(454,'2013-02-26 23:30:06','USER_LOGIN',1,'2013-02-27 00:30:06',1,'(UserLogged,admin)','127.0.0.1','Mozilla/5.0 (X11; Linux x86_64) AppleWebKit/537.22 (KHTML, like Gecko) Chrome/25.0.1364.97 Safari/537.22',NULL),(455,'2013-02-27 14:13:11','USER_LOGIN',1,'2013-02-27 15:13:11',1,'(UserLogged,admin)','127.0.0.1','Mozilla/5.0 (X11; Linux x86_64) AppleWebKit/537.22 (KHTML, like Gecko) Chrome/25.0.1364.97 Safari/537.22',NULL),(456,'2013-02-27 18:12:06','USER_LOGIN_FAILED',1,'2013-02-27 19:12:06',NULL,'Identifiants login ou mot de passe incorrects - login=admin','127.0.0.1','Mozilla/5.0 (X11; Linux x86_64) AppleWebKit/537.22 (KHTML, like Gecko) Chrome/25.0.1364.97 Safari/537.22',NULL),(457,'2013-02-27 18:12:10','USER_LOGIN',1,'2013-02-27 19:12:10',1,'(UserLogged,admin)','127.0.0.1','Mozilla/5.0 (X11; Linux x86_64) AppleWebKit/537.22 (KHTML, like Gecko) Chrome/25.0.1364.97 Safari/537.22',NULL),(458,'2013-02-27 20:20:08','USER_LOGIN',1,'2013-02-27 21:20:08',1,'(UserLogged,admin)','127.0.0.1','Mozilla/5.0 (X11; Linux x86_64) AppleWebKit/537.22 (KHTML, like Gecko) Chrome/25.0.1364.97 Safari/537.22',NULL),(459,'2013-03-01 22:12:03','USER_LOGIN',1,'2013-03-01 23:12:03',1,'(UserLogged,admin)','127.0.0.1','Mozilla/5.0 (X11; Linux x86_64) AppleWebKit/537.22 (KHTML, like Gecko) Chrome/25.0.1364.97 Safari/537.22',NULL),(460,'2013-03-02 11:45:50','USER_LOGIN',1,'2013-03-02 12:45:50',1,'(UserLogged,admin)','127.0.0.1','Mozilla/5.0 (X11; Linux x86_64) AppleWebKit/537.22 (KHTML, like Gecko) Chrome/25.0.1364.97 Safari/537.22',NULL),(461,'2013-03-02 15:53:51','USER_LOGIN_FAILED',1,'2013-03-02 16:53:51',NULL,'Identifiants login ou mot de passe incorrects - login=admin','127.0.0.1','Mozilla/5.0 (X11; Linux x86_64) AppleWebKit/537.22 (KHTML, like Gecko) Chrome/25.0.1364.97 Safari/537.22',NULL),(462,'2013-03-02 15:53:53','USER_LOGIN',1,'2013-03-02 16:53:53',1,'(UserLogged,admin)','127.0.0.1','Mozilla/5.0 (X11; Linux x86_64) AppleWebKit/537.22 (KHTML, like Gecko) Chrome/25.0.1364.97 Safari/537.22',NULL),(463,'2013-03-02 18:32:32','USER_LOGIN',1,'2013-03-02 19:32:32',1,'(UserLogged,admin)','127.0.0.1','Mozilla/5.0 (X11; Linux x86_64) AppleWebKit/537.22 (KHTML, like Gecko) Chrome/25.0.1364.97 Safari/537.22',NULL),(464,'2013-03-02 22:59:36','USER_LOGIN',1,'2013-03-02 23:59:36',1,'(UserLogged,admin)','127.0.0.1','Mozilla/5.0 (X11; Linux x86_64) AppleWebKit/537.22 (KHTML, like Gecko) Chrome/25.0.1364.97 Safari/537.22',NULL),(465,'2013-03-03 16:26:26','USER_LOGIN',1,'2013-03-03 17:26:26',1,'(UserLogged,admin)','127.0.0.1','Mozilla/5.0 (X11; Linux x86_64) AppleWebKit/537.22 (KHTML, like Gecko) Chrome/25.0.1364.97 Safari/537.22',NULL),(466,'2013-03-03 22:50:27','USER_LOGIN',1,'2013-03-03 23:50:27',1,'(UserLogged,admin)','127.0.0.1','Mozilla/5.0 (X11; Linux x86_64) AppleWebKit/537.22 (KHTML, like Gecko) Chrome/25.0.1364.97 Safari/537.22',NULL),(467,'2013-03-04 08:29:27','USER_LOGIN',1,'2013-03-04 09:29:27',1,'(UserLogged,admin)','127.0.0.1','Mozilla/5.0 (X11; Linux x86_64) AppleWebKit/537.22 (KHTML, like Gecko) Chrome/25.0.1364.97 Safari/537.22',NULL),(468,'2013-03-04 18:27:28','USER_LOGIN',1,'2013-03-04 19:27:28',1,'(UserLogged,admin)','192.168.0.254','Mozilla/5.0 (compatible; MSIE 9.0; Windows NT 6.1; WOW64; Trident/5.0; NP06)',NULL),(469,'2013-03-04 19:27:23','USER_LOGIN',1,'2013-03-04 20:27:23',1,'(UserLogged,admin)','192.168.0.254','Mozilla/4.0 (compatible; MSIE 6.0; Windows NT 5.1; SV1)',NULL),(470,'2013-03-04 19:35:14','USER_LOGIN',1,'2013-03-04 20:35:14',1,'(UserLogged,admin)','127.0.0.1','Mozilla/5.0 (X11; Linux x86_64) AppleWebKit/537.22 (KHTML, like Gecko) Chrome/25.0.1364.97 Safari/537.22',NULL),(471,'2013-03-04 19:55:49','USER_LOGIN',1,'2013-03-04 20:55:49',1,'(UserLogged,admin)','192.168.0.254','Mozilla/4.0 (compatible; MSIE 8.0; Windows NT 5.1; Trident/4.0)',NULL),(472,'2013-03-04 21:16:13','USER_LOGIN',1,'2013-03-04 22:16:13',1,'(UserLogged,admin)','127.0.0.1','Mozilla/5.0 (X11; Linux x86_64) AppleWebKit/537.22 (KHTML, like Gecko) Chrome/25.0.1364.97 Safari/537.22',NULL),(473,'2013-03-05 10:17:30','USER_LOGIN',1,'2013-03-05 11:17:30',1,'(UserLogged,admin)','127.0.0.1','Mozilla/5.0 (X11; Linux x86_64) AppleWebKit/537.22 (KHTML, like Gecko) Chrome/25.0.1364.97 Safari/537.22',NULL),(474,'2013-03-05 11:02:43','USER_LOGIN',1,'2013-03-05 12:02:43',1,'(UserLogged,admin)','127.0.0.1','Mozilla/5.0 (X11; Linux x86_64) AppleWebKit/537.22 (KHTML, like Gecko) Chrome/25.0.1364.97 Safari/537.22',NULL),(475,'2013-03-05 23:14:39','USER_LOGIN',1,'2013-03-06 00:14:39',1,'(UserLogged,admin)','127.0.0.1','Mozilla/5.0 (X11; Linux x86_64) AppleWebKit/537.22 (KHTML, like Gecko) Chrome/25.0.1364.97 Safari/537.22',NULL),(476,'2013-03-06 08:58:57','USER_LOGIN',1,'2013-03-06 09:58:57',1,'(UserLogged,admin)','127.0.0.1','Mozilla/5.0 (X11; Linux x86_64) AppleWebKit/537.22 (KHTML, like Gecko) Chrome/25.0.1364.97 Safari/537.22',NULL),(477,'2013-03-06 14:29:40','USER_LOGIN',1,'2013-03-06 15:29:40',1,'(UserLogged,admin)','127.0.0.1','Mozilla/5.0 (X11; Linux x86_64) AppleWebKit/537.22 (KHTML, like Gecko) Chrome/25.0.1364.97 Safari/537.22',NULL),(478,'2013-03-06 21:53:02','USER_LOGIN',1,'2013-03-06 22:53:02',1,'(UserLogged,admin)','127.0.0.1','Mozilla/5.0 (X11; Linux x86_64) AppleWebKit/537.22 (KHTML, like Gecko) Chrome/25.0.1364.97 Safari/537.22',NULL),(479,'2013-03-07 21:14:39','USER_LOGIN',1,'2013-03-07 22:14:39',1,'(UserLogged,admin)','127.0.0.1','Mozilla/5.0 (X11; Linux x86_64) AppleWebKit/537.22 (KHTML, like Gecko) Chrome/25.0.1364.97 Safari/537.22',NULL),(480,'2013-03-08 00:06:05','USER_LOGIN',1,'2013-03-08 01:06:05',1,'(UserLogged,admin)','127.0.0.1','Mozilla/5.0 (X11; Linux x86_64) AppleWebKit/537.22 (KHTML, like Gecko) Chrome/25.0.1364.97 Safari/537.22',NULL),(481,'2013-03-08 01:38:13','USER_LOGIN',1,'2013-03-08 02:38:13',1,'(UserLogged,admin)','127.0.0.1','Mozilla/5.0 (X11; Linux x86_64) AppleWebKit/537.22 (KHTML, like Gecko) Chrome/25.0.1364.97 Safari/537.22',NULL),(482,'2013-03-08 08:59:50','USER_LOGIN',1,'2013-03-08 09:59:50',1,'(UserLogged,admin)','127.0.0.1','Mozilla/5.0 (X11; Linux x86_64) AppleWebKit/537.22 (KHTML, like Gecko) Chrome/25.0.1364.97 Safari/537.22',NULL),(483,'2013-03-09 12:08:51','USER_LOGIN',1,'2013-03-09 13:08:51',1,'(UserLogged,admin)','::1','Mozilla/5.0 (X11; Linux x86_64) AppleWebKit/537.22 (KHTML, like Gecko) Chrome/25.0.1364.97 Safari/537.22',NULL),(484,'2013-03-09 15:19:53','USER_LOGIN',1,'2013-03-09 16:19:53',1,'(UserLogged,admin)','::1','Mozilla/5.0 (X11; Linux x86_64) AppleWebKit/537.22 (KHTML, like Gecko) Chrome/25.0.1364.97 Safari/537.22',NULL),(495,'2013-03-09 18:06:21','USER_LOGIN',1,'2013-03-09 19:06:21',1,'(UserLogged,admin)','::1','Mozilla/5.0 (X11; Linux x86_64) AppleWebKit/537.22 (KHTML, like Gecko) Chrome/25.0.1364.97 Safari/537.22',NULL),(496,'2013-03-09 20:01:24','USER_LOGIN',1,'2013-03-09 21:01:24',1,'(UserLogged,admin)','::1','Mozilla/5.0 (X11; Linux x86_64) AppleWebKit/537.22 (KHTML, like Gecko) Chrome/25.0.1364.97 Safari/537.22',NULL),(497,'2013-03-09 23:36:45','USER_LOGIN',1,'2013-03-10 00:36:45',1,'(UserLogged,admin)','::1','Mozilla/5.0 (X11; Linux x86_64) AppleWebKit/537.22 (KHTML, like Gecko) Chrome/25.0.1364.97 Safari/537.22',NULL),(498,'2013-03-10 14:37:13','USER_LOGIN',1,'2013-03-10 15:37:13',1,'(UserLogged,admin)','127.0.0.1','Mozilla/5.0 (X11; Linux x86_64) AppleWebKit/537.22 (KHTML, like Gecko) Chrome/25.0.1364.97 Safari/537.22',NULL),(499,'2013-03-10 17:54:12','USER_LOGIN',1,'2013-03-10 18:54:12',1,'(UserLogged,admin)','127.0.0.1','Mozilla/5.0 (X11; Linux x86_64) AppleWebKit/537.22 (KHTML, like Gecko) Chrome/25.0.1364.97 Safari/537.22',NULL),(500,'2013-03-11 08:57:09','USER_LOGIN',1,'2013-03-11 09:57:09',1,'(UserLogged,admin)','127.0.0.1','Mozilla/5.0 (X11; Linux x86_64) AppleWebKit/537.22 (KHTML, like Gecko) Chrome/25.0.1364.97 Safari/537.22',NULL),(501,'2013-03-11 22:05:13','USER_LOGIN',1,'2013-03-11 23:05:13',1,'(UserLogged,admin)','127.0.0.1','Mozilla/5.0 (X11; Linux x86_64) AppleWebKit/537.22 (KHTML, like Gecko) Chrome/25.0.1364.97 Safari/537.22',NULL),(502,'2013-03-12 08:34:27','USER_LOGIN',1,'2013-03-12 09:34:27',1,'(UserLogged,admin)','127.0.0.1','Mozilla/5.0 (X11; Linux x86_64) AppleWebKit/537.22 (KHTML, like Gecko) Chrome/25.0.1364.97 Safari/537.22',NULL),(503,'2013-03-13 09:11:02','USER_LOGIN',1,'2013-03-13 10:11:02',1,'(UserLogged,admin)','127.0.0.1','Mozilla/5.0 (X11; Linux x86_64) AppleWebKit/537.22 (KHTML, like Gecko) Chrome/25.0.1364.97 Safari/537.22',NULL),(504,'2013-03-13 10:02:11','USER_LOGIN',1,'2013-03-13 11:02:11',1,'(UserLogged,admin)','127.0.0.1','Mozilla/5.0 (X11; Linux x86_64) AppleWebKit/537.22 (KHTML, like Gecko) Chrome/25.0.1364.97 Safari/537.22',NULL),(505,'2013-03-13 13:20:58','USER_LOGIN',1,'2013-03-13 14:20:58',1,'(UserLogged,admin)','127.0.0.1','Mozilla/5.0 (X11; Linux x86_64) AppleWebKit/537.22 (KHTML, like Gecko) Chrome/25.0.1364.97 Safari/537.22',NULL),(506,'2013-03-13 16:19:28','USER_LOGIN',1,'2013-03-13 17:19:28',1,'(UserLogged,admin)','127.0.0.1','Mozilla/5.0 (X11; Linux x86_64) AppleWebKit/537.22 (KHTML, like Gecko) Chrome/25.0.1364.97 Safari/537.22',NULL),(507,'2013-03-13 18:34:30','USER_LOGIN',1,'2013-03-13 19:34:30',1,'(UserLogged,admin)','127.0.0.1','Mozilla/5.0 (X11; Linux x86_64) AppleWebKit/537.22 (KHTML, like Gecko) Chrome/25.0.1364.97 Safari/537.22',NULL),(508,'2013-03-14 08:25:02','USER_LOGIN',1,'2013-03-14 09:25:02',1,'(UserLogged,admin)','127.0.0.1','Mozilla/5.0 (X11; Linux x86_64) AppleWebKit/537.22 (KHTML, like Gecko) Chrome/25.0.1364.97 Safari/537.22',NULL),(509,'2013-03-14 19:15:22','USER_LOGIN',1,'2013-03-14 20:15:22',1,'(UserLogged,admin)','127.0.0.1','Mozilla/5.0 (X11; Linux x86_64) AppleWebKit/537.22 (KHTML, like Gecko) Chrome/25.0.1364.97 Safari/537.22',NULL),(510,'2013-03-14 21:58:53','USER_LOGIN',1,'2013-03-14 22:58:53',1,'(UserLogged,admin)','127.0.0.1','Mozilla/5.0 (X11; Linux x86_64) AppleWebKit/537.22 (KHTML, like Gecko) Chrome/25.0.1364.97 Safari/537.22',NULL),(511,'2013-03-14 21:58:59','USER_LOGOUT',1,'2013-03-14 22:58:59',1,'(UserLogoff,admin)','127.0.0.1','Mozilla/5.0 (X11; Linux x86_64) AppleWebKit/537.22 (KHTML, like Gecko) Chrome/25.0.1364.97 Safari/537.22',NULL),(512,'2013-03-14 21:59:07','USER_LOGIN',1,'2013-03-14 22:59:07',1,'(UserLogged,admin)','127.0.0.1','Mozilla/5.0 (X11; Linux x86_64) AppleWebKit/537.22 (KHTML, like Gecko) Chrome/25.0.1364.97 Safari/537.22',NULL),(513,'2013-03-14 22:58:22','USER_LOGOUT',1,'2013-03-14 23:58:22',1,'(UserLogoff,admin)','127.0.0.1','Mozilla/5.0 (X11; Linux x86_64) AppleWebKit/537.22 (KHTML, like Gecko) Chrome/25.0.1364.97 Safari/537.22',NULL),(514,'2013-03-14 23:00:25','USER_LOGIN',1,'2013-03-15 00:00:25',1,'(UserLogged,admin)','127.0.0.1','Mozilla/5.0 (X11; Linux x86_64) AppleWebKit/537.22 (KHTML, like Gecko) Chrome/25.0.1364.97 Safari/537.22',NULL),(515,'2013-03-16 12:14:28','USER_LOGIN',1,'2013-03-16 13:14:28',1,'(UserLogged,admin)','127.0.0.1','Mozilla/5.0 (X11; Linux x86_64) AppleWebKit/537.22 (KHTML, like Gecko) Chrome/25.0.1364.97 Safari/537.22',NULL),(516,'2013-03-16 16:09:01','USER_LOGIN',1,'2013-03-16 17:09:01',1,'(UserLogged,admin)','127.0.0.1','Mozilla/5.0 (X11; Linux x86_64) AppleWebKit/537.22 (KHTML, like Gecko) Chrome/25.0.1364.97 Safari/537.22',NULL),(517,'2013-03-16 16:57:11','USER_LOGIN',1,'2013-03-16 17:57:11',1,'(UserLogged,admin)','127.0.0.1','Mozilla/5.0 (X11; Linux x86_64) AppleWebKit/537.22 (KHTML, like Gecko) Chrome/25.0.1364.97 Safari/537.22',NULL),(518,'2013-03-16 19:31:31','USER_LOGIN',1,'2013-03-16 20:31:31',1,'(UserLogged,admin)','::1','Mozilla/5.0 (X11; Linux x86_64) AppleWebKit/537.22 (KHTML, like Gecko) Chrome/25.0.1364.97 Safari/537.22',NULL),(519,'2013-03-17 17:44:39','USER_LOGIN',1,'2013-03-17 18:44:39',1,'(UserLogged,admin)','::1','Mozilla/5.0 (X11; Linux x86_64) AppleWebKit/537.22 (KHTML, like Gecko) Chrome/25.0.1364.172 Safari/537.22',NULL),(520,'2013-03-17 20:40:57','USER_LOGIN',1,'2013-03-17 21:40:57',1,'(UserLogged,admin)','::1','Mozilla/5.0 (X11; Linux x86_64) AppleWebKit/537.22 (KHTML, like Gecko) Chrome/25.0.1364.172 Safari/537.22',NULL),(521,'2013-03-17 23:14:05','USER_LOGIN',1,'2013-03-18 00:14:05',1,'(UserLogged,admin)','::1','Mozilla/5.0 (X11; Linux x86_64) AppleWebKit/537.22 (KHTML, like Gecko) Chrome/25.0.1364.172 Safari/537.22',NULL),(522,'2013-03-17 23:28:47','USER_LOGOUT',1,'2013-03-18 00:28:47',1,'(UserLogoff,admin)','::1','Mozilla/5.0 (X11; Linux x86_64) AppleWebKit/537.22 (KHTML, like Gecko) Chrome/25.0.1364.172 Safari/537.22',NULL),(523,'2013-03-17 23:28:54','USER_LOGIN',1,'2013-03-18 00:28:54',1,'(UserLogged,admin)','::1','Mozilla/5.0 (X11; Linux x86_64) AppleWebKit/537.22 (KHTML, like Gecko) Chrome/25.0.1364.172 Safari/537.22',NULL),(524,'2013-03-18 17:37:30','USER_LOGIN',1,'2013-03-18 18:37:30',1,'(UserLogged,admin)','::1','Mozilla/5.0 (X11; Linux x86_64) AppleWebKit/537.22 (KHTML, like Gecko) Chrome/25.0.1364.172 Safari/537.22',NULL),(525,'2013-03-18 18:11:37','USER_LOGIN',1,'2013-03-18 19:11:37',1,'(UserLogged,admin)','::1','Mozilla/5.0 (X11; Linux x86_64) AppleWebKit/537.22 (KHTML, like Gecko) Chrome/25.0.1364.172 Safari/537.22',NULL),(526,'2013-03-19 08:35:08','USER_LOGIN',1,'2013-03-19 09:35:08',1,'(UserLogged,admin)','::1','Mozilla/5.0 (X11; Linux x86_64) AppleWebKit/537.22 (KHTML, like Gecko) Chrome/25.0.1364.172 Safari/537.22',NULL),(527,'2013-03-19 09:20:23','USER_LOGIN',1,'2013-03-19 10:20:23',1,'(UserLogged,admin)','::1','Mozilla/5.0 (X11; Linux x86_64) AppleWebKit/537.22 (KHTML, like Gecko) Chrome/25.0.1364.172 Safari/537.22',NULL),(528,'2013-03-20 13:17:13','USER_LOGIN',1,'2013-03-20 14:17:13',1,'(UserLogged,admin)','::1','Mozilla/5.0 (X11; Linux x86_64) AppleWebKit/537.22 (KHTML, like Gecko) Chrome/25.0.1364.172 Safari/537.22',NULL),(529,'2013-03-20 14:44:31','USER_LOGIN',1,'2013-03-20 15:44:31',1,'(UserLogged,admin)','::1','Mozilla/5.0 (X11; Linux x86_64) AppleWebKit/537.22 (KHTML, like Gecko) Chrome/25.0.1364.172 Safari/537.22',NULL),(530,'2013-03-20 18:24:25','USER_LOGIN',1,'2013-03-20 19:24:25',1,'(UserLogged,admin)','::1','Mozilla/5.0 (X11; Linux x86_64) AppleWebKit/537.22 (KHTML, like Gecko) Chrome/25.0.1364.172 Safari/537.22',NULL),(531,'2013-03-20 19:15:54','USER_LOGIN',1,'2013-03-20 20:15:54',1,'(UserLogged,admin)','::1','Mozilla/5.0 (X11; Linux x86_64) AppleWebKit/537.22 (KHTML, like Gecko) Chrome/25.0.1364.172 Safari/537.22',NULL),(532,'2013-03-21 18:40:47','USER_LOGIN',1,'2013-03-21 19:40:47',1,'(UserLogged,admin)','::1','Mozilla/5.0 (X11; Linux x86_64) AppleWebKit/537.22 (KHTML, like Gecko) Chrome/25.0.1364.172 Safari/537.22',NULL),(533,'2013-03-21 21:42:24','USER_LOGIN',1,'2013-03-21 22:42:24',1,'(UserLogged,admin)','::1','Mozilla/5.0 (X11; Linux x86_64) AppleWebKit/537.22 (KHTML, like Gecko) Chrome/25.0.1364.172 Safari/537.22',NULL),(534,'2013-03-22 08:39:23','USER_LOGIN',1,'2013-03-22 09:39:23',1,'(UserLogged,admin)','::1','Mozilla/5.0 (X11; Linux x86_64) AppleWebKit/537.22 (KHTML, like Gecko) Chrome/25.0.1364.172 Safari/537.22',NULL),(535,'2013-03-23 13:04:55','USER_LOGIN',1,'2013-03-23 14:04:55',1,'(UserLogged,admin)','::1','Mozilla/5.0 (X11; Linux x86_64) AppleWebKit/537.22 (KHTML, like Gecko) Chrome/25.0.1364.172 Safari/537.22',NULL),(536,'2013-03-23 15:47:43','USER_LOGIN',1,'2013-03-23 16:47:43',1,'(UserLogged,admin)','::1','Mozilla/5.0 (X11; Linux x86_64) AppleWebKit/537.22 (KHTML, like Gecko) Chrome/25.0.1364.172 Safari/537.22',NULL),(537,'2013-03-23 22:56:36','USER_LOGIN',1,'2013-03-23 23:56:36',1,'(UserLogged,admin)','::1','Mozilla/5.0 (X11; Linux x86_64) AppleWebKit/537.22 (KHTML, like Gecko) Chrome/25.0.1364.172 Safari/537.22',NULL),(538,'2013-03-24 01:22:32','USER_LOGIN',1,'2013-03-24 02:22:32',1,'(UserLogged,admin)','::1','Mozilla/5.0 (X11; Linux x86_64) AppleWebKit/537.22 (KHTML, like Gecko) Chrome/25.0.1364.172 Safari/537.22',NULL),(539,'2013-03-24 14:40:42','USER_LOGIN',1,'2013-03-24 15:40:42',1,'(UserLogged,admin)','::1','Mozilla/5.0 (X11; Linux x86_64) AppleWebKit/537.22 (KHTML, like Gecko) Chrome/25.0.1364.172 Safari/537.22',NULL),(540,'2013-03-24 15:30:26','USER_LOGOUT',1,'2013-03-24 16:30:26',1,'(UserLogoff,admin)','::1','Mozilla/5.0 (X11; Linux x86_64) AppleWebKit/537.22 (KHTML, like Gecko) Chrome/25.0.1364.172 Safari/537.22',NULL),(541,'2013-03-24 15:30:29','USER_LOGIN',1,'2013-03-24 16:30:29',2,'(UserLogged,demo)','::1','Mozilla/5.0 (X11; Linux x86_64) AppleWebKit/537.22 (KHTML, like Gecko) Chrome/25.0.1364.172 Safari/537.22',NULL),(542,'2013-03-24 15:49:40','USER_LOGOUT',1,'2013-03-24 16:49:40',2,'(UserLogoff,demo)','::1','Mozilla/5.0 (X11; Linux x86_64) AppleWebKit/537.22 (KHTML, like Gecko) Chrome/25.0.1364.172 Safari/537.22',NULL),(543,'2013-03-24 15:49:48','USER_LOGIN',1,'2013-03-24 16:49:48',1,'(UserLogged,admin)','::1','Mozilla/5.0 (X11; Linux x86_64) AppleWebKit/537.22 (KHTML, like Gecko) Chrome/25.0.1364.172 Safari/537.22',NULL),(544,'2013-03-24 15:52:35','USER_MODIFY',1,'2013-03-24 16:52:35',1,'Modification utilisateur zzzg','::1','Mozilla/5.0 (X11; Linux x86_64) AppleWebKit/537.22 (KHTML, like Gecko) Chrome/25.0.1364.172 Safari/537.22',NULL),(545,'2013-03-24 15:52:52','USER_MODIFY',1,'2013-03-24 16:52:52',1,'Modification utilisateur zzzg','::1','Mozilla/5.0 (X11; Linux x86_64) AppleWebKit/537.22 (KHTML, like Gecko) Chrome/25.0.1364.172 Safari/537.22',NULL),(546,'2013-03-24 15:53:09','USER_MODIFY',1,'2013-03-24 16:53:09',1,'Modification utilisateur zzzg','::1','Mozilla/5.0 (X11; Linux x86_64) AppleWebKit/537.22 (KHTML, like Gecko) Chrome/25.0.1364.172 Safari/537.22',NULL),(547,'2013-03-24 15:53:23','USER_MODIFY',1,'2013-03-24 16:53:23',1,'Modification utilisateur zzzg','::1','Mozilla/5.0 (X11; Linux x86_64) AppleWebKit/537.22 (KHTML, like Gecko) Chrome/25.0.1364.172 Safari/537.22',NULL),(548,'2013-03-24 16:00:04','USER_MODIFY',1,'2013-03-24 17:00:04',1,'Modification utilisateur zzzg','::1','Mozilla/5.0 (X11; Linux x86_64) AppleWebKit/537.22 (KHTML, like Gecko) Chrome/25.0.1364.172 Safari/537.22',NULL),(549,'2013-03-24 16:01:50','USER_MODIFY',1,'2013-03-24 17:01:50',1,'Modification utilisateur zzzg','::1','Mozilla/5.0 (X11; Linux x86_64) AppleWebKit/537.22 (KHTML, like Gecko) Chrome/25.0.1364.172 Safari/537.22',NULL),(550,'2013-03-24 16:10:14','USER_MODIFY',1,'2013-03-24 17:10:14',1,'Modification utilisateur zzzg','::1','Mozilla/5.0 (X11; Linux x86_64) AppleWebKit/537.22 (KHTML, like Gecko) Chrome/25.0.1364.172 Safari/537.22',NULL),(551,'2013-03-24 16:55:13','USER_LOGIN',1,'2013-03-24 17:55:13',1,'(UserLogged,admin)','::1','Mozilla/5.0 (X11; Linux x86_64) AppleWebKit/537.22 (KHTML, like Gecko) Chrome/25.0.1364.172 Safari/537.22',NULL),(552,'2013-03-24 17:44:29','USER_LOGIN',1,'2013-03-24 18:44:29',1,'(UserLogged,admin)','::1','Mozilla/5.0 (X11; Linux x86_64) AppleWebKit/537.22 (KHTML, like Gecko) Chrome/25.0.1364.172 Safari/537.22',NULL),(553,'2013-09-08 23:06:26','USER_LOGIN',1,'2013-09-09 01:06:26',1,'(UserLogged,admin)','127.0.0.1','Mozilla/5.0 (X11; Linux x86_64) AppleWebKit/537.36 (KHTML, like Gecko) Chrome/29.0.1547.57 Safari/537.36',NULL),(554,'2013-10-21 22:32:28','USER_LOGIN',1,'2013-10-22 00:32:28',1,'(UserLogged,admin)','127.0.0.1','Mozilla/5.0 (X11; Linux x86_64) AppleWebKit/537.36 (KHTML, like Gecko) Chrome/30.0.1599.66 Safari/537.36',NULL),(555,'2013-10-21 22:32:48','USER_LOGIN',1,'2013-10-22 00:32:48',1,'(UserLogged,admin)','127.0.0.1','Mozilla/5.0 (X11; Linux x86_64) AppleWebKit/537.36 (KHTML, like Gecko) Chrome/30.0.1599.66 Safari/537.36',NULL),(556,'2013-11-07 00:01:51','USER_LOGIN',1,'2013-11-07 01:01:51',1,'(UserLogged,admin)','127.0.0.1','Mozilla/5.0 (X11; Linux x86_64) AppleWebKit/537.36 (KHTML, like Gecko) Chrome/30.0.1599.114 Safari/537.36',NULL),(557,'2014-03-02 15:21:07','USER_LOGIN',1,'2014-03-02 16:21:07',1,'(UserLogged,admin)','127.0.0.1','Mozilla/5.0 (X11; Linux x86_64) AppleWebKit/537.36 (KHTML, like Gecko) Chrome/33.0.1750.117 Safari/537.36',NULL),(558,'2014-03-02 15:36:53','USER_LOGIN',1,'2014-03-02 16:36:53',1,'(UserLogged,admin)','127.0.0.1','Mozilla/5.0 (X11; Linux x86_64) AppleWebKit/537.36 (KHTML, like Gecko) Chrome/33.0.1750.117 Safari/537.36',NULL),(559,'2014-03-02 18:54:23','USER_LOGIN',1,'2014-03-02 19:54:23',1,'(UserLogged,admin)','127.0.0.1','Mozilla/5.0 (X11; Linux x86_64) AppleWebKit/537.36 (KHTML, like Gecko) Chrome/33.0.1750.117 Safari/537.36',NULL),(560,'2014-03-02 19:11:17','USER_LOGIN',1,'2014-03-02 20:11:17',1,'(UserLogged,admin)','127.0.0.1','Mozilla/5.0 (X11; Linux x86_64) AppleWebKit/537.36 (KHTML, like Gecko) Chrome/33.0.1750.117 Safari/537.36',NULL),(561,'2014-03-03 18:19:24','USER_LOGIN',1,'2014-03-03 19:19:24',1,'(UserLogged,admin)','127.0.0.1','Mozilla/5.0 (X11; Linux x86_64) AppleWebKit/537.36 (KHTML, like Gecko) Chrome/33.0.1750.117 Safari/537.36',NULL),(562,'2014-12-21 12:51:38','USER_LOGIN',1,'2014-12-21 13:51:38',1,'(UserLogged,admin) - TZ=1;TZString=CET;Screen=1920x969','127.0.0.1','Mozilla/5.0 (X11; Linux x86_64) AppleWebKit/537.36 (KHTML, like Gecko) Chrome/38.0.2125.111 Safari/537.36',NULL),(563,'2014-12-21 19:52:09','USER_LOGIN',1,'2014-12-21 20:52:09',1,'(UserLogged,admin) - TZ=1;TZString=CET;Screen=1920x969','127.0.0.1','Mozilla/5.0 (X11; Linux x86_64) AppleWebKit/537.36 (KHTML, like Gecko) Chrome/38.0.2125.111 Safari/537.36',NULL),(566,'2015-10-03 08:49:43','USER_NEW_PASSWORD',1,'2015-10-03 10:49:43',1,'Password change for admin','127.0.0.1','Mozilla/5.0 (X11; Linux x86_64) AppleWebKit/537.36 (KHTML, like Gecko) Chrome/45.0.2454.101 Safari/537.36',NULL),(567,'2015-10-03 08:49:43','USER_MODIFY',1,'2015-10-03 10:49:43',1,'User admin modified','127.0.0.1','Mozilla/5.0 (X11; Linux x86_64) AppleWebKit/537.36 (KHTML, like Gecko) Chrome/45.0.2454.101 Safari/537.36',NULL),(568,'2015-10-03 09:03:12','USER_MODIFY',1,'2015-10-03 11:03:12',1,'User admin modified','127.0.0.1','Mozilla/5.0 (X11; Linux x86_64) AppleWebKit/537.36 (KHTML, like Gecko) Chrome/45.0.2454.101 Safari/537.36',NULL),(569,'2015-10-03 09:03:42','USER_MODIFY',1,'2015-10-03 11:03:42',1,'User admin modified','127.0.0.1','Mozilla/5.0 (X11; Linux x86_64) AppleWebKit/537.36 (KHTML, like Gecko) Chrome/45.0.2454.101 Safari/537.36',NULL),(570,'2015-10-03 09:07:36','USER_MODIFY',1,'2015-10-03 11:07:36',1,'User demo modified','127.0.0.1','Mozilla/5.0 (X11; Linux x86_64) AppleWebKit/537.36 (KHTML, like Gecko) Chrome/45.0.2454.101 Safari/537.36',NULL),(571,'2015-10-03 09:08:58','USER_NEW_PASSWORD',1,'2015-10-03 11:08:58',1,'Password change for pcurie','127.0.0.1','Mozilla/5.0 (X11; Linux x86_64) AppleWebKit/537.36 (KHTML, like Gecko) Chrome/45.0.2454.101 Safari/537.36',NULL),(572,'2015-10-03 09:08:58','USER_MODIFY',1,'2015-10-03 11:08:58',1,'User pcurie modified','127.0.0.1','Mozilla/5.0 (X11; Linux x86_64) AppleWebKit/537.36 (KHTML, like Gecko) Chrome/45.0.2454.101 Safari/537.36',NULL),(573,'2015-10-03 09:09:23','USER_MODIFY',1,'2015-10-03 11:09:23',1,'User pcurie modified','127.0.0.1','Mozilla/5.0 (X11; Linux x86_64) AppleWebKit/537.36 (KHTML, like Gecko) Chrome/45.0.2454.101 Safari/537.36',NULL),(574,'2015-10-03 09:11:04','USER_NEW_PASSWORD',1,'2015-10-03 11:11:04',1,'Password change for athestudent','127.0.0.1','Mozilla/5.0 (X11; Linux x86_64) AppleWebKit/537.36 (KHTML, like Gecko) Chrome/45.0.2454.101 Safari/537.36',NULL),(575,'2015-10-03 09:11:04','USER_MODIFY',1,'2015-10-03 11:11:04',1,'User athestudent modified','127.0.0.1','Mozilla/5.0 (X11; Linux x86_64) AppleWebKit/537.36 (KHTML, like Gecko) Chrome/45.0.2454.101 Safari/537.36',NULL),(576,'2015-10-03 09:11:53','USER_MODIFY',1,'2015-10-03 11:11:53',1,'User abookkeeper modified','127.0.0.1','Mozilla/5.0 (X11; Linux x86_64) AppleWebKit/537.36 (KHTML, like Gecko) Chrome/45.0.2454.101 Safari/537.36',NULL),(577,'2015-10-03 09:42:12','USER_LOGIN_FAILED',1,'2015-10-03 11:42:11',NULL,'Bad value for login or password - login=admin','127.0.0.1','Mozilla/5.0 (X11; Linux x86_64) AppleWebKit/537.36 (KHTML, like Gecko) Chrome/45.0.2454.101 Safari/537.36',NULL),(578,'2015-10-03 09:42:19','USER_LOGIN_FAILED',1,'2015-10-03 11:42:19',NULL,'Bad value for login or password - login=admin','127.0.0.1','Mozilla/5.0 (X11; Linux x86_64) AppleWebKit/537.36 (KHTML, like Gecko) Chrome/45.0.2454.101 Safari/537.36',NULL),(579,'2015-10-03 09:42:42','USER_LOGIN_FAILED',1,'2015-10-03 11:42:42',NULL,'Bad value for login or password - login=aeinstein','127.0.0.1','Mozilla/5.0 (X11; Linux x86_64) AppleWebKit/537.36 (KHTML, like Gecko) Chrome/45.0.2454.101 Safari/537.36',NULL),(580,'2015-10-03 09:43:50','USER_LOGIN',1,'2015-10-03 11:43:50',1,'(UserLogged,admin) - TZ=1;TZString=Europe/Berlin;Screen=1600x788','127.0.0.1','Mozilla/5.0 (X11; Linux x86_64) AppleWebKit/537.36 (KHTML, like Gecko) Chrome/45.0.2454.101 Safari/537.36',NULL),(581,'2015-10-03 09:44:44','GROUP_MODIFY',1,'2015-10-03 11:44:44',1,'Group Sale representatives modified','127.0.0.1','Mozilla/5.0 (X11; Linux x86_64) AppleWebKit/537.36 (KHTML, like Gecko) Chrome/45.0.2454.101 Safari/537.36',NULL),(582,'2015-10-03 09:46:25','GROUP_CREATE',1,'2015-10-03 11:46:25',1,'Group Management created','127.0.0.1','Mozilla/5.0 (X11; Linux x86_64) AppleWebKit/537.36 (KHTML, like Gecko) Chrome/45.0.2454.101 Safari/537.36',NULL),(583,'2015-10-03 09:46:46','GROUP_CREATE',1,'2015-10-03 11:46:46',1,'Group Scientists created','127.0.0.1','Mozilla/5.0 (X11; Linux x86_64) AppleWebKit/537.36 (KHTML, like Gecko) Chrome/45.0.2454.101 Safari/537.36',NULL),(584,'2015-10-03 09:47:41','USER_CREATE',1,'2015-10-03 11:47:41',1,'User mcurie created','127.0.0.1','Mozilla/5.0 (X11; Linux x86_64) AppleWebKit/537.36 (KHTML, like Gecko) Chrome/45.0.2454.101 Safari/537.36',NULL),(585,'2015-10-03 09:47:41','USER_NEW_PASSWORD',1,'2015-10-03 11:47:41',1,'Password change for mcurie','127.0.0.1','Mozilla/5.0 (X11; Linux x86_64) AppleWebKit/537.36 (KHTML, like Gecko) Chrome/45.0.2454.101 Safari/537.36',NULL),(586,'2015-10-03 09:47:53','USER_MODIFY',1,'2015-10-03 11:47:53',1,'User mcurie modified','127.0.0.1','Mozilla/5.0 (X11; Linux x86_64) AppleWebKit/537.36 (KHTML, like Gecko) Chrome/45.0.2454.101 Safari/537.36',NULL),(587,'2015-10-03 09:48:32','USER_DELETE',1,'2015-10-03 11:48:32',1,'User bbb removed','127.0.0.1','Mozilla/5.0 (X11; Linux x86_64) AppleWebKit/537.36 (KHTML, like Gecko) Chrome/45.0.2454.101 Safari/537.36',NULL),(588,'2015-10-03 09:48:52','USER_MODIFY',1,'2015-10-03 11:48:52',1,'User bookkeeper modified','127.0.0.1','Mozilla/5.0 (X11; Linux x86_64) AppleWebKit/537.36 (KHTML, like Gecko) Chrome/45.0.2454.101 Safari/537.36',NULL),(589,'2015-10-03 10:01:28','USER_MODIFY',1,'2015-10-03 12:01:28',1,'User bookkeeper modified','127.0.0.1','Mozilla/5.0 (X11; Linux x86_64) AppleWebKit/537.36 (KHTML, like Gecko) Chrome/45.0.2454.101 Safari/537.36',NULL),(590,'2015-10-03 10:01:39','USER_MODIFY',1,'2015-10-03 12:01:39',1,'User bookkeeper modified','127.0.0.1','Mozilla/5.0 (X11; Linux x86_64) AppleWebKit/537.36 (KHTML, like Gecko) Chrome/45.0.2454.101 Safari/537.36',NULL),(591,'2015-10-05 06:32:38','USER_LOGIN_FAILED',1,'2015-10-05 08:32:38',NULL,'Bad value for login or password - login=admin','127.0.0.1','Mozilla/5.0 (X11; Linux x86_64) AppleWebKit/537.36 (KHTML, like Gecko) Chrome/45.0.2454.101 Safari/537.36',NULL),(592,'2015-10-05 06:32:44','USER_LOGIN',1,'2015-10-05 08:32:44',1,'(UserLogged,admin) - TZ=1;TZString=Europe/Berlin;Screen=1590x767','127.0.0.1','Mozilla/5.0 (X11; Linux x86_64) AppleWebKit/537.36 (KHTML, like Gecko) Chrome/45.0.2454.101 Safari/537.36',NULL),(593,'2015-10-05 07:07:52','USER_CREATE',1,'2015-10-05 09:07:52',1,'User atheceo created','127.0.0.1','Mozilla/5.0 (X11; Linux x86_64) AppleWebKit/537.36 (KHTML, like Gecko) Chrome/45.0.2454.101 Safari/537.36',NULL),(594,'2015-10-05 07:07:52','USER_NEW_PASSWORD',1,'2015-10-05 09:07:52',1,'Password change for atheceo','127.0.0.1','Mozilla/5.0 (X11; Linux x86_64) AppleWebKit/537.36 (KHTML, like Gecko) Chrome/45.0.2454.101 Safari/537.36',NULL),(595,'2015-10-05 07:09:08','USER_NEW_PASSWORD',1,'2015-10-05 09:09:08',1,'Password change for aeinstein','127.0.0.1','Mozilla/5.0 (X11; Linux x86_64) AppleWebKit/537.36 (KHTML, like Gecko) Chrome/45.0.2454.101 Safari/537.36',NULL),(596,'2015-10-05 07:09:08','USER_MODIFY',1,'2015-10-05 09:09:08',1,'User aeinstein modified','127.0.0.1','Mozilla/5.0 (X11; Linux x86_64) AppleWebKit/537.36 (KHTML, like Gecko) Chrome/45.0.2454.101 Safari/537.36',NULL),(597,'2015-10-05 07:09:46','USER_CREATE',1,'2015-10-05 09:09:46',1,'User admin created','127.0.0.1','Mozilla/5.0 (X11; Linux x86_64) AppleWebKit/537.36 (KHTML, like Gecko) Chrome/45.0.2454.101 Safari/537.36',NULL),(598,'2015-10-05 07:09:46','USER_NEW_PASSWORD',1,'2015-10-05 09:09:46',1,'Password change for admin','127.0.0.1','Mozilla/5.0 (X11; Linux x86_64) AppleWebKit/537.36 (KHTML, like Gecko) Chrome/45.0.2454.101 Safari/537.36',NULL),(599,'2015-10-05 07:10:20','USER_MODIFY',1,'2015-10-05 09:10:20',1,'User demo modified','127.0.0.1','Mozilla/5.0 (X11; Linux x86_64) AppleWebKit/537.36 (KHTML, like Gecko) Chrome/45.0.2454.101 Safari/537.36',NULL),(600,'2015-10-05 07:10:48','USER_MODIFY',1,'2015-10-05 09:10:48',1,'User admin modified','127.0.0.1','Mozilla/5.0 (X11; Linux x86_64) AppleWebKit/537.36 (KHTML, like Gecko) Chrome/45.0.2454.101 Safari/537.36',NULL),(601,'2015-10-05 07:11:22','USER_NEW_PASSWORD',1,'2015-10-05 09:11:22',1,'Password change for bbookkeeper','127.0.0.1','Mozilla/5.0 (X11; Linux x86_64) AppleWebKit/537.36 (KHTML, like Gecko) Chrome/45.0.2454.101 Safari/537.36',NULL),(602,'2015-10-05 07:11:22','USER_MODIFY',1,'2015-10-05 09:11:22',1,'User bbookkeeper modified','127.0.0.1','Mozilla/5.0 (X11; Linux x86_64) AppleWebKit/537.36 (KHTML, like Gecko) Chrome/45.0.2454.101 Safari/537.36',NULL),(603,'2015-10-05 07:12:37','USER_MODIFY',1,'2015-10-05 09:12:37',1,'User admin modified','127.0.0.1','Mozilla/5.0 (X11; Linux x86_64) AppleWebKit/537.36 (KHTML, like Gecko) Chrome/45.0.2454.101 Safari/537.36',NULL),(604,'2015-10-05 07:13:27','USER_MODIFY',1,'2015-10-05 09:13:27',1,'User demo modified','127.0.0.1','Mozilla/5.0 (X11; Linux x86_64) AppleWebKit/537.36 (KHTML, like Gecko) Chrome/45.0.2454.101 Safari/537.36',NULL),(605,'2015-10-05 07:13:52','USER_MODIFY',1,'2015-10-05 09:13:52',1,'User admin modified','127.0.0.1','Mozilla/5.0 (X11; Linux x86_64) AppleWebKit/537.36 (KHTML, like Gecko) Chrome/45.0.2454.101 Safari/537.36',NULL),(606,'2015-10-05 07:14:35','USER_LOGOUT',1,'2015-10-05 09:14:35',1,'(UserLogoff,aeinstein)','127.0.0.1','Mozilla/5.0 (X11; Linux x86_64) AppleWebKit/537.36 (KHTML, like Gecko) Chrome/45.0.2454.101 Safari/537.36',NULL),(607,'2015-10-05 07:14:40','USER_LOGIN_FAILED',1,'2015-10-05 09:14:40',NULL,'Bad value for login or password - login=admin','127.0.0.1','Mozilla/5.0 (X11; Linux x86_64) AppleWebKit/537.36 (KHTML, like Gecko) Chrome/45.0.2454.101 Safari/537.36',NULL),(608,'2015-10-05 07:14:44','USER_LOGIN_FAILED',1,'2015-10-05 09:14:44',NULL,'Bad value for login or password - login=admin','127.0.0.1','Mozilla/5.0 (X11; Linux x86_64) AppleWebKit/537.36 (KHTML, like Gecko) Chrome/45.0.2454.101 Safari/537.36',NULL),(609,'2015-10-05 07:14:49','USER_LOGIN',1,'2015-10-05 09:14:49',12,'(UserLogged,admin) - TZ=1;TZString=Europe/Berlin;Screen=1590x767','127.0.0.1','Mozilla/5.0 (X11; Linux x86_64) AppleWebKit/537.36 (KHTML, like Gecko) Chrome/45.0.2454.101 Safari/537.36',NULL),(610,'2015-10-05 07:57:18','USER_MODIFY',1,'2015-10-05 09:57:18',12,'User aeinstein modified','127.0.0.1','Mozilla/5.0 (X11; Linux x86_64) AppleWebKit/537.36 (KHTML, like Gecko) Chrome/45.0.2454.101 Safari/537.36',NULL),(611,'2015-10-05 08:06:54','USER_LOGOUT',1,'2015-10-05 10:06:54',12,'(UserLogoff,admin)','127.0.0.1','Mozilla/5.0 (X11; Linux x86_64) AppleWebKit/537.36 (KHTML, like Gecko) Chrome/45.0.2454.101 Safari/537.36',NULL),(612,'2015-10-05 08:07:03','USER_LOGIN',1,'2015-10-05 10:07:03',11,'(UserLogged,atheceo) - TZ=1;TZString=Europe/Berlin;Screen=1590x767','127.0.0.1','Mozilla/5.0 (X11; Linux x86_64) AppleWebKit/537.36 (KHTML, like Gecko) Chrome/45.0.2454.101 Safari/537.36',NULL),(613,'2015-10-05 19:18:46','USER_LOGIN',1,'2015-10-05 21:18:46',11,'(UserLogged,atheceo) - TZ=1;TZString=Europe/Berlin;Screen=1590x767','127.0.0.1','Mozilla/5.0 (X11; Linux x86_64) AppleWebKit/537.36 (KHTML, like Gecko) Chrome/45.0.2454.101 Safari/537.36',NULL),(614,'2015-10-05 19:29:35','USER_CREATE',1,'2015-10-05 21:29:35',11,'User ccommercy created','127.0.0.1','Mozilla/5.0 (X11; Linux x86_64) AppleWebKit/537.36 (KHTML, like Gecko) Chrome/45.0.2454.101 Safari/537.36',NULL),(615,'2015-10-05 19:29:35','USER_NEW_PASSWORD',1,'2015-10-05 21:29:35',11,'Password change for ccommercy','127.0.0.1','Mozilla/5.0 (X11; Linux x86_64) AppleWebKit/537.36 (KHTML, like Gecko) Chrome/45.0.2454.101 Safari/537.36',NULL),(616,'2015-10-05 19:30:13','GROUP_CREATE',1,'2015-10-05 21:30:13',11,'Group Commercial created','127.0.0.1','Mozilla/5.0 (X11; Linux x86_64) AppleWebKit/537.36 (KHTML, like Gecko) Chrome/45.0.2454.101 Safari/537.36',NULL),(617,'2015-10-05 19:31:37','USER_NEW_PASSWORD',1,'2015-10-05 21:31:37',11,'Password change for admin','127.0.0.1','Mozilla/5.0 (X11; Linux x86_64) AppleWebKit/537.36 (KHTML, like Gecko) Chrome/45.0.2454.101 Safari/537.36',NULL),(618,'2015-10-05 19:31:37','USER_MODIFY',1,'2015-10-05 21:31:37',11,'User admin modified','127.0.0.1','Mozilla/5.0 (X11; Linux x86_64) AppleWebKit/537.36 (KHTML, like Gecko) Chrome/45.0.2454.101 Safari/537.36',NULL),(619,'2015-10-05 19:32:00','USER_MODIFY',1,'2015-10-05 21:32:00',11,'User admin modified','127.0.0.1','Mozilla/5.0 (X11; Linux x86_64) AppleWebKit/537.36 (KHTML, like Gecko) Chrome/45.0.2454.101 Safari/537.36',NULL),(620,'2015-10-05 19:33:33','USER_CREATE',1,'2015-10-05 21:33:33',11,'User sscientol created','127.0.0.1','Mozilla/5.0 (X11; Linux x86_64) AppleWebKit/537.36 (KHTML, like Gecko) Chrome/45.0.2454.101 Safari/537.36',NULL),(621,'2015-10-05 19:33:33','USER_NEW_PASSWORD',1,'2015-10-05 21:33:33',11,'Password change for sscientol','127.0.0.1','Mozilla/5.0 (X11; Linux x86_64) AppleWebKit/537.36 (KHTML, like Gecko) Chrome/45.0.2454.101 Safari/537.36',NULL),(622,'2015-10-05 19:33:47','USER_NEW_PASSWORD',1,'2015-10-05 21:33:47',11,'Password change for mcurie','127.0.0.1','Mozilla/5.0 (X11; Linux x86_64) AppleWebKit/537.36 (KHTML, like Gecko) Chrome/45.0.2454.101 Safari/537.36',NULL),(623,'2015-10-05 19:33:47','USER_MODIFY',1,'2015-10-05 21:33:47',11,'User mcurie modified','127.0.0.1','Mozilla/5.0 (X11; Linux x86_64) AppleWebKit/537.36 (KHTML, like Gecko) Chrome/45.0.2454.101 Safari/537.36',NULL),(624,'2015-10-05 19:34:23','USER_NEW_PASSWORD',1,'2015-10-05 21:34:23',11,'Password change for pcurie','127.0.0.1','Mozilla/5.0 (X11; Linux x86_64) AppleWebKit/537.36 (KHTML, like Gecko) Chrome/45.0.2454.101 Safari/537.36',NULL),(625,'2015-10-05 19:34:23','USER_MODIFY',1,'2015-10-05 21:34:23',11,'User pcurie modified','127.0.0.1','Mozilla/5.0 (X11; Linux x86_64) AppleWebKit/537.36 (KHTML, like Gecko) Chrome/45.0.2454.101 Safari/537.36',NULL),(626,'2015-10-05 19:34:42','USER_MODIFY',1,'2015-10-05 21:34:42',11,'User aeinstein modified','127.0.0.1','Mozilla/5.0 (X11; Linux x86_64) AppleWebKit/537.36 (KHTML, like Gecko) Chrome/45.0.2454.101 Safari/537.36',NULL),(627,'2015-10-05 19:36:06','USER_NEW_PASSWORD',1,'2015-10-05 21:36:06',11,'Password change for ccommercy','127.0.0.1','Mozilla/5.0 (X11; Linux x86_64) AppleWebKit/537.36 (KHTML, like Gecko) Chrome/45.0.2454.101 Safari/537.36',NULL),(628,'2015-10-05 19:36:06','USER_MODIFY',1,'2015-10-05 21:36:06',11,'User ccommercy modified','127.0.0.1','Mozilla/5.0 (X11; Linux x86_64) AppleWebKit/537.36 (KHTML, like Gecko) Chrome/45.0.2454.101 Safari/537.36',NULL),(629,'2015-10-05 19:36:57','USER_NEW_PASSWORD',1,'2015-10-05 21:36:57',11,'Password change for atheceo','127.0.0.1','Mozilla/5.0 (X11; Linux x86_64) AppleWebKit/537.36 (KHTML, like Gecko) Chrome/45.0.2454.101 Safari/537.36',NULL),(630,'2015-10-05 19:36:57','USER_MODIFY',1,'2015-10-05 21:36:57',11,'User atheceo modified','127.0.0.1','Mozilla/5.0 (X11; Linux x86_64) AppleWebKit/537.36 (KHTML, like Gecko) Chrome/45.0.2454.101 Safari/537.36',NULL),(631,'2015-10-05 19:37:27','USER_LOGOUT',1,'2015-10-05 21:37:27',11,'(UserLogoff,atheceo)','127.0.0.1','Mozilla/5.0 (X11; Linux x86_64) AppleWebKit/537.36 (KHTML, like Gecko) Chrome/45.0.2454.101 Safari/537.36',NULL),(632,'2015-10-05 19:37:35','USER_LOGIN_FAILED',1,'2015-10-05 21:37:35',NULL,'Bad value for login or password - login=admin','127.0.0.1','Mozilla/5.0 (X11; Linux x86_64) AppleWebKit/537.36 (KHTML, like Gecko) Chrome/45.0.2454.101 Safari/537.36',NULL),(633,'2015-10-05 19:37:39','USER_LOGIN_FAILED',1,'2015-10-05 21:37:39',NULL,'Bad value for login or password - login=admin','127.0.0.1','Mozilla/5.0 (X11; Linux x86_64) AppleWebKit/537.36 (KHTML, like Gecko) Chrome/45.0.2454.101 Safari/537.36',NULL),(634,'2015-10-05 19:37:44','USER_LOGIN_FAILED',1,'2015-10-05 21:37:44',NULL,'Bad value for login or password - login=admin','127.0.0.1','Mozilla/5.0 (X11; Linux x86_64) AppleWebKit/537.36 (KHTML, like Gecko) Chrome/45.0.2454.101 Safari/537.36',NULL),(635,'2015-10-05 19:37:49','USER_LOGIN_FAILED',1,'2015-10-05 21:37:49',NULL,'Bad value for login or password - login=admin','127.0.0.1','Mozilla/5.0 (X11; Linux x86_64) AppleWebKit/537.36 (KHTML, like Gecko) Chrome/45.0.2454.101 Safari/537.36',NULL),(636,'2015-10-05 19:38:12','USER_LOGIN_FAILED',1,'2015-10-05 21:38:12',NULL,'Bad value for login or password - login=admin','127.0.0.1','Mozilla/5.0 (X11; Linux x86_64) AppleWebKit/537.36 (KHTML, like Gecko) Chrome/45.0.2454.101 Safari/537.36',NULL),(637,'2015-10-05 19:40:48','USER_LOGIN_FAILED',1,'2015-10-05 21:40:48',NULL,'Bad value for login or password - login=admin','127.0.0.1','Mozilla/5.0 (X11; Linux x86_64) AppleWebKit/537.36 (KHTML, like Gecko) Chrome/45.0.2454.101 Safari/537.36',NULL),(638,'2015-10-05 19:40:55','USER_LOGIN',1,'2015-10-05 21:40:55',12,'(UserLogged,admin) - TZ=1;TZString=Europe/Berlin;Screen=1590x767','127.0.0.1','Mozilla/5.0 (X11; Linux x86_64) AppleWebKit/537.36 (KHTML, like Gecko) Chrome/45.0.2454.101 Safari/537.36',NULL),(639,'2015-10-05 19:43:34','USER_MODIFY',1,'2015-10-05 21:43:34',12,'User aeinstein modified','127.0.0.1','Mozilla/5.0 (X11; Linux x86_64) AppleWebKit/537.36 (KHTML, like Gecko) Chrome/45.0.2454.101 Safari/537.36',NULL),(640,'2015-10-05 19:45:43','USER_CREATE',1,'2015-10-05 21:45:43',12,'User aaa created','127.0.0.1','Mozilla/5.0 (X11; Linux x86_64) AppleWebKit/537.36 (KHTML, like Gecko) Chrome/45.0.2454.101 Safari/537.36',NULL),(641,'2015-10-05 19:45:43','USER_NEW_PASSWORD',1,'2015-10-05 21:45:43',12,'Password change for aaa','127.0.0.1','Mozilla/5.0 (X11; Linux x86_64) AppleWebKit/537.36 (KHTML, like Gecko) Chrome/45.0.2454.101 Safari/537.36',NULL),(642,'2015-10-05 19:46:18','USER_DELETE',1,'2015-10-05 21:46:18',12,'User aaa removed','127.0.0.1','Mozilla/5.0 (X11; Linux x86_64) AppleWebKit/537.36 (KHTML, like Gecko) Chrome/45.0.2454.101 Safari/537.36',NULL),(643,'2015-10-05 19:47:09','USER_MODIFY',1,'2015-10-05 21:47:09',12,'User demo modified','127.0.0.1','Mozilla/5.0 (X11; Linux x86_64) AppleWebKit/537.36 (KHTML, like Gecko) Chrome/45.0.2454.101 Safari/537.36',NULL),(644,'2015-10-05 19:47:22','USER_MODIFY',1,'2015-10-05 21:47:22',12,'User demo modified','127.0.0.1','Mozilla/5.0 (X11; Linux x86_64) AppleWebKit/537.36 (KHTML, like Gecko) Chrome/45.0.2454.101 Safari/537.36',NULL),(645,'2015-10-05 19:52:05','USER_MODIFY',1,'2015-10-05 21:52:05',12,'User sscientol modified','127.0.0.1','Mozilla/5.0 (X11; Linux x86_64) AppleWebKit/537.36 (KHTML, like Gecko) Chrome/45.0.2454.101 Safari/537.36',NULL),(646,'2015-10-05 19:52:23','USER_MODIFY',1,'2015-10-05 21:52:23',12,'User bbookkeeper modified','127.0.0.1','Mozilla/5.0 (X11; Linux x86_64) AppleWebKit/537.36 (KHTML, like Gecko) Chrome/45.0.2454.101 Safari/537.36',NULL),(647,'2015-10-05 19:54:54','USER_NEW_PASSWORD',1,'2015-10-05 21:54:54',12,'Password change for zzeceo','127.0.0.1','Mozilla/5.0 (X11; Linux x86_64) AppleWebKit/537.36 (KHTML, like Gecko) Chrome/45.0.2454.101 Safari/537.36',NULL),(648,'2015-10-05 19:54:54','USER_MODIFY',1,'2015-10-05 21:54:54',12,'User zzeceo modified','127.0.0.1','Mozilla/5.0 (X11; Linux x86_64) AppleWebKit/537.36 (KHTML, like Gecko) Chrome/45.0.2454.101 Safari/537.36',NULL),(649,'2015-10-05 19:57:02','USER_MODIFY',1,'2015-10-05 21:57:02',12,'User zzeceo modified','127.0.0.1','Mozilla/5.0 (X11; Linux x86_64) AppleWebKit/537.36 (KHTML, like Gecko) Chrome/45.0.2454.101 Safari/537.36',NULL),(650,'2015-10-05 19:57:57','USER_NEW_PASSWORD',1,'2015-10-05 21:57:57',12,'Password change for pcurie','127.0.0.1','Mozilla/5.0 (X11; Linux x86_64) AppleWebKit/537.36 (KHTML, like Gecko) Chrome/45.0.2454.101 Safari/537.36',NULL),(651,'2015-10-05 19:57:57','USER_MODIFY',1,'2015-10-05 21:57:57',12,'User pcurie modified','127.0.0.1','Mozilla/5.0 (X11; Linux x86_64) AppleWebKit/537.36 (KHTML, like Gecko) Chrome/45.0.2454.101 Safari/537.36',NULL),(652,'2015-10-05 19:59:42','USER_NEW_PASSWORD',1,'2015-10-05 21:59:42',12,'Password change for admin','127.0.0.1','Mozilla/5.0 (X11; Linux x86_64) AppleWebKit/537.36 (KHTML, like Gecko) Chrome/45.0.2454.101 Safari/537.36',NULL),(653,'2015-10-05 19:59:42','USER_MODIFY',1,'2015-10-05 21:59:42',12,'User admin modified','127.0.0.1','Mozilla/5.0 (X11; Linux x86_64) AppleWebKit/537.36 (KHTML, like Gecko) Chrome/45.0.2454.101 Safari/537.36',NULL),(654,'2015-10-05 20:00:21','USER_MODIFY',1,'2015-10-05 22:00:21',12,'User adminx modified','127.0.0.1','Mozilla/5.0 (X11; Linux x86_64) AppleWebKit/537.36 (KHTML, like Gecko) Chrome/45.0.2454.101 Safari/537.36',NULL),(655,'2015-10-05 20:05:36','USER_MODIFY',1,'2015-10-05 22:05:36',12,'User admin modified','127.0.0.1','Mozilla/5.0 (X11; Linux x86_64) AppleWebKit/537.36 (KHTML, like Gecko) Chrome/45.0.2454.101 Safari/537.36',NULL),(656,'2015-10-05 20:06:25','USER_MODIFY',1,'2015-10-05 22:06:25',12,'User ccommercy modified','127.0.0.1','Mozilla/5.0 (X11; Linux x86_64) AppleWebKit/537.36 (KHTML, like Gecko) Chrome/45.0.2454.101 Safari/537.36',NULL),(657,'2015-10-05 20:07:18','USER_MODIFY',1,'2015-10-05 22:07:18',12,'User mcurie modified','127.0.0.1','Mozilla/5.0 (X11; Linux x86_64) AppleWebKit/537.36 (KHTML, like Gecko) Chrome/45.0.2454.101 Safari/537.36',NULL),(658,'2015-10-05 20:07:36','USER_MODIFY',1,'2015-10-05 22:07:36',12,'User aeinstein modified','127.0.0.1','Mozilla/5.0 (X11; Linux x86_64) AppleWebKit/537.36 (KHTML, like Gecko) Chrome/45.0.2454.101 Safari/537.36',NULL),(659,'2015-10-05 20:08:34','USER_MODIFY',1,'2015-10-05 22:08:34',12,'User bbookkeeper modified','127.0.0.1','Mozilla/5.0 (X11; Linux x86_64) AppleWebKit/537.36 (KHTML, like Gecko) Chrome/45.0.2454.101 Safari/537.36',NULL),(660,'2015-10-05 20:47:52','USER_CREATE',1,'2015-10-05 22:47:52',12,'User cc1 created','127.0.0.1','Mozilla/5.0 (X11; Linux x86_64) AppleWebKit/537.36 (KHTML, like Gecko) Chrome/45.0.2454.101 Safari/537.36',NULL),(661,'2015-10-05 20:47:52','USER_NEW_PASSWORD',1,'2015-10-05 22:47:52',12,'Password change for cc1','127.0.0.1','Mozilla/5.0 (X11; Linux x86_64) AppleWebKit/537.36 (KHTML, like Gecko) Chrome/45.0.2454.101 Safari/537.36',NULL),(662,'2015-10-05 20:47:55','USER_LOGOUT',1,'2015-10-05 22:47:55',12,'(UserLogoff,admin)','127.0.0.1','Mozilla/5.0 (X11; Linux x86_64) AppleWebKit/537.36 (KHTML, like Gecko) Chrome/45.0.2454.101 Safari/537.36',NULL),(663,'2015-10-05 20:48:08','USER_LOGIN',1,'2015-10-05 22:48:08',11,'(UserLogged,zzeceo) - TZ=1;TZString=Europe/Berlin;Screen=1590x434','127.0.0.1','Mozilla/5.0 (X11; Linux x86_64) AppleWebKit/537.36 (KHTML, like Gecko) Chrome/45.0.2454.101 Safari/537.36',NULL),(664,'2015-10-05 20:48:39','USER_CREATE',1,'2015-10-05 22:48:39',11,'User cc2 created','127.0.0.1','Mozilla/5.0 (X11; Linux x86_64) AppleWebKit/537.36 (KHTML, like Gecko) Chrome/45.0.2454.101 Safari/537.36',NULL),(665,'2015-10-05 20:48:39','USER_NEW_PASSWORD',1,'2015-10-05 22:48:39',11,'Password change for cc2','127.0.0.1','Mozilla/5.0 (X11; Linux x86_64) AppleWebKit/537.36 (KHTML, like Gecko) Chrome/45.0.2454.101 Safari/537.36',NULL),(666,'2015-10-05 20:48:59','USER_NEW_PASSWORD',1,'2015-10-05 22:48:59',11,'Password change for cc1','127.0.0.1','Mozilla/5.0 (X11; Linux x86_64) AppleWebKit/537.36 (KHTML, like Gecko) Chrome/45.0.2454.101 Safari/537.36',NULL),(667,'2015-10-05 20:48:59','USER_MODIFY',1,'2015-10-05 22:48:59',11,'User cc1 modified','127.0.0.1','Mozilla/5.0 (X11; Linux x86_64) AppleWebKit/537.36 (KHTML, like Gecko) Chrome/45.0.2454.101 Safari/537.36',NULL),(668,'2015-10-05 21:06:36','USER_LOGOUT',1,'2015-10-05 23:06:35',11,'(UserLogoff,zzeceo)','127.0.0.1','Mozilla/5.0 (X11; Linux x86_64) AppleWebKit/537.36 (KHTML, like Gecko) Chrome/45.0.2454.101 Safari/537.36',NULL),(669,'2015-10-05 21:06:44','USER_LOGIN_FAILED',1,'2015-10-05 23:06:44',NULL,'Bad value for login or password - login=cc1','127.0.0.1','Mozilla/5.0 (X11; Linux x86_64) AppleWebKit/537.36 (KHTML, like Gecko) Chrome/45.0.2454.101 Safari/537.36',NULL),(670,'2015-10-05 21:07:12','USER_LOGIN_FAILED',1,'2015-10-05 23:07:12',NULL,'Bad value for login or password - login=cc1','127.0.0.1','Mozilla/5.0 (X11; Linux x86_64) AppleWebKit/537.36 (KHTML, like Gecko) Chrome/45.0.2454.101 Safari/537.36',NULL),(671,'2015-10-05 21:07:19','USER_LOGIN_FAILED',1,'2015-10-05 23:07:19',NULL,'Bad value for login or password - login=admin','127.0.0.1','Mozilla/5.0 (X11; Linux x86_64) AppleWebKit/537.36 (KHTML, like Gecko) Chrome/45.0.2454.101 Safari/537.36',NULL),(672,'2015-10-05 21:07:27','USER_LOGIN_FAILED',1,'2015-10-05 23:07:27',NULL,'Bad value for login or password - login=admin','127.0.0.1','Mozilla/5.0 (X11; Linux x86_64) AppleWebKit/537.36 (KHTML, like Gecko) Chrome/45.0.2454.101 Safari/537.36',NULL),(673,'2015-10-05 21:07:32','USER_LOGIN',1,'2015-10-05 23:07:32',12,'(UserLogged,admin) - TZ=1;TZString=Europe/Berlin;Screen=1590x767','127.0.0.1','Mozilla/5.0 (X11; Linux x86_64) AppleWebKit/537.36 (KHTML, like Gecko) Chrome/45.0.2454.101 Safari/537.36',NULL),(674,'2015-10-05 21:12:28','USER_NEW_PASSWORD',1,'2015-10-05 23:12:28',12,'Password change for cc1','127.0.0.1','Mozilla/5.0 (X11; Linux x86_64) AppleWebKit/537.36 (KHTML, like Gecko) Chrome/45.0.2454.101 Safari/537.36',NULL),(675,'2015-10-05 21:12:28','USER_MODIFY',1,'2015-10-05 23:12:28',12,'User cc1 modified','127.0.0.1','Mozilla/5.0 (X11; Linux x86_64) AppleWebKit/537.36 (KHTML, like Gecko) Chrome/45.0.2454.101 Safari/537.36',NULL),(676,'2015-10-05 21:13:00','USER_CREATE',1,'2015-10-05 23:13:00',12,'User aaa created','127.0.0.1','Mozilla/5.0 (X11; Linux x86_64) AppleWebKit/537.36 (KHTML, like Gecko) Chrome/45.0.2454.101 Safari/537.36',NULL),(677,'2015-10-05 21:13:00','USER_NEW_PASSWORD',1,'2015-10-05 23:13:00',12,'Password change for aaa','127.0.0.1','Mozilla/5.0 (X11; Linux x86_64) AppleWebKit/537.36 (KHTML, like Gecko) Chrome/45.0.2454.101 Safari/537.36',NULL),(678,'2015-10-05 21:13:40','USER_DELETE',1,'2015-10-05 23:13:40',12,'User aaa removed','127.0.0.1','Mozilla/5.0 (X11; Linux x86_64) AppleWebKit/537.36 (KHTML, like Gecko) Chrome/45.0.2454.101 Safari/537.36',NULL),(679,'2015-10-05 21:14:47','USER_LOGOUT',1,'2015-10-05 23:14:47',12,'(UserLogoff,admin)','127.0.0.1','Mozilla/5.0 (X11; Linux x86_64) AppleWebKit/537.36 (KHTML, like Gecko) Chrome/45.0.2454.101 Safari/537.36',NULL),(680,'2015-10-05 21:14:56','USER_LOGIN',1,'2015-10-05 23:14:56',16,'(UserLogged,cc1) - TZ=1;TZString=Europe/Berlin;Screen=1590x767','127.0.0.1','Mozilla/5.0 (X11; Linux x86_64) AppleWebKit/537.36 (KHTML, like Gecko) Chrome/45.0.2454.101 Safari/537.36',NULL),(681,'2015-10-05 21:15:56','USER_LOGOUT',1,'2015-10-05 23:15:56',16,'(UserLogoff,cc1)','127.0.0.1','Mozilla/5.0 (X11; Linux x86_64) AppleWebKit/537.36 (KHTML, like Gecko) Chrome/45.0.2454.101 Safari/537.36',NULL),(682,'2015-10-05 21:16:06','USER_LOGIN',1,'2015-10-05 23:16:06',17,'(UserLogged,cc2) - TZ=1;TZString=Europe/Berlin;Screen=1590x767','127.0.0.1','Mozilla/5.0 (X11; Linux x86_64) AppleWebKit/537.36 (KHTML, like Gecko) Chrome/45.0.2454.101 Safari/537.36',NULL),(683,'2015-10-05 21:37:25','USER_LOGOUT',1,'2015-10-05 23:37:25',17,'(UserLogoff,cc2)','127.0.0.1','Mozilla/5.0 (X11; Linux x86_64) AppleWebKit/537.36 (KHTML, like Gecko) Chrome/45.0.2454.101 Safari/537.36',NULL),(684,'2015-10-05 21:37:31','USER_LOGIN',1,'2015-10-05 23:37:31',16,'(UserLogged,cc1) - TZ=1;TZString=Europe/Berlin;Screen=1590x767','127.0.0.1','Mozilla/5.0 (X11; Linux x86_64) AppleWebKit/537.36 (KHTML, like Gecko) Chrome/45.0.2454.101 Safari/537.36',NULL),(685,'2015-10-05 21:43:53','USER_LOGOUT',1,'2015-10-05 23:43:53',16,'(UserLogoff,cc1)','127.0.0.1','Mozilla/5.0 (X11; Linux x86_64) AppleWebKit/537.36 (KHTML, like Gecko) Chrome/45.0.2454.101 Safari/537.36',NULL),(686,'2015-10-05 21:44:00','USER_LOGIN',1,'2015-10-05 23:44:00',12,'(UserLogged,admin) - TZ=1;TZString=Europe/Berlin;Screen=1590x767','127.0.0.1','Mozilla/5.0 (X11; Linux x86_64) AppleWebKit/537.36 (KHTML, like Gecko) Chrome/45.0.2454.101 Safari/537.36',NULL),(687,'2015-10-05 21:46:17','USER_LOGOUT',1,'2015-10-05 23:46:17',12,'(UserLogoff,admin)','127.0.0.1','Mozilla/5.0 (X11; Linux x86_64) AppleWebKit/537.36 (KHTML, like Gecko) Chrome/45.0.2454.101 Safari/537.36',NULL),(688,'2015-10-05 21:46:24','USER_LOGIN',1,'2015-10-05 23:46:24',16,'(UserLogged,cc1) - TZ=1;TZString=Europe/Berlin;Screen=1590x767','127.0.0.1','Mozilla/5.0 (X11; Linux x86_64) AppleWebKit/537.36 (KHTML, like Gecko) Chrome/45.0.2454.101 Safari/537.36',NULL),(689,'2015-11-04 15:17:06','USER_LOGIN',1,'2015-11-04 16:17:06',12,'(UserLogged,admin) - TZ=1;TZString=Europe/Berlin;Screen=1600x790','127.0.0.1','Mozilla/5.0 (X11; Linux x86_64) AppleWebKit/537.36 (KHTML, like Gecko) Chrome/46.0.2490.80 Safari/537.36',NULL),(690,'2015-11-15 22:04:04','USER_LOGIN',1,'2015-11-15 23:04:04',12,'(UserLogged,admin) - TZ=1;TZString=Europe/Berlin;Screen=1600x790','127.0.0.1','Mozilla/5.0 (X11; Linux x86_64) AppleWebKit/537.36 (KHTML, like Gecko) Chrome/46.0.2490.80 Safari/537.36',NULL),(691,'2015-11-15 22:23:45','USER_MODIFY',1,'2015-11-15 23:23:45',12,'User ccommercy modified','127.0.0.1','Mozilla/5.0 (X11; Linux x86_64) AppleWebKit/537.36 (KHTML, like Gecko) Chrome/46.0.2490.80 Safari/537.36',NULL),(692,'2015-11-15 22:24:22','USER_MODIFY',1,'2015-11-15 23:24:22',12,'User cc1 modified','127.0.0.1','Mozilla/5.0 (X11; Linux x86_64) AppleWebKit/537.36 (KHTML, like Gecko) Chrome/46.0.2490.80 Safari/537.36',NULL),(693,'2015-11-15 22:24:53','USER_MODIFY',1,'2015-11-15 23:24:53',12,'User cc2 modified','127.0.0.1','Mozilla/5.0 (X11; Linux x86_64) AppleWebKit/537.36 (KHTML, like Gecko) Chrome/46.0.2490.80 Safari/537.36',NULL),(694,'2015-11-15 22:25:17','USER_MODIFY',1,'2015-11-15 23:25:17',12,'User cc1 modified','127.0.0.1','Mozilla/5.0 (X11; Linux x86_64) AppleWebKit/537.36 (KHTML, like Gecko) Chrome/46.0.2490.80 Safari/537.36',NULL),(695,'2015-11-15 22:45:37','USER_LOGOUT',1,'2015-11-15 23:45:37',12,'(UserLogoff,admin)','127.0.0.1','Mozilla/5.0 (X11; Linux x86_64) AppleWebKit/537.36 (KHTML, like Gecko) Chrome/46.0.2490.80 Safari/537.36',NULL),(696,'2015-11-18 13:41:02','USER_LOGIN',1,'2015-11-18 14:41:02',2,'(UserLogged,demo) - TZ=1;TZString=Europe/Berlin;Screen=1600x790','127.0.0.1','Mozilla/5.0 (X11; Linux x86_64) AppleWebKit/537.36 (KHTML, like Gecko) Chrome/46.0.2490.80 Safari/537.36',NULL),(697,'2015-11-18 14:23:35','USER_LOGIN',1,'2015-11-18 15:23:35',2,'(UserLogged,demo) - TZ=1;TZString=Europe/Berlin;Screen=1600x790','127.0.0.1','Mozilla/5.0 (X11; Linux x86_64) AppleWebKit/537.36 (KHTML, like Gecko) Chrome/46.0.2490.80 Safari/537.36',NULL),(698,'2015-11-18 15:15:46','USER_LOGOUT',1,'2015-11-18 16:15:46',2,'(UserLogoff,demo)','127.0.0.1','Mozilla/5.0 (X11; Linux x86_64) AppleWebKit/537.36 (KHTML, like Gecko) Chrome/46.0.2490.80 Safari/537.36',NULL),(699,'2015-11-18 15:15:51','USER_LOGIN',1,'2015-11-18 16:15:51',2,'(UserLogged,demo) - TZ=1;TZString=Europe/Berlin;Screen=1600x790','127.0.0.1','Mozilla/5.0 (X11; Linux x86_64) AppleWebKit/537.36 (KHTML, like Gecko) Chrome/46.0.2490.80 Safari/537.36',NULL),(700,'2015-11-30 17:52:08','USER_LOGIN',1,'2015-11-30 18:52:08',12,'(UserLogged,admin) - TZ=1;TZString=Europe/Berlin;Screen=1600x790','127.0.0.1','Mozilla/5.0 (X11; Linux x86_64) AppleWebKit/537.36 (KHTML, like Gecko) Chrome/46.0.2490.80 Safari/537.36',NULL),(701,'2016-01-10 16:45:43','USER_LOGIN',1,'2016-01-10 17:45:43',2,'(UserLogged,demo) - TZ=1;TZString=Europe/Berlin;Screen=1600x790','127.0.0.1','Mozilla/5.0 (X11; Linux x86_64) AppleWebKit/537.36 (KHTML, like Gecko) Chrome/46.0.2490.80 Safari/537.36',NULL),(702,'2016-01-10 16:45:52','USER_LOGOUT',1,'2016-01-10 17:45:52',2,'(UserLogoff,demo)','127.0.0.1','Mozilla/5.0 (X11; Linux x86_64) AppleWebKit/537.36 (KHTML, like Gecko) Chrome/46.0.2490.80 Safari/537.36',NULL),(703,'2016-01-10 16:46:06','USER_LOGIN',1,'2016-01-10 17:46:06',12,'(UserLogged,admin) - TZ=1;TZString=Europe/Berlin;Screen=1600x790','127.0.0.1','Mozilla/5.0 (X11; Linux x86_64) AppleWebKit/537.36 (KHTML, like Gecko) Chrome/46.0.2490.80 Safari/537.36',NULL),(704,'2016-01-16 14:53:47','USER_LOGIN',1,'2016-01-16 15:53:47',12,'(UserLogged,admin) - TZ=1;TZString=Europe/Berlin;Screen=1600x790','127.0.0.1','Mozilla/5.0 (X11; Linux x86_64) AppleWebKit/537.36 (KHTML, like Gecko) Chrome/46.0.2490.80 Safari/537.36',NULL),(705,'2016-01-16 15:04:29','USER_LOGOUT',1,'2016-01-16 16:04:29',12,'(UserLogoff,admin)','127.0.0.1','Mozilla/5.0 (X11; Linux x86_64) AppleWebKit/537.36 (KHTML, like Gecko) Chrome/46.0.2490.80 Safari/537.36',NULL),(706,'2016-01-16 15:04:40','USER_LOGIN',1,'2016-01-16 16:04:40',12,'(UserLogged,admin) - TZ=1;TZString=Europe/Berlin;Screen=1600x790','127.0.0.1','Mozilla/5.0 (X11; Linux x86_64) AppleWebKit/537.36 (KHTML, like Gecko) Chrome/46.0.2490.80 Safari/537.36',NULL),(707,'2016-01-22 09:33:26','USER_LOGIN',1,'2016-01-22 10:33:26',2,'(UserLogged,demo) - TZ=1;TZString=Europe/Berlin;Screen=1600x790','127.0.0.1','Mozilla/5.0 (X11; Linux x86_64) AppleWebKit/537.36 (KHTML, like Gecko) Chrome/46.0.2490.80 Safari/537.36',NULL),(708,'2016-01-22 09:35:19','USER_LOGOUT',1,'2016-01-22 10:35:19',2,'(UserLogoff,demo)','127.0.0.1','Mozilla/5.0 (X11; Linux x86_64) AppleWebKit/537.36 (KHTML, like Gecko) Chrome/46.0.2490.80 Safari/537.36',NULL),(709,'2016-01-22 09:35:29','USER_LOGIN',1,'2016-01-22 10:35:29',12,'(UserLogged,admin) - TZ=1;TZString=Europe/Berlin;Screen=1600x790','127.0.0.1','Mozilla/5.0 (X11; Linux x86_64) AppleWebKit/537.36 (KHTML, like Gecko) Chrome/46.0.2490.80 Safari/537.36',NULL),(710,'2016-01-22 10:47:34','USER_CREATE',1,'2016-01-22 11:47:34',12,'User aaa created','127.0.0.1','Mozilla/5.0 (X11; Linux x86_64) AppleWebKit/537.36 (KHTML, like Gecko) Chrome/46.0.2490.80 Safari/537.36',NULL),(711,'2016-01-22 10:47:34','USER_NEW_PASSWORD',1,'2016-01-22 11:47:34',12,'Password change for aaa','127.0.0.1','Mozilla/5.0 (X11; Linux x86_64) AppleWebKit/537.36 (KHTML, like Gecko) Chrome/46.0.2490.80 Safari/537.36',NULL),(712,'2016-01-22 12:07:56','USER_LOGIN',1,'2016-01-22 13:07:56',12,'(UserLogged,admin) - TZ=1;TZString=Europe/Berlin;Screen=1600x790','127.0.0.1','Mozilla/5.0 (X11; Linux x86_64) AppleWebKit/537.36 (KHTML, like Gecko) Chrome/46.0.2490.80 Safari/537.36',NULL),(713,'2016-01-22 12:36:25','USER_NEW_PASSWORD',1,'2016-01-22 13:36:25',12,'Password change for admin','127.0.0.1','Mozilla/5.0 (X11; Linux x86_64) AppleWebKit/537.36 (KHTML, like Gecko) Chrome/46.0.2490.80 Safari/537.36',NULL),(714,'2016-01-22 12:36:25','USER_MODIFY',1,'2016-01-22 13:36:25',12,'User admin modified','127.0.0.1','Mozilla/5.0 (X11; Linux x86_64) AppleWebKit/537.36 (KHTML, like Gecko) Chrome/46.0.2490.80 Safari/537.36',NULL),(715,'2016-01-22 12:56:32','USER_MODIFY',1,'2016-01-22 13:56:32',12,'User admin modified','127.0.0.1','Mozilla/5.0 (X11; Linux x86_64) AppleWebKit/537.36 (KHTML, like Gecko) Chrome/46.0.2490.80 Safari/537.36',NULL),(716,'2016-01-22 12:58:05','USER_MODIFY',1,'2016-01-22 13:58:05',12,'User admin modified','127.0.0.1','Mozilla/5.0 (X11; Linux x86_64) AppleWebKit/537.36 (KHTML, like Gecko) Chrome/46.0.2490.80 Safari/537.36',NULL),(717,'2016-01-22 13:01:02','USER_MODIFY',1,'2016-01-22 14:01:02',12,'User admin modified','127.0.0.1','Mozilla/5.0 (X11; Linux x86_64) AppleWebKit/537.36 (KHTML, like Gecko) Chrome/46.0.2490.80 Safari/537.36',NULL),(718,'2016-01-22 13:01:18','USER_MODIFY',1,'2016-01-22 14:01:18',12,'User admin modified','127.0.0.1','Mozilla/5.0 (X11; Linux x86_64) AppleWebKit/537.36 (KHTML, like Gecko) Chrome/46.0.2490.80 Safari/537.36',NULL),(719,'2016-01-22 13:13:42','USER_MODIFY',1,'2016-01-22 14:13:42',12,'User admin modified','127.0.0.1','Mozilla/5.0 (X11; Linux x86_64) AppleWebKit/537.36 (KHTML, like Gecko) Chrome/46.0.2490.80 Safari/537.36',NULL),(720,'2016-01-22 13:15:20','USER_DELETE',1,'2016-01-22 14:15:20',12,'User aaa removed','127.0.0.1','Mozilla/5.0 (X11; Linux x86_64) AppleWebKit/537.36 (KHTML, like Gecko) Chrome/46.0.2490.80 Safari/537.36',NULL),(721,'2016-01-22 13:19:21','USER_LOGOUT',1,'2016-01-22 14:19:21',12,'(UserLogoff,admin)','127.0.0.1','Mozilla/5.0 (X11; Linux x86_64) AppleWebKit/537.36 (KHTML, like Gecko) Chrome/46.0.2490.80 Safari/537.36',NULL),(722,'2016-01-22 13:19:32','USER_LOGIN',1,'2016-01-22 14:19:32',2,'(UserLogged,demo) - TZ=1;TZString=Europe/Berlin;Screen=1600x790','127.0.0.1','Mozilla/5.0 (X11; Linux x86_64) AppleWebKit/537.36 (KHTML, like Gecko) Chrome/46.0.2490.80 Safari/537.36',NULL),(723,'2016-01-22 13:19:51','USER_LOGOUT',1,'2016-01-22 14:19:51',2,'(UserLogoff,demo)','127.0.0.1','Mozilla/5.0 (X11; Linux x86_64) AppleWebKit/537.36 (KHTML, like Gecko) Chrome/46.0.2490.80 Safari/537.36',NULL),(724,'2016-01-22 13:20:01','USER_LOGIN',1,'2016-01-22 14:20:01',12,'(UserLogged,admin) - TZ=1;TZString=Europe/Berlin;Screen=1600x790','127.0.0.1','Mozilla/5.0 (X11; Linux x86_64) AppleWebKit/537.36 (KHTML, like Gecko) Chrome/46.0.2490.80 Safari/537.36',NULL),(725,'2016-01-22 13:28:22','USER_LOGOUT',1,'2016-01-22 14:28:22',12,'(UserLogoff,admin)','127.0.0.1','Mozilla/5.0 (X11; Linux x86_64) AppleWebKit/537.36 (KHTML, like Gecko) Chrome/46.0.2490.80 Safari/537.36',NULL),(726,'2016-01-22 13:28:35','USER_LOGIN',1,'2016-01-22 14:28:35',2,'(UserLogged,demo) - TZ=1;TZString=Europe/Berlin;Screen=1600x790','127.0.0.1','Mozilla/5.0 (X11; Linux x86_64) AppleWebKit/537.36 (KHTML, like Gecko) Chrome/46.0.2490.80 Safari/537.36',NULL),(727,'2016-01-22 13:33:54','USER_LOGOUT',1,'2016-01-22 14:33:54',2,'(UserLogoff,demo)','127.0.0.1','Mozilla/5.0 (X11; Linux x86_64) AppleWebKit/537.36 (KHTML, like Gecko) Chrome/46.0.2490.80 Safari/537.36',NULL),(728,'2016-01-22 13:34:05','USER_LOGIN',1,'2016-01-22 14:34:05',12,'(UserLogged,admin) - TZ=1;TZString=Europe/Berlin;Screen=1600x790','127.0.0.1','Mozilla/5.0 (X11; Linux x86_64) AppleWebKit/537.36 (KHTML, like Gecko) Chrome/46.0.2490.80 Safari/537.36',NULL),(729,'2016-01-22 13:51:46','USER_MODIFY',1,'2016-01-22 14:51:46',12,'User ccommercy modified','127.0.0.1','Mozilla/5.0 (X11; Linux x86_64) AppleWebKit/537.36 (KHTML, like Gecko) Chrome/46.0.2490.80 Safari/537.36',NULL),(730,'2016-01-22 16:20:12','USER_LOGIN',1,'2016-01-22 17:20:12',2,'(UserLogged,demo) - TZ=1;TZString=Europe/Berlin;Screen=1600x790','127.0.0.1','Mozilla/5.0 (X11; Linux x86_64) AppleWebKit/537.36 (KHTML, like Gecko) Chrome/48.0.2564.82 Safari/537.36',NULL),(731,'2016-01-22 16:20:22','USER_LOGOUT',1,'2016-01-22 17:20:22',2,'(UserLogoff,demo)','127.0.0.1','Mozilla/5.0 (X11; Linux x86_64) AppleWebKit/537.36 (KHTML, like Gecko) Chrome/48.0.2564.82 Safari/537.36',NULL),(732,'2016-01-22 16:20:36','USER_LOGIN',1,'2016-01-22 17:20:36',12,'(UserLogged,admin) - TZ=1;TZString=Europe/Berlin;Screen=1600x790','127.0.0.1','Mozilla/5.0 (X11; Linux x86_64) AppleWebKit/537.36 (KHTML, like Gecko) Chrome/48.0.2564.82 Safari/537.36',NULL),(733,'2016-01-22 16:27:02','USER_CREATE',1,'2016-01-22 17:27:02',12,'User ldestailleur created','127.0.0.1','Mozilla/5.0 (X11; Linux x86_64) AppleWebKit/537.36 (KHTML, like Gecko) Chrome/48.0.2564.82 Safari/537.36',NULL),(734,'2016-01-22 16:27:02','USER_NEW_PASSWORD',1,'2016-01-22 17:27:02',12,'Password change for ldestailleur','127.0.0.1','Mozilla/5.0 (X11; Linux x86_64) AppleWebKit/537.36 (KHTML, like Gecko) Chrome/48.0.2564.82 Safari/537.36',NULL),(735,'2016-01-22 16:28:34','USER_MODIFY',1,'2016-01-22 17:28:34',12,'User ldestailleur modified','127.0.0.1','Mozilla/5.0 (X11; Linux x86_64) AppleWebKit/537.36 (KHTML, like Gecko) Chrome/48.0.2564.82 Safari/537.36',NULL),(736,'2016-01-22 16:30:01','USER_ENABLEDISABLE',1,'2016-01-22 17:30:01',12,'User cc2 activated','127.0.0.1','Mozilla/5.0 (X11; Linux x86_64) AppleWebKit/537.36 (KHTML, like Gecko) Chrome/48.0.2564.82 Safari/537.36',NULL),(737,'2016-01-22 17:11:06','USER_LOGIN',1,'2016-01-22 18:11:06',12,'(UserLogged,admin) - TZ=1;TZString=Europe/Berlin;Screen=1600x790','127.0.0.1','Mozilla/5.0 (X11; Linux x86_64) AppleWebKit/537.36 (KHTML, like Gecko) Chrome/48.0.2564.82 Safari/537.36',NULL),(738,'2016-01-22 18:00:02','USER_DELETE',1,'2016-01-22 19:00:02',12,'User zzz removed','127.0.0.1','Mozilla/5.0 (X11; Linux x86_64) AppleWebKit/537.36 (KHTML, like Gecko) Chrome/48.0.2564.82 Safari/537.36',NULL),(739,'2016-01-22 18:01:40','USER_DELETE',1,'2016-01-22 19:01:40',12,'User aaab removed','127.0.0.1','Mozilla/5.0 (X11; Linux x86_64) AppleWebKit/537.36 (KHTML, like Gecko) Chrome/48.0.2564.82 Safari/537.36',NULL),(740,'2016-01-22 18:01:52','USER_DELETE',1,'2016-01-22 19:01:52',12,'User zzzg removed','127.0.0.1','Mozilla/5.0 (X11; Linux x86_64) AppleWebKit/537.36 (KHTML, like Gecko) Chrome/48.0.2564.82 Safari/537.36',NULL),(741,'2016-03-13 10:54:59','USER_LOGIN',1,'2016-03-13 14:54:59',12,'(UserLogged,admin) - TZ=1;TZString=Europe/Paris;Screen=1920x971','127.0.0.1','Mozilla/5.0 (X11; Linux x86_64) AppleWebKit/537.36 (KHTML, like Gecko) Chrome/49.0.2623.87 Safari/537.36',NULL),(742,'2016-07-30 11:13:10','USER_LOGIN',1,'2016-07-30 15:13:10',12,'(UserLogged,admin) - TZ=1;TZString=Europe/Paris;Screen=1920x937','127.0.0.1','Mozilla/5.0 (X11; Linux x86_64) AppleWebKit/537.36 (KHTML, like Gecko) Chrome/52.0.2743.82 Safari/537.36',NULL),(743,'2016-07-30 12:50:23','USER_CREATE',1,'2016-07-30 16:50:23',12,'User eldy created','127.0.0.1','Mozilla/5.0 (X11; Linux x86_64) AppleWebKit/537.36 (KHTML, like Gecko) Chrome/52.0.2743.82 Safari/537.36',NULL),(744,'2016-07-30 12:50:23','USER_CREATE',1,'2016-07-30 16:50:23',12,'User eldy created','127.0.0.1','Mozilla/5.0 (X11; Linux x86_64) AppleWebKit/537.36 (KHTML, like Gecko) Chrome/52.0.2743.82 Safari/537.36',NULL),(745,'2016-07-30 12:50:23','USER_NEW_PASSWORD',1,'2016-07-30 16:50:23',12,'Password change for eldy','127.0.0.1','Mozilla/5.0 (X11; Linux x86_64) AppleWebKit/537.36 (KHTML, like Gecko) Chrome/52.0.2743.82 Safari/537.36',NULL),(746,'2016-07-30 12:50:38','USER_MODIFY',1,'2016-07-30 16:50:38',12,'User eldy modified','127.0.0.1','Mozilla/5.0 (X11; Linux x86_64) AppleWebKit/537.36 (KHTML, like Gecko) Chrome/52.0.2743.82 Safari/537.36',NULL),(747,'2016-07-30 12:50:54','USER_DELETE',1,'2016-07-30 16:50:54',12,'User eldy removed','127.0.0.1','Mozilla/5.0 (X11; Linux x86_64) AppleWebKit/537.36 (KHTML, like Gecko) Chrome/52.0.2743.82 Safari/537.36',NULL),(748,'2016-07-30 12:51:23','USER_NEW_PASSWORD',1,'2016-07-30 16:51:23',12,'Password change for ldestailleur','127.0.0.1','Mozilla/5.0 (X11; Linux x86_64) AppleWebKit/537.36 (KHTML, like Gecko) Chrome/52.0.2743.82 Safari/537.36',NULL),(749,'2016-07-30 12:51:23','USER_MODIFY',1,'2016-07-30 16:51:23',12,'User ldestailleur modified','127.0.0.1','Mozilla/5.0 (X11; Linux x86_64) AppleWebKit/537.36 (KHTML, like Gecko) Chrome/52.0.2743.82 Safari/537.36',NULL),(750,'2016-07-30 18:26:58','USER_LOGIN',1,'2016-07-30 22:26:58',18,'(UserLogged,ldestailleur) - TZ=1;TZString=Europe/Paris;Screen=1920x937','127.0.0.1','Mozilla/5.0 (X11; Linux x86_64) AppleWebKit/537.36 (KHTML, like Gecko) Chrome/52.0.2743.82 Safari/537.36',NULL),(751,'2016-07-30 18:27:40','USER_LOGOUT',1,'2016-07-30 22:27:40',18,'(UserLogoff,ldestailleur)','127.0.0.1','Mozilla/5.0 (X11; Linux x86_64) AppleWebKit/537.36 (KHTML, like Gecko) Chrome/52.0.2743.82 Safari/537.36',NULL),(752,'2016-07-30 18:27:47','USER_LOGIN',1,'2016-07-30 22:27:47',12,'(UserLogged,admin) - TZ=1;TZString=Europe/Paris;Screen=1920x937','127.0.0.1','Mozilla/5.0 (X11; Linux x86_64) AppleWebKit/537.36 (KHTML, like Gecko) Chrome/52.0.2743.82 Safari/537.36',NULL),(753,'2016-07-30 19:00:00','USER_LOGOUT',1,'2016-07-30 23:00:00',12,'(UserLogoff,admin)','127.0.0.1','Mozilla/5.0 (X11; Linux x86_64) AppleWebKit/537.36 (KHTML, like Gecko) Chrome/52.0.2743.82 Safari/537.36',NULL),(754,'2016-07-30 19:00:04','USER_LOGIN',1,'2016-07-30 23:00:04',2,'(UserLogged,demo) - TZ=1;TZString=Europe/Paris;Screen=1920x937','127.0.0.1','Mozilla/5.0 (X11; Linux x86_64) AppleWebKit/537.36 (KHTML, like Gecko) Chrome/52.0.2743.82 Safari/537.36',NULL),(755,'2016-07-30 19:00:14','USER_LOGOUT',1,'2016-07-30 23:00:14',2,'(UserLogoff,demo)','127.0.0.1','Mozilla/5.0 (X11; Linux x86_64) AppleWebKit/537.36 (KHTML, like Gecko) Chrome/52.0.2743.82 Safari/537.36',NULL),(756,'2016-07-30 19:00:19','USER_LOGIN',1,'2016-07-30 23:00:19',12,'(UserLogged,admin) - TZ=1;TZString=Europe/Paris;Screen=1920x937','127.0.0.1','Mozilla/5.0 (X11; Linux x86_64) AppleWebKit/537.36 (KHTML, like Gecko) Chrome/52.0.2743.82 Safari/537.36',NULL),(757,'2016-07-30 19:00:43','USER_LOGOUT',1,'2016-07-30 23:00:43',12,'(UserLogoff,admin)','127.0.0.1','Mozilla/5.0 (X11; Linux x86_64) AppleWebKit/537.36 (KHTML, like Gecko) Chrome/52.0.2743.82 Safari/537.36',NULL),(758,'2016-07-30 19:00:48','USER_LOGIN',1,'2016-07-30 23:00:48',2,'(UserLogged,demo) - TZ=1;TZString=Europe/Paris;Screen=1920x937','127.0.0.1','Mozilla/5.0 (X11; Linux x86_64) AppleWebKit/537.36 (KHTML, like Gecko) Chrome/52.0.2743.82 Safari/537.36',NULL),(759,'2016-07-30 19:03:52','USER_LOGOUT',1,'2016-07-30 23:03:52',2,'(UserLogoff,demo)','127.0.0.1','Mozilla/5.0 (X11; Linux x86_64) AppleWebKit/537.36 (KHTML, like Gecko) Chrome/52.0.2743.82 Safari/537.36',NULL),(760,'2016-07-30 19:03:57','USER_LOGIN_FAILED',1,'2016-07-30 23:03:57',NULL,'Bad value for login or password - login=admin','127.0.0.1','Mozilla/5.0 (X11; Linux x86_64) AppleWebKit/537.36 (KHTML, like Gecko) Chrome/52.0.2743.82 Safari/537.36',NULL),(761,'2016-07-30 19:03:59','USER_LOGIN',1,'2016-07-30 23:03:59',12,'(UserLogged,admin) - TZ=1;TZString=Europe/Paris;Screen=1920x937','127.0.0.1','Mozilla/5.0 (X11; Linux x86_64) AppleWebKit/537.36 (KHTML, like Gecko) Chrome/52.0.2743.82 Safari/537.36',NULL),(762,'2016-07-30 19:04:13','USER_LOGOUT',1,'2016-07-30 23:04:13',12,'(UserLogoff,admin)','127.0.0.1','Mozilla/5.0 (X11; Linux x86_64) AppleWebKit/537.36 (KHTML, like Gecko) Chrome/52.0.2743.82 Safari/537.36',NULL),(763,'2016-07-30 19:04:17','USER_LOGIN',1,'2016-07-30 23:04:17',2,'(UserLogged,demo) - TZ=1;TZString=Europe/Paris;Screen=1920x937','127.0.0.1','Mozilla/5.0 (X11; Linux x86_64) AppleWebKit/537.36 (KHTML, like Gecko) Chrome/52.0.2743.82 Safari/537.36',NULL),(764,'2016-07-30 19:04:26','USER_LOGOUT',1,'2016-07-30 23:04:26',2,'(UserLogoff,demo)','127.0.0.1','Mozilla/5.0 (X11; Linux x86_64) AppleWebKit/537.36 (KHTML, like Gecko) Chrome/52.0.2743.82 Safari/537.36',NULL),(765,'2016-07-30 19:04:31','USER_LOGIN',1,'2016-07-30 23:04:31',12,'(UserLogged,admin) - TZ=1;TZString=Europe/Paris;Screen=1920x937','127.0.0.1','Mozilla/5.0 (X11; Linux x86_64) AppleWebKit/537.36 (KHTML, like Gecko) Chrome/52.0.2743.82 Safari/537.36',NULL),(766,'2016-07-30 19:10:50','USER_LOGOUT',1,'2016-07-30 23:10:50',12,'(UserLogoff,admin)','127.0.0.1','Mozilla/5.0 (X11; Linux x86_64) AppleWebKit/537.36 (KHTML, like Gecko) Chrome/52.0.2743.82 Safari/537.36',NULL),(767,'2016-07-30 19:10:54','USER_LOGIN',1,'2016-07-30 23:10:54',2,'(UserLogged,demo) - TZ=1;TZString=Europe/Paris;Screen=1920x937','127.0.0.1','Mozilla/5.0 (X11; Linux x86_64) AppleWebKit/537.36 (KHTML, like Gecko) Chrome/52.0.2743.82 Safari/537.36',NULL),(768,'2016-07-31 10:15:52','USER_LOGIN',1,'2016-07-31 14:15:52',12,'(UserLogged,admin) - TZ=;TZString=;Screen=x','127.0.0.1','Lynx/2.8.8pre.4 libwww-FM/2.14 SSL-MM/1.4.1 GNUTLS/2.12.23',NULL),(769,'2016-07-31 10:16:27','USER_LOGIN',1,'2016-07-31 14:16:27',12,'(UserLogged,admin) - TZ=1;TZString=Europe/Paris;Screen=1920x937','127.0.0.1','Mozilla/5.0 (X11; Linux x86_64) AppleWebKit/537.36 (KHTML, like Gecko) Chrome/52.0.2743.82 Safari/537.36',NULL),(770,'2016-07-31 10:32:14','USER_LOGIN',1,'2016-07-31 14:32:14',12,'(UserLogged,admin) - TZ=;TZString=;Screen=x','127.0.0.1','Lynx/2.8.8pre.4 libwww-FM/2.14 SSL-MM/1.4.1 GNUTLS/2.12.23',NULL),(771,'2016-07-31 10:36:28','USER_LOGIN',1,'2016-07-31 14:36:28',12,'(UserLogged,admin) - TZ=;TZString=;Screen=x','127.0.0.1','Links (2.8; Linux 3.19.0-46-generic x86_64; GNU C 4.8.2; text)',NULL),(772,'2016-07-31 10:40:10','USER_LOGIN',1,'2016-07-31 14:40:10',12,'(UserLogged,admin) - TZ=;TZString=;Screen=x','127.0.0.1','Links (2.8; Linux 3.19.0-46-generic x86_64; GNU C 4.8.2; text)',NULL),(773,'2016-07-31 10:54:16','USER_LOGIN',1,'2016-07-31 14:54:16',12,'(UserLogged,admin) - TZ=;TZString=;Screen=x','127.0.0.1','Lynx/2.8.8pre.4 libwww-FM/2.14 SSL-MM/1.4.1 GNUTLS/2.12.23',NULL),(774,'2016-07-31 12:52:52','USER_LOGIN',1,'2016-07-31 16:52:52',12,'(UserLogged,admin) - TZ=1;TZString=Europe/Paris;Screen=1920x592','127.0.0.1','Mozilla/5.0 (X11; Linux x86_64) AppleWebKit/537.36 (KHTML, like Gecko) Chrome/52.0.2743.82 Safari/537.36',NULL),(775,'2016-07-31 13:25:33','USER_LOGOUT',1,'2016-07-31 17:25:33',12,'(UserLogoff,admin)','127.0.0.1','Mozilla/5.0 (X11; Linux x86_64) AppleWebKit/537.36 (KHTML, like Gecko) Chrome/52.0.2743.82 Safari/537.36',NULL),(776,'2016-07-31 13:26:32','USER_LOGIN',1,'2016-07-31 17:26:32',12,'(UserLogged,admin) - TZ=1;TZString=Europe/Paris;Screen=1280x751','127.0.0.1','Mozilla/5.0 (X11; Linux x86_64) AppleWebKit/537.36 (KHTML, like Gecko) Chrome/52.0.2743.82 Safari/537.36',NULL),(777,'2016-07-31 14:13:57','USER_LOGOUT',1,'2016-07-31 18:13:57',12,'(UserLogoff,admin)','127.0.0.1','Mozilla/5.0 (X11; Linux x86_64) AppleWebKit/537.36 (KHTML, like Gecko) Chrome/52.0.2743.82 Safari/537.36',NULL),(778,'2016-07-31 14:14:04','USER_LOGIN',1,'2016-07-31 18:14:04',12,'(UserLogged,admin) - TZ=1;TZString=Europe/Paris;Screen=1920x937','127.0.0.1','Mozilla/5.0 (X11; Linux x86_64) AppleWebKit/537.36 (KHTML, like Gecko) Chrome/52.0.2743.82 Safari/537.36',NULL),(779,'2016-07-31 16:04:35','USER_LOGIN',1,'2016-07-31 20:04:34',12,'(UserLogged,admin) - TZ=1;TZString=Europe/Paris;Screen=1920x937','127.0.0.1','Mozilla/5.0 (X11; Linux x86_64) AppleWebKit/537.36 (KHTML, like Gecko) Chrome/52.0.2743.82 Safari/537.36',NULL),(780,'2016-07-31 21:14:14','USER_LOGIN',1,'2016-08-01 01:14:14',12,'(UserLogged,admin) - TZ=1;TZString=Europe/Paris;Screen=1920x937','127.0.0.1','Mozilla/5.0 (X11; Linux x86_64) AppleWebKit/537.36 (KHTML, like Gecko) Chrome/52.0.2743.82 Safari/537.36',NULL),(781,'2017-01-29 15:14:05','USER_LOGOUT',1,'2017-01-29 19:14:05',12,'(UserLogoff,admin)','127.0.0.1','Mozilla/5.0 (X11; Linux x86_64) AppleWebKit/537.36 (KHTML, like Gecko) Chrome/55.0.2883.87 Safari/537.36',NULL),(782,'2017-01-29 15:34:43','USER_LOGIN',1,'2017-01-29 19:34:43',12,'(UserLogged,admin) - TZ=1;TZString=Europe/Paris;Screen=1920x571','192.168.0.254','Mozilla/5.0 (X11; Linux x86_64) AppleWebKit/537.36 (KHTML, like Gecko) Chrome/55.0.2883.87 Safari/537.36',NULL),(783,'2017-01-29 15:35:04','USER_LOGOUT',1,'2017-01-29 19:35:04',12,'(UserLogoff,admin)','192.168.0.254','Mozilla/5.0 (X11; Linux x86_64) AppleWebKit/537.36 (KHTML, like Gecko) Chrome/55.0.2883.87 Safari/537.36',NULL),(784,'2017-01-29 15:35:12','USER_LOGIN',1,'2017-01-29 19:35:12',12,'(UserLogged,admin) - TZ=1;TZString=Europe/Paris;Screen=1920x937','192.168.0.254','Mozilla/5.0 (X11; Linux x86_64) AppleWebKit/537.36 (KHTML, like Gecko) Chrome/55.0.2883.87 Safari/537.36',NULL),(785,'2017-01-29 15:36:43','USER_LOGOUT',1,'2017-01-29 19:36:43',12,'(UserLogoff,admin)','192.168.0.254','Mozilla/5.0 (X11; Linux x86_64) AppleWebKit/537.36 (KHTML, like Gecko) Chrome/55.0.2883.87 Safari/537.36',NULL),(786,'2017-01-29 15:41:21','USER_LOGIN',1,'2017-01-29 19:41:21',12,'(UserLogged,admin) - TZ=1;TZString=Europe/Paris;Screen=1920x571','192.168.0.254','Mozilla/5.0 (X11; Linux x86_64) AppleWebKit/537.36 (KHTML, like Gecko) Chrome/55.0.2883.87 Safari/537.36',NULL),(787,'2017-01-29 15:41:41','USER_LOGOUT',1,'2017-01-29 19:41:41',12,'(UserLogoff,admin)','192.168.0.254','Mozilla/5.0 (X11; Linux x86_64) AppleWebKit/537.36 (KHTML, like Gecko) Chrome/55.0.2883.87 Safari/537.36',NULL),(788,'2017-01-29 15:42:43','USER_LOGIN',1,'2017-01-29 19:42:43',12,'(UserLogged,admin) - TZ=1;TZString=Europe/Paris;Screen=1920x571','192.168.0.254','Mozilla/5.0 (X11; Linux x86_64) AppleWebKit/537.36 (KHTML, like Gecko) Chrome/55.0.2883.87 Safari/537.36',NULL),(789,'2017-01-29 15:43:18','USER_LOGOUT',1,'2017-01-29 19:43:18',12,'(UserLogoff,admin)','192.168.0.254','Mozilla/5.0 (X11; Linux x86_64) AppleWebKit/537.36 (KHTML, like Gecko) Chrome/55.0.2883.87 Safari/537.36',NULL),(790,'2017-01-29 15:46:31','USER_LOGIN',1,'2017-01-29 19:46:31',12,'(UserLogged,admin) - TZ=1;TZString=Europe/Paris;Screen=1920x571','192.168.0.254','Mozilla/5.0 (X11; Linux x86_64) AppleWebKit/537.36 (KHTML, like Gecko) Chrome/55.0.2883.87 Safari/537.36',NULL),(791,'2017-01-29 16:18:56','USER_LOGIN',1,'2017-01-29 20:18:56',12,'(UserLogged,admin) - TZ=1;TZString=Europe/Berlin;Screen=360x526','192.168.0.254','Mozilla/5.0 (Linux; Android 6.0; LG-H818 Build/MRA58K; wv) AppleWebKit/537.36 (KHTML, like Gecko) Version/4.0 Chrome/55.0.2883.91 Mobile Safari/537.36 - DoliDroid - Android client pour Dolibarr ERP-CRM',NULL),(792,'2017-01-29 17:20:59','USER_LOGIN',1,'2017-01-29 21:20:59',12,'(UserLogged,admin) - TZ=1;TZString=Europe/Paris;Screen=1920x937','127.0.0.1','Mozilla/5.0 (X11; Linux x86_64) AppleWebKit/537.36 (KHTML, like Gecko) Chrome/55.0.2883.87 Safari/537.36',NULL),(793,'2017-01-30 11:19:40','USER_LOGIN',1,'2017-01-30 15:19:40',12,'(UserLogged,admin) - TZ=1;TZString=Europe/Paris;Screen=1920x937','127.0.0.1','Mozilla/5.0 (X11; Linux x86_64) AppleWebKit/537.36 (KHTML, like Gecko) Chrome/55.0.2883.87 Safari/537.36',NULL),(794,'2017-01-31 16:49:39','USER_LOGIN',1,'2017-01-31 20:49:39',12,'(UserLogged,admin) - TZ=1;TZString=Europe/Paris;Screen=1920x520','127.0.0.1','Mozilla/5.0 (X11; Linux x86_64) AppleWebKit/537.36 (KHTML, like Gecko) Chrome/55.0.2883.87 Safari/537.36',NULL),(795,'2017-02-01 10:55:23','USER_LOGIN',1,'2017-02-01 14:55:23',12,'(UserLogged,admin) - TZ=1;TZString=Europe/Paris;Screen=1920x937','127.0.0.1','Mozilla/5.0 (X11; Linux x86_64) AppleWebKit/537.36 (KHTML, like Gecko) Chrome/55.0.2883.87 Safari/537.36',NULL),(796,'2017-02-01 13:34:31','USER_LOGIN',1,'2017-02-01 17:34:31',12,'(UserLogged,admin) - TZ=1;TZString=Europe/Paris;Screen=1920x937','127.0.0.1','Mozilla/5.0 (X11; Linux x86_64) AppleWebKit/537.36 (KHTML, like Gecko) Chrome/55.0.2883.87 Safari/537.36',NULL),(797,'2017-02-01 14:41:26','USER_LOGIN',1,'2017-02-01 18:41:26',12,'(UserLogged,admin) - TZ=1;TZString=Europe/Paris;Screen=1920x937','127.0.0.1','Mozilla/5.0 (X11; Linux x86_64) AppleWebKit/537.36 (KHTML, like Gecko) Chrome/55.0.2883.87 Safari/537.36',NULL),(798,'2017-02-01 23:51:48','USER_LOGIN_FAILED',1,'2017-02-02 03:51:48',NULL,'Bad value for login or password - login=autologin','127.0.0.1','Mozilla/5.0 (X11; Linux x86_64) AppleWebKit/537.36 (KHTML, like Gecko) Chrome/55.0.2883.87 Safari/537.36',NULL),(799,'2017-02-01 23:52:55','USER_LOGIN',1,'2017-02-02 03:52:55',12,'(UserLogged,admin) - TZ=1;TZString=Europe/Paris;Screen=1920x937','127.0.0.1','Mozilla/5.0 (X11; Linux x86_64) AppleWebKit/537.36 (KHTML, like Gecko) Chrome/55.0.2883.87 Safari/537.36',NULL),(800,'2017-02-01 23:55:45','USER_CREATE',1,'2017-02-02 03:55:45',12,'User aboston created','127.0.0.1','Mozilla/5.0 (X11; Linux x86_64) AppleWebKit/537.36 (KHTML, like Gecko) Chrome/55.0.2883.87 Safari/537.36',NULL),(801,'2017-02-01 23:55:45','USER_NEW_PASSWORD',1,'2017-02-02 03:55:45',12,'Password change for aboston','127.0.0.1','Mozilla/5.0 (X11; Linux x86_64) AppleWebKit/537.36 (KHTML, like Gecko) Chrome/55.0.2883.87 Safari/537.36',NULL),(802,'2017-02-01 23:56:38','USER_MODIFY',1,'2017-02-02 03:56:38',12,'User aboston modified','127.0.0.1','Mozilla/5.0 (X11; Linux x86_64) AppleWebKit/537.36 (KHTML, like Gecko) Chrome/55.0.2883.87 Safari/537.36',NULL),(803,'2017-02-01 23:56:50','USER_MODIFY',1,'2017-02-02 03:56:50',12,'User aboston modified','127.0.0.1','Mozilla/5.0 (X11; Linux x86_64) AppleWebKit/537.36 (KHTML, like Gecko) Chrome/55.0.2883.87 Safari/537.36',NULL),(804,'2017-02-02 01:14:44','USER_LOGIN',1,'2017-02-02 05:14:44',12,'(UserLogged,admin) - TZ=1;TZString=Europe/Paris;Screen=1920x937','127.0.0.1','Mozilla/5.0 (X11; Linux x86_64) AppleWebKit/537.36 (KHTML, like Gecko) Chrome/55.0.2883.87 Safari/537.36',NULL),(805,'2017-02-03 10:27:18','USER_LOGIN',1,'2017-02-03 14:27:18',12,'(UserLogged,admin) - TZ=1;TZString=Europe/Paris;Screen=1920x937','127.0.0.1','Mozilla/5.0 (X11; Linux x86_64) AppleWebKit/537.36 (KHTML, like Gecko) Chrome/56.0.2924.87 Safari/537.36',NULL),(806,'2017-02-04 10:22:34','USER_LOGIN',1,'2017-02-04 14:22:34',12,'(UserLogged,admin) - TZ=1;TZString=Europe/Paris;Screen=1920x489','127.0.0.1','Mozilla/5.0 (X11; Linux x86_64) AppleWebKit/537.36 (KHTML, like Gecko) Chrome/56.0.2924.87 Safari/537.36',NULL),(807,'2017-02-06 04:01:31','USER_LOGIN',1,'2017-02-06 08:01:31',12,'(UserLogged,admin) - TZ=1;TZString=Europe/Paris;Screen=1920x937','127.0.0.1','Mozilla/5.0 (X11; Linux x86_64) AppleWebKit/537.36 (KHTML, like Gecko) Chrome/56.0.2924.87 Safari/537.36',NULL),(808,'2017-02-06 10:21:32','USER_LOGIN',1,'2017-02-06 14:21:32',12,'(UserLogged,admin) - TZ=1;TZString=Europe/Paris;Screen=1920x937','127.0.0.1','Mozilla/5.0 (X11; Linux x86_64) AppleWebKit/537.36 (KHTML, like Gecko) Chrome/56.0.2924.87 Safari/537.36',NULL),(809,'2017-02-06 19:09:27','USER_LOGIN',1,'2017-02-06 23:09:27',12,'(UserLogged,admin) - TZ=1;TZString=Europe/Paris;Screen=1920x937','127.0.0.1','Mozilla/5.0 (X11; Linux x86_64) AppleWebKit/537.36 (KHTML, like Gecko) Chrome/56.0.2924.87 Safari/537.36',NULL),(810,'2017-02-06 23:39:17','USER_LOGIN',1,'2017-02-07 03:39:17',12,'(UserLogged,admin) - TZ=1;TZString=Europe/Paris;Screen=1920x937','127.0.0.1','Mozilla/5.0 (X11; Linux x86_64) AppleWebKit/537.36 (KHTML, like Gecko) Chrome/56.0.2924.87 Safari/537.36',NULL),(811,'2017-02-07 11:36:34','USER_LOGIN',1,'2017-02-07 15:36:34',12,'(UserLogged,admin) - TZ=1;TZString=Europe/Paris;Screen=1920x676','127.0.0.1','Mozilla/5.0 (X11; Linux x86_64) AppleWebKit/537.36 (KHTML, like Gecko) Chrome/56.0.2924.87 Safari/537.36',NULL),(812,'2017-02-07 18:51:53','USER_LOGIN',1,'2017-02-07 22:51:53',12,'(UserLogged,admin) - TZ=1;TZString=Europe/Paris;Screen=1920x937','127.0.0.1','Mozilla/5.0 (X11; Linux x86_64) AppleWebKit/537.36 (KHTML, like Gecko) Chrome/56.0.2924.87 Safari/537.36',NULL),(813,'2017-02-07 23:13:40','USER_LOGIN',1,'2017-02-08 03:13:40',12,'(UserLogged,admin) - TZ=1;TZString=Europe/Paris;Screen=1920x937','127.0.0.1','Mozilla/5.0 (X11; Linux x86_64) AppleWebKit/537.36 (KHTML, like Gecko) Chrome/56.0.2924.87 Safari/537.36',NULL),(814,'2017-02-08 09:29:12','USER_LOGIN',1,'2017-02-08 13:29:12',12,'(UserLogged,admin) - TZ=1;TZString=Europe/Paris;Screen=1920x937','127.0.0.1','Mozilla/5.0 (X11; Linux x86_64) AppleWebKit/537.36 (KHTML, like Gecko) Chrome/56.0.2924.87 Safari/537.36',NULL),(815,'2017-02-08 17:33:12','USER_LOGIN',1,'2017-02-08 21:33:12',12,'(UserLogged,admin) - TZ=1;TZString=Europe/Paris;Screen=1920x937','127.0.0.1','Mozilla/5.0 (X11; Linux x86_64) AppleWebKit/537.36 (KHTML, like Gecko) Chrome/56.0.2924.87 Safari/537.36',NULL),(816,'2017-02-09 17:30:34','USER_LOGIN',1,'2017-02-09 21:30:34',12,'(UserLogged,admin) - TZ=1;TZString=Europe/Paris;Screen=1920x937','127.0.0.1','Mozilla/5.0 (X11; Linux x86_64) AppleWebKit/537.36 (KHTML, like Gecko) Chrome/56.0.2924.87 Safari/537.36',NULL),(817,'2017-02-10 09:30:02','USER_LOGIN',1,'2017-02-10 13:30:02',12,'(UserLogged,admin) - TZ=1;TZString=Europe/Paris;Screen=1920x937','127.0.0.1','Mozilla/5.0 (X11; Linux x86_64) AppleWebKit/537.36 (KHTML, like Gecko) Chrome/56.0.2924.87 Safari/537.36',NULL),(818,'2017-02-10 16:16:14','USER_LOGIN',1,'2017-02-10 20:16:14',12,'(UserLogged,admin) - TZ=1;TZString=Europe/Paris;Screen=1920x937','127.0.0.1','Mozilla/5.0 (X11; Linux x86_64) AppleWebKit/537.36 (KHTML, like Gecko) Chrome/56.0.2924.87 Safari/537.36',NULL),(819,'2017-02-10 17:28:15','USER_LOGIN',1,'2017-02-10 21:28:15',12,'(UserLogged,admin) - TZ=1;TZString=Europe/Paris;Screen=1920x937','127.0.0.1','Mozilla/5.0 (X11; Linux x86_64) AppleWebKit/537.36 (KHTML, like Gecko) Chrome/56.0.2924.87 Safari/537.36',NULL),(820,'2017-02-11 12:54:03','USER_LOGIN',1,'2017-02-11 16:54:03',12,'(UserLogged,admin) - TZ=1;TZString=Europe/Paris;Screen=1920x937','127.0.0.1','Mozilla/5.0 (X11; Linux x86_64) AppleWebKit/537.36 (KHTML, like Gecko) Chrome/56.0.2924.87 Safari/537.36',NULL),(821,'2017-02-11 17:23:52','USER_LOGIN',1,'2017-02-11 21:23:52',12,'(UserLogged,admin) - TZ=1;TZString=Europe/Paris;Screen=1920x937','127.0.0.1','Mozilla/5.0 (X11; Linux x86_64) AppleWebKit/537.36 (KHTML, like Gecko) Chrome/56.0.2924.87 Safari/537.36',NULL),(822,'2017-02-12 12:44:03','USER_LOGIN',1,'2017-02-12 16:44:03',12,'(UserLogged,admin) - TZ=1;TZString=Europe/Paris;Screen=1920x937','127.0.0.1','Mozilla/5.0 (X11; Linux x86_64) AppleWebKit/537.36 (KHTML, like Gecko) Chrome/56.0.2924.87 Safari/537.36',NULL),(823,'2017-02-12 16:42:13','USER_LOGIN',1,'2017-02-12 20:42:13',12,'(UserLogged,admin) - TZ=1;TZString=Europe/Paris;Screen=1920x937','127.0.0.1','Mozilla/5.0 (X11; Linux x86_64) AppleWebKit/537.36 (KHTML, like Gecko) Chrome/56.0.2924.87 Safari/537.36',NULL),(824,'2017-02-12 19:14:18','USER_LOGIN',1,'2017-02-12 23:14:18',12,'(UserLogged,admin) - TZ=1;TZString=Europe/Paris;Screen=1920x937','127.0.0.1','Mozilla/5.0 (X11; Linux x86_64) AppleWebKit/537.36 (KHTML, like Gecko) Chrome/56.0.2924.87 Safari/537.36',NULL),(825,'2017-02-15 17:17:00','USER_LOGIN',1,'2017-02-15 21:17:00',12,'(UserLogged,admin) - TZ=1;TZString=Europe/Paris;Screen=1920x937','127.0.0.1','Mozilla/5.0 (X11; Linux x86_64) AppleWebKit/537.36 (KHTML, like Gecko) Chrome/56.0.2924.87 Safari/537.36',NULL),(826,'2017-02-15 22:02:40','USER_LOGIN',1,'2017-02-16 02:02:40',12,'(UserLogged,admin) - TZ=1;TZString=Europe/Paris;Screen=1920x937','127.0.0.1','Mozilla/5.0 (X11; Linux x86_64) AppleWebKit/537.36 (KHTML, like Gecko) Chrome/56.0.2924.87 Safari/537.36',NULL),(827,'2017-02-16 22:13:27','USER_LOGIN',1,'2017-02-17 02:13:27',12,'(UserLogged,admin) - TZ=1;TZString=Europe/Paris;Screen=1920x619','127.0.0.1','Mozilla/5.0 (X11; Linux x86_64) AppleWebKit/537.36 (KHTML, like Gecko) Chrome/56.0.2924.87 Safari/537.36',NULL),(828,'2017-02-16 23:54:04','USER_LOGIN',1,'2017-02-17 03:54:04',12,'(UserLogged,admin) - TZ=1;TZString=Europe/Paris;Screen=1920x937','127.0.0.1','Mozilla/5.0 (X11; Linux x86_64) AppleWebKit/537.36 (KHTML, like Gecko) Chrome/56.0.2924.87 Safari/537.36',NULL),(829,'2017-02-17 09:14:27','USER_LOGIN',1,'2017-02-17 13:14:27',12,'(UserLogged,admin) - TZ=1;TZString=Europe/Paris;Screen=1920x937','127.0.0.1','Mozilla/5.0 (X11; Linux x86_64) AppleWebKit/537.36 (KHTML, like Gecko) Chrome/56.0.2924.87 Safari/537.36',NULL),(830,'2017-02-17 12:07:05','USER_LOGIN',1,'2017-02-17 16:07:05',12,'(UserLogged,admin) - TZ=1;TZString=Europe/Paris;Screen=1920x937','127.0.0.1','Mozilla/5.0 (X11; Linux x86_64) AppleWebKit/537.36 (KHTML, like Gecko) Chrome/56.0.2924.87 Safari/537.36',NULL),(831,'2017-02-19 21:22:20','USER_LOGIN',1,'2017-02-20 01:22:20',12,'(UserLogged,admin) - TZ=1;TZString=Europe/Paris;Screen=1920x937','127.0.0.1','Mozilla/5.0 (X11; Linux x86_64) AppleWebKit/537.36 (KHTML, like Gecko) Chrome/56.0.2924.87 Safari/537.36',NULL),(832,'2017-02-20 09:26:47','USER_LOGIN',1,'2017-02-20 13:26:47',12,'(UserLogged,admin) - TZ=1;TZString=Europe/Paris;Screen=1920x937','127.0.0.1','Mozilla/5.0 (X11; Linux x86_64) AppleWebKit/537.36 (KHTML, like Gecko) Chrome/56.0.2924.87 Safari/537.36',NULL),(833,'2017-02-20 16:39:55','USER_LOGIN',1,'2017-02-20 20:39:55',12,'(UserLogged,admin) - TZ=1;TZString=Europe/Paris;Screen=1920x937','127.0.0.1','Mozilla/5.0 (X11; Linux x86_64) AppleWebKit/537.36 (KHTML, like Gecko) Chrome/56.0.2924.87 Safari/537.36',NULL),(834,'2017-02-20 16:49:00','USER_MODIFY',1,'2017-02-20 20:49:00',12,'Modification utilisateur ccommerson','127.0.0.1','Mozilla/5.0 (X11; Linux x86_64) AppleWebKit/537.36 (KHTML, like Gecko) Chrome/56.0.2924.87 Safari/537.36',NULL),(835,'2017-02-20 17:57:15','USER_LOGIN',1,'2017-02-20 21:57:14',12,'(UserLogged,admin) - TZ=1;TZString=Europe/Paris;Screen=1920x937','127.0.0.1','Mozilla/5.0 (X11; Linux x86_64) AppleWebKit/537.36 (KHTML, like Gecko) Chrome/56.0.2924.87 Safari/537.36',NULL),(836,'2017-02-20 19:43:48','USER_LOGIN',1,'2017-02-20 23:43:48',12,'(UserLogged,admin) - TZ=1;TZString=Europe/Paris;Screen=1920x937','127.0.0.1','Mozilla/5.0 (X11; Linux x86_64) AppleWebKit/537.36 (KHTML, like Gecko) Chrome/56.0.2924.87 Safari/537.36',NULL),(837,'2017-02-21 00:04:05','USER_LOGIN',1,'2017-02-21 04:04:05',12,'(UserLogged,admin) - TZ=1;TZString=Europe/Paris;Screen=1920x937','127.0.0.1','Mozilla/5.0 (X11; Linux x86_64) AppleWebKit/537.36 (KHTML, like Gecko) Chrome/56.0.2924.87 Safari/537.36',NULL),(838,'2017-02-21 10:23:13','USER_LOGIN',1,'2017-02-21 14:23:13',12,'(UserLogged,admin) - TZ=1;TZString=Europe/Paris;Screen=1920x937','127.0.0.1','Mozilla/5.0 (X11; Linux x86_64) AppleWebKit/537.36 (KHTML, like Gecko) Chrome/56.0.2924.87 Safari/537.36',NULL),(839,'2017-02-21 10:30:17','USER_LOGOUT',1,'2017-02-21 14:30:17',12,'(UserLogoff,admin)','127.0.0.1','Mozilla/5.0 (X11; Linux x86_64) AppleWebKit/537.36 (KHTML, like Gecko) Chrome/56.0.2924.87 Safari/537.36',NULL),(840,'2017-02-21 10:30:22','USER_LOGIN',1,'2017-02-21 14:30:22',12,'(UserLogged,admin) - TZ=1;TZString=Europe/Paris;Screen=1920x937','127.0.0.1','Mozilla/5.0 (X11; Linux x86_64) AppleWebKit/537.36 (KHTML, like Gecko) Chrome/56.0.2924.87 Safari/537.36',NULL),(841,'2017-02-21 11:44:05','USER_LOGIN',1,'2017-02-21 15:44:05',12,'(UserLogged,admin) - TZ=1;TZString=Europe/Paris;Screen=1920x937','127.0.0.1','Mozilla/5.0 (X11; Linux x86_64) AppleWebKit/537.36 (KHTML, like Gecko) Chrome/56.0.2924.87 Safari/537.36',NULL),(842,'2017-05-12 09:02:48','USER_LOGIN',1,'2017-05-12 13:02:48',12,'(UserLogged,admin) - TZ=1;TZString=Europe/Paris;Screen=1920x937','127.0.0.1','Mozilla/5.0 (X11; Linux x86_64) AppleWebKit/537.36 (KHTML, like Gecko) Chrome/58.0.3029.96 Safari/537.36',NULL),(843,'2017-08-27 13:29:16','USER_LOGIN',1,'2017-08-27 17:29:16',12,'(UserLogged,admin) - TZ=;TZString=;Screen=x','127.0.0.1','Mozilla/5.0 (X11; Linux x86_64) AppleWebKit/537.36 (KHTML, like Gecko) Chrome/60.0.3112.101 Safari/537.36',NULL),(844,'2017-08-28 09:11:07','USER_LOGIN',1,'2017-08-28 13:11:07',12,'(UserLogged,admin) - TZ=;TZString=;Screen=x','127.0.0.1','Mozilla/5.0 (X11; Linux x86_64) AppleWebKit/537.36 (KHTML, like Gecko) Chrome/60.0.3112.101 Safari/537.36',NULL),(845,'2017-08-28 10:08:58','USER_LOGIN',1,'2017-08-28 14:08:58',12,'(UserLogged,admin) - TZ=;TZString=;Screen=x','127.0.0.1','Mozilla/5.0 (X11; Linux x86_64) AppleWebKit/537.36 (KHTML, like Gecko) Chrome/60.0.3112.101 Safari/537.36',NULL),(846,'2017-08-28 10:12:46','USER_MODIFY',1,'2017-08-28 14:12:46',12,'User admin modified','127.0.0.1','Mozilla/5.0 (X11; Linux x86_64) AppleWebKit/537.36 (KHTML, like Gecko) Chrome/60.0.3112.101 Safari/537.36',NULL),(847,'2017-08-28 10:28:25','USER_LOGIN',1,'2017-08-28 14:28:25',12,'(UserLogged,admin) - TZ=1;TZString=Europe/Paris;Screen=1920x937','127.0.0.1','Mozilla/5.0 (X11; Linux x86_64) AppleWebKit/537.36 (KHTML, like Gecko) Chrome/60.0.3112.101 Safari/537.36',NULL),(848,'2017-08-28 10:28:36','USER_LOGOUT',1,'2017-08-28 14:28:36',12,'(UserLogoff,admin)','127.0.0.1','Mozilla/5.0 (X11; Linux x86_64) AppleWebKit/537.36 (KHTML, like Gecko) Chrome/60.0.3112.101 Safari/537.36',NULL),(849,'2017-08-28 10:34:50','USER_LOGIN',1,'2017-08-28 14:34:50',12,'(UserLogged,admin) - TZ=1;TZString=Europe/Paris;Screen=1920x937','127.0.0.1','Mozilla/5.0 (X11; Linux x86_64) AppleWebKit/537.36 (KHTML, like Gecko) Chrome/60.0.3112.101 Safari/537.36',NULL),(850,'2017-08-28 11:59:02','USER_LOGIN',1,'2017-08-28 15:59:02',12,'(UserLogged,admin) - TZ=1;TZString=Europe/Paris;Screen=1920x937','127.0.0.1','Mozilla/5.0 (X11; Linux x86_64) AppleWebKit/537.36 (KHTML, like Gecko) Chrome/60.0.3112.101 Safari/537.36',NULL),(851,'2017-08-29 09:57:34','USER_LOGIN',1,'2017-08-29 13:57:34',12,'(UserLogged,admin) - TZ=1;TZString=Europe/Paris;Screen=1920x937','127.0.0.1','Mozilla/5.0 (X11; Linux x86_64) AppleWebKit/537.36 (KHTML, like Gecko) Chrome/60.0.3112.113 Safari/537.36',NULL),(852,'2017-08-29 11:05:51','USER_LOGIN',1,'2017-08-29 15:05:51',12,'(UserLogged,admin) - TZ=1;TZString=Europe/Paris;Screen=1920x937','127.0.0.1','Mozilla/5.0 (X11; Linux x86_64) AppleWebKit/537.36 (KHTML, like Gecko) Chrome/60.0.3112.113 Safari/537.36',NULL),(853,'2017-08-29 14:15:58','USER_LOGIN',1,'2017-08-29 18:15:58',12,'(UserLogged,admin) - TZ=1;TZString=Europe/Paris;Screen=1920x937','127.0.0.1','Mozilla/5.0 (X11; Linux x86_64) AppleWebKit/537.36 (KHTML, like Gecko) Chrome/60.0.3112.113 Safari/537.36',NULL),(854,'2017-08-29 17:49:28','USER_LOGIN',1,'2017-08-29 21:49:28',12,'(UserLogged,admin) - TZ=1;TZString=Europe/Paris;Screen=1920x937','127.0.0.1','Mozilla/5.0 (X11; Linux x86_64) AppleWebKit/537.36 (KHTML, like Gecko) Chrome/60.0.3112.113 Safari/537.36',NULL),(855,'2017-08-30 11:53:25','USER_LOGIN',1,'2017-08-30 15:53:25',18,'(UserLogged,ldestailleur) - TZ=1;TZString=Europe/Paris;Screen=1920x937','127.0.0.1','Mozilla/5.0 (X11; Linux x86_64) AppleWebKit/537.36 (KHTML, like Gecko) Chrome/60.0.3112.113 Safari/537.36',NULL),(856,'2017-08-30 12:19:31','USER_MODIFY',1,'2017-08-30 16:19:31',18,'Modification utilisateur ldestailleur - UserRemovedFromGroup','127.0.0.1','Mozilla/5.0 (X11; Linux x86_64) AppleWebKit/537.36 (KHTML, like Gecko) Chrome/60.0.3112.113 Safari/537.36',NULL),(857,'2017-08-30 12:19:32','USER_MODIFY',1,'2017-08-30 16:19:32',18,'Modification utilisateur ldestailleur - UserRemovedFromGroup','127.0.0.1','Mozilla/5.0 (X11; Linux x86_64) AppleWebKit/537.36 (KHTML, like Gecko) Chrome/60.0.3112.113 Safari/537.36',NULL),(858,'2017-08-30 12:19:33','USER_MODIFY',1,'2017-08-30 16:19:33',18,'Modification utilisateur ldestailleur - UserRemovedFromGroup','127.0.0.1','Mozilla/5.0 (X11; Linux x86_64) AppleWebKit/537.36 (KHTML, like Gecko) Chrome/60.0.3112.113 Safari/537.36',NULL),(859,'2017-08-30 12:21:42','USER_LOGOUT',1,'2017-08-30 16:21:42',18,'(UserLogoff,ldestailleur)','127.0.0.1','Mozilla/5.0 (X11; Linux x86_64) AppleWebKit/537.36 (KHTML, like Gecko) Chrome/60.0.3112.113 Safari/537.36',NULL),(860,'2017-08-30 12:21:48','USER_LOGIN',1,'2017-08-30 16:21:48',12,'(UserLogged,admin) - TZ=1;TZString=Europe/Paris;Screen=1920x937','127.0.0.1','Mozilla/5.0 (X11; Linux x86_64) AppleWebKit/537.36 (KHTML, like Gecko) Chrome/60.0.3112.113 Safari/537.36',NULL),(861,'2017-08-30 15:02:06','USER_LOGIN',1,'2017-08-30 19:02:06',12,'(UserLogged,admin) - TZ=1;TZString=Europe/Paris;Screen=1920x937','127.0.0.1','Mozilla/5.0 (X11; Linux x86_64) AppleWebKit/537.36 (KHTML, like Gecko) Chrome/60.0.3112.113 Safari/537.36',NULL),(862,'2017-08-31 09:25:42','USER_LOGIN',1,'2017-08-31 13:25:42',12,'(UserLogged,admin) - TZ=1;TZString=Europe/Paris;Screen=1920x937','127.0.0.1','Mozilla/5.0 (X11; Linux x86_64) AppleWebKit/537.36 (KHTML, like Gecko) Chrome/60.0.3112.113 Safari/537.36',NULL),(863,'2017-09-04 07:51:21','USER_LOGIN',1,'2017-09-04 11:51:21',12,'(UserLogged,admin) - TZ=1;TZString=Europe/Paris;Screen=1920x577','127.0.0.1','Mozilla/5.0 (X11; Linux x86_64) AppleWebKit/537.36 (KHTML, like Gecko) Chrome/60.0.3112.113 Safari/537.36',NULL),(864,'2017-09-04 09:17:09','USER_LOGIN',1,'2017-09-04 13:17:09',12,'(UserLogged,admin) - TZ=1;TZString=Europe/Paris;Screen=1920x937','127.0.0.1','Mozilla/5.0 (X11; Linux x86_64) AppleWebKit/537.36 (KHTML, like Gecko) Chrome/60.0.3112.113 Safari/537.36',NULL),(865,'2017-09-04 13:40:28','USER_LOGIN',1,'2017-09-04 17:40:28',12,'(UserLogged,admin) - TZ=1;TZString=Europe/Paris;Screen=1920x937','127.0.0.1','Mozilla/5.0 (X11; Linux x86_64) AppleWebKit/537.36 (KHTML, like Gecko) Chrome/60.0.3112.113 Safari/537.36',NULL),(866,'2017-09-06 07:55:30','USER_LOGIN',1,'2017-09-06 11:55:30',18,'(UserLogged,ldestailleur) - TZ=1;TZString=Europe/Paris;Screen=1920x937','127.0.0.1','Mozilla/5.0 (X11; Linux x86_64) AppleWebKit/537.36 (KHTML, like Gecko) Chrome/60.0.3112.113 Safari/537.36',NULL),(867,'2017-09-06 07:55:33','USER_LOGOUT',1,'2017-09-06 11:55:33',18,'(UserLogoff,ldestailleur)','127.0.0.1','Mozilla/5.0 (X11; Linux x86_64) AppleWebKit/537.36 (KHTML, like Gecko) Chrome/60.0.3112.113 Safari/537.36',NULL),(868,'2017-09-06 07:55:38','USER_LOGIN',1,'2017-09-06 11:55:38',12,'(UserLogged,admin) - TZ=1;TZString=Europe/Paris;Screen=1920x937','127.0.0.1','Mozilla/5.0 (X11; Linux x86_64) AppleWebKit/537.36 (KHTML, like Gecko) Chrome/60.0.3112.113 Safari/537.36',NULL),(869,'2017-09-06 16:03:38','USER_LOGIN',1,'2017-09-06 20:03:38',12,'(UserLogged,admin) - TZ=1;TZString=Europe/Paris;Screen=1920x937','127.0.0.1','Mozilla/5.0 (X11; Linux x86_64) AppleWebKit/537.36 (KHTML, like Gecko) Chrome/60.0.3112.113 Safari/537.36',NULL),(870,'2017-09-06 19:43:07','USER_LOGIN',1,'2017-09-06 23:43:07',12,'(UserLogged,admin) - TZ=1;TZString=Europe/Paris;Screen=1920x937','127.0.0.1','Mozilla/5.0 (X11; Linux x86_64) AppleWebKit/537.36 (KHTML, like Gecko) Chrome/60.0.3112.113 Safari/537.36',NULL);

--
-- Table structure for table `llx_expedition`
--

CREATE TABLE `llx_expedition` (
  `rowid` int(11) NOT NULL AUTO_INCREMENT,
  `tms` timestamp NOT NULL DEFAULT CURRENT_TIMESTAMP ON UPDATE CURRENT_TIMESTAMP,
  `ref` varchar(30) NOT NULL,
  `entity` int(11) NOT NULL DEFAULT '1',
  `ref_customer` varchar(30) DEFAULT NULL,
  `fk_soc` int(11) NOT NULL,
  `fk_projet` int(11) DEFAULT NULL,
  `ref_ext` varchar(30) DEFAULT NULL,
  `ref_int` varchar(30) DEFAULT NULL,
  `date_creation` datetime DEFAULT NULL,
  `fk_user_author` int(11) DEFAULT NULL,
  `date_valid` datetime DEFAULT NULL,
  `fk_user_valid` int(11) DEFAULT NULL,
  `date_expedition` datetime DEFAULT NULL,
  `date_delivery` datetime DEFAULT NULL,
  `fk_address` int(11) DEFAULT NULL,
  `fk_shipping_method` int(11) DEFAULT NULL,
  `tracking_number` varchar(50) DEFAULT NULL,
  `fk_statut` smallint(6) DEFAULT '0',
  `height` float DEFAULT NULL,
  `height_unit` int(11) DEFAULT NULL,
  `width` float DEFAULT NULL,
  `size_units` int(11) DEFAULT NULL,
  `size` float DEFAULT NULL,
  `weight_units` int(11) DEFAULT NULL,
  `weight` float DEFAULT NULL,
  `note_private` text,
  `note_public` text,
  `model_pdf` varchar(255) DEFAULT NULL,
  `fk_incoterms` int(11) DEFAULT NULL,
  `location_incoterms` varchar(255) DEFAULT NULL,
  `import_key` varchar(14) DEFAULT NULL,
  `extraparams` varchar(255) DEFAULT NULL,
  `billed` smallint(6) DEFAULT '0',
  `fk_user_modif` int(11) DEFAULT NULL,
  PRIMARY KEY (`rowid`),
  UNIQUE KEY `idx_expedition_uk_ref` (`ref`,`entity`),
  KEY `idx_expedition_fk_soc` (`fk_soc`),
  KEY `idx_expedition_fk_user_author` (`fk_user_author`),
  KEY `idx_expedition_fk_user_valid` (`fk_user_valid`),
  KEY `idx_expedition_fk_shipping_method` (`fk_shipping_method`),
  CONSTRAINT `fk_expedition_fk_shipping_method` FOREIGN KEY (`fk_shipping_method`) REFERENCES `llx_c_shipment_mode` (`rowid`),
  CONSTRAINT `fk_expedition_fk_soc` FOREIGN KEY (`fk_soc`) REFERENCES `llx_societe` (`rowid`),
  CONSTRAINT `fk_expedition_fk_user_author` FOREIGN KEY (`fk_user_author`) REFERENCES `llx_user` (`rowid`),
  CONSTRAINT `fk_expedition_fk_user_valid` FOREIGN KEY (`fk_user_valid`) REFERENCES `llx_user` (`rowid`)
) ENGINE=InnoDB AUTO_INCREMENT=3 DEFAULT CHARSET=utf8;

--
-- Dumping data for table `llx_expedition`
--

INSERT INTO `llx_expedition` VALUES (1,'2016-01-22 17:33:03','SH1302-0001',1,NULL,1,NULL,NULL,NULL,'2011-08-08 03:05:34',1,'2013-02-17 18:22:51',1,NULL,'2011-08-09 00:00:00',NULL,NULL,'',1,NULL,NULL,NULL,0,NULL,0,NULL,NULL,NULL,'merou',NULL,NULL,NULL,NULL,0,NULL),(2,'2017-02-15 23:11:35','(PROV2)',1,NULL,4,NULL,NULL,NULL,'2017-02-16 03:11:35',12,NULL,NULL,NULL,NULL,NULL,1,'',0,NULL,NULL,NULL,0,NULL,0,NULL,NULL,NULL,'merou',0,'',NULL,NULL,0,NULL);

--
-- Table structure for table `llx_expedition_extrafields`
--

CREATE TABLE `llx_expedition_extrafields` (
  `rowid` int(11) NOT NULL AUTO_INCREMENT,
  `tms` timestamp NOT NULL DEFAULT CURRENT_TIMESTAMP ON UPDATE CURRENT_TIMESTAMP,
  `fk_object` int(11) NOT NULL,
  `import_key` varchar(14) DEFAULT NULL,
  PRIMARY KEY (`rowid`),
  KEY `idx_expedition_extrafields` (`fk_object`)
) ENGINE=InnoDB DEFAULT CHARSET=utf8;

--
-- Dumping data for table `llx_expedition_extrafields`
--


--
-- Table structure for table `llx_expedition_methode`
--

CREATE TABLE `llx_expedition_methode` (
  `rowid` int(11) NOT NULL,
  `tms` timestamp NOT NULL DEFAULT CURRENT_TIMESTAMP ON UPDATE CURRENT_TIMESTAMP,
  `code` varchar(30) NOT NULL,
  `libelle` varchar(50) NOT NULL,
  `description` text,
  `active` tinyint(4) DEFAULT '0',
  PRIMARY KEY (`rowid`)
) ENGINE=InnoDB DEFAULT CHARSET=utf8;

--
-- Dumping data for table `llx_expedition_methode`
--

INSERT INTO `llx_expedition_methode` VALUES (1,'2010-07-08 11:18:00','CATCH','Catch','Catch by client',1),(2,'2010-07-08 11:18:00','TRANS','Transporter','Generic transporter',1),(3,'2010-07-08 11:18:01','COLSUI','Colissimo Suivi','Colissimo Suivi',0);

--
-- Table structure for table `llx_expeditiondet`
--

CREATE TABLE `llx_expeditiondet` (
  `rowid` int(11) NOT NULL AUTO_INCREMENT,
  `fk_expedition` int(11) NOT NULL,
  `fk_origin_line` int(11) DEFAULT NULL,
  `fk_entrepot` int(11) DEFAULT NULL,
  `qty` double DEFAULT NULL,
  `rang` int(11) DEFAULT '0',
  PRIMARY KEY (`rowid`),
  KEY `idx_expeditiondet_fk_expedition` (`fk_expedition`),
  CONSTRAINT `fk_expeditiondet_fk_expedition` FOREIGN KEY (`fk_expedition`) REFERENCES `llx_expedition` (`rowid`)
) ENGINE=InnoDB AUTO_INCREMENT=3 DEFAULT CHARSET=utf8;

--
-- Dumping data for table `llx_expeditiondet`
--

INSERT INTO `llx_expeditiondet` VALUES (1,1,10,3,1,0),(2,2,226,19,2,0);

--
-- Table structure for table `llx_expeditiondet_batch`
--

CREATE TABLE `llx_expeditiondet_batch` (
  `rowid` int(11) NOT NULL AUTO_INCREMENT,
  `fk_expeditiondet` int(11) NOT NULL,
  `eatby` date DEFAULT NULL,
  `sellby` date DEFAULT NULL,
  `batch` varchar(30) DEFAULT NULL,
  `qty` double NOT NULL DEFAULT '0',
  `fk_origin_stock` int(11) NOT NULL,
  PRIMARY KEY (`rowid`),
  KEY `idx_fk_expeditiondet` (`fk_expeditiondet`),
  CONSTRAINT `fk_expeditiondet_batch_fk_expeditiondet` FOREIGN KEY (`fk_expeditiondet`) REFERENCES `llx_expeditiondet` (`rowid`)
) ENGINE=InnoDB DEFAULT CHARSET=utf8;

--
-- Dumping data for table `llx_expeditiondet_batch`
--


--
-- Table structure for table `llx_expeditiondet_extrafields`
--

CREATE TABLE `llx_expeditiondet_extrafields` (
  `rowid` int(11) NOT NULL AUTO_INCREMENT,
  `tms` timestamp NOT NULL DEFAULT CURRENT_TIMESTAMP ON UPDATE CURRENT_TIMESTAMP,
  `fk_object` int(11) NOT NULL,
  `import_key` varchar(14) DEFAULT NULL,
  PRIMARY KEY (`rowid`),
  KEY `idx_expeditiondet_extrafields` (`fk_object`)
) ENGINE=InnoDB DEFAULT CHARSET=utf8;

--
-- Dumping data for table `llx_expeditiondet_extrafields`
--


--
-- Table structure for table `llx_expensereport`
--

CREATE TABLE `llx_expensereport` (
  `rowid` int(11) NOT NULL AUTO_INCREMENT,
  `ref` varchar(50) NOT NULL,
  `entity` int(11) NOT NULL DEFAULT '1',
  `ref_number_int` int(11) DEFAULT NULL,
  `ref_ext` int(11) DEFAULT NULL,
  `total_ht` double(24,8) DEFAULT '0.00000000',
  `total_tva` double(24,8) DEFAULT '0.00000000',
  `localtax1` double(24,8) DEFAULT '0.00000000',
  `localtax2` double(24,8) DEFAULT '0.00000000',
  `total_ttc` double(24,8) DEFAULT '0.00000000',
  `date_debut` date NOT NULL,
  `date_fin` date NOT NULL,
  `date_create` datetime NOT NULL,
  `date_valid` datetime DEFAULT NULL,
  `date_approve` datetime DEFAULT NULL,
  `date_refuse` datetime DEFAULT NULL,
  `date_cancel` datetime DEFAULT NULL,
  `tms` timestamp NOT NULL DEFAULT CURRENT_TIMESTAMP ON UPDATE CURRENT_TIMESTAMP,
  `fk_user_author` int(11) NOT NULL,
  `fk_user_modif` int(11) DEFAULT NULL,
  `fk_user_valid` int(11) DEFAULT NULL,
  `fk_user_validator` int(11) DEFAULT NULL,
  `fk_user_approve` int(11) DEFAULT NULL,
  `fk_user_refuse` int(11) DEFAULT NULL,
  `fk_user_cancel` int(11) DEFAULT NULL,
  `fk_statut` int(11) NOT NULL,
  `fk_c_paiement` int(11) DEFAULT NULL,
  `paid` smallint(6) NOT NULL DEFAULT '0',
  `note_public` text,
  `note_private` text,
  `detail_refuse` varchar(255) DEFAULT NULL,
  `detail_cancel` varchar(255) DEFAULT NULL,
  `integration_compta` int(11) DEFAULT NULL,
  `fk_bank_account` int(11) DEFAULT NULL,
  `model_pdf` varchar(50) DEFAULT NULL,
  `fk_multicurrency` int(11) DEFAULT NULL,
  `multicurrency_code` varchar(255) DEFAULT NULL,
  `multicurrency_tx` double(24,8) DEFAULT '1.00000000',
  `multicurrency_total_ht` double(24,8) DEFAULT '0.00000000',
  `multicurrency_total_tva` double(24,8) DEFAULT '0.00000000',
  `multicurrency_total_ttc` double(24,8) DEFAULT '0.00000000',
  `import_key` varchar(14) DEFAULT NULL,
  `extraparams` varchar(255) DEFAULT NULL,
  PRIMARY KEY (`rowid`),
  UNIQUE KEY `idx_expensereport_uk_ref` (`ref`,`entity`),
  KEY `idx_expensereport_date_debut` (`date_debut`),
  KEY `idx_expensereport_date_fin` (`date_fin`),
  KEY `idx_expensereport_fk_statut` (`fk_statut`),
  KEY `idx_expensereport_fk_user_author` (`fk_user_author`),
  KEY `idx_expensereport_fk_user_valid` (`fk_user_valid`),
  KEY `idx_expensereport_fk_user_approve` (`fk_user_approve`),
  KEY `idx_expensereport_fk_refuse` (`fk_user_approve`)
) ENGINE=InnoDB AUTO_INCREMENT=4 DEFAULT CHARSET=utf8;

--
-- Dumping data for table `llx_expensereport`
--

INSERT INTO `llx_expensereport` VALUES (1,'ADMIN-ER00002-150101',1,2,NULL,8.33000000,1.67000000,0.00000000,0.00000000,10.00000000,'2015-01-01','2015-01-03','2016-01-22 19:03:37','2016-01-22 19:06:50','2017-02-16 02:12:40',NULL,NULL,'2017-02-15 22:12:40',12,NULL,12,12,12,NULL,NULL,5,NULL,0,'Holidays',NULL,NULL,NULL,NULL,NULL,NULL,NULL,NULL,1.00000000,0.00000000,0.00000000,0.00000000,NULL,NULL),(2,'(PROV2)',1,NULL,NULL,141.67000000,28.33000000,0.00000000,0.00000000,170.00000000,'2015-02-01','2015-02-28','2016-01-22 19:04:44',NULL,NULL,NULL,NULL,'2016-01-22 18:06:21',12,12,NULL,12,NULL,NULL,NULL,0,NULL,0,'Work on projet X','','',NULL,NULL,NULL,NULL,NULL,NULL,1.00000000,0.00000000,0.00000000,0.00000000,NULL,NULL),(3,'(PROV3)',1,NULL,NULL,0.00000000,0.00000000,0.00000000,0.00000000,0.00000000,'2017-02-02','2017-02-02','2017-02-02 03:57:03',NULL,NULL,NULL,NULL,'2017-02-01 23:57:03',19,NULL,NULL,NULL,NULL,NULL,NULL,0,NULL,0,NULL,NULL,NULL,NULL,NULL,NULL,NULL,NULL,NULL,1.00000000,0.00000000,0.00000000,0.00000000,NULL,NULL);

--
-- Table structure for table `llx_expensereport_det`
--

CREATE TABLE `llx_expensereport_det` (
  `rowid` int(11) NOT NULL AUTO_INCREMENT,
  `fk_expensereport` int(11) NOT NULL,
  `fk_c_type_fees` int(11) NOT NULL,
  `fk_projet` int(11) DEFAULT NULL,
  `comments` text NOT NULL,
  `product_type` int(11) DEFAULT '-1',
  `qty` double NOT NULL,
  `value_unit` double NOT NULL,
  `remise_percent` double DEFAULT NULL,
  `tva_tx` double(6,3) DEFAULT NULL,
  `localtax1_tx` double(6,3) DEFAULT '0.000',
  `localtax1_type` varchar(10) DEFAULT NULL,
  `localtax2_tx` double(6,3) DEFAULT '0.000',
  `localtax2_type` varchar(10) DEFAULT NULL,
  `total_ht` double(24,8) NOT NULL DEFAULT '0.00000000',
  `total_tva` double(24,8) NOT NULL DEFAULT '0.00000000',
  `total_localtax1` double(24,8) DEFAULT '0.00000000',
  `total_localtax2` double(24,8) DEFAULT '0.00000000',
  `total_ttc` double(24,8) NOT NULL DEFAULT '0.00000000',
  `date` date NOT NULL,
  `info_bits` int(11) DEFAULT '0',
  `special_code` int(11) DEFAULT '0',
  `rang` int(11) DEFAULT '0',
  `import_key` varchar(14) DEFAULT NULL,
  `fk_multicurrency` int(11) DEFAULT NULL,
  `multicurrency_code` varchar(255) DEFAULT NULL,
  `multicurrency_subprice` double(24,8) DEFAULT '0.00000000',
  `multicurrency_total_ht` double(24,8) DEFAULT '0.00000000',
  `multicurrency_total_tva` double(24,8) DEFAULT '0.00000000',
  `multicurrency_total_ttc` double(24,8) DEFAULT '0.00000000',
  `fk_facture` int(11) DEFAULT '0',
  `fk_code_ventilation` int(11) DEFAULT '0',
  `vat_src_code` varchar(10) DEFAULT '',
  PRIMARY KEY (`rowid`)
) ENGINE=InnoDB AUTO_INCREMENT=4 DEFAULT CHARSET=utf8;

--
-- Dumping data for table `llx_expensereport_det`
--

INSERT INTO `llx_expensereport_det` VALUES (1,1,3,1,'',-1,1,10,NULL,20.000,0.000,NULL,0.000,NULL,8.33000000,1.67000000,0.00000000,0.00000000,10.00000000,'2015-01-01',0,0,0,NULL,NULL,NULL,0.00000000,0.00000000,0.00000000,0.00000000,0,0,''),(2,2,3,4,'',-1,1,20,NULL,20.000,0.000,NULL,0.000,NULL,16.67000000,3.33000000,0.00000000,0.00000000,20.00000000,'2015-01-07',0,0,0,NULL,NULL,NULL,0.00000000,0.00000000,0.00000000,0.00000000,0,0,''),(3,2,2,5,'Train',-1,1,150,NULL,20.000,0.000,NULL,0.000,NULL,125.00000000,25.00000000,0.00000000,0.00000000,150.00000000,'2015-02-05',0,0,0,NULL,NULL,NULL,0.00000000,0.00000000,0.00000000,0.00000000,0,0,'');

--
-- Table structure for table `llx_expensereport_extrafields`
--

CREATE TABLE `llx_expensereport_extrafields` (
  `rowid` int(11) NOT NULL AUTO_INCREMENT,
  `tms` timestamp NOT NULL DEFAULT CURRENT_TIMESTAMP ON UPDATE CURRENT_TIMESTAMP,
  `fk_object` int(11) NOT NULL,
  `import_key` varchar(14) COLLATE utf8_unicode_ci DEFAULT NULL,
  PRIMARY KEY (`rowid`),
  KEY `idx_expensereport_extrafields` (`fk_object`)
) ENGINE=InnoDB DEFAULT CHARSET=utf8 COLLATE=utf8_unicode_ci;

--
-- Dumping data for table `llx_expensereport_extrafields`
--


--
-- Table structure for table `llx_export_compta`
--

CREATE TABLE `llx_export_compta` (
  `rowid` int(11) NOT NULL AUTO_INCREMENT,
  `ref` varchar(12) NOT NULL,
  `date_export` datetime NOT NULL,
  `fk_user` int(11) NOT NULL,
  `note` text,
  PRIMARY KEY (`rowid`)
) ENGINE=InnoDB DEFAULT CHARSET=utf8;

--
-- Dumping data for table `llx_export_compta`
--


--
-- Table structure for table `llx_export_model`
--

CREATE TABLE `llx_export_model` (
  `rowid` int(11) NOT NULL AUTO_INCREMENT,
  `fk_user` int(11) NOT NULL DEFAULT '0',
  `label` varchar(50) NOT NULL,
  `type` varchar(20) NOT NULL,
  `field` text NOT NULL,
  `filter` text,
  PRIMARY KEY (`rowid`),
  UNIQUE KEY `uk_export_model` (`label`,`type`)
) ENGINE=InnoDB DEFAULT CHARSET=utf8;

--
-- Dumping data for table `llx_export_model`
--


--
-- Table structure for table `llx_extrafields`
--

CREATE TABLE `llx_extrafields` (
  `rowid` int(11) NOT NULL AUTO_INCREMENT,
  `elementtype` varchar(64) NOT NULL DEFAULT 'member',
  `name` varchar(64) NOT NULL,
  `entity` int(11) NOT NULL DEFAULT '1',
  `tms` timestamp NOT NULL DEFAULT CURRENT_TIMESTAMP ON UPDATE CURRENT_TIMESTAMP,
  `label` varchar(255) NOT NULL,
  `type` varchar(8) DEFAULT NULL,
  `size` varchar(8) DEFAULT NULL,
  `pos` int(11) DEFAULT '0',
  `alwayseditable` int(11) DEFAULT '0',
  `param` text,
  `fieldunique` int(11) DEFAULT '0',
  `fieldrequired` int(11) DEFAULT '0',
  `perms` varchar(255) DEFAULT NULL,
  `list` int(11) DEFAULT '0',
  `ishidden` int(11) DEFAULT '0',
  `fieldcomputed` text,
  `fielddefault` varchar(255) DEFAULT NULL,
  `langs` varchar(24) DEFAULT NULL,
  PRIMARY KEY (`rowid`),
  UNIQUE KEY `uk_extrafields_name` (`name`,`entity`,`elementtype`)
) ENGINE=InnoDB AUTO_INCREMENT=28 DEFAULT CHARSET=utf8;

--
-- Dumping data for table `llx_extrafields`
--

INSERT INTO `llx_extrafields` VALUES (2,'adherent','zzz',1,'2013-09-08 23:04:20','zzz','varchar','255',0,0,NULL,0,0,NULL,0,0,NULL,NULL,NULL),(27,'projet','priority',1,'2016-07-30 11:28:27','Priority','select','',0,1,'a:1:{s:7:\"options\";a:5:{i:1;s:1:\"1\";i:2;s:1:\"2\";i:3;s:1:\"3\";i:4;s:1:\"4\";i:5;s:1:\"5\";}}',0,0,NULL,0,0,NULL,NULL,NULL);

--
-- Table structure for table `llx_facture`
--

CREATE TABLE `llx_facture` (
  `rowid` int(11) NOT NULL AUTO_INCREMENT,
  `facnumber` varchar(30) NOT NULL,
  `entity` int(11) NOT NULL DEFAULT '1',
  `ref_ext` varchar(255) DEFAULT NULL,
  `ref_int` varchar(255) DEFAULT NULL,
  `type` smallint(6) NOT NULL DEFAULT '0',
  `ref_client` varchar(255) DEFAULT NULL,
  `increment` varchar(10) DEFAULT NULL,
  `fk_soc` int(11) NOT NULL,
  `datec` datetime DEFAULT NULL,
  `datef` date DEFAULT NULL,
  `date_valid` date DEFAULT NULL,
  `tms` timestamp NOT NULL DEFAULT CURRENT_TIMESTAMP ON UPDATE CURRENT_TIMESTAMP,
  `paye` smallint(6) NOT NULL DEFAULT '0',
  `amount` double(24,8) NOT NULL DEFAULT '0.00000000',
  `remise_percent` double DEFAULT '0',
  `remise_absolue` double DEFAULT '0',
  `remise` double DEFAULT '0',
  `close_code` varchar(16) DEFAULT NULL,
  `close_note` varchar(128) DEFAULT NULL,
  `tva` double(24,8) DEFAULT '0.00000000',
  `localtax1` double(24,8) DEFAULT '0.00000000',
  `localtax2` double(24,8) DEFAULT '0.00000000',
  `revenuestamp` double(24,8) DEFAULT '0.00000000',
  `total` double(24,8) DEFAULT '0.00000000',
  `total_ttc` double(24,8) DEFAULT '0.00000000',
  `fk_statut` smallint(6) NOT NULL DEFAULT '0',
  `fk_user_author` int(11) DEFAULT NULL,
  `fk_user_modif` int(11) DEFAULT NULL,
  `fk_user_valid` int(11) DEFAULT NULL,
  `fk_facture_source` int(11) DEFAULT NULL,
  `fk_projet` int(11) DEFAULT NULL,
  `fk_account` int(11) DEFAULT NULL,
  `fk_currency` varchar(3) DEFAULT NULL,
  `fk_cond_reglement` int(11) NOT NULL DEFAULT '1',
  `fk_mode_reglement` int(11) DEFAULT NULL,
  `date_lim_reglement` date DEFAULT NULL,
  `note_private` text,
  `note_public` text,
  `model_pdf` varchar(255) DEFAULT NULL,
  `import_key` varchar(14) DEFAULT NULL,
  `extraparams` varchar(255) DEFAULT NULL,
  `situation_cycle_ref` smallint(6) DEFAULT NULL,
  `situation_counter` smallint(6) DEFAULT NULL,
  `situation_final` smallint(6) DEFAULT NULL,
  `fk_incoterms` int(11) DEFAULT NULL,
  `location_incoterms` varchar(255) DEFAULT NULL,
  `date_pointoftax` date DEFAULT NULL,
  `fk_multicurrency` int(11) DEFAULT NULL,
  `multicurrency_code` varchar(255) DEFAULT NULL,
  `multicurrency_tx` double(24,8) DEFAULT '1.00000000',
  `multicurrency_total_ht` double(24,8) DEFAULT '0.00000000',
  `multicurrency_total_tva` double(24,8) DEFAULT '0.00000000',
  `multicurrency_total_ttc` double(24,8) DEFAULT '0.00000000',
  `fk_fac_rec_source` int(11) DEFAULT NULL,
  PRIMARY KEY (`rowid`),
  UNIQUE KEY `idx_facture_uk_facnumber` (`facnumber`,`entity`),
  KEY `idx_facture_fk_soc` (`fk_soc`),
  KEY `idx_facture_fk_user_author` (`fk_user_author`),
  KEY `idx_facture_fk_user_valid` (`fk_user_valid`),
  KEY `idx_facture_fk_facture_source` (`fk_facture_source`),
  KEY `idx_facture_fk_projet` (`fk_projet`),
  KEY `idx_facture_fk_account` (`fk_account`),
  KEY `idx_facture_fk_currency` (`fk_currency`),
  KEY `idx_facture_fk_statut` (`fk_statut`),
  CONSTRAINT `fk_facture_fk_facture_source` FOREIGN KEY (`fk_facture_source`) REFERENCES `llx_facture` (`rowid`),
  CONSTRAINT `fk_facture_fk_projet` FOREIGN KEY (`fk_projet`) REFERENCES `llx_projet` (`rowid`),
  CONSTRAINT `fk_facture_fk_soc` FOREIGN KEY (`fk_soc`) REFERENCES `llx_societe` (`rowid`),
  CONSTRAINT `fk_facture_fk_user_author` FOREIGN KEY (`fk_user_author`) REFERENCES `llx_user` (`rowid`),
  CONSTRAINT `fk_facture_fk_user_valid` FOREIGN KEY (`fk_user_valid`) REFERENCES `llx_user` (`rowid`)
) ENGINE=InnoDB AUTO_INCREMENT=218 DEFAULT CHARSET=utf8;

--
-- Dumping data for table `llx_facture`
--

INSERT INTO `llx_facture` VALUES (2,'FA1007-0002',1,NULL,NULL,0,NULL,NULL,2,'2010-07-10 18:20:13','2016-07-10',NULL,'2016-07-30 15:13:20',1,10.00000000,NULL,NULL,0,NULL,NULL,0.10000000,0.00000000,0.00000000,0.00000000,46.00000000,46.10000000,2,1,NULL,1,NULL,NULL,NULL,NULL,1,0,'2016-07-10',NULL,NULL,'crabe',NULL,NULL,NULL,NULL,NULL,NULL,NULL,NULL,NULL,NULL,1.00000000,0.00000000,0.00000000,0.00000000,NULL),(3,'FA1107-0006',1,NULL,NULL,0,NULL,NULL,10,'2011-07-18 20:33:35','2016-07-18',NULL,'2016-07-30 15:13:20',1,0.00000000,NULL,NULL,0,NULL,NULL,0.00000000,0.00000000,0.00000000,0.00000000,15.00000000,15.00000000,2,1,NULL,1,NULL,1,NULL,NULL,1,0,'2016-07-18',NULL,NULL,'crabe',NULL,NULL,NULL,NULL,NULL,NULL,NULL,NULL,NULL,NULL,1.00000000,0.00000000,0.00000000,0.00000000,NULL),(5,'FA1108-0003',1,NULL,NULL,0,NULL,NULL,7,'2011-08-01 03:34:11','2015-08-01',NULL,'2016-07-30 15:12:32',1,0.00000000,NULL,NULL,0,NULL,NULL,0.63000000,0.00000000,0.00000000,0.00000000,5.00000000,5.63000000,2,1,NULL,1,NULL,NULL,NULL,NULL,0,6,'2015-08-01',NULL,NULL,'crabe',NULL,NULL,NULL,NULL,NULL,NULL,NULL,NULL,NULL,NULL,1.00000000,0.00000000,0.00000000,0.00000000,NULL),(6,'FA1108-0004',1,NULL,NULL,0,NULL,NULL,7,'2011-08-06 20:33:53','2015-08-06',NULL,'2016-07-30 15:12:32',1,0.00000000,NULL,NULL,0,NULL,NULL,0.98000000,0.00000000,0.00000000,0.00000000,5.00000000,5.98000000,2,1,NULL,1,NULL,NULL,NULL,NULL,0,4,'2015-08-06','Cash\nReceived : 6 EUR\nRendu : 0.02 EUR\n\n--------------------------------------',NULL,'crabe',NULL,NULL,NULL,NULL,NULL,NULL,NULL,NULL,NULL,NULL,1.00000000,0.00000000,0.00000000,0.00000000,NULL),(8,'FA1108-0005',1,NULL,NULL,3,NULL,NULL,2,'2011-08-08 02:41:44','2015-08-08',NULL,'2016-07-30 15:12:32',1,0.00000000,NULL,NULL,0,NULL,NULL,0.00000000,0.00000000,0.00000000,0.00000000,10.00000000,10.00000000,2,1,NULL,1,NULL,NULL,NULL,NULL,1,0,'2015-08-08',NULL,NULL,'crabe',NULL,NULL,NULL,NULL,NULL,NULL,NULL,NULL,NULL,NULL,1.00000000,0.00000000,0.00000000,0.00000000,NULL),(9,'FA1108-0007',1,NULL,NULL,3,NULL,NULL,10,'2011-08-08 02:55:14','2015-08-08',NULL,'2016-07-30 15:12:32',0,0.00000000,NULL,NULL,0,NULL,NULL,1.96000000,0.00000000,0.00000000,0.00000000,10.00000000,11.96000000,1,1,NULL,1,NULL,NULL,NULL,NULL,1,0,'2015-08-08',NULL,NULL,'crabe',NULL,NULL,NULL,NULL,NULL,NULL,NULL,NULL,NULL,NULL,1.00000000,0.00000000,0.00000000,0.00000000,NULL),(10,'AV1212-0001',1,NULL,NULL,2,NULL,NULL,10,'2012-12-08 17:45:20','2015-12-08','2015-12-08','2016-07-30 15:12:32',0,0.00000000,NULL,NULL,0,NULL,NULL,-0.63000000,0.00000000,0.00000000,0.00000000,-11.00000000,-11.63000000,1,1,NULL,1,3,NULL,NULL,NULL,0,0,'2015-12-08',NULL,NULL,'crabe',NULL,NULL,NULL,NULL,NULL,NULL,NULL,NULL,NULL,NULL,1.00000000,0.00000000,0.00000000,0.00000000,NULL),(12,'AV1212-0002',1,NULL,NULL,2,NULL,NULL,10,'2012-12-08 18:20:14','2015-12-08','2015-12-08','2016-07-30 15:12:32',1,0.00000000,NULL,NULL,0,NULL,NULL,0.00000000,0.00000000,0.00000000,0.00000000,-5.00000000,-5.00000000,2,1,NULL,1,3,NULL,NULL,NULL,0,0,'2015-12-08',NULL,NULL,'crabe',NULL,NULL,NULL,NULL,NULL,NULL,NULL,NULL,NULL,NULL,1.00000000,0.00000000,0.00000000,0.00000000,NULL),(13,'FA1212-0011',1,NULL,NULL,0,NULL,NULL,7,'2012-12-09 20:04:19','2015-12-09','2016-02-12','2016-07-30 15:12:32',0,0.00000000,NULL,NULL,0,NULL,NULL,2.74000000,0.00000000,0.00000000,0.00000000,14.00000000,16.74000000,1,1,NULL,1,NULL,NULL,NULL,NULL,1,0,'2015-12-09',NULL,NULL,'crabe',NULL,NULL,NULL,NULL,NULL,NULL,NULL,NULL,NULL,NULL,1.00000000,0.00000000,0.00000000,0.00000000,NULL),(32,'FA1212-0021',1,NULL,NULL,0,NULL,NULL,1,'2012-12-11 09:34:23','2015-12-11','2016-03-24','2016-07-30 15:12:32',0,0.00000000,NULL,NULL,0,NULL,NULL,90.00000000,0.00000000,0.00000000,0.60000000,520.00000000,610.60000000,1,1,NULL,1,NULL,NULL,NULL,NULL,1,0,'2015-12-11','This is a comment (private)','This is a comment (public)','crabe',NULL,NULL,NULL,NULL,NULL,NULL,NULL,NULL,NULL,NULL,1.00000000,0.00000000,0.00000000,0.00000000,NULL),(33,'FA1212-0023',1,NULL,NULL,0,NULL,NULL,1,'2012-12-11 09:34:23','2015-12-11','2017-03-03','2016-07-30 15:12:32',0,0.00000000,NULL,NULL,0,'abandon',NULL,0.24000000,0.00000000,0.00000000,0.00000000,2.48000000,2.72000000,3,1,NULL,1,NULL,NULL,NULL,NULL,1,0,'2015-12-11','This is a comment (private)','This is a comment (public)','crabe',NULL,NULL,NULL,NULL,NULL,NULL,NULL,NULL,NULL,NULL,1.00000000,0.00000000,0.00000000,0.00000000,NULL),(55,'FA1212-0009',1,NULL,NULL,0,NULL,NULL,1,'2012-12-11 09:35:51','2015-12-11','2015-12-12','2016-07-30 15:12:32',0,0.00000000,NULL,NULL,0,NULL,NULL,0.24000000,0.00000000,0.00000000,0.00000000,2.48000000,2.72000000,1,1,NULL,1,NULL,NULL,NULL,NULL,1,0,'2015-12-11','This is a comment (private)','This is a comment (public)','generic_invoice_odt:/home/ldestailleur/git/dolibarr_3.8/documents/doctemplates/invoices/template_invoice.odt',NULL,NULL,NULL,NULL,NULL,NULL,NULL,NULL,NULL,NULL,1.00000000,0.00000000,0.00000000,0.00000000,NULL),(148,'FS1301-0001',1,NULL,NULL,0,NULL,NULL,1,'2013-01-19 18:22:48','2016-01-19','2016-01-19','2016-07-30 15:13:20',0,0.00000000,NULL,NULL,0,NULL,NULL,0.63000000,0.00000000,0.00000000,0.00000000,5.00000000,5.63000000,1,1,NULL,1,NULL,NULL,NULL,NULL,0,1,'2016-01-19',NULL,NULL,'',NULL,NULL,NULL,NULL,NULL,NULL,NULL,NULL,NULL,NULL,1.00000000,0.00000000,0.00000000,0.00000000,NULL),(149,'FA1601-0024',1,NULL,NULL,0,NULL,NULL,1,'2013-01-19 18:30:05','2016-01-19','2017-08-29','2017-08-29 18:39:09',0,0.00000000,NULL,NULL,0,NULL,NULL,1.80000000,0.90000000,0.90000000,0.00000000,20.00000000,23.60000000,1,1,NULL,12,NULL,NULL,NULL,NULL,0,0,'2016-01-19',NULL,NULL,'crabe',NULL,NULL,NULL,NULL,NULL,NULL,NULL,NULL,NULL,NULL,1.00000000,20.00000000,1.80000000,23.60000000,NULL),(150,'FA6801-0010',1,NULL,NULL,0,NULL,NULL,1,'2013-01-19 18:31:10','2016-01-19','2016-01-19','2016-07-30 15:13:20',1,0.00000000,NULL,NULL,0,NULL,NULL,0.00000000,0.00000000,0.00000000,0.00000000,0.00000000,0.00000000,2,1,NULL,1,NULL,NULL,NULL,NULL,0,1,'2016-01-19',NULL,NULL,'',NULL,NULL,NULL,NULL,NULL,NULL,NULL,NULL,NULL,NULL,1.00000000,0.00000000,0.00000000,0.00000000,NULL),(151,'FS1301-0002',1,NULL,NULL,0,NULL,NULL,1,'2013-01-19 18:31:58','2016-01-19','2016-01-19','2016-07-30 15:13:20',1,0.00000000,NULL,NULL,0,NULL,NULL,0.00000000,0.00000000,0.00000000,0.00000000,0.00000000,0.00000000,2,1,NULL,1,NULL,NULL,NULL,NULL,0,1,'2016-01-19',NULL,NULL,'',NULL,NULL,NULL,NULL,NULL,NULL,NULL,NULL,NULL,NULL,1.00000000,0.00000000,0.00000000,0.00000000,NULL),(160,'FA1507-0015',1,NULL,NULL,0,NULL,NULL,12,'2013-03-06 16:47:48','2016-07-18','2014-03-06','2016-07-30 15:13:20',0,0.00000000,NULL,NULL,0,NULL,NULL,1.11000000,0.00000000,0.00000000,0.00000000,8.89000000,10.00000000,1,1,NULL,1,NULL,NULL,NULL,NULL,1,0,'2016-07-18',NULL,NULL,'crabe',NULL,NULL,NULL,NULL,NULL,NULL,NULL,NULL,NULL,NULL,1.00000000,0.00000000,0.00000000,0.00000000,NULL),(210,'FA1107-0019',1,NULL,NULL,0,NULL,NULL,10,'2013-03-20 14:30:11','2016-07-10','2018-03-20','2016-07-30 15:13:20',0,0.00000000,NULL,NULL,0,NULL,NULL,0.00000000,0.00000000,0.00000000,0.00000000,10.00000000,10.00000000,1,1,NULL,1,NULL,NULL,NULL,NULL,1,0,'2016-07-10',NULL,NULL,'generic_invoice_odt:/home/ldestailleur/git/dolibarr_3.8/documents/doctemplates/invoices/template_invoice.odt',NULL,NULL,NULL,NULL,NULL,NULL,NULL,NULL,NULL,NULL,1.00000000,0.00000000,0.00000000,0.00000000,NULL),(211,'FA1303-0020',1,NULL,NULL,0,NULL,NULL,19,'2013-03-22 09:40:10','2016-03-22','2017-03-02','2017-02-06 04:11:17',0,0.00000000,NULL,NULL,0,NULL,NULL,17.64000000,0.00000000,0.00000000,0.40000000,340.00000000,358.04000000,1,1,NULL,1,NULL,NULL,NULL,NULL,1,3,'2016-03-22',NULL,NULL,'crabe',NULL,NULL,NULL,NULL,NULL,NULL,NULL,NULL,NULL,NULL,1.00000000,0.00000000,0.00000000,0.00000000,NULL),(213,'AV1303-0003',1,NULL,NULL,2,NULL,NULL,1,'2014-03-03 19:22:03','2016-03-03','2017-03-03','2016-07-30 15:13:20',0,0.00000000,NULL,NULL,0,NULL,NULL,0.00000000,0.00000000,0.00000000,0.00000000,-1000.00000000,-1000.00000000,1,1,NULL,1,32,NULL,NULL,NULL,0,0,'2016-03-03',NULL,NULL,'crabe',NULL,NULL,NULL,NULL,NULL,NULL,NULL,NULL,NULL,NULL,1.00000000,0.00000000,0.00000000,0.00000000,NULL),(216,'(PROV216)',1,NULL,NULL,0,NULL,NULL,26,'2017-02-12 23:21:27','2017-02-12',NULL,'2017-02-12 19:21:27',0,0.00000000,NULL,NULL,0,NULL,NULL,0.00000000,0.00000000,0.00000000,0.00000000,0.00000000,0.00000000,0,12,NULL,NULL,NULL,NULL,NULL,NULL,1,0,'2017-02-12',NULL,NULL,'crabe',NULL,NULL,NULL,NULL,0,0,'',NULL,0,'EUR',1.00000000,0.00000000,0.00000000,0.00000000,NULL),(217,'(PROV217)',1,NULL,NULL,0,NULL,NULL,1,'2017-08-31 13:26:17','2017-08-31',NULL,'2017-08-31 09:26:17',0,0.00000000,NULL,NULL,0,NULL,NULL,0.00000000,0.00000000,0.00000000,0.00000000,10.00000000,10.00000000,0,12,NULL,NULL,NULL,NULL,NULL,NULL,1,0,'2017-08-31',NULL,NULL,'crabe',NULL,NULL,NULL,NULL,0,0,'',NULL,1,'EUR',1.00000000,10.00000000,0.00000000,10.00000000,NULL);

--
-- Table structure for table `llx_facture_extrafields`
--

CREATE TABLE `llx_facture_extrafields` (
  `rowid` int(11) NOT NULL AUTO_INCREMENT,
  `tms` timestamp NOT NULL DEFAULT CURRENT_TIMESTAMP ON UPDATE CURRENT_TIMESTAMP,
  `fk_object` int(11) NOT NULL,
  `import_key` varchar(14) DEFAULT NULL,
  PRIMARY KEY (`rowid`),
  KEY `idx_facture_extrafields` (`fk_object`)
) ENGINE=InnoDB DEFAULT CHARSET=utf8;

--
-- Dumping data for table `llx_facture_extrafields`
--


--
-- Table structure for table `llx_facture_fourn`
--

CREATE TABLE `llx_facture_fourn` (
  `rowid` int(11) NOT NULL AUTO_INCREMENT,
  `ref` varchar(255) NOT NULL,
  `ref_supplier` varchar(255) DEFAULT NULL,
  `entity` int(11) NOT NULL DEFAULT '1',
  `ref_ext` varchar(255) DEFAULT NULL,
  `type` smallint(6) NOT NULL DEFAULT '0',
  `fk_soc` int(11) NOT NULL,
  `datec` datetime DEFAULT NULL,
  `datef` date DEFAULT NULL,
  `tms` timestamp NOT NULL DEFAULT CURRENT_TIMESTAMP ON UPDATE CURRENT_TIMESTAMP,
  `libelle` varchar(255) DEFAULT NULL,
  `paye` smallint(6) NOT NULL DEFAULT '0',
  `amount` double(24,8) NOT NULL DEFAULT '0.00000000',
  `remise` double(24,8) DEFAULT '0.00000000',
  `close_code` varchar(16) DEFAULT NULL,
  `close_note` varchar(128) DEFAULT NULL,
  `tva` double(24,8) DEFAULT '0.00000000',
  `localtax1` double(24,8) DEFAULT '0.00000000',
  `localtax2` double(24,8) DEFAULT '0.00000000',
  `total` double(24,8) DEFAULT '0.00000000',
  `total_ht` double(24,8) DEFAULT '0.00000000',
  `total_tva` double(24,8) DEFAULT '0.00000000',
  `total_ttc` double(24,8) DEFAULT '0.00000000',
  `fk_statut` smallint(6) NOT NULL DEFAULT '0',
  `fk_user_author` int(11) DEFAULT NULL,
  `fk_user_modif` int(11) DEFAULT NULL,
  `fk_user_valid` int(11) DEFAULT NULL,
  `fk_facture_source` int(11) DEFAULT NULL,
  `fk_projet` int(11) DEFAULT NULL,
  `fk_account` int(11) DEFAULT NULL,
  `fk_cond_reglement` int(11) DEFAULT NULL,
  `fk_mode_reglement` int(11) DEFAULT NULL,
  `date_lim_reglement` date DEFAULT NULL,
  `note_private` text,
  `note_public` text,
  `model_pdf` varchar(255) DEFAULT NULL,
  `import_key` varchar(14) DEFAULT NULL,
  `extraparams` varchar(255) DEFAULT NULL,
  `fk_incoterms` int(11) DEFAULT NULL,
  `location_incoterms` varchar(255) DEFAULT NULL,
  `fk_multicurrency` int(11) DEFAULT NULL,
  `multicurrency_code` varchar(255) DEFAULT NULL,
  `multicurrency_tx` double(24,8) DEFAULT '1.00000000',
  `multicurrency_total_ht` double(24,8) DEFAULT '0.00000000',
  `multicurrency_total_tva` double(24,8) DEFAULT '0.00000000',
  `multicurrency_total_ttc` double(24,8) DEFAULT '0.00000000',
  PRIMARY KEY (`rowid`),
  UNIQUE KEY `uk_facture_fourn_ref` (`ref`,`entity`),
  UNIQUE KEY `uk_facture_fourn_ref_supplier` (`ref_supplier`,`fk_soc`,`entity`),
  KEY `idx_facture_fourn_date_lim_reglement` (`date_lim_reglement`),
  KEY `idx_facture_fourn_fk_soc` (`fk_soc`),
  KEY `idx_facture_fourn_fk_user_author` (`fk_user_author`),
  KEY `idx_facture_fourn_fk_user_valid` (`fk_user_valid`),
  KEY `idx_facture_fourn_fk_projet` (`fk_projet`),
  CONSTRAINT `fk_facture_fourn_fk_projet` FOREIGN KEY (`fk_projet`) REFERENCES `llx_projet` (`rowid`),
  CONSTRAINT `fk_facture_fourn_fk_soc` FOREIGN KEY (`fk_soc`) REFERENCES `llx_societe` (`rowid`),
  CONSTRAINT `fk_facture_fourn_fk_user_author` FOREIGN KEY (`fk_user_author`) REFERENCES `llx_user` (`rowid`),
  CONSTRAINT `fk_facture_fourn_fk_user_valid` FOREIGN KEY (`fk_user_valid`) REFERENCES `llx_user` (`rowid`)
) ENGINE=InnoDB AUTO_INCREMENT=21 DEFAULT CHARSET=utf8;

--
-- Dumping data for table `llx_facture_fourn`
--

INSERT INTO `llx_facture_fourn` VALUES (16,'SI1601-0001','FR70813',1,NULL,0,1,'2012-12-19 15:24:11','2003-04-11','2017-02-06 04:08:22','OVH FR70813',0,0.00000000,0.00000000,NULL,NULL,0.00000000,0.00000000,0.00000000,0.00000000,829.00000000,162.48000000,991.48000000,1,1,NULL,12,NULL,NULL,NULL,1,NULL,'2003-04-11','','',NULL,NULL,NULL,NULL,NULL,NULL,NULL,1.00000000,0.00000000,0.00000000,0.00000000),(17,'SI1601-0002','FR81385',1,NULL,0,1,'2013-02-13 17:19:35','2003-06-04','2017-02-06 04:08:31','OVH FR81385',0,0.00000000,0.00000000,NULL,NULL,0.00000000,0.00000000,0.00000000,0.00000000,26.00000000,5.10000000,31.10000000,0,1,NULL,NULL,NULL,NULL,NULL,1,NULL,'2003-06-04','','','canelle',NULL,NULL,NULL,NULL,NULL,NULL,1.00000000,0.00000000,0.00000000,0.00000000),(18,'SI1601-0003','FR81385',1,NULL,0,2,'2013-02-13 17:20:25','2003-06-04','2017-02-06 04:08:35','OVH FR81385',0,0.00000000,0.00000000,NULL,NULL,0.00000000,0.00000000,0.00000000,0.00000000,26.00000000,5.10000000,31.10000000,0,1,NULL,NULL,NULL,NULL,NULL,1,NULL,'2003-06-04','','',NULL,NULL,NULL,NULL,NULL,NULL,NULL,1.00000000,0.00000000,0.00000000,0.00000000),(19,'SI1601-0004','FR813852',1,NULL,0,2,'2013-03-16 17:59:02','2013-03-16','2017-02-06 04:08:38','OVH FR81385',0,0.00000000,0.00000000,NULL,NULL,0.00000000,0.00000000,0.00000000,0.00000000,26.00000000,5.10000000,31.10000000,0,1,NULL,NULL,NULL,NULL,NULL,1,NULL,NULL,'','',NULL,NULL,NULL,NULL,NULL,NULL,NULL,1.00000000,0.00000000,0.00000000,0.00000000),(20,'SI1702-0001','INV-AE56ER08',1,NULL,0,13,'2017-02-01 19:00:31','2017-02-01','2017-02-01 15:05:28','',0,0.00000000,0.00000000,NULL,NULL,0.00000000,0.00000000,0.00000000,0.00000000,200.00000000,39.20000000,239.20000000,1,12,NULL,12,NULL,5,NULL,1,0,'2017-02-01','The customer has called us the 24th april. He agree us to not pay the remain of invoice due to default.<br />\r\nLet\'s see with our book keeper, if we must cancel invoice or ask the supplier a credit note...',NULL,'canelle',NULL,NULL,0,'',0,'EUR',1.00000000,200.00000000,39.20000000,239.20000000);

--
-- Table structure for table `llx_facture_fourn_det`
--

CREATE TABLE `llx_facture_fourn_det` (
  `rowid` int(11) NOT NULL AUTO_INCREMENT,
  `fk_facture_fourn` int(11) NOT NULL,
  `fk_parent_line` int(11) DEFAULT NULL,
  `fk_product` int(11) DEFAULT NULL,
  `ref` varchar(50) DEFAULT NULL,
  `label` varchar(255) DEFAULT NULL,
  `description` text,
  `pu_ht` double(24,8) DEFAULT NULL,
  `pu_ttc` double(24,8) DEFAULT NULL,
  `qty` double DEFAULT NULL,
  `remise_percent` double DEFAULT '0',
  `tva_tx` double(6,3) DEFAULT NULL,
  `vat_src_code` varchar(10) DEFAULT '',
  `localtax1_tx` double(6,3) DEFAULT '0.000',
  `localtax1_type` varchar(10) NOT NULL DEFAULT '0',
  `localtax2_tx` double(6,3) DEFAULT '0.000',
  `localtax2_type` varchar(10) NOT NULL DEFAULT '0',
  `total_ht` double(24,8) DEFAULT NULL,
  `tva` double(24,8) DEFAULT NULL,
  `total_localtax1` double(24,8) DEFAULT '0.00000000',
  `total_localtax2` double(24,8) DEFAULT '0.00000000',
  `total_ttc` double(24,8) DEFAULT NULL,
  `product_type` int(11) DEFAULT '0',
  `date_start` datetime DEFAULT NULL,
  `date_end` datetime DEFAULT NULL,
  `info_bits` int(11) NOT NULL DEFAULT '0',
  `import_key` varchar(14) DEFAULT NULL,
  `fk_code_ventilation` int(11) NOT NULL DEFAULT '0',
  `special_code` int(11) DEFAULT '0',
  `rang` int(11) DEFAULT '0',
  `fk_unit` int(11) DEFAULT NULL,
  `fk_multicurrency` int(11) DEFAULT NULL,
  `multicurrency_code` varchar(255) DEFAULT NULL,
  `multicurrency_subprice` double(24,8) DEFAULT '0.00000000',
  `multicurrency_total_ht` double(24,8) DEFAULT '0.00000000',
  `multicurrency_total_tva` double(24,8) DEFAULT '0.00000000',
  `multicurrency_total_ttc` double(24,8) DEFAULT '0.00000000',
  PRIMARY KEY (`rowid`),
  KEY `idx_facture_fourn_det_fk_facture` (`fk_facture_fourn`),
  KEY `fk_facture_fourn_det_fk_unit` (`fk_unit`),
  KEY `idx_facture_fourn_det_fk_code_ventilation` (`fk_code_ventilation`),
  KEY `idx_facture_fourn_det_fk_product` (`fk_product`),
  CONSTRAINT `fk_facture_fourn_det_fk_facture` FOREIGN KEY (`fk_facture_fourn`) REFERENCES `llx_facture_fourn` (`rowid`),
  CONSTRAINT `fk_facture_fourn_det_fk_unit` FOREIGN KEY (`fk_unit`) REFERENCES `llx_c_units` (`rowid`)
) ENGINE=InnoDB AUTO_INCREMENT=54 DEFAULT CHARSET=utf8;

--
-- Dumping data for table `llx_facture_fourn_det`
--

INSERT INTO `llx_facture_fourn_det` VALUES (44,16,NULL,NULL,NULL,NULL,'<strong>ref :sd.loc.sp.512.6</strong><br>6 mois - Location de SuperPlan avec la connexion 512kbs<br>Du 11/04/2003 &agrave; 11/10/2003',414.00000000,495.14400000,1,0,19.600,'',0.000,'',0.000,'',414.00000000,81.14000000,0.00000000,0.00000000,495.14000000,0,NULL,NULL,0,NULL,0,0,0,NULL,NULL,NULL,0.00000000,0.00000000,0.00000000,0.00000000),(45,16,NULL,NULL,NULL,NULL,'<strong>ref :sd.loc.sp.512.6</strong><br>6 mois - Location de SuperPlan avec la connexion 512kbs<br>Du 11/10/2003 &agrave; 11/04/2004',414.00000000,495.14400000,1,0,19.600,'',0.000,'',0.000,'',414.00000000,81.14000000,0.00000000,0.00000000,495.14000000,0,NULL,NULL,0,NULL,0,0,0,NULL,NULL,NULL,0.00000000,0.00000000,0.00000000,0.00000000),(46,16,NULL,NULL,NULL,NULL,'<strong>ref :sd.installation.annuel</strong><br>Frais de mise en service d\'un serveur dédié pour un paiement annuel<br>',1.00000000,1.19600000,1,0,19.600,'',0.000,'',0.000,'',1.00000000,0.20000000,0.00000000,0.00000000,1.20000000,0,NULL,NULL,0,NULL,0,0,0,NULL,NULL,NULL,0.00000000,0.00000000,0.00000000,0.00000000),(47,17,NULL,NULL,NULL,NULL,'<strong>ref :bk.full250.creation</strong><br>Création du compte backup ftp 250Mo.<br>',1.00000000,1.19600000,1,0,19.600,'',0.000,'',0.000,'',1.00000000,0.20000000,0.00000000,0.00000000,1.20000000,0,NULL,NULL,0,NULL,0,0,0,NULL,NULL,NULL,0.00000000,0.00000000,0.00000000,0.00000000),(48,17,NULL,NULL,NULL,NULL,'<strong>ref :bk.full250.12</strong><br>Redevance pour un backup de 250Mo sur 12 mois<br>',25.00000000,29.90000000,1,0,19.600,'',0.000,'',0.000,'',25.00000000,4.90000000,0.00000000,0.00000000,29.90000000,0,NULL,NULL,0,NULL,0,0,0,NULL,NULL,NULL,0.00000000,0.00000000,0.00000000,0.00000000),(49,18,NULL,NULL,NULL,NULL,'<strong>ref :bk.full250.creation</strong><br>Création du compte backup ftp 250Mo.<br>',1.00000000,1.19600000,1,0,19.600,'',0.000,'',0.000,'',1.00000000,0.20000000,0.00000000,0.00000000,1.20000000,0,NULL,NULL,0,NULL,0,0,0,NULL,NULL,NULL,0.00000000,0.00000000,0.00000000,0.00000000),(50,18,NULL,NULL,NULL,NULL,'<strong>ref :bk.full250.12</strong><br>Redevance pour un backup de 250Mo sur 12 mois<br>',25.00000000,29.90000000,1,0,19.600,'',0.000,'',0.000,'',25.00000000,4.90000000,0.00000000,0.00000000,29.90000000,0,NULL,NULL,0,NULL,0,0,0,NULL,NULL,NULL,0.00000000,0.00000000,0.00000000,0.00000000),(51,19,NULL,NULL,NULL,NULL,'<strong>ref :bk.full250.creation</strong><br>Création du compte backup ftp 250Mo.<br>',1.00000000,1.19600000,1,0,19.600,'',0.000,'0',0.000,'0',1.00000000,0.20000000,0.00000000,0.00000000,1.20000000,0,NULL,NULL,0,NULL,0,0,0,NULL,NULL,NULL,0.00000000,0.00000000,0.00000000,0.00000000),(52,19,NULL,NULL,NULL,NULL,'<strong>ref :bk.full250.12</strong><br>Redevance pour un backup de 250Mo sur 12 mois<br>',25.00000000,29.90000000,1,0,19.600,'',0.000,'0',0.000,'0',25.00000000,4.90000000,0.00000000,0.00000000,29.90000000,0,NULL,NULL,0,NULL,0,0,0,NULL,NULL,NULL,0.00000000,0.00000000,0.00000000,0.00000000),(53,20,NULL,NULL,NULL,NULL,'Chips',20.00000000,23.92000000,10,0,19.600,'',0.000,'0',0.000,'0',200.00000000,39.20000000,0.00000000,0.00000000,239.20000000,0,NULL,NULL,0,NULL,0,0,0,NULL,0,'EUR',20.00000000,200.00000000,39.20000000,239.20000000);

--
-- Table structure for table `llx_facture_fourn_det_extrafields`
--

CREATE TABLE `llx_facture_fourn_det_extrafields` (
  `rowid` int(11) NOT NULL AUTO_INCREMENT,
  `tms` timestamp NOT NULL DEFAULT CURRENT_TIMESTAMP ON UPDATE CURRENT_TIMESTAMP,
  `fk_object` int(11) NOT NULL,
  `import_key` varchar(14) DEFAULT NULL,
  PRIMARY KEY (`rowid`),
  KEY `idx_facture_fourn_det_extrafields` (`fk_object`)
) ENGINE=InnoDB DEFAULT CHARSET=utf8;

--
-- Dumping data for table `llx_facture_fourn_det_extrafields`
--


--
-- Table structure for table `llx_facture_fourn_extrafields`
--

CREATE TABLE `llx_facture_fourn_extrafields` (
  `rowid` int(11) NOT NULL AUTO_INCREMENT,
  `tms` timestamp NOT NULL DEFAULT CURRENT_TIMESTAMP ON UPDATE CURRENT_TIMESTAMP,
  `fk_object` int(11) NOT NULL,
  `import_key` varchar(14) DEFAULT NULL,
  PRIMARY KEY (`rowid`),
  KEY `idx_facture_fourn_extrafields` (`fk_object`)
) ENGINE=InnoDB DEFAULT CHARSET=latin1;

--
-- Dumping data for table `llx_facture_fourn_extrafields`
--


--
-- Table structure for table `llx_facture_rec`
--

CREATE TABLE `llx_facture_rec` (
  `rowid` int(11) NOT NULL AUTO_INCREMENT,
  `titre` varchar(50) NOT NULL,
  `entity` int(11) NOT NULL DEFAULT '1',
  `fk_soc` int(11) NOT NULL,
  `datec` datetime DEFAULT NULL,
  `amount` double(24,8) NOT NULL DEFAULT '0.00000000',
  `remise` double DEFAULT '0',
  `remise_percent` double DEFAULT '0',
  `remise_absolue` double DEFAULT '0',
  `tva` double(24,8) DEFAULT '0.00000000',
  `localtax1` double(24,8) DEFAULT '0.00000000',
  `localtax2` double(24,8) DEFAULT '0.00000000',
  `total` double(24,8) DEFAULT '0.00000000',
  `total_ttc` double(24,8) DEFAULT '0.00000000',
  `fk_user_author` int(11) DEFAULT NULL,
  `fk_projet` int(11) DEFAULT NULL,
  `fk_cond_reglement` int(11) DEFAULT '0',
  `fk_mode_reglement` int(11) DEFAULT '0',
  `date_lim_reglement` date DEFAULT NULL,
  `note_private` text,
  `note_public` text,
  `last_gen` varchar(7) DEFAULT NULL,
  `unit_frequency` varchar(2) DEFAULT 'd',
  `date_when` datetime DEFAULT NULL,
  `date_last_gen` datetime DEFAULT NULL,
  `nb_gen_done` int(11) DEFAULT NULL,
  `nb_gen_max` int(11) DEFAULT NULL,
  `frequency` int(11) DEFAULT NULL,
  `usenewprice` int(11) DEFAULT '0',
  `revenuestamp` double(24,8) DEFAULT '0.00000000',
  `auto_validate` int(11) DEFAULT '0',
  `fk_account` int(11) DEFAULT '0',
  `fk_multicurrency` int(11) DEFAULT NULL,
  `multicurrency_code` varchar(255) DEFAULT NULL,
  `multicurrency_tx` double(24,8) DEFAULT '1.00000000',
  `multicurrency_total_ht` double(24,8) DEFAULT '0.00000000',
  `multicurrency_total_tva` double(24,8) DEFAULT '0.00000000',
  `multicurrency_total_ttc` double(24,8) DEFAULT '0.00000000',
  `fk_user_modif` int(11) DEFAULT NULL,
  `tms` timestamp NOT NULL DEFAULT CURRENT_TIMESTAMP ON UPDATE CURRENT_TIMESTAMP,
  `vat_src_code` varchar(10) DEFAULT '',
  PRIMARY KEY (`rowid`),
  UNIQUE KEY `idx_facture_rec_uk_titre` (`titre`,`entity`),
  KEY `idx_facture_rec_fk_soc` (`fk_soc`),
  KEY `idx_facture_rec_fk_user_author` (`fk_user_author`),
  KEY `idx_facture_rec_fk_projet` (`fk_projet`),
  CONSTRAINT `fk_facture_rec_fk_projet` FOREIGN KEY (`fk_projet`) REFERENCES `llx_projet` (`rowid`),
  CONSTRAINT `fk_facture_rec_fk_soc` FOREIGN KEY (`fk_soc`) REFERENCES `llx_societe` (`rowid`),
  CONSTRAINT `fk_facture_rec_fk_user_author` FOREIGN KEY (`fk_user_author`) REFERENCES `llx_user` (`rowid`)
) ENGINE=InnoDB AUTO_INCREMENT=3 DEFAULT CHARSET=utf8;

--
-- Dumping data for table `llx_facture_rec`
--

INSERT INTO `llx_facture_rec` VALUES (1,'fsdfsfsfsf',1,10,'2017-02-07 03:47:00',0.00000000,0,0,0,0.00000000,0.00000000,0.00000000,10.00000000,10.00000000,12,NULL,1,0,NULL,NULL,NULL,NULL,'m',NULL,NULL,0,0,0,0,0.00000000,0,3,NULL,NULL,1.00000000,10.00000000,0.00000000,10.00000000,NULL,'2017-02-07 02:47:00',''),(2,'fffff',1,10,'2017-02-07 03:47:58',0.00000000,0,0,0,0.00000000,0.00000000,0.00000000,5.00000000,5.00000000,12,6,1,2,NULL,NULL,NULL,NULL,'m',NULL,NULL,0,0,0,0,0.00000000,0,4,NULL,NULL,1.00000000,5.00000000,0.00000000,5.00000000,NULL,'2017-02-07 02:47:58','');

--
