-- Dumping data for table `llx_paiementfourn_facturefourn`
--

INSERT INTO `llx_paiementfourn_facturefourn` VALUES (1,1,16,900,0.00000000),(2,2,20,200,200.00000000);

--
-- Table structure for table `llx_payment_donation`
--

CREATE TABLE `llx_payment_donation` (
  `rowid` int(11) NOT NULL AUTO_INCREMENT,
  `fk_donation` int(11) DEFAULT NULL,
  `datec` datetime DEFAULT NULL,
  `tms` timestamp NOT NULL DEFAULT CURRENT_TIMESTAMP ON UPDATE CURRENT_TIMESTAMP,
  `datep` datetime DEFAULT NULL,
  `amount` double(24,8) DEFAULT NULL,
  `fk_typepayment` int(11) NOT NULL,
  `num_payment` varchar(50) COLLATE utf8_unicode_ci DEFAULT NULL,
  `note` text COLLATE utf8_unicode_ci,
  `fk_bank` int(11) NOT NULL,
  `fk_user_creat` int(11) DEFAULT NULL,
  `fk_user_modif` int(11) DEFAULT NULL,
  PRIMARY KEY (`rowid`)
) ENGINE=InnoDB AUTO_INCREMENT=2 DEFAULT CHARSET=utf8 COLLATE=utf8_unicode_ci;

--
-- Dumping data for table `llx_payment_donation`
--

INSERT INTO `llx_payment_donation` VALUES (1,3,'2017-09-06 20:08:36','2017-09-06 16:08:36','2017-09-06 12:00:00',10.00000000,4,'','',38,12,NULL);

--
-- Table structure for table `llx_payment_expensereport`
--

CREATE TABLE `llx_payment_expensereport` (
  `rowid` int(11) NOT NULL AUTO_INCREMENT,
  `fk_expensereport` int(11) DEFAULT NULL,
  `datec` datetime DEFAULT NULL,
  `tms` timestamp NOT NULL DEFAULT CURRENT_TIMESTAMP ON UPDATE CURRENT_TIMESTAMP,
  `datep` datetime DEFAULT NULL,
  `amount` double(24,8) DEFAULT NULL,
  `fk_typepayment` int(11) NOT NULL,
  `num_payment` varchar(50) COLLATE utf8_unicode_ci DEFAULT NULL,
  `note` text COLLATE utf8_unicode_ci,
  `fk_bank` int(11) NOT NULL,
  `fk_user_creat` int(11) DEFAULT NULL,
  `fk_user_modif` int(11) DEFAULT NULL,
  PRIMARY KEY (`rowid`)
) ENGINE=InnoDB AUTO_INCREMENT=3 DEFAULT CHARSET=utf8 COLLATE=utf8_unicode_ci;

--
-- Dumping data for table `llx_payment_expensereport`
--

INSERT INTO `llx_payment_expensereport` VALUES (1,1,'2017-02-16 02:13:13','2017-02-15 22:13:13','2017-02-16 12:00:00',5.00000000,7,'','',0,12,NULL),(2,1,'2017-02-16 02:22:09','2017-02-15 22:22:09','2017-02-16 12:00:00',1.00000000,7,'','',36,12,NULL);

--
-- Table structure for table `llx_payment_loan`
--

CREATE TABLE `llx_payment_loan` (
  `rowid` int(11) NOT NULL AUTO_INCREMENT,
  `fk_loan` int(11) DEFAULT NULL,
  `datec` datetime DEFAULT NULL,
  `tms` timestamp NOT NULL DEFAULT CURRENT_TIMESTAMP ON UPDATE CURRENT_TIMESTAMP,
  `datep` datetime DEFAULT NULL,
  `amount_capital` double(24,8) DEFAULT NULL,
  `amount_insurance` double(24,8) DEFAULT NULL,
  `amount_interest` double(24,8) DEFAULT NULL,
  `fk_typepayment` int(11) NOT NULL,
  `num_payment` varchar(50) COLLATE utf8_unicode_ci DEFAULT NULL,
  `note_private` text COLLATE utf8_unicode_ci,
  `note_public` text COLLATE utf8_unicode_ci,
  `fk_bank` int(11) NOT NULL,
  `fk_user_creat` int(11) DEFAULT NULL,
  `fk_user_modif` int(11) DEFAULT NULL,
  PRIMARY KEY (`rowid`)
) ENGINE=InnoDB DEFAULT CHARSET=utf8 COLLATE=utf8_unicode_ci;

--
-- Dumping data for table `llx_payment_loan`
--


--
-- Table structure for table `llx_payment_salary`
--

CREATE TABLE `llx_payment_salary` (
  `rowid` int(11) NOT NULL AUTO_INCREMENT,
  `tms` timestamp NOT NULL DEFAULT CURRENT_TIMESTAMP ON UPDATE CURRENT_TIMESTAMP,
  `datec` datetime DEFAULT NULL,
  `fk_user` int(11) NOT NULL,
  `datep` date DEFAULT NULL,
  `datev` date DEFAULT NULL,
  `salary` double(24,8) DEFAULT NULL,
  `amount` double(24,8) DEFAULT NULL,
  `fk_typepayment` int(11) NOT NULL,
  `num_payment` varchar(50) COLLATE utf8_unicode_ci DEFAULT NULL,
  `label` varchar(255) COLLATE utf8_unicode_ci DEFAULT NULL,
  `datesp` date DEFAULT NULL,
  `dateep` date DEFAULT NULL,
  `entity` int(11) NOT NULL DEFAULT '1',
  `note` text COLLATE utf8_unicode_ci,
  `fk_bank` int(11) DEFAULT NULL,
  `fk_user_author` int(11) DEFAULT NULL,
  `fk_user_modif` int(11) DEFAULT NULL,
  PRIMARY KEY (`rowid`),
  KEY `idx_payment_salary_ref` (`num_payment`),
  KEY `idx_payment_salary_user` (`fk_user`,`entity`),
  KEY `idx_payment_salary_datep` (`datep`),
  KEY `idx_payment_salary_datesp` (`datesp`),
  KEY `idx_payment_salary_dateep` (`dateep`),
  CONSTRAINT `fk_payment_salary_user` FOREIGN KEY (`fk_user`) REFERENCES `llx_user` (`rowid`)
) ENGINE=InnoDB DEFAULT CHARSET=utf8 COLLATE=utf8_unicode_ci;

--
-- Dumping data for table `llx_payment_salary`
--


--
-- Table structure for table `llx_payment_various`
--

CREATE TABLE `llx_payment_various` (
  `rowid` int(11) NOT NULL AUTO_INCREMENT,
  `tms` timestamp NOT NULL DEFAULT CURRENT_TIMESTAMP ON UPDATE CURRENT_TIMESTAMP,
  `datec` datetime DEFAULT NULL,
  `datep` date DEFAULT NULL,
  `datev` date DEFAULT NULL,
  `sens` smallint(6) NOT NULL DEFAULT '0',
  `amount` double(24,8) NOT NULL DEFAULT '0.00000000',
  `fk_typepayment` int(11) NOT NULL,
  `num_payment` varchar(50) COLLATE utf8_unicode_ci DEFAULT NULL,
  `label` varchar(255) COLLATE utf8_unicode_ci DEFAULT NULL,
  `accountancy_code` varchar(32) COLLATE utf8_unicode_ci DEFAULT NULL,
  `fk_projet` int(11) DEFAULT NULL,
  `entity` int(11) NOT NULL DEFAULT '1',
  `note` text COLLATE utf8_unicode_ci,
  `fk_bank` int(11) DEFAULT NULL,
  `fk_user_author` int(11) DEFAULT NULL,
  `fk_user_modif` int(11) DEFAULT NULL,
  PRIMARY KEY (`rowid`)
) ENGINE=InnoDB AUTO_INCREMENT=3 DEFAULT CHARSET=utf8 COLLATE=utf8_unicode_ci;

--
-- Dumping data for table `llx_payment_various`
--

INSERT INTO `llx_payment_various` VALUES (2,'2017-07-14 14:46:19','2017-07-14 18:46:19','2017-07-14','2017-07-14',0,123.00000000,4,'','Miscellaneous payment','518',NULL,1,NULL,48,12,NULL);

--
-- Table structure for table `llx_prelevement_bons`
--

CREATE TABLE `llx_prelevement_bons` (
  `rowid` int(11) NOT NULL AUTO_INCREMENT,
  `ref` varchar(12) COLLATE utf8_unicode_ci DEFAULT NULL,
  `entity` int(11) NOT NULL DEFAULT '1',
  `datec` datetime DEFAULT NULL,
  `amount` double(24,8) DEFAULT NULL,
  `statut` smallint(6) DEFAULT '0',
  `credite` smallint(6) DEFAULT '0',
  `note` text COLLATE utf8_unicode_ci,
  `date_trans` datetime DEFAULT NULL,
  `method_trans` smallint(6) DEFAULT NULL,
  `fk_user_trans` int(11) DEFAULT NULL,
  `date_credit` datetime DEFAULT NULL,
  `fk_user_credit` int(11) DEFAULT NULL,
  PRIMARY KEY (`rowid`),
  UNIQUE KEY `uk_prelevement_bons_ref` (`ref`,`entity`)
) ENGINE=InnoDB AUTO_INCREMENT=2 DEFAULT CHARSET=utf8 COLLATE=utf8_unicode_ci;

--
-- Dumping data for table `llx_prelevement_bons`
--

INSERT INTO `llx_prelevement_bons` VALUES (1,'T170201',1,'2017-02-21 15:53:46',50.00000000,2,0,NULL,'2017-02-21 12:00:00',0,12,'2017-02-21 12:00:00',12);

--
-- Table structure for table `llx_prelevement_facture`
--

CREATE TABLE `llx_prelevement_facture` (
  `rowid` int(11) NOT NULL AUTO_INCREMENT,
  `fk_facture` int(11) NOT NULL,
  `fk_prelevement_lignes` int(11) NOT NULL,
  PRIMARY KEY (`rowid`),
  KEY `idx_prelevement_facture_fk_prelevement_lignes` (`fk_prelevement_lignes`),
  CONSTRAINT `fk_prelevement_facture_fk_prelevement_lignes` FOREIGN KEY (`fk_prelevement_lignes`) REFERENCES `llx_prelevement_lignes` (`rowid`)
) ENGINE=InnoDB AUTO_INCREMENT=2 DEFAULT CHARSET=utf8 COLLATE=utf8_unicode_ci;

--
-- Dumping data for table `llx_prelevement_facture`
--

INSERT INTO `llx_prelevement_facture` VALUES (1,211,1);

--
-- Table structure for table `llx_prelevement_facture_demande`
--

CREATE TABLE `llx_prelevement_facture_demande` (
  `rowid` int(11) NOT NULL AUTO_INCREMENT,
  `fk_facture` int(11) NOT NULL,
  `amount` double(24,8) DEFAULT NULL,
  `date_demande` datetime NOT NULL,
  `traite` smallint(6) DEFAULT '0',
  `date_traite` datetime DEFAULT NULL,
  `fk_prelevement_bons` int(11) DEFAULT NULL,
  `fk_user_demande` int(11) NOT NULL,
  `code_banque` varchar(128) COLLATE utf8_unicode_ci DEFAULT NULL,
  `code_guichet` varchar(6) COLLATE utf8_unicode_ci DEFAULT NULL,
  `number` varchar(255) COLLATE utf8_unicode_ci DEFAULT NULL,
  `cle_rib` varchar(5) COLLATE utf8_unicode_ci DEFAULT NULL,
  PRIMARY KEY (`rowid`)
) ENGINE=InnoDB AUTO_INCREMENT=2 DEFAULT CHARSET=utf8 COLLATE=utf8_unicode_ci;

--
-- Dumping data for table `llx_prelevement_facture_demande`
--

INSERT INTO `llx_prelevement_facture_demande` VALUES (1,211,50.00000000,'2017-02-06 08:11:17',1,'2017-02-21 15:53:46',1,12,'','','','');

--
-- Table structure for table `llx_prelevement_lignes`
--

CREATE TABLE `llx_prelevement_lignes` (
  `rowid` int(11) NOT NULL AUTO_INCREMENT,
  `fk_prelevement_bons` int(11) DEFAULT NULL,
  `fk_soc` int(11) NOT NULL,
  `statut` smallint(6) DEFAULT '0',
  `client_nom` varchar(255) COLLATE utf8_unicode_ci DEFAULT NULL,
  `amount` double(24,8) DEFAULT NULL,
  `code_banque` varchar(128) COLLATE utf8_unicode_ci DEFAULT NULL,
  `code_guichet` varchar(6) COLLATE utf8_unicode_ci DEFAULT NULL,
  `number` varchar(255) COLLATE utf8_unicode_ci DEFAULT NULL,
  `cle_rib` varchar(5) COLLATE utf8_unicode_ci DEFAULT NULL,
  `note` text COLLATE utf8_unicode_ci,
  PRIMARY KEY (`rowid`),
  KEY `idx_prelevement_lignes_fk_prelevement_bons` (`fk_prelevement_bons`),
  CONSTRAINT `fk_prelevement_lignes_fk_prelevement_bons` FOREIGN KEY (`fk_prelevement_bons`) REFERENCES `llx_prelevement_bons` (`rowid`)
) ENGINE=InnoDB AUTO_INCREMENT=2 DEFAULT CHARSET=utf8 COLLATE=utf8_unicode_ci;

--
-- Dumping data for table `llx_prelevement_lignes`
--

INSERT INTO `llx_prelevement_lignes` VALUES (1,1,19,2,'Magic Food Store',50.00000000,'','','','',NULL);

--
-- Table structure for table `llx_prelevement_rejet`
--

CREATE TABLE `llx_prelevement_rejet` (
  `rowid` int(11) NOT NULL AUTO_INCREMENT,
  `fk_prelevement_lignes` int(11) DEFAULT NULL,
  `date_rejet` datetime DEFAULT NULL,
  `motif` int(11) DEFAULT NULL,
  `date_creation` datetime DEFAULT NULL,
  `fk_user_creation` int(11) DEFAULT NULL,
  `note` text COLLATE utf8_unicode_ci,
  `afacturer` tinyint(4) DEFAULT '0',
  `fk_facture` int(11) DEFAULT NULL,
  PRIMARY KEY (`rowid`)
) ENGINE=InnoDB DEFAULT CHARSET=utf8 COLLATE=utf8_unicode_ci;

--
-- Dumping data for table `llx_prelevement_rejet`
--


--
-- Table structure for table `llx_printer_receipt`
--

CREATE TABLE `llx_printer_receipt` (
  `rowid` int(11) NOT NULL AUTO_INCREMENT,
  `name` varchar(128) COLLATE utf8_unicode_ci DEFAULT NULL,
  `fk_type` int(11) DEFAULT NULL,
  `fk_profile` int(11) DEFAULT NULL,
  `parameter` varchar(128) COLLATE utf8_unicode_ci DEFAULT NULL,
  `entity` int(11) DEFAULT NULL,
  PRIMARY KEY (`rowid`)
) ENGINE=InnoDB DEFAULT CHARSET=utf8 COLLATE=utf8_unicode_ci;

--
-- Dumping data for table `llx_printer_receipt`
--


--
-- Table structure for table `llx_printer_receipt_template`
--

CREATE TABLE `llx_printer_receipt_template` (
  `rowid` int(11) NOT NULL AUTO_INCREMENT,
  `name` varchar(128) COLLATE utf8_unicode_ci DEFAULT NULL,
  `template` text COLLATE utf8_unicode_ci,
  `entity` int(11) DEFAULT NULL,
  PRIMARY KEY (`rowid`)
) ENGINE=InnoDB DEFAULT CHARSET=utf8 COLLATE=utf8_unicode_ci;

--
-- Dumping data for table `llx_printer_receipt_template`
--


--
-- Table structure for table `llx_printing`
--

CREATE TABLE `llx_printing` (
  `rowid` int(11) NOT NULL AUTO_INCREMENT,
  `tms` timestamp NOT NULL DEFAULT CURRENT_TIMESTAMP ON UPDATE CURRENT_TIMESTAMP,
  `datec` datetime DEFAULT NULL,
  `printer_name` text COLLATE utf8_unicode_ci NOT NULL,
  `printer_location` text COLLATE utf8_unicode_ci NOT NULL,
  `printer_id` varchar(255) COLLATE utf8_unicode_ci NOT NULL,
  `copy` int(11) NOT NULL DEFAULT '1',
  `module` varchar(16) COLLATE utf8_unicode_ci NOT NULL,
  `driver` varchar(16) COLLATE utf8_unicode_ci NOT NULL,
  `userid` int(11) DEFAULT NULL,
  PRIMARY KEY (`rowid`)
) ENGINE=InnoDB DEFAULT CHARSET=utf8 COLLATE=utf8_unicode_ci;

--
-- Dumping data for table `llx_printing`
--


--
-- Table structure for table `llx_product`
--

CREATE TABLE `llx_product` (
  `rowid` int(11) NOT NULL AUTO_INCREMENT,
  `datec` datetime DEFAULT NULL,
  `tms` timestamp NOT NULL DEFAULT CURRENT_TIMESTAMP ON UPDATE CURRENT_TIMESTAMP,
  `virtual` tinyint(4) NOT NULL DEFAULT '0',
  `fk_parent` int(11) DEFAULT '0',
  `ref` varchar(128) COLLATE utf8_unicode_ci NOT NULL,
  `entity` int(11) NOT NULL DEFAULT '1',
  `ref_ext` varchar(128) COLLATE utf8_unicode_ci DEFAULT NULL,
  `label` varchar(255) COLLATE utf8_unicode_ci NOT NULL,
  `description` text COLLATE utf8_unicode_ci,
  `note` text COLLATE utf8_unicode_ci,
  `customcode` varchar(32) COLLATE utf8_unicode_ci DEFAULT NULL,
  `fk_country` int(11) DEFAULT NULL,
  `price` double(24,8) DEFAULT '0.00000000',
  `price_ttc` double(24,8) DEFAULT '0.00000000',
  `price_min` double(24,8) DEFAULT '0.00000000',
  `price_min_ttc` double(24,8) DEFAULT '0.00000000',
  `price_base_type` varchar(3) COLLATE utf8_unicode_ci DEFAULT 'HT',
  `tva_tx` double(6,3) DEFAULT NULL,
  `recuperableonly` int(11) NOT NULL DEFAULT '0',
  `localtax1_tx` double(6,3) DEFAULT '0.000',
  `localtax1_type` varchar(10) COLLATE utf8_unicode_ci NOT NULL DEFAULT '0',
  `localtax2_tx` double(6,3) DEFAULT '0.000',
  `localtax2_type` varchar(10) COLLATE utf8_unicode_ci NOT NULL DEFAULT '0',
  `fk_user_author` int(11) DEFAULT NULL,
  `fk_user_modif` int(11) DEFAULT NULL,
  `tosell` tinyint(4) DEFAULT '1',
  `tobuy` tinyint(4) DEFAULT '1',
  `onportal` smallint(6) DEFAULT '0',
  `tobatch` tinyint(4) NOT NULL DEFAULT '0',
  `fk_product_type` int(11) DEFAULT '0',
  `duration` varchar(6) COLLATE utf8_unicode_ci DEFAULT NULL,
  `seuil_stock_alerte` int(11) DEFAULT NULL,
  `url` varchar(255) COLLATE utf8_unicode_ci DEFAULT NULL,
  `barcode` varchar(255) COLLATE utf8_unicode_ci DEFAULT NULL,
  `fk_barcode_type` int(11) DEFAULT NULL,
  `accountancy_code_sell` varchar(32) COLLATE utf8_unicode_ci DEFAULT NULL,
  `accountancy_code_sell_intra` varchar(32) COLLATE utf8_unicode_ci DEFAULT NULL,
  `accountancy_code_sell_export` varchar(32) COLLATE utf8_unicode_ci DEFAULT NULL,
  `accountancy_code_buy` varchar(32) COLLATE utf8_unicode_ci DEFAULT NULL,
  `partnumber` varchar(32) COLLATE utf8_unicode_ci DEFAULT NULL,
  `weight` float DEFAULT NULL,
  `weight_units` tinyint(4) DEFAULT NULL,
  `length` float DEFAULT NULL,
  `length_units` tinyint(4) DEFAULT NULL,
  `surface` float DEFAULT NULL,
  `surface_units` tinyint(4) DEFAULT NULL,
  `volume` float DEFAULT NULL,
  `volume_units` tinyint(4) DEFAULT NULL,
  `stock` double DEFAULT NULL,
  `pmp` double(24,8) NOT NULL DEFAULT '0.00000000',
  `fifo` double(24,8) DEFAULT NULL,
  `lifo` double(24,8) DEFAULT NULL,
  `canvas` varchar(32) COLLATE utf8_unicode_ci DEFAULT 'default@product',
  `finished` tinyint(4) DEFAULT NULL,
  `hidden` tinyint(4) DEFAULT '0',
  `import_key` varchar(14) COLLATE utf8_unicode_ci DEFAULT NULL,
  `desiredstock` int(11) DEFAULT '0',
  `fk_price_expression` int(11) DEFAULT NULL,
  `fk_unit` int(11) DEFAULT NULL,
  `cost_price` double(24,8) DEFAULT NULL,
  `default_vat_code` varchar(10) COLLATE utf8_unicode_ci DEFAULT NULL,
  `price_autogen` smallint(6) DEFAULT '0',
  `note_public` text COLLATE utf8_unicode_ci,
  `model_pdf` varchar(255) COLLATE utf8_unicode_ci DEFAULT '',
  `width` float DEFAULT NULL,
  `width_units` tinyint(4) DEFAULT NULL,
  `height` float DEFAULT NULL,
  `height_units` tinyint(4) DEFAULT NULL,
  `fk_default_warehouse` int(11) DEFAULT NULL,
  PRIMARY KEY (`rowid`),
  UNIQUE KEY `uk_product_ref` (`ref`,`entity`),
  UNIQUE KEY `uk_product_barcode` (`barcode`,`fk_barcode_type`,`entity`),
  KEY `idx_product_label` (`label`),
  KEY `idx_product_barcode` (`barcode`),
  KEY `idx_product_import_key` (`import_key`),
  KEY `idx_product_fk_country` (`fk_country`),
  KEY `idx_product_fk_user_author` (`fk_user_author`),
  KEY `idx_product_fk_barcode_type` (`fk_barcode_type`),
  KEY `fk_product_fk_unit` (`fk_unit`),
  KEY `idx_product_seuil_stock_alerte` (`seuil_stock_alerte`),
  KEY `fk_product_default_warehouse` (`fk_default_warehouse`),
  CONSTRAINT `fk_product_barcode_type` FOREIGN KEY (`fk_barcode_type`) REFERENCES `llx_c_barcode_type` (`rowid`),
  CONSTRAINT `fk_product_default_warehouse` FOREIGN KEY (`fk_default_warehouse`) REFERENCES `llx_entrepot` (`rowid`),
  CONSTRAINT `fk_product_fk_country` FOREIGN KEY (`fk_country`) REFERENCES `llx_c_country` (`rowid`),
  CONSTRAINT `fk_product_fk_unit` FOREIGN KEY (`fk_unit`) REFERENCES `llx_c_units` (`rowid`)
) ENGINE=InnoDB AUTO_INCREMENT=14 DEFAULT CHARSET=utf8 COLLATE=utf8_unicode_ci;

--
-- Dumping data for table `llx_product`
--

INSERT INTO `llx_product` VALUES (1,'2010-07-08 14:33:17','2016-01-16 16:30:35',0,0,'PINKDRESS',1,NULL,'Pink dress','A beatifull pink dress','','',NULL,100.00000000,112.50000000,90.00000000,101.25000000,'HT',12.500,0,0.000,'0',0.000,'0',1,NULL,1,1,0,0,0,'',NULL,NULL,'123456789066',2,'701PINKDRESS',NULL,NULL,'601PINKDRESS',NULL,670,-3,NULL,0,NULL,0,NULL,0,2,0.00000000,NULL,NULL,NULL,1,0,NULL,NULL,NULL,NULL,NULL,NULL,0,NULL,'',NULL,NULL,NULL,NULL,NULL),(2,'2010-07-09 00:30:01','2016-01-16 16:37:14',0,0,'PEARPIE',1,NULL,'Pear Pie','','','',NULL,0.00000000,0.00000000,0.00000000,0.00000000,'HT',12.500,0,0.000,'0',0.000,'0',1,NULL,1,1,0,0,0,'',NULL,NULL,'123456789077',2,'',NULL,NULL,'',NULL,NULL,0,NULL,0,NULL,0,NULL,0,998,0.00000000,NULL,NULL,NULL,NULL,0,NULL,NULL,NULL,NULL,NULL,NULL,0,NULL,'',NULL,NULL,NULL,NULL,NULL),(3,'2010-07-09 00:30:25','2016-01-16 16:40:03',0,0,'CAKECONTRIB',1,NULL,'Cake making contribution','','','',NULL,0.00000000,0.00000000,0.00000000,0.00000000,'HT',12.500,0,0.000,'0',0.000,'0',1,NULL,1,1,0,0,1,'1m',NULL,NULL,'123456789088',2,'701CAKEM',NULL,NULL,'601CAKEM',NULL,NULL,NULL,NULL,NULL,NULL,NULL,NULL,NULL,NULL,0.00000000,NULL,NULL,NULL,0,0,NULL,NULL,NULL,NULL,NULL,NULL,0,NULL,'',NULL,NULL,NULL,NULL,NULL),(4,'2010-07-10 14:44:06','2016-01-16 15:58:20',0,0,'APPLEPIE',1,NULL,'Apple Pie','Nice Bio Apple Pie.<br />\r\n&nbsp;','','',NULL,5.00000000,5.62500000,0.00000000,0.00000000,'HT',12.500,0,0.000,'0',0.000,'0',1,NULL,1,1,0,0,0,'',NULL,NULL,'123456789034',2,'701',NULL,NULL,'601',NULL,500,-3,NULL,0,NULL,0,NULL,0,1001,10.00000000,NULL,NULL,NULL,1,0,NULL,NULL,NULL,NULL,NULL,NULL,0,NULL,'',NULL,NULL,NULL,NULL,NULL),(5,'2011-07-20 23:11:38','2016-01-16 16:18:24',0,0,'DOLIDROID',1,NULL,'DoliDroid, Android app for Dolibarr','<strong><span style=\"font-family:roboto,uilanguagefont,arial,sans-serif; font-size:14px\">DoliDroid is the Android front-end client for Dolibarr ERP &amp; CRM web software.</span><br />\r\n<span style=\"font-family:roboto,uilanguagefont,arial,sans-serif; font-size:14px\">This application is not a standalone program. It is a front end to use a online hosted Dolibarr ERP &amp; CRM software (an Open-source web software to manage your business).</span></strong>\r\n<p><u>The advantage of DoliDroid are :</u><br />\r\n- DoliDroid is not a duplicate code of Dolibarr, but a front-end of a Dolibarr web installation, so all your online existing features are supported by this application. This is also true for external modules features.<br />\r\n- Upgrading Dolibarr will not break DoliDroid.<br />\r\n- DoliDroid use embedded image resources to reduce bandwidth usage.<br />\r\n- DoliDroid use internal cache for pages that should not change (like menu page)<br />\r\n- Connections parameters are saved. No need to enter them each time you use DoliDroid.<br />\r\n- Integration with your phone or other applications (Clicking on PDF open PDF reader, clicking onto email or phone launch your email application or launch Android dialer, ...)</p>\r\n\r\n<p><span style=\"color:#DAA520\"><strong>WARNING !&nbsp;</strong></span></p>\r\n\r\n<p>This application need Android 4.0+ and a hosted Dolibarr ERP &amp; CRM version 3.5 or newer accessible by internet<br />\r\n(For example, when hosted on any SaaS solution like DoliCloud -&nbsp;<a href=\"https://www.google.com/url?q=https://www.google.com/url?q%3Dhttp://www.dolicloud.com%26sa%3DD%26usg%3DAFQjCNGdd9htz4JDciiMtScpBwK83qIRkw&amp;sa=D&amp;usg=AFQjCNGMpCbxNnU5BiK59e368K5AR0l_pg\" style=\"text-decoration: none; color: rgb(51, 105, 30); cursor: pointer;\" target=\"_blank\">http://www.dolicloud.com</a>).</p>','','',NULL,10.00000000,11.96000000,0.00000000,0.00000000,'HT',19.600,0,0.000,'0',0.000,'0',1,NULL,1,1,0,0,0,'',NULL,'https://play.google.com/store/apps/details?id=com.nltechno.dolidroidpro','123456789023',2,'701',NULL,NULL,'601',NULL,NULL,0,NULL,0,NULL,0,NULL,0,NULL,0.00000000,NULL,NULL,'',NULL,0,NULL,NULL,NULL,NULL,NULL,NULL,0,NULL,'',NULL,NULL,NULL,NULL,NULL),(10,'2008-12-31 00:00:00','2017-02-16 00:12:09',0,0,'COMP-XP4523',1,NULL,'Computer XP4523','A powerfull computer XP4523&nbsp;','This product is imported.<br />\r\nWarning: Delay to get it are not reliable.','USXP765',11,100.00000000,110.00000000,0.00000000,0.00000000,'HT',10.000,0,0.000,'0',0.000,'0',NULL,12,1,1,0,1,0,'',150,NULL,'123456789055',2,'701OLDC',NULL,NULL,'601OLDC',NULL,1.7,0,NULL,0,NULL,0,NULL,0,110,0.00000000,NULL,NULL,NULL,NULL,0,'20110729232310',200,NULL,NULL,NULL,NULL,0,NULL,'',NULL,NULL,NULL,NULL,NULL),(11,'2013-01-13 20:24:42','2016-07-30 13:42:31',0,0,'ROLLUPABC',1,NULL,'Rollup Dolibarr','A nice rollup','','',NULL,0.00000000,0.00000000,0.00000000,0.00000000,'HT',0.000,0,0.000,'0',0.000,'0',1,12,0,0,0,0,0,'',NULL,NULL,'123456789044',2,'',NULL,NULL,'',NULL,2.5,0,NULL,0,2.34,0,NULL,0,-1,0.00000000,NULL,NULL,'',1,0,NULL,NULL,NULL,NULL,NULL,NULL,0,NULL,'',NULL,NULL,NULL,NULL,NULL),(12,'2016-07-30 17:31:29','2016-07-30 13:35:02',0,0,'DOLICLOUD',1,NULL,'SaaS service of Dolibarr ERP CRM','Cloud hosting of Dolibarr ERP and CRM software','','',NULL,9.00000000,9.00000000,9.00000000,9.00000000,'HT',0.000,0,0.000,'0',0.000,'0',12,12,1,1,0,0,1,'',NULL,'http://www.dolicloud.com','123456789013',2,'',NULL,NULL,'',NULL,NULL,NULL,NULL,NULL,NULL,NULL,NULL,NULL,NULL,0.00000000,NULL,NULL,'',0,0,NULL,NULL,NULL,NULL,8.50000000,NULL,0,NULL,'',NULL,NULL,NULL,NULL,NULL),(13,'2017-02-16 03:49:00','2017-02-15 23:49:27',0,0,'COMP-XP4548',1,NULL,'Computer XP4523','A powerfull computer XP4523&nbsp;','This product is imported.<br />\r\nWarning: Delay to get it are not reliable.','USXP765',11,100.00000000,110.00000000,0.00000000,0.00000000,'HT',10.000,0,0.000,'0',0.000,'0',12,12,1,1,0,1,0,'',150,NULL,NULL,2,'',NULL,NULL,'',NULL,1.7,0,NULL,0,NULL,0,NULL,0,NULL,0.00000000,NULL,NULL,'',NULL,0,NULL,200,NULL,NULL,NULL,NULL,0,NULL,'',NULL,NULL,NULL,NULL,NULL);

--
-- Table structure for table `llx_product_association`
--

CREATE TABLE `llx_product_association` (
  `rowid` int(11) NOT NULL AUTO_INCREMENT,
  `fk_product_pere` int(11) NOT NULL DEFAULT '0',
  `fk_product_fils` int(11) NOT NULL DEFAULT '0',
  `qty` double DEFAULT NULL,
  `incdec` int(11) DEFAULT '1',
  PRIMARY KEY (`rowid`),
  UNIQUE KEY `uk_product_association` (`fk_product_pere`,`fk_product_fils`),
  KEY `idx_product_association` (`fk_product_fils`),
  KEY `idx_product_association_fils` (`fk_product_fils`)
) ENGINE=InnoDB AUTO_INCREMENT=5 DEFAULT CHARSET=utf8 COLLATE=utf8_unicode_ci;

--
-- Dumping data for table `llx_product_association`
--

INSERT INTO `llx_product_association` VALUES (2,5,1,1,1),(3,4,3,5,1),(4,4,1,2,1);

--
-- Table structure for table `llx_product_attribute`
--

CREATE TABLE `llx_product_attribute` (
  `rowid` int(11) NOT NULL AUTO_INCREMENT,
  `ref` varchar(255) COLLATE utf8_unicode_ci NOT NULL,
  `label` varchar(255) COLLATE utf8_unicode_ci NOT NULL,
  `rang` int(11) NOT NULL DEFAULT '0',
  `entity` int(11) NOT NULL DEFAULT '1',
  PRIMARY KEY (`rowid`),
  UNIQUE KEY `uk_product_attribute_ref` (`ref`),
  UNIQUE KEY `unique_ref` (`ref`)
) ENGINE=InnoDB DEFAULT CHARSET=utf8 COLLATE=utf8_unicode_ci;

--
-- Dumping data for table `llx_product_attribute`
--


--
-- Table structure for table `llx_product_attribute_combination`
--

CREATE TABLE `llx_product_attribute_combination` (
  `rowid` int(11) NOT NULL AUTO_INCREMENT,
  `fk_product_parent` int(11) NOT NULL,
  `fk_product_child` int(11) NOT NULL,
  `variation_price` float NOT NULL,
  `variation_price_percentage` int(11) DEFAULT NULL,
  `variation_weight` float NOT NULL,
  `entity` int(11) NOT NULL DEFAULT '1',
  PRIMARY KEY (`rowid`)
) ENGINE=InnoDB DEFAULT CHARSET=utf8 COLLATE=utf8_unicode_ci;

--
-- Dumping data for table `llx_product_attribute_combination`
--


--
-- Table structure for table `llx_product_attribute_combination2val`
--

CREATE TABLE `llx_product_attribute_combination2val` (
  `rowid` int(11) NOT NULL AUTO_INCREMENT,
  `fk_prod_combination` int(11) NOT NULL,
  `fk_prod_attr` int(11) NOT NULL,
  `fk_prod_attr_val` int(11) NOT NULL,
  PRIMARY KEY (`rowid`)
) ENGINE=InnoDB DEFAULT CHARSET=utf8 COLLATE=utf8_unicode_ci;

--
-- Dumping data for table `llx_product_attribute_combination2val`
--


--
-- Table structure for table `llx_product_attribute_value`
--

CREATE TABLE `llx_product_attribute_value` (
  `rowid` int(11) NOT NULL AUTO_INCREMENT,
  `fk_product_attribute` int(11) NOT NULL,
  `ref` varchar(255) COLLATE utf8_unicode_ci DEFAULT NULL,
  `value` varchar(255) COLLATE utf8_unicode_ci DEFAULT NULL,
  `entity` int(11) NOT NULL DEFAULT '1',
  PRIMARY KEY (`rowid`),
  UNIQUE KEY `uk_product_attribute_value` (`fk_product_attribute`,`ref`)
) ENGINE=InnoDB DEFAULT CHARSET=utf8 COLLATE=utf8_unicode_ci;

--
-- Dumping data for table `llx_product_attribute_value`
--


--
-- Table structure for table `llx_product_batch`
--

CREATE TABLE `llx_product_batch` (
  `rowid` int(11) NOT NULL AUTO_INCREMENT,
  `tms` timestamp NOT NULL DEFAULT CURRENT_TIMESTAMP ON UPDATE CURRENT_TIMESTAMP,
  `fk_product_stock` int(11) NOT NULL,
  `eatby` datetime DEFAULT NULL,
  `sellby` datetime DEFAULT NULL,
  `batch` varchar(30) COLLATE utf8_unicode_ci DEFAULT NULL,
  `qty` double NOT NULL DEFAULT '0',
  `import_key` varchar(14) COLLATE utf8_unicode_ci DEFAULT NULL,
  PRIMARY KEY (`rowid`),
  UNIQUE KEY `uk_product_batch` (`fk_product_stock`,`batch`),
  KEY `idx_fk_product_stock` (`fk_product_stock`),
  KEY `ix_fk_product_stock` (`fk_product_stock`),
  KEY `idx_batch` (`batch`),
  CONSTRAINT `fk_product_batch_fk_product_stock` FOREIGN KEY (`fk_product_stock`) REFERENCES `llx_product_stock` (`rowid`)
) ENGINE=InnoDB AUTO_INCREMENT=4 DEFAULT CHARSET=utf8 COLLATE=utf8_unicode_ci;

--
-- Dumping data for table `llx_product_batch`
--

INSERT INTO `llx_product_batch` VALUES (1,'2016-07-30 13:40:39',8,NULL,NULL,'5599887766452',15,NULL),(2,'2016-07-30 13:40:12',8,NULL,NULL,'4494487766452',60,NULL),(3,'2017-02-16 00:12:09',9,NULL,NULL,'5599887766452',35,NULL);

--
-- Table structure for table `llx_product_customer_price`
--

CREATE TABLE `llx_product_customer_price` (
  `rowid` int(11) NOT NULL AUTO_INCREMENT,
  `entity` int(11) NOT NULL DEFAULT '1',
  `datec` datetime DEFAULT NULL,
  `tms` timestamp NOT NULL DEFAULT CURRENT_TIMESTAMP ON UPDATE CURRENT_TIMESTAMP,
  `fk_product` int(11) NOT NULL,
  `fk_soc` int(11) NOT NULL,
  `price` double(24,8) DEFAULT '0.00000000',
  `price_ttc` double(24,8) DEFAULT '0.00000000',
  `price_min` double(24,8) DEFAULT '0.00000000',
  `price_min_ttc` double(24,8) DEFAULT '0.00000000',
  `price_base_type` varchar(3) COLLATE utf8_unicode_ci DEFAULT 'HT',
  `tva_tx` double(6,3) DEFAULT NULL,
  `default_vat_code` varchar(10) COLLATE utf8_unicode_ci DEFAULT NULL,
  `recuperableonly` int(11) NOT NULL DEFAULT '0',
  `localtax1_tx` double(6,3) DEFAULT '0.000',
  `localtax1_type` varchar(10) COLLATE utf8_unicode_ci NOT NULL DEFAULT '0',
  `localtax2_tx` double(6,3) DEFAULT '0.000',
  `localtax2_type` varchar(10) COLLATE utf8_unicode_ci NOT NULL DEFAULT '0',
  `fk_user` int(11) DEFAULT NULL,
  `import_key` varchar(14) COLLATE utf8_unicode_ci DEFAULT NULL,
  PRIMARY KEY (`rowid`),
  UNIQUE KEY `uk_customer_price_fk_product_fk_soc` (`fk_product`,`fk_soc`),
  KEY `idx_product_customer_price_fk_user` (`fk_user`),
  KEY `fk_customer_price_fk_soc` (`fk_soc`),
  KEY `idx_product_customer_price_fk_soc` (`fk_soc`),
  CONSTRAINT `fk_customer_price_fk_product` FOREIGN KEY (`fk_product`) REFERENCES `llx_product` (`rowid`) ON DELETE CASCADE,
  CONSTRAINT `fk_customer_price_fk_soc` FOREIGN KEY (`fk_soc`) REFERENCES `llx_societe` (`rowid`) ON DELETE CASCADE,
  CONSTRAINT `fk_product_customer_price_fk_product` FOREIGN KEY (`fk_product`) REFERENCES `llx_product` (`rowid`),
  CONSTRAINT `fk_product_customer_price_fk_soc` FOREIGN KEY (`fk_soc`) REFERENCES `llx_societe` (`rowid`),
  CONSTRAINT `fk_product_customer_price_fk_user` FOREIGN KEY (`fk_user`) REFERENCES `llx_user` (`rowid`)
) ENGINE=InnoDB DEFAULT CHARSET=utf8 COLLATE=utf8_unicode_ci;

--
-- Dumping data for table `llx_product_customer_price`
--


--
-- Table structure for table `llx_product_customer_price_log`
--

CREATE TABLE `llx_product_customer_price_log` (
  `rowid` int(11) NOT NULL AUTO_INCREMENT,
  `entity` int(11) NOT NULL DEFAULT '1',
  `datec` datetime DEFAULT NULL,
  `fk_product` int(11) NOT NULL,
  `fk_soc` int(11) NOT NULL,
  `price` double(24,8) DEFAULT '0.00000000',
  `price_ttc` double(24,8) DEFAULT '0.00000000',
  `price_min` double(24,8) DEFAULT '0.00000000',
  `price_min_ttc` double(24,8) DEFAULT '0.00000000',
  `price_base_type` varchar(3) COLLATE utf8_unicode_ci DEFAULT 'HT',
  `tva_tx` double(6,3) DEFAULT NULL,
  `recuperableonly` int(11) NOT NULL DEFAULT '0',
  `localtax1_tx` double(6,3) DEFAULT '0.000',
  `localtax1_type` varchar(10) COLLATE utf8_unicode_ci NOT NULL DEFAULT '0',
  `localtax2_tx` double(6,3) DEFAULT '0.000',
  `localtax2_type` varchar(10) COLLATE utf8_unicode_ci NOT NULL DEFAULT '0',
  `fk_user` int(11) DEFAULT NULL,
  `import_key` varchar(14) COLLATE utf8_unicode_ci DEFAULT NULL,
  `default_vat_code` varchar(10) COLLATE utf8_unicode_ci DEFAULT NULL,
  PRIMARY KEY (`rowid`)
) ENGINE=InnoDB DEFAULT CHARSET=utf8 COLLATE=utf8_unicode_ci;

--
-- Dumping data for table `llx_product_customer_price_log`
--


--
-- Table structure for table `llx_product_extrafields`
--

CREATE TABLE `llx_product_extrafields` (
  `rowid` int(11) NOT NULL AUTO_INCREMENT,
  `tms` timestamp NOT NULL DEFAULT CURRENT_TIMESTAMP ON UPDATE CURRENT_TIMESTAMP,
  `fk_object` int(11) NOT NULL,
  `import_key` varchar(14) COLLATE utf8_unicode_ci DEFAULT NULL,
  PRIMARY KEY (`rowid`),
  KEY `idx_product_extrafields` (`fk_object`)
) ENGINE=InnoDB DEFAULT CHARSET=utf8 COLLATE=utf8_unicode_ci;

--
-- Dumping data for table `llx_product_extrafields`
--


--
-- Table structure for table `llx_product_factory`
--

CREATE TABLE `llx_product_factory` (
  `rowid` int(11) NOT NULL AUTO_INCREMENT,
  `fk_product_father` int(11) NOT NULL DEFAULT '0',
  `fk_product_children` int(11) NOT NULL DEFAULT '0',
  `pmp` double(24,8) DEFAULT '0.00000000',
  `price` double(24,8) DEFAULT '0.00000000',
  `qty` double DEFAULT NULL,
  PRIMARY KEY (`rowid`),
  UNIQUE KEY `uk_product_factory` (`fk_product_father`,`fk_product_children`),
  KEY `idx_product_factory_fils` (`fk_product_children`)
) ENGINE=InnoDB AUTO_INCREMENT=4 DEFAULT CHARSET=utf8 COLLATE=utf8_unicode_ci;

--
-- Dumping data for table `llx_product_factory`
--

INSERT INTO `llx_product_factory` VALUES (2,26,25,0.00000000,0.00000000,3),(3,27,26,0.00000000,0.00000000,2);

--
-- Table structure for table `llx_product_fournisseur_price`
--

CREATE TABLE `llx_product_fournisseur_price` (
  `rowid` int(11) NOT NULL AUTO_INCREMENT,
  `datec` datetime DEFAULT NULL,
  `tms` timestamp NOT NULL DEFAULT CURRENT_TIMESTAMP ON UPDATE CURRENT_TIMESTAMP,
  `fk_product` int(11) DEFAULT NULL,
  `fk_soc` int(11) DEFAULT NULL,
  `ref_fourn` varchar(30) COLLATE utf8_unicode_ci DEFAULT NULL,
  `fk_availability` int(11) DEFAULT NULL,
  `price` double(24,8) DEFAULT '0.00000000',
  `quantity` double DEFAULT NULL,
  `remise_percent` double NOT NULL DEFAULT '0',
  `remise` double NOT NULL DEFAULT '0',
  `unitprice` double(24,8) DEFAULT '0.00000000',
  `charges` double(24,8) DEFAULT '0.00000000',
  `tva_tx` double(6,3) NOT NULL DEFAULT '0.000',
  `default_vat_code` varchar(10) COLLATE utf8_unicode_ci DEFAULT NULL,
  `info_bits` int(11) NOT NULL DEFAULT '0',
  `fk_user` int(11) DEFAULT NULL,
  `import_key` varchar(14) COLLATE utf8_unicode_ci DEFAULT NULL,
  `entity` int(11) NOT NULL DEFAULT '1',
  `fk_supplier_price_expression` int(11) DEFAULT NULL,
  `fk_price_expression` int(11) DEFAULT NULL,
  `delivery_time_days` int(11) DEFAULT NULL,
  `supplier_reputation` varchar(10) COLLATE utf8_unicode_ci DEFAULT NULL,
  `multicurrency_tx` double(24,8) DEFAULT '1.00000000',
  `multicurrency_unitprice` double(24,8) DEFAULT NULL,
  `fk_multicurrency` int(11) DEFAULT NULL,
  `multicurrency_code` varchar(255) COLLATE utf8_unicode_ci DEFAULT NULL,
  `multicurrency_price` double(24,8) DEFAULT NULL,
  `localtax1_tx` double(6,3) DEFAULT '0.000',
  `localtax1_type` varchar(10) COLLATE utf8_unicode_ci NOT NULL DEFAULT '0',
  `localtax2_tx` double(6,3) DEFAULT '0.000',
  `localtax2_type` varchar(10) COLLATE utf8_unicode_ci NOT NULL DEFAULT '0',
  PRIMARY KEY (`rowid`),
  UNIQUE KEY `uk_product_fournisseur_price_ref` (`ref_fourn`,`fk_soc`,`quantity`,`entity`),
  KEY `idx_product_fournisseur_price_fk_user` (`fk_user`),
  KEY `idx_product_fourn_price_fk_product` (`fk_product`,`entity`),
  KEY `idx_product_fourn_price_fk_soc` (`fk_soc`,`entity`),
  CONSTRAINT `fk_product_fournisseur_price_fk_product` FOREIGN KEY (`fk_product`) REFERENCES `llx_product` (`rowid`),
  CONSTRAINT `fk_product_fournisseur_price_fk_user` FOREIGN KEY (`fk_user`) REFERENCES `llx_user` (`rowid`)
) ENGINE=InnoDB AUTO_INCREMENT=4 DEFAULT CHARSET=utf8 COLLATE=utf8_unicode_ci;

--
-- Dumping data for table `llx_product_fournisseur_price`
--

INSERT INTO `llx_product_fournisseur_price` VALUES (1,'2010-07-11 18:45:42','2012-12-08 13:11:08',4,1,'ABCD',NULL,10.00000000,1,0,0,10.00000000,0.00000000,0.000,NULL,0,1,NULL,1,NULL,NULL,NULL,NULL,1.00000000,NULL,NULL,NULL,NULL,0.000,'0',0.000,'0'),(2,'2016-07-30 17:34:38','2016-07-30 13:34:38',12,10,'BASIC',0,9.00000000,1,0,0,9.00000000,0.00000000,0.000,NULL,0,12,NULL,1,NULL,NULL,NULL,'FAVORITE',1.00000000,NULL,NULL,NULL,NULL,0.000,'0',0.000,'0'),(3,'2017-02-02 05:17:08','2017-02-02 01:17:08',1,10,'aaa',0,100.00000000,1,10,0,100.00000000,0.00000000,12.500,NULL,0,12,NULL,1,NULL,NULL,NULL,NULL,1.00000000,NULL,NULL,NULL,NULL,0.000,'0',0.000,'0');

--
-- Table structure for table `llx_product_fournisseur_price_log`
--

CREATE TABLE `llx_product_fournisseur_price_log` (
  `rowid` int(11) NOT NULL AUTO_INCREMENT,
  `datec` datetime DEFAULT NULL,
  `fk_product_fournisseur` int(11) NOT NULL,
  `price` double(24,8) DEFAULT '0.00000000',
  `quantity` double DEFAULT NULL,
  `fk_user` int(11) DEFAULT NULL,
  `fk_multicurrency` int(11) DEFAULT NULL,
  `multicurrency_code` varchar(255) COLLATE utf8_unicode_ci DEFAULT NULL,
  `multicurrency_tx` double(24,8) DEFAULT '1.00000000',
  `multicurrency_price` double(24,8) DEFAULT NULL,
  `multicurrency_unitprice` double(24,8) DEFAULT NULL,
  PRIMARY KEY (`rowid`)
) ENGINE=InnoDB AUTO_INCREMENT=2 DEFAULT CHARSET=utf8 COLLATE=utf8_unicode_ci;

--
-- Dumping data for table `llx_product_fournisseur_price_log`
--

INSERT INTO `llx_product_fournisseur_price_log` VALUES (1,'2010-07-11 18:45:42',1,10.00000000,1,1,NULL,NULL,1.00000000,NULL,NULL);

--
-- Table structure for table `llx_product_lang`
--

CREATE TABLE `llx_product_lang` (
  `rowid` int(11) NOT NULL AUTO_INCREMENT,
  `fk_product` int(11) NOT NULL DEFAULT '0',
  `lang` varchar(5) COLLATE utf8_unicode_ci NOT NULL DEFAULT '0',
  `label` varchar(255) COLLATE utf8_unicode_ci NOT NULL,
  `description` text COLLATE utf8_unicode_ci,
  `note` text COLLATE utf8_unicode_ci,
  `import_key` varchar(14) COLLATE utf8_unicode_ci DEFAULT NULL,
  PRIMARY KEY (`rowid`),
  UNIQUE KEY `uk_product_lang` (`fk_product`,`lang`),
  CONSTRAINT `fk_product_lang_fk_product` FOREIGN KEY (`fk_product`) REFERENCES `llx_product` (`rowid`)
) ENGINE=InnoDB AUTO_INCREMENT=18 DEFAULT CHARSET=utf8 COLLATE=utf8_unicode_ci;

--
-- Dumping data for table `llx_product_lang`
--

INSERT INTO `llx_product_lang` VALUES (1,1,'en_US','Pink dress','A beatifull pink dress','',NULL),(2,2,'en_US','Pear Pie','','',NULL),(3,3,'en_US','Cake making contribution','','',NULL),(4,4,'fr_FR','Decapsuleur','','',NULL),(5,5,'en_US','DoliDroid, Android app for Dolibarr','<strong><span style=\"font-family:roboto,uilanguagefont,arial,sans-serif; font-size:14px\">DoliDroid is the Android front-end client for Dolibarr ERP &amp; CRM web software.</span><br />\r\n<span style=\"font-family:roboto,uilanguagefont,arial,sans-serif; font-size:14px\">This application is not a standalone program. It is a front end to use a online hosted Dolibarr ERP &amp; CRM software (an Open-source web software to manage your business).</span></strong>\r\n<p><u>The advantage of DoliDroid are :</u><br />\r\n- DoliDroid is not a duplicate code of Dolibarr, but a front-end of a Dolibarr web installation, so all your online existing features are supported by this application. This is also true for external modules features.<br />\r\n- Upgrading Dolibarr will not break DoliDroid.<br />\r\n- DoliDroid use embedded image resources to reduce bandwidth usage.<br />\r\n- DoliDroid use internal cache for pages that should not change (like menu page)<br />\r\n- Connections parameters are saved. No need to enter them each time you use DoliDroid.<br />\r\n- Integration with your phone or other applications (Clicking on PDF open PDF reader, clicking onto email or phone launch your email application or launch Android dialer, ...)</p>\r\n\r\n<p><span style=\"color:#DAA520\"><strong>WARNING !&nbsp;</strong></span></p>\r\n\r\n<p>This application need Android 4.0+ and a hosted Dolibarr ERP &amp; CRM version 3.5 or newer accessible by internet<br />\r\n(For example, when hosted on any SaaS solution like DoliCloud -&nbsp;<a href=\"https://www.google.com/url?q=https://www.google.com/url?q%3Dhttp://www.dolicloud.com%26sa%3DD%26usg%3DAFQjCNGdd9htz4JDciiMtScpBwK83qIRkw&amp;sa=D&amp;usg=AFQjCNGMpCbxNnU5BiK59e368K5AR0l_pg\" style=\"text-decoration: none; color: rgb(51, 105, 30); cursor: pointer;\" target=\"_blank\">http://www.dolicloud.com</a>).</p>','',NULL),(9,11,'fr_FR','hfghf','','',NULL),(10,2,'fr_FR','Product P1','','',NULL),(11,4,'en_US','Apple Pie','Nice Bio Apple Pie.<br />\r\n&nbsp;','',NULL),(12,11,'en_US','Rollup Dolibarr','A nice rollup','',NULL),(13,10,'en_US','Computer XP4523','A powerfull computer XP4523&nbsp;','This product is imported.<br />\r\nWarning: Delay to get it are not reliable.',NULL),(14,12,'en_US','SaaS hosting of Dolibarr ERP CRM','Cloud hosting of Dolibarr ERP and CRM software','',NULL),(15,12,'fr_FR','Service SaaS Hébergement Dolibarr ERP CRM','Service SaaS d&#39;h&eacute;bergement de la solution Dolibarr ERP CRM','',NULL),(16,13,'en_US','Computer XP4523','A powerfull computer XP4523&nbsp;',NULL,NULL),(17,13,'fr_FR','Computer XP4523','A powerfull computer XP4523&nbsp;',NULL,NULL);

--
-- Table structure for table `llx_product_lot`
--

CREATE TABLE `llx_product_lot` (
  `rowid` int(11) NOT NULL AUTO_INCREMENT,
  `entity` int(11) DEFAULT '1',
  `fk_product` int(11) NOT NULL,
  `batch` varchar(30) COLLATE utf8_unicode_ci DEFAULT NULL,
  `eatby` date DEFAULT NULL,
  `sellby` date DEFAULT NULL,
  `datec` datetime DEFAULT NULL,
  `tms` timestamp NOT NULL DEFAULT CURRENT_TIMESTAMP ON UPDATE CURRENT_TIMESTAMP,
  `fk_user_creat` int(11) DEFAULT NULL,
  `fk_user_modif` int(11) DEFAULT NULL,
  `import_key` int(11) DEFAULT NULL,
  PRIMARY KEY (`rowid`),
  UNIQUE KEY `uk_product_lot` (`fk_product`,`batch`)
) ENGINE=InnoDB AUTO_INCREMENT=7 DEFAULT CHARSET=utf8 COLLATE=utf8_unicode_ci;

--
-- Dumping data for table `llx_product_lot`
--

INSERT INTO `llx_product_lot` VALUES (1,1,2,'123456','2016-07-07',NULL,'2016-07-21 20:55:19','2016-12-12 10:53:58',NULL,NULL,NULL),(2,1,2,'2222','2016-07-08','2016-07-07','2016-07-21 21:00:42','2016-12-12 10:53:58',NULL,NULL,NULL),(3,1,10,'5599887766452',NULL,NULL,'2016-07-30 17:39:31','2016-12-12 10:53:58',NULL,NULL,NULL),(4,1,10,'4494487766452',NULL,NULL,'2016-07-30 17:40:12','2016-12-12 10:53:58',NULL,NULL,NULL);

--
-- Table structure for table `llx_product_lot_extrafields`
--

CREATE TABLE `llx_product_lot_extrafields` (
  `rowid` int(11) NOT NULL AUTO_INCREMENT,
  `tms` timestamp NOT NULL DEFAULT CURRENT_TIMESTAMP ON UPDATE CURRENT_TIMESTAMP,
  `fk_object` int(11) NOT NULL,
  `import_key` varchar(14) COLLATE utf8_unicode_ci DEFAULT NULL,
  PRIMARY KEY (`rowid`),
  KEY `idx_product_lot_extrafields` (`fk_object`)
) ENGINE=InnoDB DEFAULT CHARSET=utf8 COLLATE=utf8_unicode_ci;

--
-- Dumping data for table `llx_product_lot_extrafields`
--


--
-- Table structure for table `llx_product_price`
--

CREATE TABLE `llx_product_price` (
  `rowid` int(11) NOT NULL AUTO_INCREMENT,
  `entity` int(11) NOT NULL DEFAULT '1',
  `tms` timestamp NOT NULL DEFAULT CURRENT_TIMESTAMP ON UPDATE CURRENT_TIMESTAMP,
  `fk_product` int(11) NOT NULL,
  `date_price` datetime DEFAULT NULL,
  `price_level` smallint(6) DEFAULT '1',
  `price` double(24,8) DEFAULT NULL,
  `price_ttc` double(24,8) DEFAULT NULL,
  `price_min` double(24,8) DEFAULT NULL,
  `price_min_ttc` double(24,8) DEFAULT NULL,
  `price_base_type` varchar(3) COLLATE utf8_unicode_ci DEFAULT 'HT',
  `tva_tx` double(6,3) NOT NULL,
  `default_vat_code` varchar(10) COLLATE utf8_unicode_ci DEFAULT NULL,
  `recuperableonly` int(11) NOT NULL DEFAULT '0',
  `localtax1_tx` double(6,3) DEFAULT '0.000',
  `localtax1_type` varchar(10) COLLATE utf8_unicode_ci NOT NULL DEFAULT '0',
  `localtax2_tx` double(6,3) DEFAULT '0.000',
  `localtax2_type` varchar(10) COLLATE utf8_unicode_ci NOT NULL DEFAULT '0',
  `fk_user_author` int(11) DEFAULT NULL,
  `tosell` tinyint(4) DEFAULT '1',
  `price_by_qty` int(11) NOT NULL DEFAULT '0',
  `import_key` varchar(14) COLLATE utf8_unicode_ci DEFAULT NULL,
  `fk_price_expression` int(11) DEFAULT NULL,
  `fk_multicurrency` int(11) DEFAULT NULL,
  `multicurrency_code` varchar(255) COLLATE utf8_unicode_ci DEFAULT NULL,
  `multicurrency_price` double(24,8) DEFAULT '0.00000000',
  `multicurrency_tx` double(24,8) DEFAULT '1.00000000',
  `multicurrency_price_ttc` double(24,8) DEFAULT NULL,
  PRIMARY KEY (`rowid`),
  KEY `idx_product_price_fk_user_author` (`fk_user_author`),
  KEY `idx_product_price_fk_product` (`fk_product`),
  CONSTRAINT `fk_product_price_product` FOREIGN KEY (`fk_product`) REFERENCES `llx_product` (`rowid`),
  CONSTRAINT `fk_product_price_user_author` FOREIGN KEY (`fk_user_author`) REFERENCES `llx_user` (`rowid`)
) ENGINE=InnoDB AUTO_INCREMENT=17 DEFAULT CHARSET=utf8 COLLATE=utf8_unicode_ci;

--
-- Dumping data for table `llx_product_price`
--

INSERT INTO `llx_product_price` VALUES (1,1,'2010-07-08 12:33:17',1,'2010-07-08 14:33:17',1,0.00000000,0.00000000,0.00000000,0.00000000,'HT',12.500,NULL,0,0.000,'0',0.000,'0',1,1,0,NULL,NULL,NULL,NULL,0.00000000,1.00000000,NULL),(2,1,'2010-07-08 22:30:01',2,'2010-07-09 00:30:01',1,0.00000000,0.00000000,0.00000000,0.00000000,'HT',12.500,NULL,0,0.000,'0',0.000,'0',1,1,0,NULL,NULL,NULL,NULL,0.00000000,1.00000000,NULL),(3,1,'2010-07-08 22:30:25',3,'2010-07-09 00:30:25',1,0.00000000,0.00000000,0.00000000,0.00000000,'HT',12.500,NULL,0,0.000,'0',0.000,'0',1,1,0,NULL,NULL,NULL,NULL,0.00000000,1.00000000,NULL),(4,1,'2010-07-10 12:44:06',4,'2010-07-10 14:44:06',1,0.00000000,0.00000000,0.00000000,0.00000000,'HT',12.500,NULL,0,0.000,'0',0.000,'0',1,1,0,NULL,NULL,NULL,NULL,0.00000000,1.00000000,NULL),(5,1,'2011-07-20 21:11:38',5,'2011-07-20 23:11:38',1,0.00000000,0.00000000,0.00000000,0.00000000,'HT',19.600,NULL,0,0.000,'0',0.000,'0',1,1,0,NULL,NULL,NULL,NULL,0.00000000,1.00000000,NULL),(6,1,'2011-07-27 17:02:59',5,'2011-07-27 19:02:59',1,10.00000000,11.96000000,0.00000000,0.00000000,'HT',19.600,NULL,0,0.000,'0',0.000,'0',1,1,0,NULL,NULL,NULL,NULL,0.00000000,1.00000000,NULL),(10,1,'2011-07-31 22:34:27',4,'2011-08-01 00:34:27',1,5.00000000,5.62500000,0.00000000,0.00000000,'HT',12.500,NULL,0,0.000,'0',0.000,'0',1,1,0,NULL,NULL,NULL,NULL,0.00000000,1.00000000,NULL),(12,1,'2013-01-13 19:24:59',11,'2013-01-13 20:24:59',1,0.00000000,0.00000000,0.00000000,0.00000000,'HT',0.000,NULL,0,0.000,'0',0.000,'0',1,1,0,NULL,NULL,NULL,NULL,0.00000000,1.00000000,NULL),(13,1,'2013-03-12 09:30:24',1,'2013-03-12 10:30:24',1,100.00000000,112.50000000,90.00000000,101.25000000,'HT',12.500,NULL,0,0.000,'0',0.000,'0',1,1,0,NULL,NULL,NULL,NULL,0.00000000,1.00000000,NULL),(14,1,'2016-07-30 13:31:29',12,'2016-07-30 17:31:29',1,9.00000000,9.00000000,9.00000000,9.00000000,'HT',0.000,NULL,0,0.000,'0',0.000,'0',12,1,0,NULL,NULL,NULL,NULL,0.00000000,1.00000000,NULL),(15,1,'2017-02-15 23:49:00',13,'2017-02-16 03:49:00',1,100.00000000,110.00000000,0.00000000,0.00000000,'HT',10.000,NULL,0,0.000,'0',0.000,'0',12,0,0,NULL,NULL,NULL,NULL,0.00000000,1.00000000,NULL),(16,1,'2017-08-30 15:04:04',10,'2017-08-30 19:04:04',1,100.00000000,110.00000000,0.00000000,0.00000000,'HT',10.000,NULL,0,0.000,'0',0.000,'0',12,1,0,NULL,NULL,NULL,NULL,0.00000000,1.00000000,NULL);

--
-- Table structure for table `llx_product_price_by_qty`
--

CREATE TABLE `llx_product_price_by_qty` (
  `rowid` int(11) NOT NULL AUTO_INCREMENT,
  `fk_product_price` int(11) NOT NULL,
  `price` double(24,8) DEFAULT '0.00000000',
  `price_ttc` double(24,8) DEFAULT '0.00000000',
  `remise_percent` double NOT NULL DEFAULT '0',
  `remise` double NOT NULL DEFAULT '0',
  `qty_min` double DEFAULT '0',
  `fk_user_creat` int(11) DEFAULT NULL,
  `fk_user_modif` int(11) DEFAULT NULL,
  `tms` timestamp NOT NULL DEFAULT CURRENT_TIMESTAMP ON UPDATE CURRENT_TIMESTAMP,
  `import_key` varchar(14) COLLATE utf8_unicode_ci DEFAULT NULL,
  `quantity` double DEFAULT NULL,
  `unitprice` double(24,8) DEFAULT '0.00000000',
  `price_base_type` varchar(3) COLLATE utf8_unicode_ci DEFAULT 'HT',
  `fk_multicurrency` int(11) DEFAULT NULL,
  `multicurrency_code` varchar(255) COLLATE utf8_unicode_ci DEFAULT NULL,
  `multicurrency_tx` double(24,8) DEFAULT '1.00000000',
  `multicurrency_price` double(24,8) DEFAULT NULL,
  `multicurrency_price_ttc` double(24,8) DEFAULT NULL,
  PRIMARY KEY (`rowid`),
  UNIQUE KEY `uk_product_price_by_qty_level` (`fk_product_price`,`quantity`),
  KEY `idx_product_price_by_qty_fk_product_price` (`fk_product_price`),
  CONSTRAINT `fk_product_price_by_qty_fk_product_price` FOREIGN KEY (`fk_product_price`) REFERENCES `llx_product_price` (`rowid`)
) ENGINE=InnoDB DEFAULT CHARSET=utf8 COLLATE=utf8_unicode_ci;

--
-- Dumping data for table `llx_product_price_by_qty`
--


--
-- Table structure for table `llx_product_pricerules`
--

CREATE TABLE `llx_product_pricerules` (
  `rowid` int(11) NOT NULL AUTO_INCREMENT,
  `level` int(11) NOT NULL,
  `fk_level` int(11) NOT NULL,
  `var_percent` float NOT NULL,
  `var_min_percent` float NOT NULL,
  PRIMARY KEY (`rowid`),
  UNIQUE KEY `unique_level` (`level`)
) ENGINE=InnoDB DEFAULT CHARSET=utf8 COLLATE=utf8_unicode_ci;

--
-- Dumping data for table `llx_product_pricerules`
--


--
-- Table structure for table `llx_product_stock`
--

CREATE TABLE `llx_product_stock` (
  `rowid` int(11) NOT NULL AUTO_INCREMENT,
  `tms` timestamp NOT NULL DEFAULT CURRENT_TIMESTAMP ON UPDATE CURRENT_TIMESTAMP,
  `fk_product` int(11) NOT NULL,
  `fk_entrepot` int(11) NOT NULL,
  `reel` double DEFAULT NULL,
  `import_key` varchar(14) COLLATE utf8_unicode_ci DEFAULT NULL,
  PRIMARY KEY (`rowid`),
  UNIQUE KEY `uk_product_stock` (`fk_product`,`fk_entrepot`),
  KEY `idx_product_stock_fk_product` (`fk_product`),
  KEY `idx_product_stock_fk_entrepot` (`fk_entrepot`)
) ENGINE=InnoDB AUTO_INCREMENT=10 DEFAULT CHARSET=utf8 COLLATE=utf8_unicode_ci;

--
-- Dumping data for table `llx_product_stock`
--

INSERT INTO `llx_product_stock` VALUES (1,'2010-07-08 22:43:51',2,2,1000,NULL),(3,'2010-07-10 23:02:20',4,2,1000,NULL),(4,'2013-01-19 17:22:48',4,1,1,NULL),(5,'2013-01-19 17:22:48',1,1,2,NULL),(6,'2013-01-19 17:22:48',11,1,-1,NULL),(7,'2013-01-19 17:31:58',2,1,-2,NULL),(8,'2016-07-30 13:40:39',10,2,75,NULL),(9,'2017-02-16 00:12:09',10,1,35,NULL);

--
-- Table structure for table `llx_product_subproduct`
--

CREATE TABLE `llx_product_subproduct` (
  `rowid` int(11) NOT NULL AUTO_INCREMENT,
  `fk_product` int(11) NOT NULL,
  `fk_product_subproduct` int(11) NOT NULL,
  PRIMARY KEY (`rowid`),
  UNIQUE KEY `fk_product` (`fk_product`,`fk_product_subproduct`)
) ENGINE=InnoDB DEFAULT CHARSET=utf8 COLLATE=utf8_unicode_ci;

--
-- Dumping data for table `llx_product_subproduct`
--


--
-- Table structure for table `llx_product_warehouse_properties`
--

CREATE TABLE `llx_product_warehouse_properties` (
  `rowid` int(11) NOT NULL AUTO_INCREMENT,
  `tms` timestamp NOT NULL DEFAULT CURRENT_TIMESTAMP ON UPDATE CURRENT_TIMESTAMP,
  `fk_product` int(11) NOT NULL,
  `fk_entrepot` int(11) NOT NULL,
  `seuil_stock_alerte` int(11) DEFAULT '0',
  `desiredstock` int(11) DEFAULT '0',
  `import_key` varchar(14) COLLATE utf8_unicode_ci DEFAULT NULL,
  PRIMARY KEY (`rowid`)
) ENGINE=InnoDB DEFAULT CHARSET=utf8 COLLATE=utf8_unicode_ci;

--
-- Dumping data for table `llx_product_warehouse_properties`
--


--
-- Table structure for table `llx_projet`
--

CREATE TABLE `llx_projet` (
  `rowid` int(11) NOT NULL AUTO_INCREMENT,
  `fk_soc` int(11) DEFAULT NULL,
  `datec` datetime DEFAULT NULL,
  `tms` timestamp NOT NULL DEFAULT CURRENT_TIMESTAMP ON UPDATE CURRENT_TIMESTAMP,
  `dateo` date DEFAULT NULL,
  `datee` date DEFAULT NULL,
  `ref` varchar(50) COLLATE utf8_unicode_ci DEFAULT NULL,
  `entity` int(11) NOT NULL DEFAULT '1',
  `title` varchar(255) COLLATE utf8_unicode_ci NOT NULL,
  `description` text COLLATE utf8_unicode_ci,
  `fk_user_creat` int(11) NOT NULL,
  `public` int(11) DEFAULT NULL,
  `fk_statut` smallint(6) NOT NULL DEFAULT '0',
  `fk_opp_status` int(11) DEFAULT NULL,
  `opp_percent` double(5,2) DEFAULT NULL,
  `note_private` text COLLATE utf8_unicode_ci,
  `note_public` text COLLATE utf8_unicode_ci,
  `model_pdf` varchar(255) COLLATE utf8_unicode_ci DEFAULT NULL,
  `budget_amount` double(24,8) DEFAULT NULL,
  `date_close` datetime DEFAULT NULL,
  `fk_user_close` int(11) DEFAULT NULL,
  `opp_amount` double(24,8) DEFAULT NULL,
  `import_key` varchar(14) COLLATE utf8_unicode_ci DEFAULT NULL,
  `fk_user_modif` int(11) DEFAULT NULL,
  `bill_time` int(11) DEFAULT '0',
  PRIMARY KEY (`rowid`),
  UNIQUE KEY `uk_projet_ref` (`ref`,`entity`),
  KEY `idx_projet_fk_soc` (`fk_soc`),
  CONSTRAINT `fk_projet_fk_soc` FOREIGN KEY (`fk_soc`) REFERENCES `llx_societe` (`rowid`)
) ENGINE=InnoDB AUTO_INCREMENT=10 DEFAULT CHARSET=utf8 COLLATE=utf8_unicode_ci;

--
-- Dumping data for table `llx_projet`
--

INSERT INTO `llx_projet` VALUES (1,11,'2010-07-09 00:00:00','2015-10-05 20:51:28','2010-07-09',NULL,'PROJ1',1,'Project One','',1,0,1,NULL,NULL,NULL,'gdfgdfg','baleine',NULL,NULL,NULL,NULL,NULL,NULL,0),(2,13,'2010-07-09 00:00:00','2015-10-05 20:51:51','2010-07-09',NULL,'PROJ2',1,'Project Two','',1,0,0,NULL,NULL,NULL,NULL,NULL,NULL,NULL,NULL,NULL,NULL,NULL,0),(3,1,'2010-07-09 00:00:00','2017-02-01 11:55:08','2010-07-09',NULL,'PROJINDIAN',1,'Project for Indian company move','',1,0,1,NULL,NULL,NULL,NULL,NULL,NULL,NULL,NULL,NULL,NULL,NULL,0),(4,NULL,'2010-07-09 00:00:00','2010-07-08 22:50:49','2010-07-09',NULL,'PROJSHARED',1,'The Global project','',1,1,1,NULL,NULL,NULL,NULL,NULL,NULL,NULL,NULL,NULL,NULL,NULL,0),(5,NULL,'2010-07-11 00:00:00','2017-02-01 15:01:51','2010-07-11','2011-07-14','RMLL',1,'Project management RMLL','',1,1,1,NULL,NULL,NULL,NULL,NULL,NULL,NULL,NULL,NULL,NULL,NULL,0),(6,10,'2016-07-30 00:00:00','2016-07-30 15:53:07','2016-07-30',NULL,'PJ1607-0001',1,'PROJALICE1','The Alice project number 1',12,0,1,2,20.00,NULL,NULL,NULL,5000.00000000,NULL,NULL,8000.00000000,NULL,NULL,0),(7,10,'2016-07-30 00:00:00','2017-02-01 12:24:37','2016-07-30',NULL,'PJ1607-0002',1,'PROJALICE2','The Alice project number 2',12,0,1,6,100.00,NULL,NULL,NULL,NULL,'2017-02-01 16:24:31',12,7000.00000000,NULL,NULL,0),(8,10,'2016-07-30 00:00:00','2016-07-30 15:53:23','2016-07-30',NULL,'PJ1607-0003',1,'PROJALICE2','The Alice project number 3',12,0,1,6,100.00,NULL,NULL,NULL,NULL,NULL,NULL,3550.00000000,NULL,NULL,0),(9,4,'2016-07-31 00:00:00','2016-07-31 14:27:26','2016-07-31',NULL,'PJ1607-0004',1,'Project Top X','',12,0,1,2,27.00,NULL,NULL,NULL,NULL,NULL,NULL,4000.00000000,NULL,NULL,0);

--
-- Table structure for table `llx_projet_extrafields`
--

CREATE TABLE `llx_projet_extrafields` (
  `rowid` int(11) NOT NULL AUTO_INCREMENT,
  `tms` timestamp NOT NULL DEFAULT CURRENT_TIMESTAMP ON UPDATE CURRENT_TIMESTAMP,
  `fk_object` int(11) NOT NULL,
  `import_key` varchar(14) COLLATE utf8_unicode_ci DEFAULT NULL,
  `priority` mediumtext COLLATE utf8_unicode_ci,
  PRIMARY KEY (`rowid`),
  KEY `idx_projet_extrafields` (`fk_object`)
) ENGINE=InnoDB AUTO_INCREMENT=17 DEFAULT CHARSET=utf8 COLLATE=utf8_unicode_ci;

--
-- Dumping data for table `llx_projet_extrafields`
--

INSERT INTO `llx_projet_extrafields` VALUES (5,'2016-07-30 15:53:07',6,NULL,'3'),(7,'2016-07-30 15:53:23',8,NULL,'5'),(9,'2016-07-31 14:27:24',9,NULL,'0'),(13,'2017-02-01 11:55:08',3,NULL,'0'),(15,'2017-02-01 12:24:31',7,NULL,'1'),(16,'2017-02-01 15:01:51',5,NULL,'0');

--
-- Table structure for table `llx_projet_task`
--

CREATE TABLE `llx_projet_task` (
  `rowid` int(11) NOT NULL AUTO_INCREMENT,
  `ref` varchar(50) COLLATE utf8_unicode_ci DEFAULT NULL,
  `entity` int(11) NOT NULL DEFAULT '1',
  `fk_projet` int(11) NOT NULL,
  `fk_task_parent` int(11) NOT NULL DEFAULT '0',
  `datec` datetime DEFAULT NULL,
  `tms` timestamp NOT NULL DEFAULT CURRENT_TIMESTAMP ON UPDATE CURRENT_TIMESTAMP,
  `dateo` datetime DEFAULT NULL,
  `datee` datetime DEFAULT NULL,
  `datev` datetime DEFAULT NULL,
  `label` varchar(255) COLLATE utf8_unicode_ci NOT NULL,
  `description` text COLLATE utf8_unicode_ci,
  `duration_effective` double DEFAULT '0',
  `planned_workload` double DEFAULT '0',
  `progress` int(11) DEFAULT '0',
  `priority` int(11) DEFAULT '0',
  `fk_user_creat` int(11) DEFAULT NULL,
  `fk_user_valid` int(11) DEFAULT NULL,
  `fk_statut` smallint(6) NOT NULL DEFAULT '0',
  `note_private` text COLLATE utf8_unicode_ci,
  `note_public` text COLLATE utf8_unicode_ci,
  `rang` int(11) DEFAULT '0',
  `model_pdf` varchar(255) COLLATE utf8_unicode_ci DEFAULT NULL,
  `import_key` varchar(14) COLLATE utf8_unicode_ci DEFAULT NULL,
  PRIMARY KEY (`rowid`),
  UNIQUE KEY `uk_projet_task_ref` (`ref`,`entity`),
  KEY `idx_projet_task_fk_projet` (`fk_projet`),
  KEY `idx_projet_task_fk_user_creat` (`fk_user_creat`),
  KEY `idx_projet_task_fk_user_valid` (`fk_user_valid`),
  CONSTRAINT `fk_projet_task_fk_projet` FOREIGN KEY (`fk_projet`) REFERENCES `llx_projet` (`rowid`),
  CONSTRAINT `fk_projet_task_fk_user_creat` FOREIGN KEY (`fk_user_creat`) REFERENCES `llx_user` (`rowid`),
  CONSTRAINT `fk_projet_task_fk_user_valid` FOREIGN KEY (`fk_user_valid`) REFERENCES `llx_user` (`rowid`)
) ENGINE=InnoDB AUTO_INCREMENT=11 DEFAULT CHARSET=utf8 COLLATE=utf8_unicode_ci;

--
-- Dumping data for table `llx_projet_task`
--

INSERT INTO `llx_projet_task` VALUES (2,'2',1,5,0,'2010-07-11 16:23:53','2013-09-08 23:06:14','2010-07-11 12:00:00','2011-07-14 12:00:00',NULL,'Heberger site RMLL','',0,0,0,0,1,NULL,0,NULL,NULL,0,NULL,NULL),(3,'TK1007-0001',1,1,0,'2014-12-21 13:52:41','2016-07-30 11:35:40','2014-12-21 16:52:00',NULL,NULL,'Analyze','',9000,36000,0,0,1,NULL,0,NULL,'gdfgdfgdf',0,NULL,NULL),(4,'TK1007-0002',1,1,0,'2014-12-21 13:55:39','2016-07-30 11:35:51','2014-12-21 16:55:00',NULL,NULL,'Specification','',7200,18000,25,0,1,NULL,0,NULL,NULL,0,NULL,NULL),(5,'TK1007-0003',1,1,0,'2014-12-21 14:16:58','2016-07-30 11:35:59','2014-12-21 17:16:00',NULL,NULL,'Development','',0,0,0,0,1,NULL,0,NULL,NULL,0,NULL,NULL),(6,'TK1607-0004',1,6,0,'2016-07-30 15:33:27','2016-07-30 11:34:47','2016-07-30 02:00:00',NULL,NULL,'Project preparation phase A','',75600,720000,10,0,12,NULL,0,NULL,NULL,0,NULL,NULL),(7,'TK1607-0005',1,6,0,'2016-07-30 15:33:39','2017-01-30 11:23:39','2016-07-30 02:00:00',NULL,NULL,'Project preparation phase B','',40260,1080000,5,0,12,NULL,0,NULL,NULL,0,NULL,NULL),(8,'TK1607-0006',1,6,0,'2016-07-30 15:33:53','2016-07-30 11:33:53','2016-07-30 02:00:00',NULL,NULL,'Project execution phase A','',0,162000,0,0,12,NULL,0,NULL,NULL,0,NULL,NULL),(9,'TK1607-0007',1,6,0,'2016-07-30 15:34:09','2016-07-30 11:34:09','2016-10-27 02:00:00',NULL,NULL,'Project execution phase B','',0,2160000,0,0,12,NULL,0,NULL,NULL,0,NULL,NULL),(10,'TK1007-0008',1,1,0,'2016-07-30 15:36:31','2016-07-30 11:36:31','2016-07-30 02:00:00',NULL,NULL,'Tests','',0,316800,0,0,12,NULL,0,NULL,NULL,0,NULL,NULL);

--
-- Table structure for table `llx_projet_task_extrafields`
--

CREATE TABLE `llx_projet_task_extrafields` (
  `rowid` int(11) NOT NULL AUTO_INCREMENT,
  `tms` timestamp NOT NULL DEFAULT CURRENT_TIMESTAMP ON UPDATE CURRENT_TIMESTAMP,
  `fk_object` int(11) NOT NULL,
  `import_key` varchar(14) COLLATE utf8_unicode_ci DEFAULT NULL,
  PRIMARY KEY (`rowid`),
  KEY `idx_projet_task_extrafields` (`fk_object`)
) ENGINE=InnoDB DEFAULT CHARSET=utf8 COLLATE=utf8_unicode_ci;

--
-- Dumping data for table `llx_projet_task_extrafields`
--


--
-- Table structure for table `llx_projet_task_time`
--

CREATE TABLE `llx_projet_task_time` (
  `rowid` int(11) NOT NULL AUTO_INCREMENT,
  `fk_task` int(11) NOT NULL,
  `task_date` date DEFAULT NULL,
  `task_datehour` datetime DEFAULT NULL,
  `task_date_withhour` int(11) DEFAULT '0',
  `task_duration` double DEFAULT NULL,
  `fk_user` int(11) DEFAULT NULL,
  `thm` double(24,8) DEFAULT NULL,
  `note` text COLLATE utf8_unicode_ci,
  `invoice_id` int(11) DEFAULT NULL,
  `invoice_line_id` int(11) DEFAULT NULL,
  `import_key` varchar(14) COLLATE utf8_unicode_ci DEFAULT NULL,
  `datec` date DEFAULT NULL,
  `tms` timestamp NOT NULL DEFAULT CURRENT_TIMESTAMP ON UPDATE CURRENT_TIMESTAMP,
  PRIMARY KEY (`rowid`),
  KEY `idx_projet_task_time_task` (`fk_task`),
  KEY `idx_projet_task_time_date` (`task_date`),
  KEY `idx_projet_task_time_datehour` (`task_datehour`)
) ENGINE=InnoDB AUTO_INCREMENT=16 DEFAULT CHARSET=utf8 COLLATE=utf8_unicode_ci;

--
-- Dumping data for table `llx_projet_task_time`
--

INSERT INTO `llx_projet_task_time` VALUES (2,4,'2014-12-21','2014-12-21 12:00:00',0,3600,1,NULL,'',NULL,NULL,NULL,NULL,'0000-00-00 00:00:00'),(3,4,'2014-12-18','2014-12-18 12:00:00',0,3600,1,NULL,NULL,NULL,NULL,NULL,NULL,'0000-00-00 00:00:00'),(4,3,'2014-12-21','2014-12-21 12:00:00',0,3600,1,NULL,NULL,NULL,NULL,NULL,NULL,'0000-00-00 00:00:00'),(5,3,'2014-12-21','2014-12-21 12:00:00',0,1800,1,NULL,NULL,NULL,NULL,NULL,NULL,'0000-00-00 00:00:00'),(6,3,'2014-12-21','2014-12-21 12:00:00',0,3600,1,NULL,NULL,NULL,NULL,NULL,NULL,'0000-00-00 00:00:00'),(7,6,'2016-07-25','2016-07-25 00:00:00',0,18000,12,NULL,NULL,NULL,NULL,NULL,NULL,'0000-00-00 00:00:00'),(8,6,'2016-07-26','2016-07-26 00:00:00',0,14400,12,NULL,NULL,NULL,NULL,NULL,NULL,'2018-03-16 10:00:54'),(9,6,'2016-07-27','2016-07-27 00:00:00',0,14400,12,NULL,NULL,NULL,NULL,NULL,NULL,'2018-03-16 10:00:54'),(10,6,'2016-07-29','2016-07-29 00:00:00',0,14400,12,NULL,NULL,NULL,NULL,NULL,NULL,'2018-03-16 10:00:54'),(11,6,'2016-07-31','2016-07-31 00:00:00',0,14400,12,NULL,NULL,NULL,NULL,NULL,NULL,'2018-03-16 10:00:54'),(12,7,'2016-07-25','2016-07-25 00:00:00',0,10800,12,NULL,NULL,NULL,NULL,NULL,NULL,'0000-00-00 00:00:00'),(13,7,'2016-07-26','2016-07-26 00:00:00',0,14400,12,NULL,NULL,NULL,NULL,NULL,NULL,'2018-03-16 10:00:54'),(14,7,'2016-07-27','2016-07-27 00:00:00',0,14400,12,NULL,NULL,NULL,NULL,NULL,NULL,'2018-03-16 10:00:54'),(15,7,'2017-01-30','2017-01-30 10:00:00',1,660,12,NULL,'',NULL,NULL,NULL,NULL,'0000-00-00 00:00:00');

--
-- Table structure for table `llx_projet_taskdet`
--

CREATE TABLE `llx_projet_taskdet` (
  `rowid` int(11) NOT NULL AUTO_INCREMENT,
  `fk_task` int(11) NOT NULL DEFAULT '0',
  `fk_product` int(11) NOT NULL DEFAULT '0',
  `qty_planned` double DEFAULT NULL,
  `qty_used` double DEFAULT NULL,
  `qty_deleted` double DEFAULT NULL,
  `tms` timestamp NOT NULL DEFAULT CURRENT_TIMESTAMP ON UPDATE CURRENT_TIMESTAMP,
  `pmp` double(24,8) DEFAULT '0.00000000',
  `price` double(24,8) DEFAULT '0.00000000',
  `fk_statut` int(11) NOT NULL DEFAULT '0',
  `note_public` mediumtext COLLATE utf8_unicode_ci,
  PRIMARY KEY (`rowid`),
  UNIQUE KEY `uk_projet_taskdet` (`fk_task`,`fk_product`),
  KEY `idx_projet_taskdet_fk_task` (`fk_task`),
  KEY `idx_projet_taskdet_fk_product` (`fk_product`),
  CONSTRAINT `fk_projet_taskdet_fk_task` FOREIGN KEY (`fk_task`) REFERENCES `llx_projet_task` (`rowid`)
) ENGINE=InnoDB DEFAULT CHARSET=utf8 COLLATE=utf8_unicode_ci;

--
-- Dumping data for table `llx_projet_taskdet`
--


--
-- Table structure for table `llx_projet_taskdet_equipement`
--

CREATE TABLE `llx_projet_taskdet_equipement` (
  `fk_equipement` int(11) NOT NULL DEFAULT '0',
  `fk_projet_taskdet` int(11) NOT NULL DEFAULT '0',
  UNIQUE KEY `uk_factory_equipement` (`fk_equipement`,`fk_projet_taskdet`)
) ENGINE=InnoDB DEFAULT CHARSET=utf8 COLLATE=utf8_unicode_ci;

--
-- Dumping data for table `llx_projet_taskdet_equipement`
--


--
-- Table structure for table `llx_propal`
--

CREATE TABLE `llx_propal` (
  `rowid` int(11) NOT NULL AUTO_INCREMENT,
  `fk_soc` int(11) DEFAULT NULL,
  `fk_projet` int(11) DEFAULT NULL,
  `tms` timestamp NOT NULL DEFAULT CURRENT_TIMESTAMP ON UPDATE CURRENT_TIMESTAMP,
  `ref` varchar(30) COLLATE utf8_unicode_ci NOT NULL,
  `entity` int(11) NOT NULL DEFAULT '1',
  `ref_ext` varchar(255) COLLATE utf8_unicode_ci DEFAULT NULL,
  `ref_int` varchar(255) COLLATE utf8_unicode_ci DEFAULT NULL,
  `ref_client` varchar(255) COLLATE utf8_unicode_ci DEFAULT NULL,
  `datec` datetime DEFAULT NULL,
  `datep` date DEFAULT NULL,
  `fin_validite` datetime DEFAULT NULL,
  `date_valid` datetime DEFAULT NULL,
  `date_cloture` datetime DEFAULT NULL,
  `fk_user_author` int(11) DEFAULT NULL,
  `fk_user_modif` int(11) DEFAULT NULL,
  `fk_user_valid` int(11) DEFAULT NULL,
  `fk_user_cloture` int(11) DEFAULT NULL,
  `fk_statut` smallint(6) NOT NULL DEFAULT '0',
  `price` double DEFAULT '0',
  `remise_percent` double DEFAULT '0',
  `remise_absolue` double DEFAULT '0',
  `remise` double DEFAULT '0',
  `total_ht` double(24,8) DEFAULT '0.00000000',
  `tva` double(24,8) DEFAULT '0.00000000',
  `localtax1` double(24,8) DEFAULT '0.00000000',
  `localtax2` double(24,8) DEFAULT '0.00000000',
  `total` double(24,8) DEFAULT '0.00000000',
  `fk_account` int(11) DEFAULT NULL,
  `fk_currency` varchar(3) COLLATE utf8_unicode_ci DEFAULT NULL,
  `fk_cond_reglement` int(11) DEFAULT NULL,
  `fk_mode_reglement` int(11) DEFAULT NULL,
  `note_private` text COLLATE utf8_unicode_ci,
  `note_public` text COLLATE utf8_unicode_ci,
  `model_pdf` varchar(255) COLLATE utf8_unicode_ci DEFAULT NULL,
  `date_livraison` date DEFAULT NULL,
  `fk_shipping_method` int(11) DEFAULT NULL,
  `fk_availability` int(11) DEFAULT NULL,
  `fk_delivery_address` int(11) DEFAULT NULL,
  `fk_input_reason` int(11) DEFAULT NULL,
  `import_key` varchar(14) COLLATE utf8_unicode_ci DEFAULT NULL,
  `extraparams` varchar(255) COLLATE utf8_unicode_ci DEFAULT NULL,
  `fk_incoterms` int(11) DEFAULT NULL,
  `location_incoterms` varchar(255) COLLATE utf8_unicode_ci DEFAULT NULL,
  `fk_multicurrency` int(11) DEFAULT NULL,
  `multicurrency_code` varchar(255) COLLATE utf8_unicode_ci DEFAULT NULL,
  `multicurrency_tx` double(24,8) DEFAULT '1.00000000',
  `multicurrency_total_ht` double(24,8) DEFAULT '0.00000000',
  `multicurrency_total_tva` double(24,8) DEFAULT '0.00000000',
  `multicurrency_total_ttc` double(24,8) DEFAULT '0.00000000',
  `last_main_doc` varchar(255) COLLATE utf8_unicode_ci DEFAULT NULL,
  PRIMARY KEY (`rowid`),
  UNIQUE KEY `uk_propal_ref` (`ref`,`entity`),
  KEY `idx_propal_fk_soc` (`fk_soc`),
  KEY `idx_propal_fk_user_author` (`fk_user_author`),
  KEY `idx_propal_fk_user_valid` (`fk_user_valid`),
  KEY `idx_propal_fk_user_cloture` (`fk_user_cloture`),
  KEY `idx_propal_fk_projet` (`fk_projet`),
  KEY `idx_propal_fk_account` (`fk_account`),
  KEY `idx_propal_fk_currency` (`fk_currency`),
  CONSTRAINT `fk_propal_fk_projet` FOREIGN KEY (`fk_projet`) REFERENCES `llx_projet` (`rowid`),
  CONSTRAINT `fk_propal_fk_soc` FOREIGN KEY (`fk_soc`) REFERENCES `llx_societe` (`rowid`),
  CONSTRAINT `fk_propal_fk_user_author` FOREIGN KEY (`fk_user_author`) REFERENCES `llx_user` (`rowid`),
  CONSTRAINT `fk_propal_fk_user_cloture` FOREIGN KEY (`fk_user_cloture`) REFERENCES `llx_user` (`rowid`),
  CONSTRAINT `fk_propal_fk_user_valid` FOREIGN KEY (`fk_user_valid`) REFERENCES `llx_user` (`rowid`)
) ENGINE=InnoDB AUTO_INCREMENT=33 DEFAULT CHARSET=utf8 COLLATE=utf8_unicode_ci;

--
-- Dumping data for table `llx_propal`
--

INSERT INTO `llx_propal` VALUES (1,2,NULL,'2016-07-30 15:56:45','PR1007-0001',1,NULL,NULL,'','2010-07-09 01:33:49','2016-07-09','2016-07-24 12:00:00','2017-08-08 14:24:18',NULL,1,NULL,1,NULL,1,0,NULL,NULL,0,30.00000000,3.84000000,0.00000000,0.00000000,33.84000000,NULL,NULL,1,0,'','','azur',NULL,NULL,NULL,NULL,0,NULL,NULL,NULL,NULL,NULL,NULL,1.00000000,0.00000000,0.00000000,0.00000000,NULL),(2,1,NULL,'2016-07-30 15:56:54','PR1007-0002',1,NULL,NULL,'','2010-07-10 02:11:44','2016-07-10','2016-07-25 12:00:00','2016-07-10 02:12:55','2017-07-20 15:23:12',1,NULL,1,1,2,0,NULL,NULL,0,10.00000000,0.00000000,0.00000000,0.00000000,10.00000000,NULL,NULL,1,1,'','','azur',NULL,NULL,NULL,NULL,0,NULL,NULL,NULL,NULL,NULL,NULL,1.00000000,0.00000000,0.00000000,0.00000000,NULL),(3,4,NULL,'2016-07-30 15:56:54','PR1007-0003',1,NULL,NULL,'','2010-07-18 11:35:11','2016-07-18','2016-08-02 12:00:00','2016-07-18 11:36:18','2017-07-20 15:21:15',1,NULL,1,1,2,0,NULL,NULL,0,10.00000000,0.00000000,0.00000000,0.00000000,10.00000000,NULL,NULL,1,0,'','','azur',NULL,NULL,NULL,NULL,0,NULL,NULL,NULL,NULL,NULL,NULL,1.00000000,0.00000000,0.00000000,0.00000000,NULL),(5,19,NULL,'2016-07-30 15:56:54','PR1302-0005',1,NULL,NULL,'','2013-02-17 15:39:56','2016-02-17','2016-03-04 12:00:00','2018-11-15 23:27:10',NULL,1,NULL,12,NULL,1,0,NULL,NULL,0,10.00000000,2.00000000,0.00000000,0.00000000,12.00000000,NULL,NULL,1,0,'','','azur',NULL,NULL,0,NULL,0,NULL,NULL,NULL,NULL,NULL,NULL,1.00000000,0.00000000,0.00000000,0.00000000,NULL),(6,19,NULL,'2016-07-30 15:56:54','PR1302-0006',1,NULL,NULL,'','2013-02-17 15:40:12','2016-02-17','2016-03-04 12:00:00',NULL,NULL,1,NULL,NULL,NULL,0,0,NULL,NULL,0,0.00000000,0.00000000,0.00000000,0.00000000,0.00000000,NULL,NULL,1,0,'','','azur',NULL,NULL,0,NULL,0,NULL,NULL,NULL,NULL,NULL,NULL,1.00000000,0.00000000,0.00000000,0.00000000,NULL),(7,19,NULL,'2017-01-29 17:49:33','PR1302-0007',1,NULL,NULL,'','2013-02-17 15:41:15','2016-02-17','2016-03-04 12:00:00','2017-01-29 21:49:33',NULL,1,NULL,12,NULL,1,0,NULL,NULL,0,400.00000000,0.00000000,0.00000000,0.00000000,400.00000000,NULL,NULL,1,0,'','','azur',NULL,NULL,0,NULL,0,NULL,NULL,NULL,NULL,NULL,NULL,1.00000000,400.00000000,0.00000000,400.00000000,NULL),(8,19,NULL,'2016-07-30 15:56:39','PR1302-0008',1,NULL,NULL,'','2013-02-17 15:43:39','2016-02-17','2016-03-04 12:00:00',NULL,NULL,1,NULL,NULL,NULL,0,0,NULL,NULL,0,0.00000000,0.00000000,0.00000000,0.00000000,0.00000000,NULL,NULL,1,0,'','','azur',NULL,NULL,0,NULL,0,NULL,NULL,NULL,NULL,NULL,NULL,1.00000000,0.00000000,0.00000000,0.00000000,NULL),(10,7,NULL,'2016-07-30 15:57:25','(PROV10)',1,NULL,NULL,'','2015-11-15 23:37:08','2015-11-15','2016-11-30 12:00:00',NULL,NULL,12,NULL,NULL,NULL,0,0,NULL,NULL,0,0.00000000,0.00000000,0.00000000,0.00000000,0.00000000,NULL,NULL,1,3,'','','azur',NULL,NULL,0,NULL,0,NULL,NULL,0,'',NULL,NULL,1.00000000,0.00000000,0.00000000,0.00000000,NULL),(11,1,NULL,'2017-02-16 00:44:58','PR1702-0009',1,NULL,NULL,'','2017-02-16 01:44:58','2015-05-13','2015-05-28 12:00:00','2017-02-16 01:44:58',NULL,1,NULL,1,NULL,1,0,NULL,NULL,0,60.00000000,0.00000000,0.00000000,0.00000000,60.00000000,NULL,NULL,3,3,'','','',NULL,NULL,0,NULL,0,NULL,NULL,0,'',0,'EUR',1.00000000,60.00000000,0.00000000,60.00000000,NULL),(12,7,NULL,'2017-02-16 00:45:44','PR1702-0010',1,NULL,NULL,'','2017-02-16 01:45:44','2015-06-24','2015-07-09 12:00:00','2017-02-16 01:45:44',NULL,2,NULL,2,NULL,1,0,NULL,NULL,0,832.00000000,0.00000000,0.00000000,0.00000000,832.00000000,NULL,NULL,3,3,'','','',NULL,NULL,0,NULL,0,NULL,NULL,0,'',0,'EUR',1.00000000,832.00000000,0.00000000,832.00000000,NULL),(13,26,NULL,'2017-02-16 00:46:15','PR1702-0011',1,NULL,NULL,'','2017-02-16 01:46:15','2015-04-03','2015-04-18 12:00:00','2017-02-16 01:46:15',NULL,1,NULL,1,NULL,1,0,NULL,NULL,0,242.00000000,0.00000000,0.00000000,0.00000000,242.00000000,NULL,NULL,3,3,'','','',NULL,NULL,0,NULL,0,NULL,NULL,0,'',0,'EUR',1.00000000,242.00000000,0.00000000,242.00000000,NULL),(14,3,NULL,'2017-02-16 00:46:15','PR1702-0012',1,NULL,NULL,'','2017-02-16 01:46:15','2016-06-19','2016-07-04 12:00:00','2017-02-16 01:46:15',NULL,2,NULL,2,NULL,1,0,NULL,NULL,0,245.00000000,0.00000000,0.00000000,0.00000000,245.00000000,NULL,NULL,3,3,'','','',NULL,NULL,0,NULL,0,NULL,NULL,0,'',0,'EUR',1.00000000,245.00000000,0.00000000,245.00000000,NULL),(15,26,NULL,'2017-02-16 00:46:15','PR1702-0013',1,NULL,NULL,'','2017-02-16 01:46:15','2016-05-01','2016-05-16 12:00:00','2017-02-16 01:46:15',NULL,2,NULL,2,NULL,1,0,NULL,NULL,0,940.00000000,0.00000000,0.00000000,0.00000000,940.00000000,NULL,NULL,3,3,'','','',NULL,NULL,0,NULL,0,NULL,NULL,0,'',0,'EUR',1.00000000,940.00000000,0.00000000,940.00000000,NULL),(16,1,NULL,'2017-02-16 00:46:15','PR1702-0014',1,NULL,NULL,'','2017-02-16 01:46:15','2015-05-13','2015-05-28 12:00:00','2017-02-16 01:46:15',NULL,2,NULL,2,NULL,1,0,NULL,NULL,0,125.00000000,0.00000000,0.00000000,0.00000000,125.00000000,NULL,NULL,3,3,'','','',NULL,NULL,0,NULL,0,NULL,NULL,0,'',0,'EUR',1.00000000,125.00000000,0.00000000,125.00000000,NULL),(17,1,NULL,'2017-02-16 00:46:15','PR1702-0015',1,NULL,NULL,'','2017-02-16 01:46:15','2016-07-23','2016-08-07 12:00:00','2017-02-16 01:46:15',NULL,1,NULL,1,NULL,1,0,NULL,NULL,0,163.00000000,0.00000000,0.00000000,0.00000000,163.00000000,NULL,NULL,3,3,'','','',NULL,NULL,0,NULL,0,NULL,NULL,0,'',0,'EUR',1.00000000,163.00000000,0.00000000,163.00000000,NULL),(18,26,NULL,'2017-02-16 00:46:15','PR1702-0016',1,NULL,NULL,'','2017-02-16 01:46:15','2015-02-13','2015-02-28 12:00:00','2017-02-16 01:46:15',NULL,2,NULL,2,NULL,1,0,NULL,NULL,0,900.00000000,0.00000000,0.00000000,0.00000000,900.00000000,NULL,NULL,3,3,'','','',NULL,NULL,0,NULL,0,NULL,NULL,0,'',0,'EUR',1.00000000,900.00000000,0.00000000,900.00000000,NULL),(19,12,NULL,'2017-02-16 00:46:15','PR1702-0017',1,NULL,NULL,'','2017-02-16 01:46:15','2015-03-30','2015-04-14 12:00:00','2017-02-16 01:46:15',NULL,2,NULL,2,NULL,1,0,NULL,NULL,0,200.00000000,0.00000000,0.00000000,0.00000000,200.00000000,NULL,NULL,3,3,'','','',NULL,NULL,0,NULL,0,NULL,NULL,0,'',0,'EUR',1.00000000,200.00000000,0.00000000,200.00000000,NULL),(20,26,NULL,'2017-02-16 00:46:15','PR1702-0018',1,NULL,NULL,'','2017-02-16 01:46:15','2016-11-13','2016-11-28 12:00:00','2017-02-16 01:46:15',NULL,1,NULL,1,NULL,1,0,NULL,NULL,0,830.00000000,0.00000000,0.00000000,0.00000000,830.00000000,NULL,NULL,3,3,'','','',NULL,NULL,0,NULL,0,NULL,NULL,0,'',0,'EUR',1.00000000,830.00000000,0.00000000,830.00000000,NULL),(21,1,NULL,'2017-02-16 00:47:09','PR1702-0019',1,NULL,NULL,'','2017-02-16 01:46:15','2015-09-23','2018-10-08 12:00:00','2017-02-16 04:47:09',NULL,1,NULL,12,NULL,1,0,NULL,NULL,0,89.00000000,0.00000000,0.00000000,0.00000000,89.00000000,NULL,NULL,3,3,'','','',NULL,NULL,0,NULL,0,NULL,NULL,0,'',0,'EUR',1.00000000,89.00000000,0.00000000,89.00000000,NULL),(22,26,NULL,'2017-02-16 00:47:13','PR1702-0020',1,NULL,NULL,'','2017-02-16 01:46:15','2016-11-13','2016-11-28 12:00:00','2017-02-16 01:46:15',NULL,1,NULL,1,NULL,0,0,NULL,NULL,0,70.00000000,0.00000000,0.00000000,0.00000000,70.00000000,NULL,NULL,3,3,'','','',NULL,NULL,0,NULL,0,NULL,NULL,0,'',0,'EUR',1.00000000,70.00000000,0.00000000,70.00000000,NULL),(23,12,NULL,'2017-02-17 12:07:18','PR1702-0021',1,NULL,NULL,'','2017-02-16 01:46:17','2016-04-03','2016-04-18 12:00:00','2017-02-17 16:07:18',NULL,2,NULL,12,NULL,1,0,NULL,NULL,0,715.00000000,0.00000000,0.00000000,0.00000000,715.00000000,NULL,NULL,3,3,'','','',NULL,NULL,0,NULL,0,NULL,NULL,0,'',0,'EUR',1.00000000,715.00000000,0.00000000,715.00000000,NULL),(24,7,NULL,'2017-02-16 00:46:17','PR1702-0022',1,NULL,NULL,'','2017-02-16 01:46:17','2016-11-13','2016-11-28 12:00:00','2017-02-16 01:46:17',NULL,2,NULL,2,NULL,1,0,NULL,NULL,0,250.00000000,0.00000000,0.00000000,0.00000000,250.00000000,NULL,NULL,3,3,'','','',NULL,NULL,0,NULL,0,NULL,NULL,0,'',0,'EUR',1.00000000,250.00000000,0.00000000,250.00000000,NULL),(25,3,NULL,'2017-02-16 00:47:29','PR1702-0023',1,NULL,NULL,'','2017-02-16 01:46:17','2016-07-09','2016-07-24 12:00:00','2017-02-16 01:46:17','2017-02-16 04:47:29',1,NULL,1,12,4,0,NULL,NULL,0,1018.00000000,0.00000000,0.00000000,0.00000000,1018.00000000,NULL,NULL,3,3,'','','',NULL,NULL,0,NULL,0,NULL,NULL,0,'',0,'EUR',1.00000000,1018.00000000,0.00000000,1018.00000000,NULL),(26,1,NULL,'2017-02-16 00:46:18','PR1702-0024',1,NULL,NULL,'','2017-02-16 01:46:17','2016-04-03','2016-04-18 12:00:00','2017-02-16 01:46:18',NULL,2,NULL,2,NULL,1,0,NULL,NULL,0,710.00000000,0.00000000,0.00000000,0.00000000,710.00000000,NULL,NULL,3,3,'','','',NULL,NULL,0,NULL,0,NULL,NULL,0,'',0,'EUR',1.00000000,710.00000000,0.00000000,710.00000000,NULL),(27,6,NULL,'2017-02-16 00:46:18','PR1702-0025',1,NULL,NULL,'','2017-02-16 01:46:18','2016-11-12','2016-11-27 12:00:00','2017-02-16 01:46:18',NULL,1,NULL,1,NULL,1,0,NULL,NULL,0,300.00000000,0.00000000,0.00000000,0.00000000,300.00000000,NULL,NULL,3,3,'','','',NULL,NULL,0,NULL,0,NULL,NULL,0,'',0,'EUR',1.00000000,300.00000000,0.00000000,300.00000000,NULL),(28,19,NULL,'2017-02-16 00:46:31','PR1702-0026',1,NULL,NULL,'','2017-02-16 01:46:18','2015-07-30','2015-08-14 12:00:00','2017-02-16 01:46:18','2017-02-16 04:46:31',2,NULL,2,12,2,0,NULL,NULL,0,440.00000000,0.00000000,0.00000000,0.00000000,440.00000000,NULL,NULL,3,3,'','','',NULL,NULL,0,NULL,0,NULL,NULL,0,'',0,'EUR',1.00000000,440.00000000,0.00000000,440.00000000,NULL),(29,1,NULL,'2017-02-16 00:46:37','PR1702-0027',1,NULL,NULL,'','2017-02-16 01:46:18','2015-07-23','2015-08-07 12:00:00','2017-02-16 01:46:18','2017-02-16 04:46:37',2,NULL,2,12,2,0,NULL,NULL,0,1000.00000000,0.00000000,0.00000000,0.00000000,1000.00000000,NULL,NULL,3,3,'','','',NULL,NULL,0,NULL,0,NULL,NULL,0,'',0,'EUR',1.00000000,1000.00000000,0.00000000,1000.00000000,NULL),(30,1,NULL,'2017-02-16 00:46:42','PR1702-0028',1,NULL,NULL,'','2017-02-16 01:46:18','2016-05-01','2016-05-16 12:00:00','2017-02-16 01:46:18','2017-02-16 04:46:42',2,NULL,2,12,3,0,NULL,NULL,0,1200.00000000,0.00000000,0.00000000,0.00000000,1200.00000000,NULL,NULL,3,3,'','','',NULL,NULL,0,NULL,0,NULL,NULL,0,'',0,'EUR',1.00000000,1200.00000000,0.00000000,1200.00000000,NULL),(31,11,NULL,'2017-02-16 00:46:18','PR1702-0029',1,NULL,NULL,'','2017-02-16 01:46:18','2016-06-24','2016-07-09 12:00:00','2017-02-16 01:46:18',NULL,1,NULL,1,NULL,1,0,NULL,NULL,0,720.00000000,0.00000000,0.00000000,0.00000000,720.00000000,NULL,NULL,3,3,'','','',NULL,NULL,0,NULL,0,NULL,NULL,0,'',0,'EUR',1.00000000,720.00000000,0.00000000,720.00000000,NULL),(32,19,NULL,'2017-02-16 00:46:18','PR1702-0030',1,NULL,NULL,'','2017-02-16 01:46:18','2016-11-12','2016-11-27 12:00:00','2017-02-16 01:46:18',NULL,2,NULL,2,NULL,1,0,NULL,NULL,0,608.00000000,0.00000000,0.00000000,0.00000000,608.00000000,NULL,NULL,3,3,'','','',NULL,NULL,0,NULL,0,NULL,NULL,0,'',0,'EUR',1.00000000,608.00000000,0.00000000,608.00000000,NULL);

--
-- Table structure for table `llx_propal_extrafields`
--

CREATE TABLE `llx_propal_extrafields` (
  `rowid` int(11) NOT NULL AUTO_INCREMENT,
  `tms` timestamp NOT NULL DEFAULT CURRENT_TIMESTAMP ON UPDATE CURRENT_TIMESTAMP,
  `fk_object` int(11) NOT NULL,
  `import_key` varchar(14) COLLATE utf8_unicode_ci DEFAULT NULL,
  PRIMARY KEY (`rowid`),
  KEY `idx_propal_extrafields` (`fk_object`)
) ENGINE=InnoDB DEFAULT CHARSET=utf8 COLLATE=utf8_unicode_ci;

--
-- Dumping data for table `llx_propal_extrafields`
--


--
-- Table structure for table `llx_propal_merge_pdf_product`
--

CREATE TABLE `llx_propal_merge_pdf_product` (
  `rowid` int(11) NOT NULL AUTO_INCREMENT,
  `fk_product` int(11) NOT NULL,
  `file_name` varchar(200) COLLATE utf8_unicode_ci NOT NULL,
  `lang` varchar(5) COLLATE utf8_unicode_ci DEFAULT NULL,
  `fk_user_author` int(11) DEFAULT NULL,
  `fk_user_mod` int(11) NOT NULL,
  `datec` datetime NOT NULL,
  `tms` timestamp NOT NULL DEFAULT CURRENT_TIMESTAMP ON UPDATE CURRENT_TIMESTAMP,
  `import_key` varchar(14) COLLATE utf8_unicode_ci DEFAULT NULL,
  PRIMARY KEY (`rowid`)
) ENGINE=InnoDB DEFAULT CHARSET=utf8 COLLATE=utf8_unicode_ci;

--
-- Dumping data for table `llx_propal_merge_pdf_product`
--


--
-- Table structure for table `llx_propaldet`
--

CREATE TABLE `llx_propaldet` (
  `rowid` int(11) NOT NULL AUTO_INCREMENT,
  `fk_propal` int(11) DEFAULT NULL,
  `fk_parent_line` int(11) DEFAULT NULL,
  `fk_product` int(11) DEFAULT NULL,
  `label` varchar(255) COLLATE utf8_unicode_ci DEFAULT NULL,
  `description` text COLLATE utf8_unicode_ci,
  `fk_remise_except` int(11) DEFAULT NULL,
  `tva_tx` double(6,3) DEFAULT '0.000',
  `vat_src_code` varchar(10) COLLATE utf8_unicode_ci DEFAULT '',
  `localtax1_tx` double(6,3) DEFAULT '0.000',
  `localtax1_type` varchar(10) COLLATE utf8_unicode_ci NOT NULL DEFAULT '0',
  `localtax2_tx` double(6,3) DEFAULT '0.000',
  `localtax2_type` varchar(10) COLLATE utf8_unicode_ci NOT NULL DEFAULT '0',
  `qty` double DEFAULT NULL,
  `remise_percent` double DEFAULT '0',
  `remise` double DEFAULT '0',
  `price` double DEFAULT NULL,
  `subprice` double(24,8) DEFAULT '0.00000000',
  `total_ht` double(24,8) DEFAULT '0.00000000',
  `total_tva` double(24,8) DEFAULT '0.00000000',
  `total_localtax1` double(24,8) DEFAULT '0.00000000',
  `total_localtax2` double(24,8) DEFAULT '0.00000000',
  `total_ttc` double(24,8) DEFAULT '0.00000000',
  `product_type` int(11) DEFAULT '0',
  `date_start` datetime DEFAULT NULL,
  `date_end` datetime DEFAULT NULL,
  `info_bits` int(11) DEFAULT '0',
  `fk_product_fournisseur_price` int(11) DEFAULT NULL,
  `buy_price_ht` double(24,8) DEFAULT '0.00000000',
  `special_code` int(10) unsigned DEFAULT '0',
  `rang` int(11) DEFAULT '0',
  `fk_unit` int(11) DEFAULT NULL,
  `fk_multicurrency` int(11) DEFAULT NULL,
  `multicurrency_code` varchar(255) COLLATE utf8_unicode_ci DEFAULT NULL,
  `multicurrency_subprice` double(24,8) DEFAULT '0.00000000',
  `multicurrency_total_ht` double(24,8) DEFAULT '0.00000000',
  `multicurrency_total_tva` double(24,8) DEFAULT '0.00000000',
  `multicurrency_total_ttc` double(24,8) DEFAULT '0.00000000',
  PRIMARY KEY (`rowid`),
  KEY `idx_propaldet_fk_propal` (`fk_propal`),
  KEY `idx_propaldet_fk_product` (`fk_product`),
  KEY `fk_propaldet_fk_unit` (`fk_unit`),
  CONSTRAINT `fk_propaldet_fk_propal` FOREIGN KEY (`fk_propal`) REFERENCES `llx_propal` (`rowid`),
  CONSTRAINT `fk_propaldet_fk_unit` FOREIGN KEY (`fk_unit`) REFERENCES `llx_c_units` (`rowid`)
) ENGINE=InnoDB AUTO_INCREMENT=109 DEFAULT CHARSET=utf8 COLLATE=utf8_unicode_ci;

--
-- Dumping data for table `llx_propaldet`
--

INSERT INTO `llx_propaldet` VALUES (1,1,NULL,NULL,NULL,'Une machine à café',NULL,12.500,'',0.000,'',0.000,'',1,0,0,NULL,10.00000000,10.00000000,1.25000000,0.00000000,0.00000000,11.25000000,0,NULL,NULL,0,NULL,0.00000000,0,1,NULL,NULL,NULL,0.00000000,0.00000000,0.00000000,0.00000000),(2,2,NULL,NULL,NULL,'Product 1',NULL,0.000,'',0.000,'',0.000,'',1,0,0,NULL,10.00000000,10.00000000,0.00000000,0.00000000,0.00000000,10.00000000,0,NULL,NULL,0,NULL,0.00000000,0,1,NULL,NULL,NULL,0.00000000,0.00000000,0.00000000,0.00000000),(3,2,NULL,2,NULL,'',NULL,0.000,'',0.000,'',0.000,'',1,0,0,NULL,NULL,0.00000000,0.00000000,0.00000000,0.00000000,0.00000000,0,NULL,NULL,0,NULL,0.00000000,0,2,NULL,NULL,NULL,0.00000000,0.00000000,0.00000000,0.00000000),(4,3,NULL,NULL,NULL,'A new marvelous product',NULL,0.000,'',0.000,'',0.000,'',1,0,0,NULL,10.00000000,10.00000000,0.00000000,0.00000000,0.00000000,10.00000000,0,NULL,NULL,0,NULL,0.00000000,0,1,NULL,NULL,NULL,0.00000000,0.00000000,0.00000000,0.00000000),(5,1,NULL,5,NULL,'cccc',NULL,19.600,'',0.000,'',0.000,'',1,0,0,NULL,10.00000000,10.00000000,1.96000000,0.00000000,0.00000000,11.96000000,0,NULL,NULL,0,NULL,0.00000000,0,2,NULL,NULL,NULL,0.00000000,0.00000000,0.00000000,0.00000000),(11,1,NULL,4,NULL,'',NULL,0.000,'',0.000,'',0.000,'',1,0,0,NULL,NULL,0.00000000,0.00000000,0.00000000,0.00000000,0.00000000,0,NULL,NULL,0,NULL,0.00000000,0,3,NULL,NULL,NULL,0.00000000,0.00000000,0.00000000,0.00000000),(12,1,NULL,4,NULL,'',NULL,0.000,'',0.000,'',0.000,'',1,0,0,NULL,5.00000000,5.00000000,0.00000000,0.00000000,0.00000000,5.00000000,0,NULL,NULL,0,NULL,0.00000000,0,4,NULL,NULL,NULL,0.00000000,0.00000000,0.00000000,0.00000000),(13,1,NULL,4,NULL,'',NULL,12.500,'',0.000,'',0.000,'',1,0,0,NULL,5.00000000,5.00000000,0.63000000,0.00000000,0.00000000,5.63000000,0,NULL,NULL,0,NULL,0.00000000,0,5,NULL,NULL,NULL,0.00000000,0.00000000,0.00000000,0.00000000),(24,5,NULL,NULL,NULL,'On demand Apple pie',NULL,20.000,'',0.000,'0',0.000,'0',1,0,0,NULL,10.00000000,10.00000000,2.00000000,0.00000000,0.00000000,12.00000000,0,NULL,NULL,0,NULL,0.00000000,0,1,NULL,NULL,NULL,0.00000000,0.00000000,0.00000000,0.00000000),(25,7,NULL,NULL,NULL,'Help to setup Magic Food computer',NULL,0.000,'',0.000,'0',0.000,'0',1,0,0,NULL,400.00000000,400.00000000,0.00000000,0.00000000,0.00000000,400.00000000,1,NULL,NULL,0,NULL,0.00000000,0,1,NULL,NULL,'',400.00000000,400.00000000,0.00000000,400.00000000),(26,11,NULL,5,NULL,'<strong><span style=\"font-family:roboto,uilanguagefont,arial,sans-serif; font-size:14px\">DoliDroid is the Android front-end client for Dolibarr ERP &amp; CRM web software.</span><br />\r\n<span style=\"font-family:roboto,uilanguagefont,arial,sans-serif; font-size:14px\">This application is not a standalone program. It is a front end to use a online hosted Dolibarr ERP &amp; CRM software (an Open-source web software to manage your business).</span></strong>\r\n<p><u>The advantage of DoliDroid are :</u><br />\r\n- DoliDroid is not a duplicate code of Dolibarr, but a front-end of a Dolibarr web installation, so all your online existing features are supported by this application. This is also true for external modules features.<br />\r\n- Upgrading Dolibarr will not break DoliDroid.<br />\r\n- DoliDroid use embedded image resources to reduce bandwidth usage.<br />\r\n- DoliDroid use internal cache for pages that should not change (like menu page)<br />\r\n- Connections parameters are saved. No need to enter them each time you use DoliDroid.<br />\r\n- Integration with your phone or other applications (Clicking on PDF open PDF reader, clicking onto email or phone launch your email application or launch Android dialer, ...)</p>\r\n\r\n<p><span style=\"color:#DAA520\"><strong>WARNING !&nbsp;</strong></span></p>\r\n\r\n<p>This application need Android 4.0+ and a hosted Dolibarr ERP &amp; CRM version 3.5 or newer accessible by internet<br />\r\n(For example, when hosted on any SaaS solution like DoliCloud -&nbsp;<a href=\"https://www.google.com/url?q=https://www.google.com/url?q%3Dhttp://www.dolicloud.com%26sa%3DD%26usg%3DAFQjCNGdd9htz4JDciiMtScpBwK83qIRkw&amp;sa=D&amp;usg=AFQjCNGMpCbxNnU5BiK59e368K5AR0l_pg\" style=\"text-decoration: none; color: rgb(51, 105, 30); cursor: pointer;\" target=\"_blank\">http://www.dolicloud.com</a>).</p>',NULL,0.000,'',0.000,'0',0.000,'0',5,0,0,NULL,10.00000000,50.00000000,0.00000000,0.00000000,0.00000000,50.00000000,0,NULL,NULL,0,NULL,0.00000000,0,1,NULL,NULL,'EUR',10.00000000,50.00000000,0.00000000,50.00000000),(27,11,NULL,5,NULL,'<strong><span style=\"font-family:roboto,uilanguagefont,arial,sans-serif; font-size:14px\">DoliDroid is the Android front-end client for Dolibarr ERP &amp; CRM web software.</span><br />\r\n<span style=\"font-family:roboto,uilanguagefont,arial,sans-serif; font-size:14px\">This application is not a standalone program. It is a front end to use a online hosted Dolibarr ERP &amp; CRM software (an Open-source web software to manage your business).</span></strong>\r\n<p><u>The advantage of DoliDroid are :</u><br />\r\n- DoliDroid is not a duplicate code of Dolibarr, but a front-end of a Dolibarr web installation, so all your online existing features are supported by this application. This is also true for external modules features.<br />\r\n- Upgrading Dolibarr will not break DoliDroid.<br />\r\n- DoliDroid use embedded image resources to reduce bandwidth usage.<br />\r\n- DoliDroid use internal cache for pages that should not change (like menu page)<br />\r\n- Connections parameters are saved. No need to enter them each time you use DoliDroid.<br />\r\n- Integration with your phone or other applications (Clicking on PDF open PDF reader, clicking onto email or phone launch your email application or launch Android dialer, ...)</p>\r\n\r\n<p><span style=\"color:#DAA520\"><strong>WARNING !&nbsp;</strong></span></p>\r\n\r\n<p>This application need Android 4.0+ and a hosted Dolibarr ERP &amp; CRM version 3.5 or newer accessible by internet<br />\r\n(For example, when hosted on any SaaS solution like DoliCloud -&nbsp;<a href=\"https://www.google.com/url?q=https://www.google.com/url?q%3Dhttp://www.dolicloud.com%26sa%3DD%26usg%3DAFQjCNGdd9htz4JDciiMtScpBwK83qIRkw&amp;sa=D&amp;usg=AFQjCNGMpCbxNnU5BiK59e368K5AR0l_pg\" style=\"text-decoration: none; color: rgb(51, 105, 30); cursor: pointer;\" target=\"_blank\">http://www.dolicloud.com</a>).</p>',NULL,0.000,'',0.000,'0',0.000,'0',1,0,0,NULL,10.00000000,10.00000000,0.00000000,0.00000000,0.00000000,10.00000000,0,NULL,NULL,0,NULL,0.00000000,0,2,NULL,NULL,'EUR',10.00000000,10.00000000,0.00000000,10.00000000),(28,12,NULL,4,NULL,'Nice Bio Apple Pie.<br />\r\n&nbsp;',NULL,0.000,'',0.000,'0',0.000,'0',1,0,0,NULL,5.00000000,5.00000000,0.00000000,0.00000000,0.00000000,5.00000000,0,NULL,NULL,0,NULL,0.00000000,0,1,NULL,NULL,'EUR',5.00000000,5.00000000,0.00000000,5.00000000),(29,12,NULL,1,NULL,'A beatifull pink dress',NULL,0.000,'',0.000,'0',0.000,'0',3,0,0,NULL,100.00000000,300.00000000,0.00000000,0.00000000,0.00000000,300.00000000,0,NULL,NULL,0,NULL,0.00000000,0,2,NULL,NULL,'EUR',100.00000000,300.00000000,0.00000000,300.00000000),(30,12,NULL,10,NULL,'A powerfull computer XP4523&nbsp;',NULL,0.000,'',0.000,'0',0.000,'0',4,0,0,NULL,100.00000000,400.00000000,0.00000000,0.00000000,0.00000000,400.00000000,0,NULL,NULL,0,NULL,0.00000000,0,3,NULL,NULL,'EUR',100.00000000,400.00000000,0.00000000,400.00000000),(31,12,NULL,12,NULL,'Cloud hosting of Dolibarr ERP and CRM software',NULL,0.000,'',0.000,'0',0.000,'0',3,0,0,NULL,9.00000000,27.00000000,0.00000000,0.00000000,0.00000000,27.00000000,0,NULL,NULL,0,NULL,0.00000000,0,4,NULL,NULL,'EUR',9.00000000,27.00000000,0.00000000,27.00000000),(32,12,NULL,10,NULL,'A powerfull computer XP4523&nbsp;',NULL,0.000,'',0.000,'0',0.000,'0',1,0,0,NULL,100.00000000,100.00000000,0.00000000,0.00000000,0.00000000,100.00000000,0,NULL,NULL,0,NULL,0.00000000,0,5,NULL,NULL,'EUR',100.00000000,100.00000000,0.00000000,100.00000000),(33,13,NULL,2,NULL,'',NULL,0.000,'',0.000,'0',0.000,'0',5,0,0,NULL,NULL,0.00000000,0.00000000,0.00000000,0.00000000,0.00000000,0,NULL,NULL,0,NULL,0.00000000,0,1,NULL,NULL,'EUR',0.00000000,0.00000000,0.00000000,0.00000000),(34,13,NULL,4,NULL,'Nice Bio Apple Pie.<br />\r\n&nbsp;',NULL,0.000,'',0.000,'0',0.000,'0',3,0,0,NULL,5.00000000,15.00000000,0.00000000,0.00000000,0.00000000,15.00000000,0,NULL,NULL,0,NULL,0.00000000,0,2,NULL,NULL,'EUR',5.00000000,15.00000000,0.00000000,15.00000000),(35,13,NULL,12,NULL,'Cloud hosting of Dolibarr ERP and CRM software',NULL,0.000,'',0.000,'0',0.000,'0',3,0,0,NULL,9.00000000,27.00000000,0.00000000,0.00000000,0.00000000,27.00000000,0,NULL,NULL,0,NULL,0.00000000,0,3,NULL,NULL,'EUR',9.00000000,27.00000000,0.00000000,27.00000000),(36,13,NULL,10,NULL,'A powerfull computer XP4523&nbsp;',NULL,0.000,'',0.000,'0',0.000,'0',2,0,0,NULL,100.00000000,200.00000000,0.00000000,0.00000000,0.00000000,200.00000000,0,NULL,NULL,0,NULL,0.00000000,0,4,NULL,NULL,'EUR',100.00000000,200.00000000,0.00000000,200.00000000),(37,14,NULL,10,NULL,'A powerfull computer XP4523&nbsp;',NULL,0.000,'',0.000,'0',0.000,'0',2,0,0,NULL,100.00000000,200.00000000,0.00000000,0.00000000,0.00000000,200.00000000,0,NULL,NULL,0,NULL,0.00000000,0,1,NULL,NULL,'EUR',100.00000000,200.00000000,0.00000000,200.00000000),(38,14,NULL,12,NULL,'Cloud hosting of Dolibarr ERP and CRM software',NULL,0.000,'',0.000,'0',0.000,'0',5,0,0,NULL,9.00000000,45.00000000,0.00000000,0.00000000,0.00000000,45.00000000,0,NULL,NULL,0,NULL,0.00000000,0,2,NULL,NULL,'EUR',9.00000000,45.00000000,0.00000000,45.00000000),(39,15,NULL,13,NULL,'A powerfull computer XP4523&nbsp;',NULL,0.000,'',0.000,'0',0.000,'0',3,0,0,NULL,100.00000000,300.00000000,0.00000000,0.00000000,0.00000000,300.00000000,0,NULL,NULL,0,NULL,0.00000000,0,1,NULL,NULL,'EUR',100.00000000,300.00000000,0.00000000,300.00000000),(40,15,NULL,10,NULL,'A powerfull computer XP4523&nbsp;',NULL,0.000,'',0.000,'0',0.000,'0',3,0,0,NULL,100.00000000,300.00000000,0.00000000,0.00000000,0.00000000,300.00000000,0,NULL,NULL,0,NULL,0.00000000,0,2,NULL,NULL,'EUR',100.00000000,300.00000000,0.00000000,300.00000000),(41,15,NULL,10,NULL,'A powerfull computer XP4523&nbsp;',NULL,0.000,'',0.000,'0',0.000,'0',3,0,0,NULL,100.00000000,300.00000000,0.00000000,0.00000000,0.00000000,300.00000000,0,NULL,NULL,0,NULL,0.00000000,0,3,NULL,NULL,'EUR',100.00000000,300.00000000,0.00000000,300.00000000),(42,15,NULL,5,NULL,'<strong><span style=\"font-family:roboto,uilanguagefont,arial,sans-serif; font-size:14px\">DoliDroid is the Android front-end client for Dolibarr ERP &amp; CRM web software.</span><br />\r\n<span style=\"font-family:roboto,uilanguagefont,arial,sans-serif; font-size:14px\">This application is not a standalone program. It is a front end to use a online hosted Dolibarr ERP &amp; CRM software (an Open-source web software to manage your business).</span></strong>\r\n<p><u>The advantage of DoliDroid are :</u><br />\r\n- DoliDroid is not a duplicate code of Dolibarr, but a front-end of a Dolibarr web installation, so all your online existing features are supported by this application. This is also true for external modules features.<br />\r\n- Upgrading Dolibarr will not break DoliDroid.<br />\r\n- DoliDroid use embedded image resources to reduce bandwidth usage.<br />\r\n- DoliDroid use internal cache for pages that should not change (like menu page)<br />\r\n- Connections parameters are saved. No need to enter them each time you use DoliDroid.<br />\r\n- Integration with your phone or other applications (Clicking on PDF open PDF reader, clicking onto email or phone launch your email application or launch Android dialer, ...)</p>\r\n\r\n<p><span style=\"color:#DAA520\"><strong>WARNING !&nbsp;</strong></span></p>\r\n\r\n<p>This application need Android 4.0+ and a hosted Dolibarr ERP &amp; CRM version 3.5 or newer accessible by internet<br />\r\n(For example, when hosted on any SaaS solution like DoliCloud -&nbsp;<a href=\"https://www.google.com/url?q=https://www.google.com/url?q%3Dhttp://www.dolicloud.com%26sa%3DD%26usg%3DAFQjCNGdd9htz4JDciiMtScpBwK83qIRkw&amp;sa=D&amp;usg=AFQjCNGMpCbxNnU5BiK59e368K5AR0l_pg\" style=\"text-decoration: none; color: rgb(51, 105, 30); cursor: pointer;\" target=\"_blank\">http://www.dolicloud.com</a>).</p>',NULL,0.000,'',0.000,'0',0.000,'0',4,0,0,NULL,10.00000000,40.00000000,0.00000000,0.00000000,0.00000000,40.00000000,0,NULL,NULL,0,NULL,0.00000000,0,4,NULL,NULL,'EUR',10.00000000,40.00000000,0.00000000,40.00000000),(43,16,NULL,5,NULL,'<strong><span style=\"font-family:roboto,uilanguagefont,arial,sans-serif; font-size:14px\">DoliDroid is the Android front-end client for Dolibarr ERP &amp; CRM web software.</span><br />\r\n<span style=\"font-family:roboto,uilanguagefont,arial,sans-serif; font-size:14px\">This application is not a standalone program. It is a front end to use a online hosted Dolibarr ERP &amp; CRM software (an Open-source web software to manage your business).</span></strong>\r\n<p><u>The advantage of DoliDroid are :</u><br />\r\n- DoliDroid is not a duplicate code of Dolibarr, but a front-end of a Dolibarr web installation, so all your online existing features are supported by this application. This is also true for external modules features.<br />\r\n- Upgrading Dolibarr will not break DoliDroid.<br />\r\n- DoliDroid use embedded image resources to reduce bandwidth usage.<br />\r\n- DoliDroid use internal cache for pages that should not change (like menu page)<br />\r\n- Connections parameters are saved. No need to enter them each time you use DoliDroid.<br />\r\n- Integration with your phone or other applications (Clicking on PDF open PDF reader, clicking onto email or phone launch your email application or launch Android dialer, ...)</p>\r\n\r\n<p><span style=\"color:#DAA520\"><strong>WARNING !&nbsp;</strong></span></p>\r\n\r\n<p>This application need Android 4.0+ and a hosted Dolibarr ERP &amp; CRM version 3.5 or newer accessible by internet<br />\r\n(For example, when hosted on any SaaS solution like DoliCloud -&nbsp;<a href=\"https://www.google.com/url?q=https://www.google.com/url?q%3Dhttp://www.dolicloud.com%26sa%3DD%26usg%3DAFQjCNGdd9htz4JDciiMtScpBwK83qIRkw&amp;sa=D&amp;usg=AFQjCNGMpCbxNnU5BiK59e368K5AR0l_pg\" style=\"text-decoration: none; color: rgb(51, 105, 30); cursor: pointer;\" target=\"_blank\">http://www.dolicloud.com</a>).</p>',NULL,0.000,'',0.000,'0',0.000,'0',4,0,0,NULL,10.00000000,40.00000000,0.00000000,0.00000000,0.00000000,40.00000000,0,NULL,NULL,0,NULL,0.00000000,0,1,NULL,NULL,'EUR',10.00000000,40.00000000,0.00000000,40.00000000),(44,16,NULL,5,NULL,'<strong><span style=\"font-family:roboto,uilanguagefont,arial,sans-serif; font-size:14px\">DoliDroid is the Android front-end client for Dolibarr ERP &amp; CRM web software.</span><br />\r\n<span style=\"font-family:roboto,uilanguagefont,arial,sans-serif; font-size:14px\">This application is not a standalone program. It is a front end to use a online hosted Dolibarr ERP &amp; CRM software (an Open-source web software to manage your business).</span></strong>\r\n<p><u>The advantage of DoliDroid are :</u><br />\r\n- DoliDroid is not a duplicate code of Dolibarr, but a front-end of a Dolibarr web installation, so all your online existing features are supported by this application. This is also true for external modules features.<br />\r\n- Upgrading Dolibarr will not break DoliDroid.<br />\r\n- DoliDroid use embedded image resources to reduce bandwidth usage.<br />\r\n- DoliDroid use internal cache for pages that should not change (like menu page)<br />\r\n- Connections parameters are saved. No need to enter them each time you use DoliDroid.<br />\r\n- Integration with your phone or other applications (Clicking on PDF open PDF reader, clicking onto email or phone launch your email application or launch Android dialer, ...)</p>\r\n\r\n<p><span style=\"color:#DAA520\"><strong>WARNING !&nbsp;</strong></span></p>\r\n\r\n<p>This application need Android 4.0+ and a hosted Dolibarr ERP &amp; CRM version 3.5 or newer accessible by internet<br />\r\n(For example, when hosted on any SaaS solution like DoliCloud -&nbsp;<a href=\"https://www.google.com/url?q=https://www.google.com/url?q%3Dhttp://www.dolicloud.com%26sa%3DD%26usg%3DAFQjCNGdd9htz4JDciiMtScpBwK83qIRkw&amp;sa=D&amp;usg=AFQjCNGMpCbxNnU5BiK59e368K5AR0l_pg\" style=\"text-decoration: none; color: rgb(51, 105, 30); cursor: pointer;\" target=\"_blank\">http://www.dolicloud.com</a>).</p>',NULL,0.000,'',0.000,'0',0.000,'0',4,0,0,NULL,10.00000000,40.00000000,0.00000000,0.00000000,0.00000000,40.00000000,0,NULL,NULL,0,NULL,0.00000000,0,2,NULL,NULL,'EUR',10.00000000,40.00000000,0.00000000,40.00000000),(45,16,NULL,12,NULL,'Cloud hosting of Dolibarr ERP and CRM software',NULL,0.000,'',0.000,'0',0.000,'0',5,0,0,NULL,9.00000000,45.00000000,0.00000000,0.00000000,0.00000000,45.00000000,0,NULL,NULL,0,NULL,0.00000000,0,3,NULL,NULL,'EUR',9.00000000,45.00000000,0.00000000,45.00000000),(46,17,NULL,12,NULL,'Cloud hosting of Dolibarr ERP and CRM software',NULL,0.000,'',0.000,'0',0.000,'0',5,0,0,NULL,9.00000000,45.00000000,0.00000000,0.00000000,0.00000000,45.00000000,0,NULL,NULL,0,NULL,0.00000000,0,1,NULL,NULL,'EUR',9.00000000,45.00000000,0.00000000,45.00000000),(47,17,NULL,12,NULL,'Cloud hosting of Dolibarr ERP and CRM software',NULL,0.000,'',0.000,'0',0.000,'0',2,0,0,NULL,9.00000000,18.00000000,0.00000000,0.00000000,0.00000000,18.00000000,0,NULL,NULL,0,NULL,0.00000000,0,2,NULL,NULL,'EUR',9.00000000,18.00000000,0.00000000,18.00000000),(48,17,NULL,10,NULL,'A powerfull computer XP4523&nbsp;',NULL,0.000,'',0.000,'0',0.000,'0',1,0,0,NULL,100.00000000,100.00000000,0.00000000,0.00000000,0.00000000,100.00000000,0,NULL,NULL,0,NULL,0.00000000,0,3,NULL,NULL,'EUR',100.00000000,100.00000000,0.00000000,100.00000000),(49,17,NULL,2,NULL,'',NULL,0.000,'',0.000,'0',0.000,'0',3,0,0,NULL,NULL,0.00000000,0.00000000,0.00000000,0.00000000,0.00000000,0,NULL,NULL,0,NULL,0.00000000,0,4,NULL,NULL,'EUR',0.00000000,0.00000000,0.00000000,0.00000000),(50,17,NULL,3,NULL,'',NULL,0.000,'',0.000,'0',0.000,'0',1,0,0,NULL,NULL,0.00000000,0.00000000,0.00000000,0.00000000,0.00000000,0,NULL,NULL,0,NULL,0.00000000,0,5,NULL,NULL,'EUR',0.00000000,0.00000000,0.00000000,0.00000000),(51,18,NULL,1,NULL,'A beatifull pink dress',NULL,0.000,'',0.000,'0',0.000,'0',4,0,0,NULL,100.00000000,400.00000000,0.00000000,0.00000000,0.00000000,400.00000000,0,NULL,NULL,0,NULL,0.00000000,0,1,NULL,NULL,'EUR',100.00000000,400.00000000,0.00000000,400.00000000),(52,18,NULL,1,NULL,'A beatifull pink dress',NULL,0.000,'',0.000,'0',0.000,'0',1,0,0,NULL,100.00000000,100.00000000,0.00000000,0.00000000,0.00000000,100.00000000,0,NULL,NULL,0,NULL,0.00000000,0,2,NULL,NULL,'EUR',100.00000000,100.00000000,0.00000000,100.00000000),(53,18,NULL,13,NULL,'A powerfull computer XP4523&nbsp;',NULL,0.000,'',0.000,'0',0.000,'0',4,0,0,NULL,100.00000000,400.00000000,0.00000000,0.00000000,0.00000000,400.00000000,0,NULL,NULL,0,NULL,0.00000000,0,3,NULL,NULL,'EUR',100.00000000,400.00000000,0.00000000,400.00000000),(54,19,NULL,10,NULL,'A powerfull computer XP4523&nbsp;',NULL,0.000,'',0.000,'0',0.000,'0',1,0,0,NULL,100.00000000,100.00000000,0.00000000,0.00000000,0.00000000,100.00000000,0,NULL,NULL,0,NULL,0.00000000,0,1,NULL,NULL,'EUR',100.00000000,100.00000000,0.00000000,100.00000000),(55,19,NULL,13,NULL,'A powerfull computer XP4523&nbsp;',NULL,0.000,'',0.000,'0',0.000,'0',1,0,0,NULL,100.00000000,100.00000000,0.00000000,0.00000000,0.00000000,100.00000000,0,NULL,NULL,0,NULL,0.00000000,0,2,NULL,NULL,'EUR',100.00000000,100.00000000,0.00000000,100.00000000),(56,19,NULL,2,NULL,'',NULL,0.000,'',0.000,'0',0.000,'0',2,0,0,NULL,NULL,0.00000000,0.00000000,0.00000000,0.00000000,0.00000000,0,NULL,NULL,0,NULL,0.00000000,0,3,NULL,NULL,'EUR',0.00000000,0.00000000,0.00000000,0.00000000),(57,19,NULL,2,NULL,'',NULL,0.000,'',0.000,'0',0.000,'0',1,0,0,NULL,NULL,0.00000000,0.00000000,0.00000000,0.00000000,0.00000000,0,NULL,NULL,0,NULL,0.00000000,0,4,NULL,NULL,'EUR',0.00000000,0.00000000,0.00000000,0.00000000),(58,19,NULL,2,NULL,'',NULL,0.000,'',0.000,'0',0.000,'0',2,0,0,NULL,NULL,0.00000000,0.00000000,0.00000000,0.00000000,0.00000000,0,NULL,NULL,0,NULL,0.00000000,0,5,NULL,NULL,'EUR',0.00000000,0.00000000,0.00000000,0.00000000),(59,20,NULL,1,NULL,'A beatifull pink dress',NULL,0.000,'',0.000,'0',0.000,'0',3,0,0,NULL,100.00000000,300.00000000,0.00000000,0.00000000,0.00000000,300.00000000,0,NULL,NULL,0,NULL,0.00000000,0,1,NULL,NULL,'EUR',100.00000000,300.00000000,0.00000000,300.00000000),(60,20,NULL,5,NULL,'<strong><span style=\"font-family:roboto,uilanguagefont,arial,sans-serif; font-size:14px\">DoliDroid is the Android front-end client for Dolibarr ERP &amp; CRM web software.</span><br />\r\n<span style=\"font-family:roboto,uilanguagefont,arial,sans-serif; font-size:14px\">This application is not a standalone program. It is a front end to use a online hosted Dolibarr ERP &amp; CRM software (an Open-source web software to manage your business).</span></strong>\r\n<p><u>The advantage of DoliDroid are :</u><br />\r\n- DoliDroid is not a duplicate code of Dolibarr, but a front-end of a Dolibarr web installation, so all your online existing features are supported by this application. This is also true for external modules features.<br />\r\n- Upgrading Dolibarr will not break DoliDroid.<br />\r\n- DoliDroid use embedded image resources to reduce bandwidth usage.<br />\r\n- DoliDroid use internal cache for pages that should not change (like menu page)<br />\r\n- Connections parameters are saved. No need to enter them each time you use DoliDroid.<br />\r\n- Integration with your phone or other applications (Clicking on PDF open PDF reader, clicking onto email or phone launch your email application or launch Android dialer, ...)</p>\r\n\r\n<p><span style=\"color:#DAA520\"><strong>WARNING !&nbsp;</strong></span></p>\r\n\r\n<p>This application need Android 4.0+ and a hosted Dolibarr ERP &amp; CRM version 3.5 or newer accessible by internet<br />\r\n(For example, when hosted on any SaaS solution like DoliCloud -&nbsp;<a href=\"https://www.google.com/url?q=https://www.google.com/url?q%3Dhttp://www.dolicloud.com%26sa%3DD%26usg%3DAFQjCNGdd9htz4JDciiMtScpBwK83qIRkw&amp;sa=D&amp;usg=AFQjCNGMpCbxNnU5BiK59e368K5AR0l_pg\" style=\"text-decoration: none; color: rgb(51, 105, 30); cursor: pointer;\" target=\"_blank\">http://www.dolicloud.com</a>).</p>',NULL,0.000,'',0.000,'0',0.000,'0',1,0,0,NULL,10.00000000,10.00000000,0.00000000,0.00000000,0.00000000,10.00000000,0,NULL,NULL,0,NULL,0.00000000,0,2,NULL,NULL,'EUR',10.00000000,10.00000000,0.00000000,10.00000000),(61,20,NULL,5,NULL,'<strong><span style=\"font-family:roboto,uilanguagefont,arial,sans-serif; font-size:14px\">DoliDroid is the Android front-end client for Dolibarr ERP &amp; CRM web software.</span><br />\r\n<span style=\"font-family:roboto,uilanguagefont,arial,sans-serif; font-size:14px\">This application is not a standalone program. It is a front end to use a online hosted Dolibarr ERP &amp; CRM software (an Open-source web software to manage your business).</span></strong>\r\n<p><u>The advantage of DoliDroid are :</u><br />\r\n- DoliDroid is not a duplicate code of Dolibarr, but a front-end of a Dolibarr web installation, so all your online existing features are supported by this application. This is also true for external modules features.<br />\r\n- Upgrading Dolibarr will not break DoliDroid.<br />\r\n- DoliDroid use embedded image resources to reduce bandwidth usage.<br />\r\n- DoliDroid use internal cache for pages that should not change (like menu page)<br />\r\n- Connections parameters are saved. No need to enter them each time you use DoliDroid.<br />\r\n- Integration with your phone or other applications (Clicking on PDF open PDF reader, clicking onto email or phone launch your email application or launch Android dialer, ...)</p>\r\n\r\n<p><span style=\"color:#DAA520\"><strong>WARNING !&nbsp;</strong></span></p>\r\n\r\n<p>This application need Android 4.0+ and a hosted Dolibarr ERP &amp; CRM version 3.5 or newer accessible by internet<br />\r\n(For example, when hosted on any SaaS solution like DoliCloud -&nbsp;<a href=\"https://www.google.com/url?q=https://www.google.com/url?q%3Dhttp://www.dolicloud.com%26sa%3DD%26usg%3DAFQjCNGdd9htz4JDciiMtScpBwK83qIRkw&amp;sa=D&amp;usg=AFQjCNGMpCbxNnU5BiK59e368K5AR0l_pg\" style=\"text-decoration: none; color: rgb(51, 105, 30); cursor: pointer;\" target=\"_blank\">http://www.dolicloud.com</a>).</p>',NULL,0.000,'',0.000,'0',0.000,'0',2,0,0,NULL,10.00000000,20.00000000,0.00000000,0.00000000,0.00000000,20.00000000,0,NULL,NULL,0,NULL,0.00000000,0,3,NULL,NULL,'EUR',10.00000000,20.00000000,0.00000000,20.00000000),(62,20,NULL,10,NULL,'A powerfull computer XP4523&nbsp;',NULL,0.000,'',0.000,'0',0.000,'0',5,0,0,NULL,100.00000000,500.00000000,0.00000000,0.00000000,0.00000000,500.00000000,0,NULL,NULL,0,NULL,0.00000000,0,4,NULL,NULL,'EUR',100.00000000,500.00000000,0.00000000,500.00000000),(63,21,NULL,5,NULL,'<strong><span style=\"font-family:roboto,uilanguagefont,arial,sans-serif; font-size:14px\">DoliDroid is the Android front-end client for Dolibarr ERP &amp; CRM web software.</span><br />\r\n<span style=\"font-family:roboto,uilanguagefont,arial,sans-serif; font-size:14px\">This application is not a standalone program. It is a front end to use a online hosted Dolibarr ERP &amp; CRM software (an Open-source web software to manage your business).</span></strong>\r\n<p><u>The advantage of DoliDroid are :</u><br />\r\n- DoliDroid is not a duplicate code of Dolibarr, but a front-end of a Dolibarr web installation, so all your online existing features are supported by this application. This is also true for external modules features.<br />\r\n- Upgrading Dolibarr will not break DoliDroid.<br />\r\n- DoliDroid use embedded image resources to reduce bandwidth usage.<br />\r\n- DoliDroid use internal cache for pages that should not change (like menu page)<br />\r\n- Connections parameters are saved. No need to enter them each time you use DoliDroid.<br />\r\n- Integration with your phone or other applications (Clicking on PDF open PDF reader, clicking onto email or phone launch your email application or launch Android dialer, ...)</p>\r\n\r\n<p><span style=\"color:#DAA520\"><strong>WARNING !&nbsp;</strong></span></p>\r\n\r\n<p>This application need Android 4.0+ and a hosted Dolibarr ERP &amp; CRM version 3.5 or newer accessible by internet<br />\r\n(For example, when hosted on any SaaS solution like DoliCloud -&nbsp;<a href=\"https://www.google.com/url?q=https://www.google.com/url?q%3Dhttp://www.dolicloud.com%26sa%3DD%26usg%3DAFQjCNGdd9htz4JDciiMtScpBwK83qIRkw&amp;sa=D&amp;usg=AFQjCNGMpCbxNnU5BiK59e368K5AR0l_pg\" style=\"text-decoration: none; color: rgb(51, 105, 30); cursor: pointer;\" target=\"_blank\">http://www.dolicloud.com</a>).</p>',NULL,0.000,'',0.000,'0',0.000,'0',2,0,0,NULL,10.00000000,20.00000000,0.00000000,0.00000000,0.00000000,20.00000000,0,NULL,NULL,0,NULL,0.00000000,0,1,NULL,NULL,'EUR',10.00000000,20.00000000,0.00000000,20.00000000),(64,21,NULL,12,NULL,'Cloud hosting of Dolibarr ERP and CRM software',NULL,0.000,'',0.000,'0',0.000,'0',1,0,0,NULL,9.00000000,9.00000000,0.00000000,0.00000000,0.00000000,9.00000000,0,NULL,NULL,0,NULL,0.00000000,0,2,NULL,NULL,'EUR',9.00000000,9.00000000,0.00000000,9.00000000),(65,21,NULL,4,NULL,'Nice Bio Apple Pie.<br />\r\n&nbsp;',NULL,0.000,'',0.000,'0',0.000,'0',3,0,0,NULL,5.00000000,15.00000000,0.00000000,0.00000000,0.00000000,15.00000000,0,NULL,NULL,0,NULL,0.00000000,0,3,NULL,NULL,'EUR',5.00000000,15.00000000,0.00000000,15.00000000),(66,21,NULL,12,NULL,'Cloud hosting of Dolibarr ERP and CRM software',NULL,0.000,'',0.000,'0',0.000,'0',5,0,0,NULL,9.00000000,45.00000000,0.00000000,0.00000000,0.00000000,45.00000000,0,NULL,NULL,0,NULL,0.00000000,0,4,NULL,NULL,'EUR',9.00000000,45.00000000,0.00000000,45.00000000),(67,22,NULL,5,NULL,'<strong><span style=\"font-family:roboto,uilanguagefont,arial,sans-serif; font-size:14px\">DoliDroid is the Android front-end client for Dolibarr ERP &amp; CRM web software.</span><br />\r\n<span style=\"font-family:roboto,uilanguagefont,arial,sans-serif; font-size:14px\">This application is not a standalone program. It is a front end to use a online hosted Dolibarr ERP &amp; CRM software (an Open-source web software to manage your business).</span></strong>\r\n<p><u>The advantage of DoliDroid are :</u><br />\r\n- DoliDroid is not a duplicate code of Dolibarr, but a front-end of a Dolibarr web installation, so all your online existing features are supported by this application. This is also true for external modules features.<br />\r\n- Upgrading Dolibarr will not break DoliDroid.<br />\r\n- DoliDroid use embedded image resources to reduce bandwidth usage.<br />\r\n- DoliDroid use internal cache for pages that should not change (like menu page)<br />\r\n- Connections parameters are saved. No need to enter them each time you use DoliDroid.<br />\r\n- Integration with your phone or other applications (Clicking on PDF open PDF reader, clicking onto email or phone launch your email application or launch Android dialer, ...)</p>\r\n\r\n<p><span style=\"color:#DAA520\"><strong>WARNING !&nbsp;</strong></span></p>\r\n\r\n<p>This application need Android 4.0+ and a hosted Dolibarr ERP &amp; CRM version 3.5 or newer accessible by internet<br />\r\n(For example, when hosted on any SaaS solution like DoliCloud -&nbsp;<a href=\"https://www.google.com/url?q=https://www.google.com/url?q%3Dhttp://www.dolicloud.com%26sa%3DD%26usg%3DAFQjCNGdd9htz4JDciiMtScpBwK83qIRkw&amp;sa=D&amp;usg=AFQjCNGMpCbxNnU5BiK59e368K5AR0l_pg\" style=\"text-decoration: none; color: rgb(51, 105, 30); cursor: pointer;\" target=\"_blank\">http://www.dolicloud.com</a>).</p>',NULL,0.000,'',0.000,'0',0.000,'0',5,0,0,NULL,10.00000000,50.00000000,0.00000000,0.00000000,0.00000000,50.00000000,0,NULL,NULL,0,NULL,0.00000000,0,1,NULL,NULL,'EUR',10.00000000,50.00000000,0.00000000,50.00000000),(68,22,NULL,5,NULL,'<strong><span style=\"font-family:roboto,uilanguagefont,arial,sans-serif; font-size:14px\">DoliDroid is the Android front-end client for Dolibarr ERP &amp; CRM web software.</span><br />\r\n<span style=\"font-family:roboto,uilanguagefont,arial,sans-serif; font-size:14px\">This application is not a standalone program. It is a front end to use a online hosted Dolibarr ERP &amp; CRM software (an Open-source web software to manage your business).</span></strong>\r\n<p><u>The advantage of DoliDroid are :</u><br />\r\n- DoliDroid is not a duplicate code of Dolibarr, but a front-end of a Dolibarr web installation, so all your online existing features are supported by this application. This is also true for external modules features.<br />\r\n- Upgrading Dolibarr will not break DoliDroid.<br />\r\n- DoliDroid use embedded image resources to reduce bandwidth usage.<br />\r\n- DoliDroid use internal cache for pages that should not change (like menu page)<br />\r\n- Connections parameters are saved. No need to enter them each time you use DoliDroid.<br />\r\n- Integration with your phone or other applications (Clicking on PDF open PDF reader, clicking onto email or phone launch your email application or launch Android dialer, ...)</p>\r\n\r\n<p><span style=\"color:#DAA520\"><strong>WARNING !&nbsp;</strong></span></p>\r\n\r\n<p>This application need Android 4.0+ and a hosted Dolibarr ERP &amp; CRM version 3.5 or newer accessible by internet<br />\r\n(For example, when hosted on any SaaS solution like DoliCloud -&nbsp;<a href=\"https://www.google.com/url?q=https://www.google.com/url?q%3Dhttp://www.dolicloud.com%26sa%3DD%26usg%3DAFQjCNGdd9htz4JDciiMtScpBwK83qIRkw&amp;sa=D&amp;usg=AFQjCNGMpCbxNnU5BiK59e368K5AR0l_pg\" style=\"text-decoration: none; color: rgb(51, 105, 30); cursor: pointer;\" target=\"_blank\">http://www.dolicloud.com</a>).</p>',NULL,0.000,'',0.000,'0',0.000,'0',2,0,0,NULL,10.00000000,20.00000000,0.00000000,0.00000000,0.00000000,20.00000000,0,NULL,NULL,0,NULL,0.00000000,0,2,NULL,NULL,'EUR',10.00000000,20.00000000,0.00000000,20.00000000),(69,23,NULL,2,NULL,'',NULL,0.000,'',0.000,'0',0.000,'0',2,0,0,NULL,NULL,0.00000000,0.00000000,0.00000000,0.00000000,0.00000000,0,NULL,NULL,0,NULL,0.00000000,0,1,NULL,NULL,'EUR',0.00000000,0.00000000,0.00000000,0.00000000),(70,23,NULL,4,NULL,'Nice Bio Apple Pie.<br />\r\n&nbsp;',NULL,0.000,'',0.000,'0',0.000,'0',3,0,0,NULL,5.00000000,15.00000000,0.00000000,0.00000000,0.00000000,15.00000000,0,NULL,NULL,0,NULL,0.00000000,0,2,NULL,NULL,'EUR',5.00000000,15.00000000,0.00000000,15.00000000),(71,23,NULL,13,NULL,'A powerfull computer XP4523&nbsp;',NULL,0.000,'',0.000,'0',0.000,'0',3,0,0,NULL,100.00000000,300.00000000,0.00000000,0.00000000,0.00000000,300.00000000,0,NULL,NULL,0,NULL,0.00000000,0,3,NULL,NULL,'EUR',100.00000000,300.00000000,0.00000000,300.00000000),(72,23,NULL,1,NULL,'A beatifull pink dress',NULL,0.000,'',0.000,'0',0.000,'0',4,0,0,NULL,100.00000000,400.00000000,0.00000000,0.00000000,0.00000000,400.00000000,0,NULL,NULL,0,NULL,0.00000000,0,4,NULL,NULL,'EUR',100.00000000,400.00000000,0.00000000,400.00000000),(73,24,NULL,4,NULL,'Nice Bio Apple Pie.<br />\r\n&nbsp;',NULL,0.000,'',0.000,'0',0.000,'0',1,0,0,NULL,5.00000000,5.00000000,0.00000000,0.00000000,0.00000000,5.00000000,0,NULL,NULL,0,NULL,0.00000000,0,1,NULL,NULL,'EUR',5.00000000,5.00000000,0.00000000,5.00000000),(74,24,NULL,12,NULL,'Cloud hosting of Dolibarr ERP and CRM software',NULL,0.000,'',0.000,'0',0.000,'0',5,0,0,NULL,9.00000000,45.00000000,0.00000000,0.00000000,0.00000000,45.00000000,0,NULL,NULL,0,NULL,0.00000000,0,2,NULL,NULL,'EUR',9.00000000,45.00000000,0.00000000,45.00000000),(75,24,NULL,2,NULL,'',NULL,0.000,'',0.000,'0',0.000,'0',4,0,0,NULL,NULL,0.00000000,0.00000000,0.00000000,0.00000000,0.00000000,0,NULL,NULL,0,NULL,0.00000000,0,3,NULL,NULL,'EUR',0.00000000,0.00000000,0.00000000,0.00000000),(76,24,NULL,1,NULL,'A beatifull pink dress',NULL,0.000,'',0.000,'0',0.000,'0',2,0,0,NULL,100.00000000,200.00000000,0.00000000,0.00000000,0.00000000,200.00000000,0,NULL,NULL,0,NULL,0.00000000,0,4,NULL,NULL,'EUR',100.00000000,200.00000000,0.00000000,200.00000000),(77,25,NULL,10,NULL,'A powerfull computer XP4523&nbsp;',NULL,0.000,'',0.000,'0',0.000,'0',4,0,0,NULL,100.00000000,400.00000000,0.00000000,0.00000000,0.00000000,400.00000000,0,NULL,NULL,0,NULL,0.00000000,0,1,NULL,NULL,'EUR',100.00000000,400.00000000,0.00000000,400.00000000),(78,25,NULL,13,NULL,'A powerfull computer XP4523&nbsp;',NULL,0.000,'',0.000,'0',0.000,'0',3,0,0,NULL,100.00000000,300.00000000,0.00000000,0.00000000,0.00000000,300.00000000,0,NULL,NULL,0,NULL,0.00000000,0,2,NULL,NULL,'EUR',100.00000000,300.00000000,0.00000000,300.00000000),(79,25,NULL,10,NULL,'A powerfull computer XP4523&nbsp;',NULL,0.000,'',0.000,'0',0.000,'0',2,0,0,NULL,100.00000000,200.00000000,0.00000000,0.00000000,0.00000000,200.00000000,0,NULL,NULL,0,NULL,0.00000000,0,3,NULL,NULL,'EUR',100.00000000,200.00000000,0.00000000,200.00000000),(80,25,NULL,13,NULL,'A powerfull computer XP4523&nbsp;',NULL,0.000,'',0.000,'0',0.000,'0',1,0,0,NULL,100.00000000,100.00000000,0.00000000,0.00000000,0.00000000,100.00000000,0,NULL,NULL,0,NULL,0.00000000,0,4,NULL,NULL,'EUR',100.00000000,100.00000000,0.00000000,100.00000000),(81,25,NULL,12,NULL,'Cloud hosting of Dolibarr ERP and CRM software',NULL,0.000,'',0.000,'0',0.000,'0',2,0,0,NULL,9.00000000,18.00000000,0.00000000,0.00000000,0.00000000,18.00000000,0,NULL,NULL,0,NULL,0.00000000,0,5,NULL,NULL,'EUR',9.00000000,18.00000000,0.00000000,18.00000000),(82,26,NULL,10,NULL,'A powerfull computer XP4523&nbsp;',NULL,0.000,'',0.000,'0',0.000,'0',2,0,0,NULL,100.00000000,200.00000000,0.00000000,0.00000000,0.00000000,200.00000000,0,NULL,NULL,0,NULL,0.00000000,0,1,NULL,NULL,'EUR',100.00000000,200.00000000,0.00000000,200.00000000),(83,26,NULL,5,NULL,'<strong><span style=\"font-family:roboto,uilanguagefont,arial,sans-serif; font-size:14px\">DoliDroid is the Android front-end client for Dolibarr ERP &amp; CRM web software.</span><br />\r\n<span style=\"font-family:roboto,uilanguagefont,arial,sans-serif; font-size:14px\">This application is not a standalone program. It is a front end to use a online hosted Dolibarr ERP &amp; CRM software (an Open-source web software to manage your business).</span></strong>\r\n<p><u>The advantage of DoliDroid are :</u><br />\r\n- DoliDroid is not a duplicate code of Dolibarr, but a front-end of a Dolibarr web installation, so all your online existing features are supported by this application. This is also true for external modules features.<br />\r\n- Upgrading Dolibarr will not break DoliDroid.<br />\r\n- DoliDroid use embedded image resources to reduce bandwidth usage.<br />\r\n- DoliDroid use internal cache for pages that should not change (like menu page)<br />\r\n- Connections parameters are saved. No need to enter them each time you use DoliDroid.<br />\r\n- Integration with your phone or other applications (Clicking on PDF open PDF reader, clicking onto email or phone launch your email application or launch Android dialer, ...)</p>\r\n\r\n<p><span style=\"color:#DAA520\"><strong>WARNING !&nbsp;</strong></span></p>\r\n\r\n<p>This application need Android 4.0+ and a hosted Dolibarr ERP &amp; CRM version 3.5 or newer accessible by internet<br />\r\n(For example, when hosted on any SaaS solution like DoliCloud -&nbsp;<a href=\"https://www.google.com/url?q=https://www.google.com/url?q%3Dhttp://www.dolicloud.com%26sa%3DD%26usg%3DAFQjCNGdd9htz4JDciiMtScpBwK83qIRkw&amp;sa=D&amp;usg=AFQjCNGMpCbxNnU5BiK59e368K5AR0l_pg\" style=\"text-decoration: none; color: rgb(51, 105, 30); cursor: pointer;\" target=\"_blank\">http://www.dolicloud.com</a>).</p>',NULL,0.000,'',0.000,'0',0.000,'0',1,0,0,NULL,10.00000000,10.00000000,0.00000000,0.00000000,0.00000000,10.00000000,0,NULL,NULL,0,NULL,0.00000000,0,2,NULL,NULL,'EUR',10.00000000,10.00000000,0.00000000,10.00000000),(84,26,NULL,10,NULL,'A powerfull computer XP4523&nbsp;',NULL,0.000,'',0.000,'0',0.000,'0',3,0,0,NULL,100.00000000,300.00000000,0.00000000,0.00000000,0.00000000,300.00000000,0,NULL,NULL,0,NULL,0.00000000,0,3,NULL,NULL,'EUR',100.00000000,300.00000000,0.00000000,300.00000000),(85,26,NULL,13,NULL,'A powerfull computer XP4523&nbsp;',NULL,0.000,'',0.000,'0',0.000,'0',2,0,0,NULL,100.00000000,200.00000000,0.00000000,0.00000000,0.00000000,200.00000000,0,NULL,NULL,0,NULL,0.00000000,0,4,NULL,NULL,'EUR',100.00000000,200.00000000,0.00000000,200.00000000),(86,26,NULL,3,NULL,'',NULL,0.000,'',0.000,'0',0.000,'0',2,0,0,NULL,NULL,0.00000000,0.00000000,0.00000000,0.00000000,0.00000000,0,NULL,NULL,0,NULL,0.00000000,0,5,NULL,NULL,'EUR',0.00000000,0.00000000,0.00000000,0.00000000),(87,27,NULL,13,NULL,'A powerfull computer XP4523&nbsp;',NULL,0.000,'',0.000,'0',0.000,'0',3,0,0,NULL,100.00000000,300.00000000,0.00000000,0.00000000,0.00000000,300.00000000,0,NULL,NULL,0,NULL,0.00000000,0,1,NULL,NULL,'EUR',100.00000000,300.00000000,0.00000000,300.00000000),(88,27,NULL,3,NULL,'',NULL,0.000,'',0.000,'0',0.000,'0',2,0,0,NULL,NULL,0.00000000,0.00000000,0.00000000,0.00000000,0.00000000,0,NULL,NULL,0,NULL,0.00000000,0,2,NULL,NULL,'EUR',0.00000000,0.00000000,0.00000000,0.00000000),(89,28,NULL,4,NULL,'Nice Bio Apple Pie.<br />\r\n&nbsp;',NULL,0.000,'',0.000,'0',0.000,'0',2,0,0,NULL,5.00000000,10.00000000,0.00000000,0.00000000,0.00000000,10.00000000,0,NULL,NULL,0,NULL,0.00000000,0,1,NULL,NULL,'EUR',5.00000000,10.00000000,0.00000000,10.00000000),(90,28,NULL,5,NULL,'<strong><span style=\"font-family:roboto,uilanguagefont,arial,sans-serif; font-size:14px\">DoliDroid is the Android front-end client for Dolibarr ERP &amp; CRM web software.</span><br />\r\n<span style=\"font-family:roboto,uilanguagefont,arial,sans-serif; font-size:14px\">This application is not a standalone program. It is a front end to use a online hosted Dolibarr ERP &amp; CRM software (an Open-source web software to manage your business).</span></strong>\r\n<p><u>The advantage of DoliDroid are :</u><br />\r\n- DoliDroid is not a duplicate code of Dolibarr, but a front-end of a Dolibarr web installation, so all your online existing features are supported by this application. This is also true for external modules features.<br />\r\n- Upgrading Dolibarr will not break DoliDroid.<br />\r\n- DoliDroid use embedded image resources to reduce bandwidth usage.<br />\r\n- DoliDroid use internal cache for pages that should not change (like menu page)<br />\r\n- Connections parameters are saved. No need to enter them each time you use DoliDroid.<br />\r\n- Integration with your phone or other applications (Clicking on PDF open PDF reader, clicking onto email or phone launch your email application or launch Android dialer, ...)</p>\r\n\r\n<p><span style=\"color:#DAA520\"><strong>WARNING !&nbsp;</strong></span></p>\r\n\r\n<p>This application need Android 4.0+ and a hosted Dolibarr ERP &amp; CRM version 3.5 or newer accessible by internet<br />\r\n(For example, when hosted on any SaaS solution like DoliCloud -&nbsp;<a href=\"https://www.google.com/url?q=https://www.google.com/url?q%3Dhttp://www.dolicloud.com%26sa%3DD%26usg%3DAFQjCNGdd9htz4JDciiMtScpBwK83qIRkw&amp;sa=D&amp;usg=AFQjCNGMpCbxNnU5BiK59e368K5AR0l_pg\" style=\"text-decoration: none; color: rgb(51, 105, 30); cursor: pointer;\" target=\"_blank\">http://www.dolicloud.com</a>).</p>',NULL,0.000,'',0.000,'0',0.000,'0',3,0,0,NULL,10.00000000,30.00000000,0.00000000,0.00000000,0.00000000,30.00000000,0,NULL,NULL,0,NULL,0.00000000,0,2,NULL,NULL,'EUR',10.00000000,30.00000000,0.00000000,30.00000000),(91,28,NULL,2,NULL,'',NULL,0.000,'',0.000,'0',0.000,'0',5,0,0,NULL,NULL,0.00000000,0.00000000,0.00000000,0.00000000,0.00000000,0,NULL,NULL,0,NULL,0.00000000,0,3,NULL,NULL,'EUR',0.00000000,0.00000000,0.00000000,0.00000000),(92,28,NULL,1,NULL,'A beatifull pink dress',NULL,0.000,'',0.000,'0',0.000,'0',4,0,0,NULL,100.00000000,400.00000000,0.00000000,0.00000000,0.00000000,400.00000000,0,NULL,NULL,0,NULL,0.00000000,0,4,NULL,NULL,'EUR',100.00000000,400.00000000,0.00000000,400.00000000),(93,29,NULL,1,NULL,'A beatifull pink dress',NULL,0.000,'',0.000,'0',0.000,'0',3,0,0,NULL,100.00000000,300.00000000,0.00000000,0.00000000,0.00000000,300.00000000,0,NULL,NULL,0,NULL,0.00000000,0,1,NULL,NULL,'EUR',100.00000000,300.00000000,0.00000000,300.00000000),(94,29,NULL,1,NULL,'A beatifull pink dress',NULL,0.000,'',0.000,'0',0.000,'0',5,0,0,NULL,100.00000000,500.00000000,0.00000000,0.00000000,0.00000000,500.00000000,0,NULL,NULL,0,NULL,0.00000000,0,2,NULL,NULL,'EUR',100.00000000,500.00000000,0.00000000,500.00000000),(95,29,NULL,13,NULL,'A powerfull computer XP4523&nbsp;',NULL,0.000,'',0.000,'0',0.000,'0',2,0,0,NULL,100.00000000,200.00000000,0.00000000,0.00000000,0.00000000,200.00000000,0,NULL,NULL,0,NULL,0.00000000,0,3,NULL,NULL,'EUR',100.00000000,200.00000000,0.00000000,200.00000000),(96,30,NULL,13,NULL,'A powerfull computer XP4523&nbsp;',NULL,0.000,'',0.000,'0',0.000,'0',4,0,0,NULL,100.00000000,400.00000000,0.00000000,0.00000000,0.00000000,400.00000000,0,NULL,NULL,0,NULL,0.00000000,0,1,NULL,NULL,'EUR',100.00000000,400.00000000,0.00000000,400.00000000),(97,30,NULL,1,NULL,'A beatifull pink dress',NULL,0.000,'',0.000,'0',0.000,'0',2,0,0,NULL,100.00000000,200.00000000,0.00000000,0.00000000,0.00000000,200.00000000,0,NULL,NULL,0,NULL,0.00000000,0,2,NULL,NULL,'EUR',100.00000000,200.00000000,0.00000000,200.00000000),(98,30,NULL,10,NULL,'A powerfull computer XP4523&nbsp;',NULL,0.000,'',0.000,'0',0.000,'0',2,0,0,NULL,100.00000000,200.00000000,0.00000000,0.00000000,0.00000000,200.00000000,0,NULL,NULL,0,NULL,0.00000000,0,3,NULL,NULL,'EUR',100.00000000,200.00000000,0.00000000,200.00000000),(99,30,NULL,13,NULL,'A powerfull computer XP4523&nbsp;',NULL,0.000,'',0.000,'0',0.000,'0',4,0,0,NULL,100.00000000,400.00000000,0.00000000,0.00000000,0.00000000,400.00000000,0,NULL,NULL,0,NULL,0.00000000,0,4,NULL,NULL,'EUR',100.00000000,400.00000000,0.00000000,400.00000000),(100,31,NULL,4,NULL,'Nice Bio Apple Pie.<br />\r\n&nbsp;',NULL,0.000,'',0.000,'0',0.000,'0',4,0,0,NULL,5.00000000,20.00000000,0.00000000,0.00000000,0.00000000,20.00000000,0,NULL,NULL,0,NULL,0.00000000,0,1,NULL,NULL,'EUR',5.00000000,20.00000000,0.00000000,20.00000000),(101,31,NULL,13,NULL,'A powerfull computer XP4523&nbsp;',NULL,0.000,'',0.000,'0',0.000,'0',4,0,0,NULL,100.00000000,400.00000000,0.00000000,0.00000000,0.00000000,400.00000000,0,NULL,NULL,0,NULL,0.00000000,0,2,NULL,NULL,'EUR',100.00000000,400.00000000,0.00000000,400.00000000),(102,31,NULL,13,NULL,'A powerfull computer XP4523&nbsp;',NULL,0.000,'',0.000,'0',0.000,'0',3,0,0,NULL,100.00000000,300.00000000,0.00000000,0.00000000,0.00000000,300.00000000,0,NULL,NULL,0,NULL,0.00000000,0,3,NULL,NULL,'EUR',100.00000000,300.00000000,0.00000000,300.00000000),(103,31,NULL,3,NULL,'',NULL,0.000,'',0.000,'0',0.000,'0',2,0,0,NULL,NULL,0.00000000,0.00000000,0.00000000,0.00000000,0.00000000,0,NULL,NULL,0,NULL,0.00000000,0,4,NULL,NULL,'EUR',0.00000000,0.00000000,0.00000000,0.00000000),(104,32,NULL,12,NULL,'Cloud hosting of Dolibarr ERP and CRM software',NULL,0.000,'',0.000,'0',0.000,'0',5,0,0,NULL,9.00000000,45.00000000,0.00000000,0.00000000,0.00000000,45.00000000,0,NULL,NULL,0,NULL,0.00000000,0,1,NULL,NULL,'EUR',9.00000000,45.00000000,0.00000000,45.00000000),(105,32,NULL,10,NULL,'A powerfull computer XP4523&nbsp;',NULL,0.000,'',0.000,'0',0.000,'0',1,0,0,NULL,100.00000000,100.00000000,0.00000000,0.00000000,0.00000000,100.00000000,0,NULL,NULL,0,NULL,0.00000000,0,2,NULL,NULL,'EUR',100.00000000,100.00000000,0.00000000,100.00000000),(106,32,NULL,12,NULL,'Cloud hosting of Dolibarr ERP and CRM software',NULL,0.000,'',0.000,'0',0.000,'0',5,0,0,NULL,9.00000000,45.00000000,0.00000000,0.00000000,0.00000000,45.00000000,0,NULL,NULL,0,NULL,0.00000000,0,3,NULL,NULL,'EUR',9.00000000,45.00000000,0.00000000,45.00000000),(107,32,NULL,13,NULL,'A powerfull computer XP4523&nbsp;',NULL,0.000,'',0.000,'0',0.000,'0',4,0,0,NULL,100.00000000,400.00000000,0.00000000,0.00000000,0.00000000,400.00000000,0,NULL,NULL,0,NULL,0.00000000,0,4,NULL,NULL,'EUR',100.00000000,400.00000000,0.00000000,400.00000000),(108,32,NULL,12,NULL,'Cloud hosting of Dolibarr ERP and CRM software',NULL,0.000,'',0.000,'0',0.000,'0',2,0,0,NULL,9.00000000,18.00000000,0.00000000,0.00000000,0.00000000,18.00000000,0,NULL,NULL,0,NULL,0.00000000,0,5,NULL,NULL,'EUR',9.00000000,18.00000000,0.00000000,18.00000000);

--
-- Table structure for table `llx_propaldet_extrafields`
--

CREATE TABLE `llx_propaldet_extrafields` (
  `rowid` int(11) NOT NULL AUTO_INCREMENT,
  `tms` timestamp NOT NULL DEFAULT CURRENT_TIMESTAMP ON UPDATE CURRENT_TIMESTAMP,
  `fk_object` int(11) NOT NULL,
  `import_key` varchar(14) COLLATE utf8_unicode_ci DEFAULT NULL,
  PRIMARY KEY (`rowid`),
  KEY `idx_propaldet_extrafields` (`fk_object`)
) ENGINE=InnoDB DEFAULT CHARSET=utf8 COLLATE=utf8_unicode_ci;

--
-- Dumping data for table `llx_propaldet_extrafields`
--


--
-- Table structure for table `llx_resource`
--

CREATE TABLE `llx_resource` (
  `rowid` int(11) NOT NULL AUTO_INCREMENT,
  `entity` int(11) NOT NULL DEFAULT '1',
  `ref` varchar(255) COLLATE utf8_unicode_ci DEFAULT NULL,
  `asset_number` varchar(255) COLLATE utf8_unicode_ci DEFAULT NULL,
  `description` text COLLATE utf8_unicode_ci,
  `fk_code_type_resource` varchar(32) COLLATE utf8_unicode_ci DEFAULT NULL,
  `note_public` text COLLATE utf8_unicode_ci,
  `note_private` text COLLATE utf8_unicode_ci,
  `tms` timestamp NOT NULL DEFAULT CURRENT_TIMESTAMP ON UPDATE CURRENT_TIMESTAMP,
  `datec` datetime DEFAULT NULL,
  `date_valid` datetime DEFAULT NULL,
  `fk_user_author` int(11) DEFAULT NULL,
  `fk_user_modif` int(11) DEFAULT NULL,
  `fk_user_valid` int(11) DEFAULT NULL,
  `fk_statut` smallint(6) NOT NULL DEFAULT '0',
  `import_key` varchar(14) COLLATE utf8_unicode_ci DEFAULT NULL,
  `extraparams` varchar(255) COLLATE utf8_unicode_ci DEFAULT NULL,
  `fk_country` int(11) DEFAULT NULL,
  PRIMARY KEY (`rowid`),
  UNIQUE KEY `uk_resource_ref` (`ref`,`entity`),
  KEY `fk_code_type_resource_idx` (`fk_code_type_resource`),
  KEY `idx_resource_fk_country` (`fk_country`),
  CONSTRAINT `fk_resource_fk_country` FOREIGN KEY (`fk_country`) REFERENCES `llx_c_country` (`rowid`)
) ENGINE=InnoDB AUTO_INCREMENT=5 DEFAULT CHARSET=utf8 COLLATE=utf8_unicode_ci;

--
-- Dumping data for table `llx_resource`
--

INSERT INTO `llx_resource` VALUES (1,1,'Car Kangoo 1',NULL,'Car number 1 - Num XDF-45-GH','RES_CARS',NULL,NULL,'2017-02-20 16:44:12',NULL,NULL,NULL,NULL,NULL,0,NULL,NULL,NULL),(2,1,'Car Kangoo 2',NULL,'Car number 2 - Num GHY-78-JJ','RES_CARS',NULL,NULL,'2017-02-20 16:44:01',NULL,NULL,NULL,NULL,NULL,0,NULL,NULL,NULL),(3,1,'Meeting room - 14p',NULL,'Meeting room<br />\r\n14 places','RES_ROOMS',NULL,NULL,'2017-02-20 16:44:38',NULL,NULL,NULL,NULL,NULL,0,NULL,NULL,NULL),(4,1,'Meeting room - 8p',NULL,'Meeting room<br />\r\n8 places','RES_ROOMS',NULL,NULL,'2017-02-20 16:45:00',NULL,NULL,NULL,NULL,NULL,0,NULL,NULL,NULL);

--
-- Table structure for table `llx_resource_extrafields`
--

CREATE TABLE `llx_resource_extrafields` (
  `rowid` int(11) NOT NULL AUTO_INCREMENT,
  `tms` timestamp NOT NULL DEFAULT CURRENT_TIMESTAMP ON UPDATE CURRENT_TIMESTAMP,
  `fk_object` int(11) NOT NULL,
  `import_key` varchar(14) COLLATE utf8_unicode_ci DEFAULT NULL,
  PRIMARY KEY (`rowid`),
  KEY `idx_resource_extrafields` (`fk_object`)
) ENGINE=InnoDB DEFAULT CHARSET=utf8 COLLATE=utf8_unicode_ci;

--
-- Dumping data for table `llx_resource_extrafields`
--


--
-- Table structure for table `llx_rights_def`
--

CREATE TABLE `llx_rights_def` (
  `id` int(11) NOT NULL DEFAULT '0',
  `libelle` varchar(255) COLLATE utf8_unicode_ci DEFAULT NULL,
  `module` varchar(64) COLLATE utf8_unicode_ci DEFAULT NULL,
  `entity` int(11) NOT NULL DEFAULT '1',
  `perms` varchar(50) COLLATE utf8_unicode_ci DEFAULT NULL,
  `subperms` varchar(50) COLLATE utf8_unicode_ci DEFAULT NULL,
  `type` varchar(1) COLLATE utf8_unicode_ci DEFAULT NULL,
  `bydefault` tinyint(4) DEFAULT '0',
  PRIMARY KEY (`id`,`entity`)
) ENGINE=InnoDB DEFAULT CHARSET=utf8 COLLATE=utf8_unicode_ci;

--
-- Dumping data for table `llx_rights_def`
--



--
-- Table structure for table `llx_sellyoursaas_cancellation`
--

CREATE TABLE `llx_sellyoursaas_cancellation` (
  `rowid` int(11) NOT NULL AUTO_INCREMENT,
  `ref` varchar(128) NOT NULL,
  `entity` int(11) NOT NULL DEFAULT '1',
  `label` varchar(255) DEFAULT NULL,
  `date_creation` datetime NOT NULL,
  `tms` timestamp NOT NULL DEFAULT CURRENT_TIMESTAMP ON UPDATE CURRENT_TIMESTAMP,
  `fk_user_creat` int(11) NOT NULL,
  `fk_user_modif` int(11) DEFAULT NULL,
  `import_key` varchar(14) DEFAULT NULL,
  `status` int(11) NOT NULL,
  `codelang` varchar(8) DEFAULT NULL,
  `url` varchar(255) DEFAULT NULL,
  PRIMARY KEY (`rowid`),
  KEY `idx_sellyoursaas_cancellation_rowid` (`rowid`),
  KEY `idx_sellyoursaas_cancellation_ref` (`ref`),
  KEY `idx_sellyoursaas_cancellation_entity` (`entity`),
  KEY `idx_sellyoursaas_cancellation_status` (`status`)
) ENGINE=InnoDB AUTO_INCREMENT=5 DEFAULT CHARSET=latin1;

--
-- Dumping data for table `llx_sellyoursaas_cancellation`
--

INSERT INTO `llx_sellyoursaas_cancellation` VALUES (2,'fff',1,NULL,'2018-06-02 11:00:44','2018-06-02 09:00:44',12,NULL,NULL,1,NULL,'fff'),(3,'gfdg',1,NULL,'2018-06-02 11:01:20','2018-06-02 09:01:20',12,NULL,NULL,1,'gfd','gfd'),(4,'aaa',1,NULL,'2018-06-02 11:02:40','2018-06-02 09:02:40',12,NULL,NULL,1,NULL,'aaa');

--
-- Table structure for table `llx_sellyoursaas_cancellation_extrafields`
--

CREATE TABLE `llx_sellyoursaas_cancellation_extrafields` (
  `rowid` int(11) NOT NULL AUTO_INCREMENT,
  `tms` timestamp NOT NULL DEFAULT CURRENT_TIMESTAMP ON UPDATE CURRENT_TIMESTAMP,
  `fk_object` int(11) NOT NULL,
  `import_key` varchar(14) DEFAULT NULL,
  PRIMARY KEY (`rowid`)
) ENGINE=InnoDB DEFAULT CHARSET=latin1;

--
-- Dumping data for table `llx_sellyoursaas_cancellation_extrafields`
--


--
-- Table structure for table `llx_societe`
--

CREATE TABLE `llx_societe` (
  `rowid` int(11) NOT NULL AUTO_INCREMENT,
  `statut` tinyint(4) DEFAULT '0',
  `parent` int(11) DEFAULT NULL,
  `tms` timestamp NOT NULL DEFAULT CURRENT_TIMESTAMP ON UPDATE CURRENT_TIMESTAMP,
  `datec` datetime DEFAULT NULL,
  `nom` varchar(128) COLLATE utf8_unicode_ci DEFAULT NULL,
  `entity` int(11) NOT NULL DEFAULT '1',
  `ref_ext` varchar(255) COLLATE utf8_unicode_ci DEFAULT NULL,
  `ref_int` varchar(60) COLLATE utf8_unicode_ci DEFAULT NULL,
  `code_client` varchar(24) COLLATE utf8_unicode_ci DEFAULT NULL,
  `code_fournisseur` varchar(24) COLLATE utf8_unicode_ci DEFAULT NULL,
  `code_compta` varchar(24) COLLATE utf8_unicode_ci DEFAULT NULL,
  `code_compta_fournisseur` varchar(24) COLLATE utf8_unicode_ci DEFAULT NULL,
  `address` varchar(255) COLLATE utf8_unicode_ci DEFAULT NULL,
  `zip` varchar(25) COLLATE utf8_unicode_ci DEFAULT NULL,
  `town` varchar(50) COLLATE utf8_unicode_ci DEFAULT NULL,
  `fk_departement` int(11) DEFAULT '0',
  `fk_pays` int(11) DEFAULT '0',
  `phone` varchar(20) COLLATE utf8_unicode_ci DEFAULT NULL,
  `fax` varchar(20) COLLATE utf8_unicode_ci DEFAULT NULL,
  `url` varchar(255) COLLATE utf8_unicode_ci DEFAULT NULL,
  `email` varchar(128) COLLATE utf8_unicode_ci DEFAULT NULL,
  `skype` varchar(255) COLLATE utf8_unicode_ci DEFAULT NULL,
  `fk_effectif` int(11) DEFAULT '0',
  `fk_typent` int(11) DEFAULT '0',
  `fk_forme_juridique` int(11) DEFAULT '0',
  `fk_currency` varchar(3) COLLATE utf8_unicode_ci DEFAULT NULL,
  `siren` varchar(128) COLLATE utf8_unicode_ci DEFAULT NULL,
  `siret` varchar(128) COLLATE utf8_unicode_ci DEFAULT NULL,
  `ape` varchar(128) COLLATE utf8_unicode_ci DEFAULT NULL,
  `idprof4` varchar(128) COLLATE utf8_unicode_ci DEFAULT NULL,
  `tva_intra` varchar(20) COLLATE utf8_unicode_ci DEFAULT NULL,
  `capital` double(24,8) DEFAULT NULL,
  `fk_stcomm` int(11) NOT NULL DEFAULT '0',
  `note_private` text COLLATE utf8_unicode_ci,
  `note_public` text COLLATE utf8_unicode_ci,
  `prefix_comm` varchar(5) COLLATE utf8_unicode_ci DEFAULT NULL,
  `client` tinyint(4) DEFAULT '0',
  `fournisseur` tinyint(4) DEFAULT '0',
  `supplier_account` varchar(32) COLLATE utf8_unicode_ci DEFAULT NULL,
  `fk_prospectlevel` varchar(12) COLLATE utf8_unicode_ci DEFAULT NULL,
  `customer_bad` tinyint(4) DEFAULT '0',
  `customer_rate` double DEFAULT '0',
  `supplier_rate` double DEFAULT '0',
  `fk_user_creat` int(11) DEFAULT NULL,
  `fk_user_modif` int(11) DEFAULT NULL,
  `remise_client` double DEFAULT '0',
  `remise_supplier` double DEFAULT '0',
  `mode_reglement` tinyint(4) DEFAULT NULL,
  `cond_reglement` tinyint(4) DEFAULT NULL,
  `mode_reglement_supplier` int(11) DEFAULT NULL,
  `outstanding_limit` double(24,8) DEFAULT NULL,
  `order_min_amount` double(24,8) DEFAULT NULL,
  `supplier_order_min_amount` double(24,8) DEFAULT NULL,
  `cond_reglement_supplier` int(11) DEFAULT NULL,
  `fk_shipping_method` int(11) DEFAULT NULL,
  `tva_assuj` tinyint(4) DEFAULT '1',
  `localtax1_assuj` tinyint(4) DEFAULT '0',
  `localtax1_value` double(6,3) DEFAULT NULL,
  `localtax2_assuj` tinyint(4) DEFAULT '0',
  `localtax2_value` double(6,3) DEFAULT NULL,
  `barcode` varchar(255) COLLATE utf8_unicode_ci DEFAULT NULL,
  `price_level` int(11) DEFAULT NULL,
  `default_lang` varchar(6) COLLATE utf8_unicode_ci DEFAULT NULL,
  `canvas` varchar(32) COLLATE utf8_unicode_ci DEFAULT NULL,
  `import_key` varchar(14) COLLATE utf8_unicode_ci DEFAULT NULL,
  `status` tinyint(4) DEFAULT '1',
  `logo` varchar(255) COLLATE utf8_unicode_ci DEFAULT NULL,
  `idprof5` varchar(128) COLLATE utf8_unicode_ci DEFAULT NULL,
  `idprof6` varchar(128) COLLATE utf8_unicode_ci DEFAULT NULL,
  `fk_barcode_type` int(11) DEFAULT '0',
  `webservices_url` varchar(255) COLLATE utf8_unicode_ci DEFAULT NULL,
  `webservices_key` varchar(128) COLLATE utf8_unicode_ci DEFAULT NULL,
  `name_alias` varchar(128) COLLATE utf8_unicode_ci DEFAULT NULL,
  `fk_incoterms` int(11) DEFAULT NULL,
  `location_incoterms` varchar(255) COLLATE utf8_unicode_ci DEFAULT NULL,
  `model_pdf` varchar(255) COLLATE utf8_unicode_ci DEFAULT NULL,
  `fk_multicurrency` int(11) DEFAULT NULL,
  `multicurrency_code` varchar(255) COLLATE utf8_unicode_ci DEFAULT NULL,
  `fk_account` int(11) DEFAULT NULL,
  `fk_entrepot` int(11) DEFAULT '0',
  PRIMARY KEY (`rowid`),
  UNIQUE KEY `uk_societe_prefix_comm` (`prefix_comm`,`entity`),
  UNIQUE KEY `uk_societe_code_client` (`code_client`,`entity`),
  UNIQUE KEY `uk_societe_barcode` (`barcode`,`fk_barcode_type`,`entity`),
  UNIQUE KEY `uk_societe_code_fournisseur` (`code_fournisseur`,`entity`),
  KEY `idx_societe_user_creat` (`fk_user_creat`),
  KEY `idx_societe_user_modif` (`fk_user_modif`),
  KEY `idx_societe_barcode` (`barcode`)
) ENGINE=InnoDB AUTO_INCREMENT=27 DEFAULT CHARSET=utf8 COLLATE=utf8_unicode_ci;

--
-- Dumping data for table `llx_societe`
--

INSERT INTO `llx_societe` VALUES (1,0,NULL,'2016-01-16 15:21:09','2010-07-08 14:21:44','Indian SAS',1,NULL,NULL,'CU1212-0007','SU1212-0005','7050','6050','1 alalah road',NULL,'Delhi',0,117,NULL,NULL,NULL,NULL,NULL,NULL,4,NULL,'0','','','','','',5000.00000000,1,NULL,NULL,NULL,1,1,NULL,NULL,0,0,0,1,12,0,0,NULL,NULL,NULL,NULL,NULL,NULL,NULL,NULL,1,NULL,0.000,NULL,0.000,NULL,NULL,'en_IN',NULL,NULL,1,'indiancompany.png','','',0,NULL,NULL,'',0,NULL,NULL,NULL,NULL,NULL,0),(2,0,NULL,'2016-07-30 11:45:49','2010-07-08 14:23:48','Teclib',1,NULL,NULL,'CU1108-0001','SU1108-0001','411CU11080001','401SU11080001','',NULL,'Paris',0,1,NULL,NULL,'www.teclib.com',NULL,NULL,4,3,57,'0','123456789','','ACE14','','',400000.00000000,0,NULL,NULL,NULL,3,1,NULL,'',0,0,0,1,12,0,0,NULL,NULL,NULL,NULL,NULL,NULL,NULL,NULL,1,0,0.000,NULL,0.000,NULL,NULL,'fr_FR',NULL,NULL,1,'teclibcompany.png','','',0,NULL,NULL,'',0,NULL,NULL,0,'',NULL,0),(3,0,NULL,'2017-02-16 00:47:25','2010-07-08 22:42:12','Spanish Comp',1,NULL,NULL,'SPANISHCOMP','SU1601-0009',NULL,NULL,'1 via mallere',NULL,'Madrid',123,4,NULL,NULL,NULL,NULL,NULL,3,4,408,'0','','','','','',10000.00000000,0,NULL,NULL,NULL,1,1,NULL,NULL,0,0,0,1,12,0,0,NULL,NULL,NULL,NULL,NULL,NULL,NULL,NULL,1,NULL,0.000,NULL,0.000,NULL,NULL,'es_AR',NULL,NULL,1,'spanishcompany.png','','',0,NULL,NULL,'',0,NULL,NULL,NULL,NULL,NULL,0),(4,0,NULL,'2016-01-22 17:24:53','2010-07-08 22:48:18','Prospector Vaalen',1,NULL,NULL,'CU1303-0014',NULL,NULL,NULL,'',NULL,'Bruxelles',103,2,NULL,NULL,NULL,NULL,NULL,3,4,201,'0','12345678','','','','',0.00000000,0,NULL,NULL,NULL,3,0,NULL,'PL_LOW',0,0,0,1,12,0,0,NULL,NULL,NULL,NULL,NULL,NULL,NULL,NULL,1,NULL,0.000,NULL,0.000,NULL,NULL,NULL,NULL,NULL,1,'valeencompany.png','','',0,NULL,NULL,'',0,NULL,NULL,NULL,NULL,NULL,0),(5,0,NULL,'2017-02-21 11:01:17','2010-07-08 23:22:57','NoCountry GmBh',1,NULL,NULL,NULL,NULL,NULL,NULL,'',NULL,NULL,0,0,NULL,NULL,NULL,NULL,NULL,NULL,0,NULL,'0','','','','','',0.00000000,0,NULL,NULL,NULL,0,0,NULL,'',0,0,0,1,12,0,0,NULL,NULL,NULL,NULL,NULL,NULL,NULL,NULL,1,0,0.000,NULL,0.000,NULL,NULL,NULL,NULL,NULL,1,'nocountrycomp.png','','',0,NULL,NULL,'',0,NULL,NULL,1,'EUR',NULL,0),(6,0,NULL,'2016-01-16 15:35:56','2010-07-09 00:15:09','Swiss Touch',1,NULL,NULL,'CU1601-0018','SU1601-0010',NULL,NULL,'',NULL,'Genevia',0,6,NULL,NULL,NULL,'swisstouch@example.ch',NULL,2,2,601,'0','','','','','',56000.00000000,0,NULL,NULL,NULL,3,1,NULL,NULL,0,0,0,1,12,0,0,NULL,NULL,NULL,NULL,NULL,NULL,NULL,NULL,1,NULL,0.000,NULL,0.000,NULL,NULL,NULL,NULL,NULL,1,'swisstouch.png','','',0,NULL,NULL,'',0,NULL,NULL,NULL,NULL,NULL,0),(7,0,NULL,'2016-01-16 15:38:32','2010-07-09 01:24:26','Generic customer',1,NULL,NULL,'CU1302-0011',NULL,NULL,NULL,'',NULL,NULL,0,7,NULL,NULL,NULL,'ttt@ttt.com',NULL,NULL,8,NULL,'0','','','','','',0.00000000,0,'Generic customer to use for Point Of Sale module.<br />',NULL,NULL,1,0,NULL,NULL,0,0,0,1,12,0,0,NULL,NULL,NULL,NULL,NULL,NULL,NULL,NULL,1,NULL,0.000,NULL,0.000,NULL,NULL,NULL,NULL,NULL,1,'genericcustomer.png','','',0,NULL,NULL,'',0,NULL,NULL,NULL,NULL,NULL,0),(10,0,NULL,'2016-01-16 15:44:20','2010-07-10 15:13:08','NLTechno',1,NULL,NULL,'CU1212-0005','SU1601-0011',NULL,NULL,'',NULL,NULL,0,1,NULL,NULL,NULL,'notanemail@nltechno.com',NULL,1,4,54,'0','493861496','49386149600039','6209Z','22-01-2007','FR123456789',10000.00000000,0,NULL,NULL,NULL,1,1,NULL,NULL,0,0,0,1,12,0,0,NULL,NULL,NULL,NULL,NULL,NULL,NULL,NULL,1,NULL,0.000,NULL,0.000,'123456789012',NULL,'fr_FR',NULL,NULL,1,'logo_nltechno_94x100.png','','',0,NULL,NULL,'The OpenSource company',0,NULL,NULL,NULL,NULL,NULL,0),(11,0,NULL,'2017-05-12 09:06:31','2010-07-10 18:35:57','Company Corp 1',1,NULL,NULL,'CU1510-0017',NULL,'7051',NULL,'21 Green Hill street','75500','Los Angeles',0,11,'444123456',NULL,'companycorp1.com','companycorp1@example.com','corp1',1,1,NULL,'0','AB1234567','','','','USABS123',10000.00000000,0,NULL,NULL,NULL,3,0,NULL,'PL_LOW',0,0,0,1,12,0,0,NULL,NULL,NULL,NULL,NULL,NULL,NULL,NULL,1,0,0.000,NULL,0.000,NULL,NULL,'en_US',NULL,NULL,1,'comapnycorp1company.png','','',0,NULL,NULL,'',0,NULL,NULL,1,'EUR',NULL,0),(12,0,NULL,'2016-01-22 16:41:56','2010-07-11 16:18:08','Dupont Alain',1,NULL,NULL,'CU1601-0019',NULL,NULL,NULL,'',NULL,NULL,0,1,NULL,NULL,NULL,'dalain@example.com',NULL,NULL,0,NULL,'0','','','','','',0.00000000,0,NULL,NULL,NULL,1,0,NULL,NULL,0,0,0,1,12,0,0,NULL,NULL,NULL,NULL,NULL,NULL,NULL,NULL,1,NULL,0.000,NULL,0.000,NULL,NULL,NULL,NULL,NULL,1,'pierrecurie.jpg','','',0,NULL,NULL,'',0,NULL,NULL,NULL,NULL,NULL,0),(13,0,NULL,'2016-01-22 17:13:16','2010-07-11 17:13:20','Company Corp 2',1,NULL,NULL,NULL,'SU1510-0008',NULL,NULL,'',NULL,NULL,0,1,NULL,NULL,NULL,NULL,NULL,NULL,0,NULL,'0','','','','','',0.00000000,0,NULL,NULL,NULL,0,1,NULL,NULL,0,0,0,1,12,0,0,NULL,NULL,NULL,NULL,NULL,NULL,NULL,NULL,1,NULL,0.000,NULL,0.000,NULL,NULL,NULL,NULL,NULL,1,'companycorp2company.png','','',0,NULL,NULL,'',0,NULL,NULL,NULL,NULL,NULL,0),(17,0,NULL,'2017-02-15 22:55:34','2011-08-01 02:41:26','Book Keeping Company',1,NULL,NULL,'CU1108-0004','SU1108-0004',NULL,'401SU11080004','The French Company',NULL,NULL,0,1,NULL,NULL,NULL,NULL,NULL,1,0,NULL,'0','','','','','',0.00000000,0,NULL,NULL,NULL,0,1,NULL,'',0,0,0,1,12,0,0,NULL,NULL,NULL,NULL,NULL,NULL,NULL,NULL,1,0,0.000,NULL,0.000,NULL,NULL,NULL,NULL,NULL,1,'bookkeepercompany.png','','',0,NULL,NULL,'',0,NULL,NULL,1,'EUR',NULL,0),(19,0,NULL,'2017-02-21 11:51:40','2013-01-12 12:23:05','Magic Food Store',1,NULL,NULL,'CU1301-0008',NULL,NULL,NULL,'65 holdywood boulevard','123456','BigTown',0,4,NULL,'0101',NULL,'myemail@domain.com',NULL,NULL,0,NULL,'0','','','10/10/2010','','',0.00000000,0,NULL,NULL,NULL,1,0,NULL,NULL,0,0,0,1,12,0,0,NULL,NULL,NULL,NULL,NULL,NULL,NULL,NULL,0,NULL,0.000,NULL,0.000,NULL,NULL,'en_US','patient@cabinetmed',NULL,1,'magicfoodstore.png','','',0,NULL,NULL,'',0,NULL,'sepamandate',NULL,NULL,NULL,0),(25,0,NULL,'2016-01-22 17:21:17','2013-03-10 15:47:37','Print Company',1,NULL,NULL,'CU1303-0016','SU1303-0007',NULL,NULL,'21 Gutenberg street','45600','Berlin',0,5,NULL,NULL,NULL,'printcompany@example.com',NULL,NULL,0,NULL,'0','','','','','',0.00000000,0,NULL,NULL,NULL,0,1,NULL,NULL,0,0,0,1,12,0,0,NULL,NULL,NULL,NULL,NULL,NULL,NULL,NULL,1,NULL,0.000,NULL,0.000,NULL,NULL,'de_DE',NULL,NULL,1,'printcompany.png','','',0,NULL,NULL,'',0,NULL,NULL,NULL,NULL,NULL,0),(26,0,NULL,'2017-02-21 00:05:05','2017-02-12 23:17:04','Patient SuperIll',1,NULL,NULL,'CU1702-0020',NULL,'411CU17020020',NULL,'',NULL,NULL,0,14,NULL,NULL,NULL,NULL,NULL,NULL,0,NULL,NULL,'','','','','',NULL,0,NULL,NULL,NULL,3,0,NULL,'',0,0,0,12,12,0,0,NULL,NULL,NULL,NULL,NULL,NULL,NULL,NULL,NULL,NULL,0.000,NULL,0.000,NULL,NULL,'en_US','patient@cabinetmed',NULL,1,NULL,'','',0,NULL,NULL,'',0,NULL,NULL,0,'',NULL,0);

--
-- Table structure for table `llx_societe_account`
--

CREATE TABLE `llx_societe_account` (
  `rowid` int(11) NOT NULL AUTO_INCREMENT,
  `entity` int(11) DEFAULT '1',
  `login` varchar(128) NOT NULL,
  `pass_encoding` varchar(24) DEFAULT NULL,
  `pass_crypted` varchar(128) DEFAULT NULL,
  `pass_temp` varchar(128) DEFAULT NULL,
  `fk_soc` int(11) DEFAULT NULL,
  `site` varchar(128) DEFAULT NULL,
  `fk_website` int(11) DEFAULT NULL,
  `note_private` text,
  `date_last_login` datetime DEFAULT NULL,
  `date_previous_login` datetime DEFAULT NULL,
  `date_creation` datetime NOT NULL,
  `tms` timestamp NOT NULL DEFAULT CURRENT_TIMESTAMP ON UPDATE CURRENT_TIMESTAMP,
  `fk_user_creat` int(11) NOT NULL,
  `fk_user_modif` int(11) DEFAULT NULL,
  `import_key` varchar(14) DEFAULT NULL,
  `status` int(11) DEFAULT NULL,
  `key_account` varchar(128) DEFAULT NULL,
  PRIMARY KEY (`rowid`),
  UNIQUE KEY `uk_societe_account_login_website_soc` (`entity`,`fk_soc`,`login`,`site`,`fk_website`),
  UNIQUE KEY `uk_societe_account_key_account_soc` (`entity`,`fk_soc`,`key_account`,`site`,`fk_website`),
  KEY `idx_societe_account_rowid` (`rowid`),
  KEY `idx_societe_account_login` (`login`),
  KEY `idx_societe_account_status` (`status`),
  KEY `idx_societe_account_fk_website` (`fk_website`),
  KEY `idx_societe_account_fk_soc` (`fk_soc`),
  CONSTRAINT `llx_societe_account_fk_societe` FOREIGN KEY (`fk_soc`) REFERENCES `llx_societe` (`rowid`),
  CONSTRAINT `llx_societe_account_fk_website` FOREIGN KEY (`fk_website`) REFERENCES `llx_website` (`rowid`)
) ENGINE=InnoDB AUTO_INCREMENT=52 DEFAULT CHARSET=latin1;

--
-- Dumping data for table `llx_societe_account`
--

INSERT INTO `llx_societe_account` VALUES (1,1,'','',NULL,NULL,204,'stripe',NULL,NULL,NULL,NULL,'2018-03-13 19:25:01','2018-03-19 09:01:17',12,NULL,NULL,0,''),(4,1,'','',NULL,NULL,148,'stripe',NULL,NULL,NULL,NULL,'2018-03-14 01:04:19','2018-03-14 19:58:19',12,NULL,NULL,0,'cus_CTnHl6FRkiJJYC'),(5,1,'','',NULL,NULL,148,'stripe',NULL,NULL,NULL,NULL,'2018-03-14 01:08:02','2018-03-14 19:58:19',12,NULL,NULL,0,'cus_CTnHl6FRkiJJYC'),(6,1,'','',NULL,NULL,145,'stripe',NULL,NULL,NULL,NULL,'2018-03-14 17:09:36','2018-03-14 14:46:15',12,NULL,NULL,0,'cus_CUZzMg8S2T3oEo'),(7,1,'','',NULL,NULL,145,'stripe',NULL,NULL,NULL,NULL,'2018-03-14 17:09:44','2018-03-14 14:46:15',12,NULL,NULL,0,'cus_CUZzMg8S2T3oEo'),(8,1,'','',NULL,NULL,145,'stripe',NULL,NULL,NULL,NULL,'2018-03-14 18:43:23','2018-03-14 14:46:15',12,NULL,NULL,0,'cus_CUZzMg8S2T3oEo'),(9,1,'','',NULL,NULL,145,'stripe',NULL,NULL,NULL,NULL,'2018-03-14 18:46:09','2018-03-14 14:46:15',12,NULL,NULL,0,'cus_CUZzMg8S2T3oEo'),(10,1,'','',NULL,NULL,145,'stripe',NULL,NULL,NULL,NULL,'2018-03-14 18:46:15','2018-03-14 14:46:15',12,NULL,NULL,0,'cus_CUZzMg8S2T3oEo'),(13,1,'',NULL,NULL,NULL,163,'stripe',NULL,NULL,NULL,NULL,'2018-03-14 19:33:19','2018-03-14 15:33:19',0,NULL,NULL,0,'cus_CUam8x0KCoKZlc'),(14,1,'',NULL,NULL,NULL,182,'stripe',NULL,NULL,NULL,NULL,'2018-03-14 19:48:48','2018-03-14 15:48:49',0,NULL,NULL,0,'cus_CUb2Xt4A2p5vMd'),(15,1,'',NULL,NULL,NULL,203,'stripe',NULL,NULL,NULL,NULL,'2018-03-14 19:52:13','2018-03-21 10:43:37',12,NULL,NULL,0,''),(17,1,'','',NULL,NULL,148,'stripe',NULL,NULL,NULL,NULL,'2018-03-14 23:57:42','2018-03-14 19:58:19',12,NULL,NULL,0,'cus_CTnHl6FRkiJJYC'),(18,1,'','',NULL,NULL,148,'stripe',NULL,NULL,NULL,NULL,'2018-03-14 23:57:47','2018-03-14 19:58:19',12,NULL,NULL,0,'cus_CTnHl6FRkiJJYC'),(19,1,'','',NULL,NULL,148,'stripe',NULL,NULL,NULL,NULL,'2018-03-14 23:58:13','2018-03-14 19:58:19',12,NULL,NULL,0,'cus_CTnHl6FRkiJJYC'),(20,1,'','',NULL,NULL,148,'stripe',NULL,NULL,NULL,NULL,'2018-03-14 23:58:19','2018-03-14 19:58:19',12,NULL,NULL,0,'cus_CTnHl6FRkiJJYC'),(21,1,'',NULL,NULL,NULL,151,'stripe',NULL,NULL,NULL,NULL,'2018-03-16 19:10:29','2018-03-16 15:10:29',12,NULL,NULL,0,'cus_CVKshSj8uuaATf'),(22,1,'','',NULL,NULL,152,'stripe',NULL,NULL,NULL,NULL,'2018-03-16 19:11:15','2018-03-16 15:11:15',12,NULL,NULL,0,'cus_CTnHl6FRkiJJYC'),(24,1,'',NULL,NULL,NULL,153,'stripe',NULL,NULL,NULL,NULL,'2018-03-16 20:15:45','2018-03-16 16:15:45',18,NULL,NULL,0,'cus_CVLv9rX4wMouSk'),(25,1,'','',NULL,NULL,155,'stripe',NULL,NULL,NULL,NULL,'2018-03-18 23:55:37','2018-03-18 19:55:37',12,NULL,NULL,0,'cus_CVLLzP90RCWx76'),(26,1,'','',NULL,NULL,155,'stripe',NULL,NULL,NULL,NULL,'2018-03-19 00:01:47','2018-03-18 20:01:47',12,NULL,NULL,1,'cus_CVLLzP90RCWx76'),(27,1,'','',NULL,NULL,204,'stripe',NULL,NULL,NULL,NULL,'2018-03-19 13:01:17','2018-03-19 09:01:17',12,NULL,NULL,0,''),(28,1,'',NULL,NULL,NULL,204,'stripe',NULL,NULL,NULL,NULL,'2018-03-19 13:21:02','2018-03-19 09:21:02',0,NULL,NULL,0,'cus_CWMu7PlGViJN1S'),(29,1,'',NULL,NULL,NULL,1,'stripe',NULL,NULL,NULL,NULL,'2018-03-19 13:38:26','2018-03-19 09:38:26',0,NULL,NULL,0,'cus_CWNCF7mttdVEae'),(30,1,'','',NULL,NULL,203,'stripe',NULL,NULL,NULL,NULL,'2018-03-21 14:43:37','2018-03-21 10:43:37',12,NULL,NULL,0,''),(31,1,'',NULL,NULL,NULL,203,'stripe',NULL,NULL,NULL,NULL,'2018-03-21 14:44:18','2018-03-21 10:44:18',0,NULL,NULL,0,'cus_CX8hWwDQPMht5r'),(32,1,'',NULL,NULL,NULL,211,'stripe',NULL,NULL,NULL,NULL,'2018-04-19 16:20:27','2018-04-19 14:20:27',18,NULL,NULL,0,'cus_Ci3khlxtfYB0Xl'),(33,1,'',NULL,NULL,NULL,7,'stripe',NULL,NULL,NULL,NULL,'2018-04-30 14:57:29','2018-04-30 12:57:29',0,NULL,NULL,0,'cus_Cm9td5UQieFnlZ'),(38,1,'',NULL,NULL,NULL,154,'stripe',NULL,NULL,NULL,NULL,'2018-05-16 17:01:24','2018-05-16 15:01:24',18,NULL,NULL,0,'cus_CsBVSuBeNzmYw9'),(39,1,'','',NULL,NULL,151,'stripe',NULL,NULL,NULL,NULL,'2018-05-17 09:42:37','2018-05-17 07:42:37',12,NULL,NULL,1,'cus_CVKshSj8uuaATf'),(40,1,'',NULL,NULL,NULL,217,'stripe',NULL,NULL,NULL,NULL,'2018-06-01 19:47:16','2018-06-01 17:47:16',18,NULL,NULL,0,'cus_CyDmj3FJD8rYsd'),(41,1,'',NULL,NULL,NULL,218,'stripe',NULL,NULL,NULL,NULL,'2018-06-11 11:34:38','2018-06-11 09:34:38',12,NULL,NULL,0,'cus_D1q6IoIUoG7LMq'),(42,1,'',NULL,NULL,NULL,10,'stripe',NULL,NULL,NULL,NULL,'2018-06-12 13:49:51','2018-06-12 11:49:51',0,NULL,NULL,0,'cus_D2FVgMTgsYjt6k'),(44,1,'',NULL,NULL,NULL,215,'stripe',NULL,NULL,NULL,NULL,'2018-06-15 16:01:07','2018-06-15 14:01:07',18,NULL,NULL,0,'cus_D3PIZ5HzIeMj7B'),(45,1,'',NULL,NULL,NULL,229,'stripe',NULL,NULL,NULL,NULL,'2018-06-27 01:40:40','2018-06-26 23:40:40',18,NULL,NULL,0,'cus_D7g8Bvgx0AFfha'),(46,1,'',NULL,NULL,NULL,156,'stripe',NULL,NULL,NULL,NULL,'2018-07-17 14:13:48','2018-07-17 12:13:48',18,NULL,NULL,0,'cus_DFMnr5WsUoaCJX'),(47,1,'',NULL,NULL,NULL,231,'stripe',NULL,NULL,NULL,NULL,'2018-07-17 17:46:42','2018-07-17 15:46:42',18,NULL,NULL,0,'cus_DFQEkv3jONVJwR'),(48,1,'',NULL,NULL,NULL,250,'stripe',NULL,NULL,NULL,NULL,'2018-09-17 09:27:23','2018-09-17 07:27:23',18,NULL,NULL,0,'cus_DcWBnburaSkf0c'),(49,1,'',NULL,NULL,NULL,11,'stripe',NULL,NULL,NULL,NULL,'2018-10-12 20:08:01','2018-10-12 18:08:01',0,NULL,NULL,0,'cus_Dm39EV1tf8CRBT'),(50,1,'',NULL,NULL,NULL,214,'stripe',NULL,NULL,NULL,NULL,'2018-10-12 20:57:17','2018-10-12 18:57:17',18,NULL,NULL,0,'cus_Dm3wMg8aMLoRC9'),(51,1,'',NULL,NULL,NULL,213,'stripe',NULL,NULL,NULL,NULL,'2018-10-12 20:59:41','2018-10-12 18:59:41',18,NULL,NULL,0,'cus_Dm3zHwLuFKePzk');

--
-- Table structure for table `llx_societe_address`
--

CREATE TABLE `llx_societe_address` (
  `rowid` int(11) NOT NULL AUTO_INCREMENT,
  `datec` datetime DEFAULT NULL,
  `tms` timestamp NOT NULL DEFAULT CURRENT_TIMESTAMP ON UPDATE CURRENT_TIMESTAMP,
  `label` varchar(30) COLLATE utf8_unicode_ci DEFAULT NULL,
  `fk_soc` int(11) DEFAULT '0',
  `name` varchar(60) COLLATE utf8_unicode_ci DEFAULT NULL,
  `address` varchar(255) COLLATE utf8_unicode_ci DEFAULT NULL,
  `zip` varchar(10) COLLATE utf8_unicode_ci DEFAULT NULL,
  `town` varchar(50) COLLATE utf8_unicode_ci DEFAULT NULL,
  `fk_pays` int(11) DEFAULT '0',
  `phone` varchar(20) COLLATE utf8_unicode_ci DEFAULT NULL,
  `fax` varchar(20) COLLATE utf8_unicode_ci DEFAULT NULL,
  `note` text COLLATE utf8_unicode_ci,
  `fk_user_creat` int(11) DEFAULT NULL,
  `fk_user_modif` int(11) DEFAULT NULL,
  PRIMARY KEY (`rowid`)
) ENGINE=InnoDB DEFAULT CHARSET=utf8 COLLATE=utf8_unicode_ci;

--
-- Dumping data for table `llx_societe_address`
--


--
-- Table structure for table `llx_societe_commerciaux`
--

CREATE TABLE `llx_societe_commerciaux` (
  `rowid` int(11) NOT NULL AUTO_INCREMENT,
  `fk_soc` int(11) DEFAULT NULL,
  `fk_user` int(11) DEFAULT NULL,
  `import_key` varchar(14) COLLATE utf8_unicode_ci DEFAULT NULL,
  PRIMARY KEY (`rowid`),
  UNIQUE KEY `uk_societe_commerciaux` (`fk_soc`,`fk_user`)
) ENGINE=InnoDB AUTO_INCREMENT=12 DEFAULT CHARSET=utf8 COLLATE=utf8_unicode_ci;

--
-- Dumping data for table `llx_societe_commerciaux`
--

INSERT INTO `llx_societe_commerciaux` VALUES (1,2,2,NULL),(2,3,2,NULL),(5,17,1,NULL),(6,19,1,NULL),(8,19,3,NULL),(9,11,16,NULL),(10,13,17,NULL),(11,26,12,NULL);

--
-- Table structure for table `llx_societe_extrafields`
--

CREATE TABLE `llx_societe_extrafields` (
  `rowid` int(11) NOT NULL AUTO_INCREMENT,
  `tms` timestamp NOT NULL DEFAULT CURRENT_TIMESTAMP ON UPDATE CURRENT_TIMESTAMP,
  `fk_object` int(11) NOT NULL,
  `import_key` varchar(14) COLLATE utf8_unicode_ci DEFAULT NULL,
  PRIMARY KEY (`rowid`),
  UNIQUE KEY `uk_societe_extrafields` (`fk_object`)
) ENGINE=InnoDB AUTO_INCREMENT=98 DEFAULT CHARSET=utf8 COLLATE=utf8_unicode_ci;

--
-- Dumping data for table `llx_societe_extrafields`
--

INSERT INTO `llx_societe_extrafields` VALUES (75,'2016-01-22 16:40:03',10,NULL),(77,'2016-01-22 16:41:56',12,NULL),(79,'2016-01-22 17:13:16',13,NULL),(81,'2016-01-22 17:18:08',19,NULL),(82,'2016-01-22 17:21:17',25,NULL),(83,'2016-01-22 17:21:51',1,NULL),(85,'2016-01-22 17:22:32',3,NULL),(86,'2016-01-22 17:24:53',4,NULL),(88,'2016-01-22 17:25:26',6,NULL),(89,'2016-01-22 17:25:41',7,NULL),(92,'2016-07-30 11:45:49',2,NULL),(94,'2017-02-15 22:55:34',17,NULL),(95,'2017-02-21 00:05:05',26,NULL),(96,'2017-02-21 11:01:17',5,NULL),(97,'2017-05-12 09:06:31',11,NULL);

--
-- Table structure for table `llx_societe_log`
--

CREATE TABLE `llx_societe_log` (
  `id` int(11) NOT NULL AUTO_INCREMENT,
  `datel` datetime DEFAULT NULL,
  `fk_soc` int(11) DEFAULT NULL,
  `fk_statut` int(11) DEFAULT NULL,
  `fk_user` int(11) DEFAULT NULL,
  `author` varchar(30) COLLATE utf8_unicode_ci DEFAULT NULL,
  `label` varchar(128) COLLATE utf8_unicode_ci DEFAULT NULL,
  PRIMARY KEY (`id`)
) ENGINE=InnoDB DEFAULT CHARSET=utf8 COLLATE=utf8_unicode_ci;

--
-- Dumping data for table `llx_societe_log`
--


--
-- Table structure for table `llx_societe_prices`
--

CREATE TABLE `llx_societe_prices` (
  `rowid` int(11) NOT NULL AUTO_INCREMENT,
  `fk_soc` int(11) DEFAULT '0',
  `tms` timestamp NULL DEFAULT NULL,
  `datec` datetime DEFAULT NULL,
  `fk_user_author` int(11) DEFAULT NULL,
  `price_level` tinyint(4) DEFAULT '1',
  PRIMARY KEY (`rowid`)
) ENGINE=InnoDB DEFAULT CHARSET=utf8 COLLATE=utf8_unicode_ci;

--
-- Dumping data for table `llx_societe_prices`
--


--
-- Table structure for table `llx_societe_remise`
--

CREATE TABLE `llx_societe_remise` (
  `rowid` int(11) NOT NULL AUTO_INCREMENT,
  `entity` int(11) NOT NULL DEFAULT '1',
  `fk_soc` int(11) NOT NULL,
  `tms` timestamp NOT NULL DEFAULT CURRENT_TIMESTAMP ON UPDATE CURRENT_TIMESTAMP,
  `datec` datetime DEFAULT NULL,
  `fk_user_author` int(11) DEFAULT NULL,
  `remise_client` double(6,3) NOT NULL DEFAULT '0.000',
  `note` text COLLATE utf8_unicode_ci,
  PRIMARY KEY (`rowid`)
) ENGINE=InnoDB DEFAULT CHARSET=utf8 COLLATE=utf8_unicode_ci;

--
-- Dumping data for table `llx_societe_remise`
--


--
-- Table structure for table `llx_societe_remise_except`
--

CREATE TABLE `llx_societe_remise_except` (
  `rowid` int(11) NOT NULL AUTO_INCREMENT,
  `entity` int(11) NOT NULL DEFAULT '1',
  `fk_soc` int(11) NOT NULL,
  `discount_type` int(11) NOT NULL DEFAULT '0',
  `datec` datetime DEFAULT NULL,
  `amount_ht` double(24,8) NOT NULL,
  `amount_tva` double(24,8) NOT NULL DEFAULT '0.00000000',
  `amount_ttc` double(24,8) NOT NULL DEFAULT '0.00000000',
  `tva_tx` double(6,3) NOT NULL DEFAULT '0.000',
  `fk_user` int(11) NOT NULL,
  `fk_facture_line` int(11) DEFAULT NULL,
  `fk_facture` int(11) DEFAULT NULL,
  `fk_facture_source` int(11) DEFAULT NULL,
  `description` text COLLATE utf8_unicode_ci NOT NULL,
  `multicurrency_amount_ht` double(24,8) NOT NULL DEFAULT '0.00000000',
  `multicurrency_amount_tva` double(24,8) NOT NULL DEFAULT '0.00000000',
  `multicurrency_amount_ttc` double(24,8) NOT NULL DEFAULT '0.00000000',
  `fk_invoice_supplier_line` int(11) DEFAULT NULL,
  `fk_invoice_supplier` int(11) DEFAULT NULL,
  `fk_invoice_supplier_source` int(11) DEFAULT NULL,
  PRIMARY KEY (`rowid`),
  KEY `idx_societe_remise_except_fk_user` (`fk_user`),
  KEY `idx_societe_remise_except_fk_soc` (`fk_soc`),
  KEY `idx_societe_remise_except_fk_facture_line` (`fk_facture_line`),
  KEY `idx_societe_remise_except_fk_facture` (`fk_facture`),
  KEY `idx_societe_remise_except_fk_facture_source` (`fk_facture_source`),
  KEY `fk_soc_remise_fk_invoice_supplier_line` (`fk_invoice_supplier_line`),
  KEY `fk_societe_remise_fk_invoice_supplier_source` (`fk_invoice_supplier`),
  KEY `idx_societe_remise_except_discount_type` (`discount_type`),
  CONSTRAINT `fk_soc_remise_fk_facture_line` FOREIGN KEY (`fk_facture_line`) REFERENCES `llx_facturedet` (`rowid`),
  CONSTRAINT `fk_soc_remise_fk_invoice_supplier_line` FOREIGN KEY (`fk_invoice_supplier_line`) REFERENCES `llx_facture_fourn_det` (`rowid`),
  CONSTRAINT `fk_soc_remise_fk_soc` FOREIGN KEY (`fk_soc`) REFERENCES `llx_societe` (`rowid`),
  CONSTRAINT `fk_societe_remise_fk_facture` FOREIGN KEY (`fk_facture`) REFERENCES `llx_facture` (`rowid`),
  CONSTRAINT `fk_societe_remise_fk_facture_line` FOREIGN KEY (`fk_facture_line`) REFERENCES `llx_facturedet` (`rowid`),
  CONSTRAINT `fk_societe_remise_fk_facture_source` FOREIGN KEY (`fk_facture_source`) REFERENCES `llx_facture` (`rowid`),
  CONSTRAINT `fk_societe_remise_fk_invoice_supplier` FOREIGN KEY (`fk_invoice_supplier`) REFERENCES `llx_facture_fourn` (`rowid`),
  CONSTRAINT `fk_societe_remise_fk_invoice_supplier_source` FOREIGN KEY (`fk_invoice_supplier`) REFERENCES `llx_facture_fourn` (`rowid`),
  CONSTRAINT `fk_societe_remise_fk_soc` FOREIGN KEY (`fk_soc`) REFERENCES `llx_societe` (`rowid`),
  CONSTRAINT `fk_societe_remise_fk_user` FOREIGN KEY (`fk_user`) REFERENCES `llx_user` (`rowid`)
) ENGINE=InnoDB AUTO_INCREMENT=3 DEFAULT CHARSET=utf8 COLLATE=utf8_unicode_ci;

--
-- Dumping data for table `llx_societe_remise_except`
--

INSERT INTO `llx_societe_remise_except` VALUES (2,1,19,0,'2013-03-19 09:36:15',10.00000000,1.25000000,11.25000000,12.500,1,NULL,NULL,NULL,'hfghgf',0.00000000,0.00000000,0.00000000,NULL,NULL,NULL);

--
-- Table structure for table `llx_societe_remise_supplier`
--

CREATE TABLE `llx_societe_remise_supplier` (
  `rowid` int(11) NOT NULL AUTO_INCREMENT,
  `entity` int(11) NOT NULL DEFAULT '1',
  `fk_soc` int(11) NOT NULL,
  `tms` timestamp NOT NULL DEFAULT CURRENT_TIMESTAMP ON UPDATE CURRENT_TIMESTAMP,
  `datec` datetime DEFAULT NULL,
  `fk_user_author` int(11) DEFAULT NULL,
  `remise_supplier` double(6,3) NOT NULL DEFAULT '0.000',
  `note` text,
  PRIMARY KEY (`rowid`)
) ENGINE=InnoDB AUTO_INCREMENT=2 DEFAULT CHARSET=latin1;

--
-- Dumping data for table `llx_societe_remise_supplier`
--

INSERT INTO `llx_societe_remise_supplier` VALUES (1,1,1,'2018-04-06 18:21:00','2018-04-06 20:21:00',12,6.000,'llll');

--
-- Table structure for table `llx_societe_rib`
--

CREATE TABLE `llx_societe_rib` (
  `rowid` int(11) NOT NULL AUTO_INCREMENT,
  `type` varchar(32) COLLATE utf8_unicode_ci NOT NULL,
  `fk_soc` int(11) NOT NULL,
  `datec` datetime DEFAULT NULL,
  `tms` timestamp NOT NULL DEFAULT CURRENT_TIMESTAMP ON UPDATE CURRENT_TIMESTAMP,
  `label` varchar(30) COLLATE utf8_unicode_ci DEFAULT NULL,
  `bank` varchar(255) COLLATE utf8_unicode_ci DEFAULT NULL,
  `code_banque` varchar(128) COLLATE utf8_unicode_ci DEFAULT NULL,
  `code_guichet` varchar(6) COLLATE utf8_unicode_ci DEFAULT NULL,
  `number` varchar(255) COLLATE utf8_unicode_ci DEFAULT NULL,
  `cle_rib` varchar(5) COLLATE utf8_unicode_ci DEFAULT NULL,
  `bic` varchar(20) COLLATE utf8_unicode_ci DEFAULT NULL,
  `iban_prefix` varchar(34) COLLATE utf8_unicode_ci DEFAULT NULL,
  `domiciliation` varchar(255) COLLATE utf8_unicode_ci DEFAULT NULL,
  `proprio` varchar(60) COLLATE utf8_unicode_ci DEFAULT NULL,
  `owner_address` text COLLATE utf8_unicode_ci,
  `default_rib` tinyint(4) NOT NULL DEFAULT '0',
  `rum` varchar(32) COLLATE utf8_unicode_ci DEFAULT NULL,
  `date_rum` date DEFAULT NULL,
  `frstrecur` varchar(16) COLLATE utf8_unicode_ci DEFAULT 'FRST',
  `import_key` varchar(14) COLLATE utf8_unicode_ci DEFAULT NULL,
  `last_four` varchar(4) COLLATE utf8_unicode_ci DEFAULT NULL,
  `card_type` varchar(255) COLLATE utf8_unicode_ci DEFAULT NULL,
  `cvn` varchar(255) COLLATE utf8_unicode_ci DEFAULT NULL,
  `exp_date_month` int(11) DEFAULT NULL,
  `exp_date_year` int(11) DEFAULT NULL,
  `country_code` varchar(10) COLLATE utf8_unicode_ci DEFAULT NULL,
  `approved` int(11) DEFAULT '0',
  `email` varchar(255) COLLATE utf8_unicode_ci DEFAULT NULL,
  `ending_date` date DEFAULT NULL,
  `max_total_amount_of_all_payments` double(24,8) DEFAULT NULL,
  `preapproval_key` varchar(255) COLLATE utf8_unicode_ci DEFAULT NULL,
  `starting_date` date DEFAULT NULL,
  `total_amount_of_all_payments` double(24,8) DEFAULT NULL,
  `stripe_card_ref` varchar(128) COLLATE utf8_unicode_ci DEFAULT NULL,
  `status` int(11) NOT NULL DEFAULT '1',
  PRIMARY KEY (`rowid`)
) ENGINE=InnoDB AUTO_INCREMENT=2 DEFAULT CHARSET=utf8 COLLATE=utf8_unicode_ci;

--
-- Dumping data for table `llx_societe_rib`
--

INSERT INTO `llx_societe_rib` VALUES (1,'ban',19,'2017-02-21 15:50:32','2017-02-21 11:53:08','Morgan Bank','Morgan Bank','','','','','PSPBFIHH','ES80 2310 0001 1800 0001 2345','Royal via,\r\nMadrid','Mr Esposito','10 via ferrata,\r\nMadrid',1,'RUM1301-0008-0',NULL,'FRST',NULL,NULL,NULL,NULL,NULL,NULL,NULL,0,NULL,NULL,NULL,NULL,NULL,NULL,NULL,1);

--
-- Table structure for table `llx_societe_rib2`
--

CREATE TABLE `llx_societe_rib2` (
  `rowid` int(11) NOT NULL AUTO_INCREMENT,
  `type` varchar(32) DEFAULT 'ban',
  `label` varchar(30) DEFAULT NULL,
  `fk_soc` int(11) NOT NULL,
  `datec` datetime DEFAULT NULL,
  `tms` timestamp NOT NULL DEFAULT CURRENT_TIMESTAMP ON UPDATE CURRENT_TIMESTAMP,
  `bank` varchar(255) DEFAULT NULL,
  `code_banque` varchar(128) DEFAULT NULL,
  `code_guichet` varchar(6) DEFAULT NULL,
  `number` varchar(255) DEFAULT NULL,
  `cle_rib` varchar(5) DEFAULT NULL,
  `bic` varchar(20) DEFAULT NULL,
  `iban_prefix` varchar(34) DEFAULT NULL,
  `domiciliation` varchar(255) DEFAULT NULL,
  `proprio` varchar(60) DEFAULT NULL,
  `owner_address` varchar(255) DEFAULT NULL,
  `default_rib` smallint(6) NOT NULL DEFAULT '0',
  `rum` varchar(32) DEFAULT NULL,
  `date_rum` date DEFAULT NULL,
  `frstrecur` varchar(16) DEFAULT 'FRST',
  `last_four` varchar(4) DEFAULT NULL,
  `card_type` varchar(255) DEFAULT NULL,
  `cvn` varchar(255) DEFAULT NULL,
  `exp_date_month` int(11) DEFAULT NULL,
  `exp_date_year` int(11) DEFAULT NULL,
  `country_code` varchar(10) DEFAULT NULL,
  `approved` int(11) DEFAULT '0',
  `email` varchar(255) DEFAULT NULL,
  `ending_date` date DEFAULT NULL,
  `max_total_amount_of_all_payments` double(24,8) DEFAULT NULL,
  `preapproval_key` varchar(255) DEFAULT NULL,
  `starting_date` date DEFAULT NULL,
  `total_amount_of_all_payments` double(24,8) DEFAULT NULL,
  `stripe_card_ref` varchar(128) DEFAULT NULL,
  `status` int(11) NOT NULL DEFAULT '1',
  `import_key` varchar(14) DEFAULT NULL,
  PRIMARY KEY (`rowid`)
) ENGINE=InnoDB DEFAULT CHARSET=latin1;

--
-- Dumping data for table `llx_societe_rib2`
--


--
-- Table structure for table `llx_socpeople`
--

CREATE TABLE `llx_socpeople` (
  `rowid` int(11) NOT NULL AUTO_INCREMENT,
  `datec` datetime DEFAULT NULL,
  `tms` timestamp NOT NULL DEFAULT CURRENT_TIMESTAMP ON UPDATE CURRENT_TIMESTAMP,
  `fk_soc` int(11) DEFAULT NULL,
  `entity` int(11) NOT NULL DEFAULT '1',
  `ref_ext` varchar(255) COLLATE utf8_unicode_ci DEFAULT NULL,
  `civility` varchar(6) COLLATE utf8_unicode_ci DEFAULT NULL,
  `lastname` varchar(50) COLLATE utf8_unicode_ci DEFAULT NULL,
  `firstname` varchar(50) COLLATE utf8_unicode_ci DEFAULT NULL,
  `address` varchar(255) COLLATE utf8_unicode_ci DEFAULT NULL,
  `zip` varchar(25) COLLATE utf8_unicode_ci DEFAULT NULL,
  `town` text COLLATE utf8_unicode_ci,
  `fk_departement` int(11) DEFAULT NULL,
  `fk_pays` int(11) DEFAULT '0',
  `birthday` date DEFAULT NULL,
  `poste` varchar(80) COLLATE utf8_unicode_ci DEFAULT NULL,
  `phone` varchar(30) COLLATE utf8_unicode_ci DEFAULT NULL,
  `phone_perso` varchar(30) COLLATE utf8_unicode_ci DEFAULT NULL,
  `phone_mobile` varchar(30) COLLATE utf8_unicode_ci DEFAULT NULL,
  `fax` varchar(30) COLLATE utf8_unicode_ci DEFAULT NULL,
  `email` varchar(255) COLLATE utf8_unicode_ci DEFAULT NULL,
  `jabberid` varchar(255) COLLATE utf8_unicode_ci DEFAULT NULL,
  `skype` varchar(255) COLLATE utf8_unicode_ci DEFAULT NULL,
  `photo` varchar(255) COLLATE utf8_unicode_ci DEFAULT NULL,
  `priv` smallint(6) NOT NULL DEFAULT '0',
  `no_email` smallint(6) NOT NULL DEFAULT '0',
  `fk_user_creat` int(11) DEFAULT '0',
  `fk_user_modif` int(11) DEFAULT NULL,
  `note_private` text COLLATE utf8_unicode_ci,
  `note_public` text COLLATE utf8_unicode_ci,
  `default_lang` varchar(6) COLLATE utf8_unicode_ci DEFAULT NULL,
  `canvas` varchar(32) COLLATE utf8_unicode_ci DEFAULT NULL,
  `import_key` varchar(14) COLLATE utf8_unicode_ci DEFAULT NULL,
  `statut` tinyint(4) NOT NULL DEFAULT '1',
  PRIMARY KEY (`rowid`),
  KEY `idx_socpeople_fk_soc` (`fk_soc`),
  KEY `idx_socpeople_fk_user_creat` (`fk_user_creat`),
  CONSTRAINT `fk_socpeople_fk_soc` FOREIGN KEY (`fk_soc`) REFERENCES `llx_societe` (`rowid`),
  CONSTRAINT `fk_socpeople_user_creat_user_rowid` FOREIGN KEY (`fk_user_creat`) REFERENCES `llx_user` (`rowid`)
) ENGINE=InnoDB AUTO_INCREMENT=13 DEFAULT CHARSET=utf8 COLLATE=utf8_unicode_ci;

--
-- Dumping data for table `llx_socpeople`
--

INSERT INTO `llx_socpeople` VALUES (1,'2010-07-08 14:26:14','2016-01-16 15:07:51',1,1,NULL,'MR','Indra','Mahala','','','',297,117,'2010-07-08','Project leader','','','','','','','',NULL,0,0,1,12,'Met during a congress at Dubai','',NULL,NULL,NULL,1),(2,'2010-07-08 22:44:50','2010-07-08 20:59:57',NULL,1,NULL,'MR','Freeman','Public','','','',200,11,NULL,'','','','','','','',NULL,NULL,0,0,1,1,'A friend that is a free contact not linked to any company',NULL,NULL,NULL,NULL,1),(3,'2010-07-08 22:59:02','2016-01-22 17:30:07',NULL,1,NULL,'MR','Mywife','Nicy','','','',NULL,11,'1980-10-03','','','','','','','','',NULL,1,0,1,12,'This is a private contact','',NULL,NULL,NULL,1),(4,'2010-07-09 00:16:58','2010-07-08 22:16:58',6,1,NULL,'MR','Rotchield','Evan','','','',NULL,6,NULL,'Bank director','','','','','','',NULL,NULL,0,0,1,1,'The bank director',NULL,NULL,NULL,NULL,1),(6,'2011-08-01 02:41:26','2016-01-22 17:29:53',17,1,NULL,'','Bookkeeper','Bob','99 account street','123456','BigTown',NULL,4,NULL,'book keeper','','','','','','','',NULL,0,0,1,12,'','',NULL,NULL,NULL,1),(7,'2016-07-30 16:11:06','2016-07-30 12:16:07',NULL,1,'','MR','Dad','','','','',NULL,14,'1967-09-04','','','','','','','','','',1,0,12,12,'','',NULL,NULL,NULL,1),(8,'2016-07-30 16:13:03','2016-07-30 12:15:58',NULL,1,'','MLE','Mom','','','','',NULL,14,NULL,'','','','','','','','','',1,0,12,12,'','',NULL,NULL,NULL,1),(9,'2016-07-30 16:14:41','2016-07-30 12:15:51',NULL,1,'','MR','Francky','','','89455','Virigia',NULL,205,'1980-07-09','Baker','555-98989898','','','','francky@example.com','','','',0,0,12,12,'','',NULL,NULL,NULL,1),(10,'2016-07-30 16:26:22','2016-07-30 12:52:38',10,1,'','MR','Eldy','','','33600','Pessac',NULL,1,'1972-10-10','Dolibarr project leader','','','','','demo@example.com','','','ldestailleur_200x200.jpg',0,0,NULL,12,'','',NULL,NULL,NULL,1),(11,'2017-05-12 13:16:36','2017-05-12 09:18:20',11,1,'','MR','Smith','Laurent','45 Big road','897','Seattle',NULL,11,NULL,'Director','','','','','','','','ldestailleur_200x200.png',0,0,12,12,'','',NULL,NULL,NULL,1),(12,'2017-05-12 13:19:31','2017-05-12 09:19:42',11,1,'','MR','Einstein','','','','',NULL,11,NULL,'Genius','333444555','','','','genius@example.com','','','Einstein.jpg',0,0,12,12,'','',NULL,NULL,NULL,1);

--
-- Table structure for table `llx_socpeople_extrafields`
--

CREATE TABLE `llx_socpeople_extrafields` (
  `rowid` int(11) NOT NULL AUTO_INCREMENT,
  `tms` timestamp NOT NULL DEFAULT CURRENT_TIMESTAMP ON UPDATE CURRENT_TIMESTAMP,
  `fk_object` int(11) NOT NULL,
  `import_key` varchar(14) COLLATE utf8_unicode_ci DEFAULT NULL,
  PRIMARY KEY (`rowid`),
  KEY `idx_socpeople_extrafields` (`fk_object`)
) ENGINE=InnoDB DEFAULT CHARSET=utf8 COLLATE=utf8_unicode_ci;

--
-- Dumping data for table `llx_socpeople_extrafields`
--


--
-- Table structure for table `llx_stock_lotserial`
--

CREATE TABLE `llx_stock_lotserial` (
  `rowid` int(11) NOT NULL AUTO_INCREMENT,
  `entity` int(11) DEFAULT NULL,
  `fk_product` int(11) NOT NULL,
  `batch` varchar(30) COLLATE utf8_unicode_ci DEFAULT NULL,
  `eatby` date DEFAULT NULL,
  `sellby` date DEFAULT NULL,
  `datec` datetime DEFAULT NULL,
  `tms` timestamp NOT NULL DEFAULT CURRENT_TIMESTAMP ON UPDATE CURRENT_TIMESTAMP,
  `fk_user_creat` int(11) DEFAULT NULL,
  `fk_user_modif` int(11) DEFAULT NULL,
  `import_key` int(11) DEFAULT NULL,
  PRIMARY KEY (`rowid`)
) ENGINE=InnoDB DEFAULT CHARSET=utf8 COLLATE=utf8_unicode_ci;

--
-- Dumping data for table `llx_stock_lotserial`
--


--
-- Table structure for table `llx_stock_mouvement`
--

CREATE TABLE `llx_stock_mouvement` (
  `rowid` int(11) NOT NULL AUTO_INCREMENT,
  `tms` timestamp NOT NULL DEFAULT CURRENT_TIMESTAMP ON UPDATE CURRENT_TIMESTAMP,
  `datem` datetime DEFAULT NULL,
  `fk_product` int(11) NOT NULL,
  `fk_entrepot` int(11) NOT NULL,
  `value` double DEFAULT NULL,
  `price` double(24,8) DEFAULT '0.00000000',
  `type_mouvement` smallint(6) DEFAULT NULL,
  `fk_user_author` int(11) DEFAULT NULL,
  `label` varchar(255) COLLATE utf8_unicode_ci DEFAULT NULL,
  `fk_origin` int(11) DEFAULT NULL,
  `origintype` varchar(32) COLLATE utf8_unicode_ci DEFAULT NULL,
  `model_pdf` varchar(255) COLLATE utf8_unicode_ci DEFAULT NULL,
  `inventorycode` varchar(128) COLLATE utf8_unicode_ci DEFAULT NULL,
  `batch` varchar(30) COLLATE utf8_unicode_ci DEFAULT NULL,
  `eatby` date DEFAULT NULL,
  `sellby` date DEFAULT NULL,
  PRIMARY KEY (`rowid`),
  KEY `idx_stock_mouvement_fk_product` (`fk_product`),
  KEY `idx_stock_mouvement_fk_entrepot` (`fk_entrepot`)
) ENGINE=InnoDB AUTO_INCREMENT=18 DEFAULT CHARSET=utf8 COLLATE=utf8_unicode_ci;

--
-- Dumping data for table `llx_stock_mouvement`
--

INSERT INTO `llx_stock_mouvement` VALUES (1,'2010-07-08 22:43:51','2010-07-09 00:43:51',2,2,1000,0.00000000,0,1,'Correct stock',NULL,NULL,NULL,NULL,NULL,NULL,NULL),(3,'2010-07-10 22:56:18','2010-07-11 00:56:18',4,2,500,0.00000000,0,1,'Init',NULL,NULL,NULL,NULL,NULL,NULL,NULL),(4,'2010-07-10 23:02:20','2010-07-11 01:02:20',4,2,500,0.00000000,0,1,'',NULL,NULL,NULL,NULL,NULL,NULL,NULL),(5,'2010-07-11 16:49:44','2010-07-11 18:49:44',4,1,2,10.00000000,3,1,'',NULL,NULL,NULL,NULL,NULL,NULL,NULL),(6,'2010-07-11 16:49:44','2010-07-11 18:49:44',1,1,4,0.00000000,3,1,'',NULL,NULL,NULL,NULL,NULL,NULL,NULL),(7,'2013-01-19 17:22:48','2013-01-19 18:22:48',11,1,-1,0.00000000,2,1,'Facture cr&eacute;&eacute;e dans DoliPOS',NULL,NULL,NULL,NULL,NULL,NULL,NULL),(8,'2013-01-19 17:22:48','2013-01-19 18:22:48',4,1,-1,5.00000000,2,1,'Facture cr&eacute;&eacute;e dans DoliPOS',NULL,NULL,NULL,NULL,NULL,NULL,NULL),(9,'2013-01-19 17:22:48','2013-01-19 18:22:48',1,1,-2,0.00000000,2,1,'Facture cr&eacute;&eacute;e dans DoliPOS',NULL,NULL,NULL,NULL,NULL,NULL,NULL),(10,'2013-01-19 17:31:10','2013-01-19 18:31:10',2,1,-1,0.00000000,2,1,'Facture cr&eacute;&eacute;e dans DoliPOS',NULL,NULL,NULL,NULL,NULL,NULL,NULL),(11,'2013-01-19 17:31:58','2013-01-19 18:31:58',2,1,-1,0.00000000,2,1,'Facture cr&eacute;&eacute;e dans DoliPOS',NULL,NULL,NULL,NULL,NULL,NULL,NULL),(12,'2016-07-30 13:39:31','2016-07-30 17:39:31',10,2,50,0.00000000,0,12,'Stock correction for product COMP-XP4523',0,'',NULL,NULL,'5599887766452',NULL,NULL),(13,'2016-07-30 13:40:12','2016-07-30 17:40:12',10,2,60,0.00000000,0,12,'Stock correction for product COMP-XP4523',0,'',NULL,NULL,'4494487766452',NULL,NULL),(14,'2016-07-30 13:40:39','2016-07-30 17:40:39',10,2,-35,0.00000000,1,12,'Stock transfer of product COMP-XP4523 into another warehouse',0,'',NULL,'160730174015','5599887766452',NULL,NULL),(15,'2016-07-30 13:40:39','2016-07-30 17:40:39',10,1,35,0.00000000,0,12,'Stock transfer of product COMP-XP4523 into another warehouse',0,'',NULL,'160730174015','5599887766452',NULL,NULL),(16,'2017-02-15 23:58:08','2017-02-16 03:58:08',10,1,-1,100.00000000,2,12,'Exp&eacute;dition SH1702-0002 valid&eacute;e',3,'shipping',NULL,NULL,'5599887766452',NULL,NULL),(17,'2017-02-16 00:12:09','2017-02-16 04:12:09',10,1,1,0.00000000,3,12,'Exp&eacute;dition SH1702-0002 supprim&eacute;e',0,'',NULL,NULL,'5599887766452',NULL,NULL);

--
-- Table structure for table `llx_submitew_message`
--

CREATE TABLE `llx_submitew_message` (
  `rowid` int(11) NOT NULL AUTO_INCREMENT,
  `statut` smallint(6) DEFAULT '0',
  `label` varchar(60) COLLATE utf8_unicode_ci DEFAULT NULL,
  `entity` int(11) NOT NULL DEFAULT '1',
  `title` varchar(60) COLLATE utf8_unicode_ci DEFAULT NULL,
  `body_short` text COLLATE utf8_unicode_ci,
  `body_long` text COLLATE utf8_unicode_ci,
  `url` varchar(255) COLLATE utf8_unicode_ci DEFAULT NULL,
  `cible` varchar(60) COLLATE utf8_unicode_ci DEFAULT NULL,
  `nbemail` int(11) DEFAULT NULL,
  `email_from` varchar(160) COLLATE utf8_unicode_ci DEFAULT NULL,
  `email_replyto` varchar(160) COLLATE utf8_unicode_ci DEFAULT NULL,
  `email_errorsto` varchar(160) COLLATE utf8_unicode_ci DEFAULT NULL,
  `tag` varchar(128) COLLATE utf8_unicode_ci DEFAULT NULL,
  `date_creat` datetime DEFAULT NULL,
  `date_valid` datetime DEFAULT NULL,
  `date_appro` datetime DEFAULT NULL,
  `date_envoi` datetime DEFAULT NULL,
  `fk_user_creat` int(11) DEFAULT NULL,
  `fk_user_valid` int(11) DEFAULT NULL,
  `fk_user_appro` int(11) DEFAULT NULL,
  `joined_file1` varchar(255) COLLATE utf8_unicode_ci DEFAULT NULL,
  `joined_file2` varchar(255) COLLATE utf8_unicode_ci DEFAULT NULL,
  `joined_file3` varchar(255) COLLATE utf8_unicode_ci DEFAULT NULL,
  `joined_file4` varchar(255) COLLATE utf8_unicode_ci DEFAULT NULL,
  PRIMARY KEY (`rowid`)
) ENGINE=InnoDB DEFAULT CHARSET=utf8 COLLATE=utf8_unicode_ci;

--
-- Dumping data for table `llx_submitew_message`
--


--
-- Table structure for table `llx_submitew_targets`
--

CREATE TABLE `llx_submitew_targets` (
  `rowid` int(11) NOT NULL AUTO_INCREMENT,
  `label` varchar(64) COLLATE utf8_unicode_ci NOT NULL,
  `targetcode` varchar(16) COLLATE utf8_unicode_ci NOT NULL,
  `langcode` varchar(5) COLLATE utf8_unicode_ci DEFAULT 'en_US',
  `url` varchar(250) COLLATE utf8_unicode_ci DEFAULT NULL,
  `login` varchar(128) COLLATE utf8_unicode_ci DEFAULT NULL,
  `pass` varchar(128) COLLATE utf8_unicode_ci DEFAULT NULL,
  `comment` varchar(250) COLLATE utf8_unicode_ci DEFAULT NULL,
  `position` int(11) DEFAULT '0',
  `titlelength` int(11) DEFAULT '32',
  `descshortlength` int(11) DEFAULT '256',
  `desclonglength` int(11) DEFAULT '2000',
  PRIMARY KEY (`rowid`),
  UNIQUE KEY `uk_submitewtargets` (`label`,`langcode`)
) ENGINE=InnoDB AUTO_INCREMENT=72 DEFAULT CHARSET=utf8 COLLATE=utf8_unicode_ci;

--
-- Dumping data for table `llx_submitew_targets`
--

INSERT INTO `llx_submitew_targets` VALUES (17,'hhho','email','fr_FR','',NULL,NULL,NULL,0,0,-1,0),(34,'pppp','facebook','fr_FR',NULL,'eldy','ld101010-fk',NULL,0,-1,-1,-1),(35,'hfghfgh','web','de_DE','http://wwww','ffffmmm','null',NULL,0,-1,-1,-1),(37,'llll','linkedin','fr_FR','',NULL,NULL,NULL,0,32,256,2000),(55,'fff','dig','fr_FR',NULL,'hfgh','hfghgf',NULL,0,-1,-1,-1),(56,'aaaaaaa','linkedin','da_DK',NULL,'aa','aaa',NULL,0,32,256,2000),(57,'ddd','dig','en_US',NULL,'dd',NULL,NULL,0,32,256,2000),(59,'dddff','dig','en_US',NULL,NULL,NULL,NULL,0,32,256,2000),(68,'dddffe','dig','en_US',NULL,NULL,NULL,NULL,0,32,256,2000),(70,'dddffef','dig','en_US','http://www.dig.com',NULL,NULL,NULL,0,32,256,2000),(71,'ffff','dig','en_US','http://www.dig.com',NULL,NULL,NULL,0,32,256,2000);

--
-- Table structure for table `llx_submitew_targets_params`
--

CREATE TABLE `llx_submitew_targets_params` (
  `rowid` int(11) NOT NULL AUTO_INCREMENT,
  `fk_target` int(11) NOT NULL,
  `paramkey` varchar(16) COLLATE utf8_unicode_ci NOT NULL,
  `paramvalue` varchar(128) COLLATE utf8_unicode_ci DEFAULT '',
  PRIMARY KEY (`rowid`),
  UNIQUE KEY `idx_submitewtargets_fk_target` (`fk_target`),
  UNIQUE KEY `uk_submitewtargets_params` (`fk_target`,`paramkey`,`paramvalue`),
  CONSTRAINT `fk_submitewtargets_fk_target` FOREIGN KEY (`fk_target`) REFERENCES `llx_submitew_targets` (`rowid`)
) ENGINE=InnoDB DEFAULT CHARSET=utf8 COLLATE=utf8_unicode_ci;

--
-- Dumping data for table `llx_submitew_targets_params`
--


--
-- Table structure for table `llx_subscription`
--

CREATE TABLE `llx_subscription` (
  `rowid` int(11) NOT NULL AUTO_INCREMENT,
  `tms` timestamp NOT NULL DEFAULT CURRENT_TIMESTAMP ON UPDATE CURRENT_TIMESTAMP,
  `datec` datetime DEFAULT NULL,
  `fk_adherent` int(11) DEFAULT NULL,
  `dateadh` datetime DEFAULT NULL,
  `datef` date DEFAULT NULL,
  `subscription` double(24,8) DEFAULT NULL,
  `fk_bank` int(11) DEFAULT NULL,
  `note` text COLLATE utf8_unicode_ci,
  PRIMARY KEY (`rowid`),
  UNIQUE KEY `uk_subscription` (`fk_adherent`,`dateadh`)
) ENGINE=InnoDB DEFAULT CHARSET=utf8 COLLATE=utf8_unicode_ci;

--
-- Dumping data for table `llx_subscription`
--


--
-- Table structure for table `llx_supplier_proposal`
--

CREATE TABLE `llx_supplier_proposal` (
  `rowid` int(11) NOT NULL AUTO_INCREMENT,
  `ref` varchar(30) COLLATE utf8_unicode_ci NOT NULL,
  `entity` int(11) NOT NULL DEFAULT '1',
  `ref_ext` varchar(255) COLLATE utf8_unicode_ci DEFAULT NULL,
  `ref_int` varchar(255) COLLATE utf8_unicode_ci DEFAULT NULL,
  `fk_soc` int(11) DEFAULT NULL,
  `fk_projet` int(11) DEFAULT NULL,
  `tms` timestamp NOT NULL DEFAULT CURRENT_TIMESTAMP ON UPDATE CURRENT_TIMESTAMP,
  `datec` datetime DEFAULT NULL,
  `date_valid` datetime DEFAULT NULL,
  `date_cloture` datetime DEFAULT NULL,
  `fk_user_author` int(11) DEFAULT NULL,
  `fk_user_modif` int(11) DEFAULT NULL,
  `fk_user_valid` int(11) DEFAULT NULL,
  `fk_user_cloture` int(11) DEFAULT NULL,
  `fk_statut` smallint(6) NOT NULL DEFAULT '0',
  `price` double DEFAULT '0',
  `remise_percent` double DEFAULT '0',
  `remise_absolue` double DEFAULT '0',
  `remise` double DEFAULT '0',
  `total_ht` double(24,8) DEFAULT '0.00000000',
  `tva` double(24,8) DEFAULT '0.00000000',
  `localtax1` double(24,8) DEFAULT '0.00000000',
  `localtax2` double(24,8) DEFAULT '0.00000000',
  `total` double(24,8) DEFAULT '0.00000000',
  `fk_account` int(11) DEFAULT NULL,
  `fk_currency` varchar(3) COLLATE utf8_unicode_ci DEFAULT NULL,
  `fk_cond_reglement` int(11) DEFAULT NULL,
  `fk_mode_reglement` int(11) DEFAULT NULL,
  `note_private` text COLLATE utf8_unicode_ci,
  `note_public` text COLLATE utf8_unicode_ci,
  `model_pdf` varchar(255) COLLATE utf8_unicode_ci DEFAULT NULL,
  `date_livraison` date DEFAULT NULL,
  `fk_shipping_method` int(11) DEFAULT NULL,
  `import_key` varchar(14) COLLATE utf8_unicode_ci DEFAULT NULL,
  `extraparams` varchar(255) COLLATE utf8_unicode_ci DEFAULT NULL,
  `fk_multicurrency` int(11) DEFAULT NULL,
  `multicurrency_code` varchar(255) COLLATE utf8_unicode_ci DEFAULT NULL,
  `multicurrency_tx` double(24,8) DEFAULT '1.00000000',
  `multicurrency_total_ht` double(24,8) DEFAULT '0.00000000',
  `multicurrency_total_tva` double(24,8) DEFAULT '0.00000000',
  `multicurrency_total_ttc` double(24,8) DEFAULT '0.00000000',
  `last_main_doc` varchar(255) COLLATE utf8_unicode_ci DEFAULT NULL,
  PRIMARY KEY (`rowid`)
) ENGINE=InnoDB AUTO_INCREMENT=3 DEFAULT CHARSET=utf8 COLLATE=utf8_unicode_ci;

--
-- Dumping data for table `llx_supplier_proposal`
--

INSERT INTO `llx_supplier_proposal` VALUES (2,'(PROV2)',1,NULL,NULL,10,NULL,'2017-02-17 00:40:50','2017-02-17 04:40:14',NULL,NULL,12,NULL,NULL,NULL,0,0,NULL,NULL,0,200.00000000,0.00000000,0.00000000,0.00000000,200.00000000,NULL,NULL,2,7,'','','aurore','2017-02-17',1,NULL,NULL,1,'EUR',1.00000000,200.00000000,0.00000000,200.00000000,NULL);

--
-- Table structure for table `llx_supplier_proposal_extrafields`
--

CREATE TABLE `llx_supplier_proposal_extrafields` (
  `rowid` int(11) NOT NULL AUTO_INCREMENT,
  `tms` timestamp NOT NULL DEFAULT CURRENT_TIMESTAMP ON UPDATE CURRENT_TIMESTAMP,
  `fk_object` int(11) NOT NULL,
  `import_key` varchar(14) COLLATE utf8_unicode_ci DEFAULT NULL,
  PRIMARY KEY (`rowid`)
) ENGINE=InnoDB DEFAULT CHARSET=utf8 COLLATE=utf8_unicode_ci;

--
-- Dumping data for table `llx_supplier_proposal_extrafields`
--


--
-- Table structure for table `llx_supplier_proposaldet`
--

CREATE TABLE `llx_supplier_proposaldet` (
  `rowid` int(11) NOT NULL AUTO_INCREMENT,
  `fk_supplier_proposal` int(11) NOT NULL,
  `fk_parent_line` int(11) DEFAULT NULL,
  `fk_product` int(11) DEFAULT NULL,
  `label` varchar(255) COLLATE utf8_unicode_ci DEFAULT NULL,
  `description` text COLLATE utf8_unicode_ci,
  `fk_remise_except` int(11) DEFAULT NULL,
  `tva_tx` double(6,3) DEFAULT '0.000',
  `vat_src_code` varchar(10) COLLATE utf8_unicode_ci DEFAULT '',
  `localtax1_tx` double(6,3) DEFAULT '0.000',
  `localtax1_type` varchar(10) COLLATE utf8_unicode_ci DEFAULT NULL,
  `localtax2_tx` double(6,3) DEFAULT '0.000',
  `localtax2_type` varchar(10) COLLATE utf8_unicode_ci DEFAULT NULL,
  `qty` double DEFAULT NULL,
  `remise_percent` double DEFAULT '0',
  `remise` double DEFAULT '0',
  `price` double DEFAULT NULL,
  `subprice` double(24,8) DEFAULT '0.00000000',
  `total_ht` double(24,8) DEFAULT '0.00000000',
  `total_tva` double(24,8) DEFAULT '0.00000000',
  `total_localtax1` double(24,8) DEFAULT '0.00000000',
  `total_localtax2` double(24,8) DEFAULT '0.00000000',
  `total_ttc` double(24,8) DEFAULT '0.00000000',
  `product_type` int(11) DEFAULT '0',
  `info_bits` int(11) DEFAULT '0',
  `buy_price_ht` double(24,8) DEFAULT '0.00000000',
  `fk_product_fournisseur_price` int(11) DEFAULT NULL,
  `special_code` int(11) DEFAULT '0',
  `rang` int(11) DEFAULT '0',
  `ref_fourn` varchar(30) COLLATE utf8_unicode_ci DEFAULT NULL,
  `fk_multicurrency` int(11) DEFAULT NULL,
  `multicurrency_code` varchar(255) COLLATE utf8_unicode_ci DEFAULT NULL,
  `multicurrency_subprice` double(24,8) DEFAULT '0.00000000',
  `multicurrency_total_ht` double(24,8) DEFAULT '0.00000000',
  `multicurrency_total_tva` double(24,8) DEFAULT '0.00000000',
  `multicurrency_total_ttc` double(24,8) DEFAULT '0.00000000',
  `fk_unit` int(11) DEFAULT NULL,
  PRIMARY KEY (`rowid`),
  KEY `idx_supplier_proposaldet_fk_supplier_proposal` (`fk_supplier_proposal`),
  KEY `idx_supplier_proposaldet_fk_product` (`fk_product`),
  KEY `fk_supplier_proposaldet_fk_unit` (`fk_unit`),
  CONSTRAINT `fk_supplier_proposaldet_fk_supplier_proposal` FOREIGN KEY (`fk_supplier_proposal`) REFERENCES `llx_supplier_proposal` (`rowid`),
  CONSTRAINT `fk_supplier_proposaldet_fk_unit` FOREIGN KEY (`fk_unit`) REFERENCES `llx_c_units` (`rowid`)
) ENGINE=InnoDB AUTO_INCREMENT=3 DEFAULT CHARSET=utf8 COLLATE=utf8_unicode_ci;

--
-- Dumping data for table `llx_supplier_proposaldet`
--

INSERT INTO `llx_supplier_proposaldet` VALUES (2,2,NULL,NULL,NULL,'A powerfull computer with 8Gb memory.',NULL,0.000,'',0.000,'0',0.000,'0',1,0,0,NULL,200.00000000,200.00000000,0.00000000,0.00000000,0.00000000,200.00000000,0,0,0.00000000,NULL,0,1,'',1,'EUR',200.00000000,200.00000000,0.00000000,200.00000000,NULL);

--
-- Table structure for table `llx_supplier_proposaldet_extrafields`
--

CREATE TABLE `llx_supplier_proposaldet_extrafields` (
  `rowid` int(11) NOT NULL AUTO_INCREMENT,
  `tms` timestamp NOT NULL DEFAULT CURRENT_TIMESTAMP ON UPDATE CURRENT_TIMESTAMP,
  `fk_object` int(11) NOT NULL,
  `import_key` varchar(14) COLLATE utf8_unicode_ci DEFAULT NULL,
  PRIMARY KEY (`rowid`)
) ENGINE=InnoDB DEFAULT CHARSET=utf8 COLLATE=utf8_unicode_ci;

--
-- Dumping data for table `llx_supplier_proposaldet_extrafields`
--


--
-- Table structure for table `llx_takepos_floor_tables`
--

CREATE TABLE `llx_takepos_floor_tables` (
  `rowid` int(11) NOT NULL AUTO_INCREMENT,
  `entity` int(11) NOT NULL DEFAULT '1',
  `label` varchar(255) DEFAULT NULL,
  `leftpos` float DEFAULT NULL,
  `toppos` float DEFAULT NULL,
  `floor` int(3) DEFAULT NULL,
  PRIMARY KEY (`rowid`)
) ENGINE=InnoDB DEFAULT CHARSET=latin1;

--
-- Dumping data for table `llx_takepos_floor_tables`
--


--
-- Table structure for table `llx_ticket`
--

CREATE TABLE `llx_ticket` (
  `rowid` int(11) NOT NULL AUTO_INCREMENT,
  `entity` int(11) DEFAULT '1',
  `ref` varchar(128) NOT NULL,
  `track_id` varchar(128) NOT NULL,
  `fk_soc` int(11) DEFAULT '0',
  `fk_project` int(11) DEFAULT '0',
  `origin_email` varchar(128) DEFAULT NULL,
  `fk_user_create` int(11) DEFAULT NULL,
  `fk_user_assign` int(11) DEFAULT NULL,
  `subject` varchar(255) DEFAULT NULL,
  `message` text,
  `fk_statut` int(11) DEFAULT NULL,
  `resolution` int(11) DEFAULT NULL,
  `progress` varchar(100) DEFAULT NULL,
  `timing` varchar(20) DEFAULT NULL,
  `type_code` varchar(32) DEFAULT NULL,
  `category_code` varchar(32) DEFAULT NULL,
  `severity_code` varchar(32) DEFAULT NULL,
  `datec` datetime DEFAULT NULL,
  `date_read` datetime DEFAULT NULL,
  `date_close` datetime DEFAULT NULL,
  `notify_tiers_at_create` tinyint(4) DEFAULT NULL,
  `tms` timestamp NOT NULL DEFAULT CURRENT_TIMESTAMP ON UPDATE CURRENT_TIMESTAMP,
  PRIMARY KEY (`rowid`),
  UNIQUE KEY `uk_ticket_track_id` (`track_id`)
) ENGINE=InnoDB AUTO_INCREMENT=2 DEFAULT CHARSET=latin1;

--
-- Dumping data for table `llx_ticket`
--

INSERT INTO `llx_ticket` VALUES (1,1,'aaa','d42iybp7p6d1cvqi',248,12,NULL,12,NULL,'aaa','aaa',1,NULL,'0',NULL,'COM','OTHER','NORMAL','2018-06-04 21:36:42','2018-10-01 03:20:18',NULL,0,'2018-10-01 01:20:18');

--
-- Table structure for table `llx_ticket_extrafields`
--

CREATE TABLE `llx_ticket_extrafields` (
  `rowid` int(11) NOT NULL AUTO_INCREMENT,
  `tms` timestamp NOT NULL DEFAULT CURRENT_TIMESTAMP ON UPDATE CURRENT_TIMESTAMP,
  `fk_object` int(11) NOT NULL,
  `import_key` varchar(14) DEFAULT NULL,
  `aaa` int(10) DEFAULT NULL,
  PRIMARY KEY (`rowid`)
) ENGINE=InnoDB AUTO_INCREMENT=2 DEFAULT CHARSET=latin1;

--
-- Dumping data for table `llx_ticket_extrafields`
--

INSERT INTO `llx_ticket_extrafields` VALUES (1,'2018-06-04 19:36:42',1,NULL,NULL);

--
-- Table structure for table `llx_ticket_logs`
--

CREATE TABLE `llx_ticket_logs` (
  `rowid` int(11) NOT NULL AUTO_INCREMENT,
  `entity` int(11) DEFAULT '1',
  `fk_track_id` varchar(128) DEFAULT NULL,
  `fk_user_create` int(11) DEFAULT NULL,
  `datec` datetime DEFAULT NULL,
  `message` text,
  PRIMARY KEY (`rowid`),
  KEY `fk_ticket_logs_fk_track_id` (`fk_track_id`),
  CONSTRAINT `fk_ticket_logs_fk_track_id` FOREIGN KEY (`fk_track_id`) REFERENCES `llx_ticket` (`track_id`)
) ENGINE=InnoDB AUTO_INCREMENT=2 DEFAULT CHARSET=latin1;

--
-- Dumping data for table `llx_ticket_logs`
--

INSERT INTO `llx_ticket_logs` VALUES (1,1,'d42iybp7p6d1cvqi',12,'2018-10-01 03:20:18','Ticket read by Alice Adminson');

--
-- Table structure for table `llx_ticket_msg`
--

CREATE TABLE `llx_ticket_msg` (
  `rowid` int(11) NOT NULL AUTO_INCREMENT,
  `entity` int(11) DEFAULT '1',
  `fk_track_id` varchar(128) DEFAULT NULL,
  `fk_user_action` int(11) DEFAULT NULL,
  `datec` datetime DEFAULT NULL,
  `message` text,
  `private` int(11) DEFAULT '0',
  PRIMARY KEY (`rowid`),
  KEY `fk_ticket_msg_fk_track_id` (`fk_track_id`),
  CONSTRAINT `fk_ticket_msg_fk_track_id` FOREIGN KEY (`fk_track_id`) REFERENCES `llx_ticket` (`track_id`)
) ENGINE=InnoDB AUTO_INCREMENT=3 DEFAULT CHARSET=latin1;

--
-- Dumping data for table `llx_ticket_msg`
--

INSERT INTO `llx_ticket_msg` VALUES (1,1,'d42iybp7p6d1cvqi',12,'2018-10-01 03:18:19','gdfgdf',0),(2,1,'d42iybp7p6d1cvqi',12,'2018-10-01 03:18:30','gdf',0);

--
-- Table structure for table `llx_ticketsup`
--

CREATE TABLE `llx_ticketsup` (
  `rowid` int(11) NOT NULL AUTO_INCREMENT,
  `entity` int(11) DEFAULT '1',
  `ref` varchar(128) NOT NULL,
  `track_id` varchar(128) NOT NULL,
  `fk_soc` int(11) DEFAULT '0',
  `fk_project` int(11) DEFAULT '0',
  `origin_email` varchar(128) DEFAULT NULL,
  `fk_user_create` int(11) DEFAULT NULL,
  `fk_user_assign` int(11) DEFAULT NULL,
  `subject` varchar(255) DEFAULT NULL,
  `message` text,
  `fk_statut` int(11) DEFAULT NULL,
  `resolution` int(11) DEFAULT NULL,
  `progress` varchar(100) DEFAULT NULL,
  `timing` varchar(20) DEFAULT NULL,
  `type_code` varchar(32) DEFAULT NULL,
  `category_code` varchar(32) DEFAULT NULL,
  `severity_code` varchar(32) DEFAULT NULL,
  `datec` datetime DEFAULT NULL,
  `date_read` datetime DEFAULT NULL,
  `date_close` datetime DEFAULT NULL,
  `tms` timestamp NOT NULL DEFAULT CURRENT_TIMESTAMP ON UPDATE CURRENT_TIMESTAMP,
  `notify_tiers_at_create` int(11) DEFAULT NULL,
  PRIMARY KEY (`rowid`),
  UNIQUE KEY `uk_ticketsup_track_id` (`track_id`),
  KEY `id_ticketsup_track_id` (`track_id`)
) ENGINE=InnoDB AUTO_INCREMENT=27 DEFAULT CHARSET=latin1;

--
-- Dumping data for table `llx_ticketsup`
--

INSERT INTO `llx_ticketsup` VALUES (16,1,'TS1803-0001','bmhki5neaa7bszvy',64,12,NULL,12,11,'hfghfgbvcbcv','hgfhfghf<br />\r\ngdgdgdhghfghf',3,NULL,'100','NORMAL','COM','OTHER','NORMAL','2018-03-13 15:19:47','2018-03-18 21:55:12','2018-04-10 18:00:15','2018-05-01 10:32:20',1),(17,1,'TS1803-0002','ltvd8zthmu5b7v42',148,NULL,NULL,12,NULL,'hfghf','jghjhg',6,NULL,'0',NULL,'COM','OTHER','NORMAL','2018-03-16 13:30:33','2018-03-18 22:00:39',NULL,'2018-03-18 18:27:03',1),(20,1,'TS1803-0005','o9997psaapahwrxi',NULL,NULL,NULL,12,NULL,'khjkhj','mmmmm',1,NULL,'0',NULL,'COM','OTHER','NORMAL','2018-03-18 22:55:56','2018-03-19 14:57:36',NULL,'2018-03-19 10:57:36',0),(21,1,'TS1803-0006','hh2ludsvj32lp8sq',NULL,NULL,NULL,12,NULL,'gdfg','gdfgfd',0,NULL,'0',NULL,'COM','OTHER','NORMAL','2018-03-18 22:56:20',NULL,NULL,'2018-03-18 18:56:20',1),(22,1,'TS1803-0007','4e8iy89hes9a5w8d',NULL,NULL,NULL,12,NULL,'ffffffff','fsdf',0,NULL,'0','NORMAL','COM','OTHER','NORMAL','2018-03-18 23:00:41',NULL,NULL,'2018-04-12 19:41:47',1),(23,1,'TS1804-0008','jbm8vxsqw19817fm',79,NULL,'aaa@aaa.com',NULL,NULL,'ssss','mmm',0,NULL,'0',NULL,'COM','OTHER','NORMAL','2018-04-12 23:20:40',NULL,NULL,'2018-04-12 21:20:40',1),(24,1,'TS1804-0009','q32naisayppjgr5b',NULL,NULL,'f@f.com',NULL,NULL,'sss','mmm',0,NULL,'0',NULL,'COM','OTHER','NORMAL','2018-04-12 23:23:34',NULL,NULL,'2018-04-12 21:23:34',1),(25,1,'TS1804-0010','dst5xryjb55jjxs6',NULL,NULL,'f@f.com',NULL,NULL,'sss','mmm',0,NULL,'0',NULL,'COM','OTHER','NORMAL','2018-04-12 23:31:01',NULL,NULL,'2018-04-12 21:31:01',1),(26,1,'TS1804-0011','qh9ar34ut2shp5rq',151,NULL,'testldr6@dolicloud.com',NULL,NULL,'ppppp','gdgdgdfg',0,NULL,'0',NULL,'COM','OTHER','NORMAL','2018-04-19 15:05:23',NULL,NULL,'2018-04-19 13:05:23',1);

--
-- Table structure for table `llx_ticketsup_extrafields`
--

CREATE TABLE `llx_ticketsup_extrafields` (
  `rowid` int(11) NOT NULL AUTO_INCREMENT,
  `tms` timestamp NOT NULL DEFAULT CURRENT_TIMESTAMP ON UPDATE CURRENT_TIMESTAMP,
  `fk_object` int(11) NOT NULL,
  `import_key` varchar(14) DEFAULT NULL,
  `aaa` varchar(255) DEFAULT NULL,
  `listeonly` varchar(255) DEFAULT NULL,
  `bbb` varchar(255) DEFAULT NULL,
  PRIMARY KEY (`rowid`)
) ENGINE=InnoDB AUTO_INCREMENT=57 DEFAULT CHARSET=latin1;

--
-- Dumping data for table `llx_ticketsup_extrafields`
--

INSERT INTO `llx_ticketsup_extrafields` VALUES (15,'2018-04-12 21:20:40',23,NULL,'aaaa',NULL,NULL),(16,'2018-04-12 21:23:34',24,NULL,'aaa',NULL,NULL),(17,'2018-04-12 21:31:01',25,NULL,'aaa',NULL,NULL),(20,'2018-04-13 10:42:15',22,NULL,'fffppgggffooppmmpp',NULL,NULL),(26,'2018-04-19 13:05:23',26,NULL,'aaa',NULL,NULL),(56,'2018-04-30 08:32:50',16,NULL,'ljklj',NULL,NULL);

--
-- Table structure for table `llx_ticketsup_logs`
--

CREATE TABLE `llx_ticketsup_logs` (
  `rowid` int(11) NOT NULL AUTO_INCREMENT,
  `entity` int(11) DEFAULT '1',
  `fk_track_id` varchar(128) DEFAULT NULL,
  `fk_user_create` int(11) DEFAULT NULL,
  `datec` datetime DEFAULT NULL,
  `message` text,
  PRIMARY KEY (`rowid`),
  KEY `fk_ticketsup_logs_fk_track_id` (`fk_track_id`),
  CONSTRAINT `fk_ticketsup_logs_fk_track_id` FOREIGN KEY (`fk_track_id`) REFERENCES `llx_ticketsup` (`track_id`)
) ENGINE=InnoDB AUTO_INCREMENT=82 DEFAULT CHARSET=latin1;

--
-- Dumping data for table `llx_ticketsup_logs`
--

INSERT INTO `llx_ticketsup_logs` VALUES (14,1,'bmhki5neaa7bszvy',12,'2018-03-16 13:31:15','Change classification : from Other to Other'),(15,1,'bmhki5neaa7bszvy',12,'2018-03-16 13:31:22','Change classification : from Commercial question to Issue or problem'),(16,1,'bmhki5neaa7bszvy',12,'2018-03-18 14:59:27','Ticket assigned to David Doe'),(17,1,'bmhki5neaa7bszvy',12,'2018-03-18 14:59:36','Ticket assigned to hgfhfg hgfh'),(18,1,'bmhki5neaa7bszvy',12,'2018-03-18 14:59:47','Ticket assigned to Sam Scientol'),(19,1,'bmhki5neaa7bszvy',12,'2018-03-18 15:01:20','Ticket assigned to Zack Zeceo'),(20,1,'bmhki5neaa7bszvy',12,'2018-03-18 21:30:49','Ticket read by Alice Adminson'),(22,1,'bmhki5neaa7bszvy',12,'2018-03-18 21:37:42','Status changed : Read to Not read'),(23,1,'bmhki5neaa7bszvy',12,'2018-03-18 21:37:55','Ticket read by Alice Adminson'),(24,1,'bmhki5neaa7bszvy',12,'2018-03-18 21:38:03','Status changed : Read to Not read'),(25,1,'bmhki5neaa7bszvy',12,'2018-03-18 21:38:25','Ticket read by Alice Adminson'),(26,1,'bmhki5neaa7bszvy',12,'2018-03-18 21:38:29','Status changed : Read to Not read'),(27,1,'bmhki5neaa7bszvy',12,'2018-03-18 21:38:45','Ticket read by Alice Adminson'),(28,1,'bmhki5neaa7bszvy',12,'2018-03-18 21:43:30','Status changed : Read to Not read'),(29,1,'bmhki5neaa7bszvy',12,'2018-03-18 21:44:19','Status changed : Not read to Read'),(30,1,'bmhki5neaa7bszvy',12,'2018-03-18 21:44:21','Status changed : Read to Not read'),(31,1,'bmhki5neaa7bszvy',12,'2018-03-18 21:44:25','Ticket read by Alice Adminson'),(32,1,'bmhki5neaa7bszvy',12,'2018-03-18 21:44:29','Status changed : Read to Not read'),(33,1,'bmhki5neaa7bszvy',12,'2018-03-18 21:44:31','Status changed : Not read to Read'),(34,1,'bmhki5neaa7bszvy',12,'2018-03-18 21:44:40','Status changed : Read to Not read'),(35,1,'bmhki5neaa7bszvy',12,'2018-03-18 21:48:06','Ticket read by Alice Adminson'),(36,1,'bmhki5neaa7bszvy',12,'2018-03-18 21:48:10','Status changed : Read to Not read'),(37,1,'bmhki5neaa7bszvy',12,'2018-03-18 21:55:06','Ticket read by Alice Adminson'),(38,1,'bmhki5neaa7bszvy',12,'2018-03-18 21:55:12','Ticket read by Alice Adminson'),(39,1,'ltvd8zthmu5b7v42',12,'2018-03-18 22:00:39','Ticket read by Alice Adminson'),(40,1,'ltvd8zthmu5b7v42',12,'2018-03-18 22:25:01','Status changed : Answered to Assigned'),(41,1,'ltvd8zthmu5b7v42',12,'2018-03-18 22:25:08','Status changed : Assigned to Answered'),(42,1,'ltvd8zthmu5b7v42',12,'2018-03-18 22:25:16','Status changed : Answered to In progress'),(43,1,'ltvd8zthmu5b7v42',12,'2018-03-18 22:27:03','Status changed : In progress to Waiting'),(44,1,'o9997psaapahwrxi',12,'2018-03-19 14:57:35','Ticket read by Alice Adminson'),(45,1,'o9997psaapahwrxi',12,'2018-03-19 14:57:36','Ticket read by Alice Adminson'),(46,1,'bmhki5neaa7bszvy',12,'2018-04-10 17:58:28','Status changed : Lu to En cours'),(47,1,'bmhki5neaa7bszvy',12,'2018-04-10 17:58:44','Ticket cl&ocirc;t par Alice Adminson'),(48,1,'bmhki5neaa7bszvy',12,'2018-04-10 18:00:15','Ticket cl&ocirc;t par Alice Adminson'),(49,1,'bmhki5neaa7bszvy',12,'2018-04-13 12:11:32','Ticket r&eacute;-ouvert'),(50,1,'bmhki5neaa7bszvy',12,'2018-04-15 11:45:53','Status changed : assign&eacute; to Unread'),(51,1,'bmhki5neaa7bszvy',12,'2018-04-30 10:01:24','Change classification : from  to '),(52,1,'bmhki5neaa7bszvy',12,'2018-04-30 10:01:26','Change classification : from  to '),(53,1,'bmhki5neaa7bszvy',12,'2018-04-30 10:02:03','Change classification : from  to '),(54,1,'bmhki5neaa7bszvy',12,'2018-04-30 10:02:27','Change classification : from  to '),(55,1,'bmhki5neaa7bszvy',12,'2018-04-30 10:09:03','Change classification : from  to '),(56,1,'bmhki5neaa7bszvy',12,'2018-04-30 10:09:34','Change classification : from  to '),(57,1,'bmhki5neaa7bszvy',12,'2018-04-30 10:15:04','Change classification : from  to '),(58,1,'bmhki5neaa7bszvy',12,'2018-04-30 10:15:54','Change classification : from  to '),(59,1,'bmhki5neaa7bszvy',12,'2018-04-30 10:17:47','Change classification : from  to '),(60,1,'bmhki5neaa7bszvy',12,'2018-04-30 10:18:04','Change classification : from  to '),(61,1,'bmhki5neaa7bszvy',12,'2018-04-30 10:18:28','Change classification : from  to '),(62,1,'bmhki5neaa7bszvy',12,'2018-04-30 10:18:39','Change classification : from  to '),(63,1,'bmhki5neaa7bszvy',12,'2018-04-30 10:19:00','Change classification : from  to '),(64,1,'bmhki5neaa7bszvy',12,'2018-04-30 10:19:06','Change classification : from  to '),(65,1,'bmhki5neaa7bszvy',12,'2018-04-30 10:19:09','Change classification : from  to '),(66,1,'bmhki5neaa7bszvy',12,'2018-04-30 10:19:13','Change classification : from  to '),(67,1,'bmhki5neaa7bszvy',12,'2018-04-30 10:24:52','Change classification : from  to '),(68,1,'bmhki5neaa7bszvy',12,'2018-04-30 10:24:58','Change classification : from  to '),(69,1,'bmhki5neaa7bszvy',12,'2018-04-30 10:26:41','Change classification : from  to '),(70,1,'bmhki5neaa7bszvy',12,'2018-04-30 10:27:03','Change classification : from  to '),(71,1,'bmhki5neaa7bszvy',12,'2018-04-30 10:27:06','Change classification : from  to '),(72,1,'bmhki5neaa7bszvy',12,'2018-04-30 10:27:30','Initial message modified \n  hgfhfghf\n+ gdgdgd\n'),(73,1,'bmhki5neaa7bszvy',12,'2018-04-30 10:28:13','Initial message modified \n  hgfhfghf\n  gdgdgd\n'),(74,1,'bmhki5neaa7bszvy',12,'2018-04-30 10:28:28','Initial message modified \n  hgfhfghf\n  gdgdgd\n'),(75,1,'bmhki5neaa7bszvy',12,'2018-04-30 10:28:47','Initial message modified \n  hgfhfghf\n  gdgdgd\n'),(76,1,'bmhki5neaa7bszvy',12,'2018-04-30 10:28:55','Initial message modified \n  hgfhfghf\n- gdgdgd\n+ gdgdgdhghfghf\n'),(77,1,'bmhki5neaa7bszvy',12,'2018-04-30 10:28:58','Change classification : from  to '),(78,1,'bmhki5neaa7bszvy',12,'2018-04-30 10:29:55','Change classification : from  to '),(79,1,'bmhki5neaa7bszvy',12,'2018-04-30 10:32:42','Change classification : from  to '),(80,1,'bmhki5neaa7bszvy',12,'2018-04-30 10:32:50','Change classification : from  to '),(81,1,'bmhki5neaa7bszvy',12,'2018-05-01 12:32:20','Status changed : Unread to Answered');

--
-- Table structure for table `llx_ticketsup_msg`
--

CREATE TABLE `llx_ticketsup_msg` (
  `rowid` int(11) NOT NULL AUTO_INCREMENT,
  `entity` int(11) DEFAULT '1',
  `fk_track_id` varchar(128) DEFAULT NULL,
  `fk_user_action` int(11) DEFAULT NULL,
  `datec` datetime DEFAULT NULL,
  `message` text,
  `private` int(11) DEFAULT '0',
  PRIMARY KEY (`rowid`),
  KEY `fk_ticketsup_msg_fk_track_id` (`fk_track_id`),
  CONSTRAINT `fk_ticketsup_msg_fk_track_id` FOREIGN KEY (`fk_track_id`) REFERENCES `llx_ticketsup` (`track_id`)
) ENGINE=InnoDB AUTO_INCREMENT=4 DEFAULT CHARSET=latin1;

--
-- Dumping data for table `llx_ticketsup_msg`
--

INSERT INTO `llx_ticketsup_msg` VALUES (1,1,'bmhki5neaa7bszvy',12,'2018-03-16 13:30:57','gdfd',0),(2,1,'ltvd8zthmu5b7v42',12,'2018-03-18 22:24:18','fdsfds',0),(3,1,'ltvd8zthmu5b7v42',12,'2018-03-18 22:24:39','hfghfg',0);

--
-- Table structure for table `llx_tva`
--

CREATE TABLE `llx_tva` (
  `rowid` int(11) NOT NULL AUTO_INCREMENT,
  `tms` timestamp NOT NULL DEFAULT CURRENT_TIMESTAMP ON UPDATE CURRENT_TIMESTAMP,
  `datec` date DEFAULT NULL,
  `datep` date DEFAULT NULL,
  `datev` date DEFAULT NULL,
  `amount` double(24,8) DEFAULT NULL,
  `label` varchar(255) COLLATE utf8_unicode_ci DEFAULT NULL,
  `entity` int(11) NOT NULL DEFAULT '1',
  `note` text COLLATE utf8_unicode_ci,
  `fk_bank` int(11) DEFAULT NULL,
  `fk_user_creat` int(11) DEFAULT NULL,
  `fk_user_modif` int(11) DEFAULT NULL,
  `fk_typepayment` int(11) DEFAULT NULL,
  `num_payment` varchar(50) COLLATE utf8_unicode_ci DEFAULT NULL,
  `import_key` varchar(14) COLLATE utf8_unicode_ci DEFAULT NULL,
  PRIMARY KEY (`rowid`)
) ENGINE=InnoDB DEFAULT CHARSET=utf8 COLLATE=utf8_unicode_ci;

--
-- Dumping data for table `llx_tva`
--


--
-- Table structure for table `llx_user`
--

CREATE TABLE `llx_user` (
  `rowid` int(11) NOT NULL AUTO_INCREMENT,
  `datec` datetime DEFAULT NULL,
  `tms` timestamp NOT NULL DEFAULT CURRENT_TIMESTAMP ON UPDATE CURRENT_TIMESTAMP,
  `fk_user_creat` int(11) DEFAULT NULL,
  `fk_user_modif` int(11) DEFAULT NULL,
  `login` varchar(50) COLLATE utf8_unicode_ci NOT NULL,
  `entity` int(11) NOT NULL DEFAULT '1',
  `civility` varchar(6) COLLATE utf8_unicode_ci DEFAULT NULL,
  `ref_ext` varchar(50) COLLATE utf8_unicode_ci DEFAULT NULL,
  `ref_int` varchar(50) COLLATE utf8_unicode_ci DEFAULT NULL,
  `employee` smallint(6) DEFAULT '1',
  `fk_establishment` int(11) DEFAULT '0',
  `pass` varchar(128) COLLATE utf8_unicode_ci DEFAULT NULL,
  `pass_crypted` varchar(128) COLLATE utf8_unicode_ci DEFAULT NULL,
  `pass_temp` varchar(128) COLLATE utf8_unicode_ci DEFAULT NULL,
  `api_key` varchar(128) COLLATE utf8_unicode_ci DEFAULT NULL,
  `lastname` varchar(50) COLLATE utf8_unicode_ci DEFAULT NULL,
  `firstname` varchar(50) COLLATE utf8_unicode_ci DEFAULT NULL,
  `job` varchar(128) COLLATE utf8_unicode_ci DEFAULT NULL,
  `skype` varchar(255) COLLATE utf8_unicode_ci DEFAULT NULL,
  `office_phone` varchar(20) COLLATE utf8_unicode_ci DEFAULT NULL,
  `office_fax` varchar(20) COLLATE utf8_unicode_ci DEFAULT NULL,
  `user_mobile` varchar(20) COLLATE utf8_unicode_ci DEFAULT NULL,
  `email` varchar(255) COLLATE utf8_unicode_ci DEFAULT NULL,
  `signature` text COLLATE utf8_unicode_ci,
  `admin` smallint(6) DEFAULT '0',
  `webcal_login` varchar(25) COLLATE utf8_unicode_ci DEFAULT NULL,
  `module_comm` smallint(6) DEFAULT '1',
  `module_compta` smallint(6) DEFAULT '1',
  `fk_soc` int(11) DEFAULT NULL,
  `fk_socpeople` int(11) DEFAULT NULL,
  `fk_member` int(11) DEFAULT NULL,
  `note` text COLLATE utf8_unicode_ci,
  `datelastlogin` datetime DEFAULT NULL,
  `datepreviouslogin` datetime DEFAULT NULL,
  `egroupware_id` int(11) DEFAULT NULL,
  `ldap_sid` varchar(255) COLLATE utf8_unicode_ci DEFAULT NULL,
  `statut` tinyint(4) DEFAULT '1',
  `photo` varchar(255) COLLATE utf8_unicode_ci DEFAULT NULL,
  `lang` varchar(6) COLLATE utf8_unicode_ci DEFAULT NULL,
  `openid` varchar(255) COLLATE utf8_unicode_ci DEFAULT NULL,
  `fk_user` int(11) DEFAULT NULL,
  `thm` double(24,8) DEFAULT NULL,
  `address` varchar(255) COLLATE utf8_unicode_ci DEFAULT NULL,
  `zip` varchar(25) COLLATE utf8_unicode_ci DEFAULT NULL,
  `town` varchar(50) COLLATE utf8_unicode_ci DEFAULT NULL,
  `fk_state` int(11) DEFAULT '0',
  `fk_country` int(11) DEFAULT '0',
  `color` varchar(6) COLLATE utf8_unicode_ci DEFAULT NULL,
  `accountancy_code` varchar(32) COLLATE utf8_unicode_ci DEFAULT NULL,
  `barcode` varchar(255) COLLATE utf8_unicode_ci DEFAULT NULL,
  `fk_barcode_type` int(11) DEFAULT '0',
  `nb_holiday` int(11) DEFAULT '0',
  `salary` double(24,8) DEFAULT NULL,
  `tjm` double(24,8) DEFAULT NULL,
  `salaryextra` double(24,8) DEFAULT NULL,
  `weeklyhours` double(16,8) DEFAULT NULL,
  `gender` varchar(10) COLLATE utf8_unicode_ci DEFAULT NULL,
  `note_public` text COLLATE utf8_unicode_ci,
  `dateemployment` datetime DEFAULT NULL,
  `import_key` varchar(14) COLLATE utf8_unicode_ci DEFAULT NULL,
  `model_pdf` varchar(255) COLLATE utf8_unicode_ci DEFAULT NULL,
  `birth` date DEFAULT NULL,
  `pass_encoding` varchar(24) COLLATE utf8_unicode_ci DEFAULT NULL,
  `default_range` int(11) DEFAULT NULL,
  `default_c_exp_tax_cat` int(11) DEFAULT NULL,
  `dateemploymentend` date DEFAULT NULL,
  PRIMARY KEY (`rowid`),
  UNIQUE KEY `uk_user_login` (`login`,`entity`),
  UNIQUE KEY `uk_user_fk_socpeople` (`fk_socpeople`),
  UNIQUE KEY `uk_user_fk_member` (`fk_member`),
  UNIQUE KEY `uk_user_api_key` (`api_key`),
  KEY `idx_user_api_key` (`api_key`),
  KEY `idx_user_fk_societe` (`fk_soc`)
) ENGINE=InnoDB AUTO_INCREMENT=20 DEFAULT CHARSET=utf8 COLLATE=utf8_unicode_ci;

--
-- Dumping data for table `llx_user`
--

INSERT INTO `llx_user` VALUES (1,'2010-07-08 13:20:11','2017-02-01 15:06:04',NULL,NULL,'aeinstein',0,NULL,NULL,NULL,1,0,NULL,'11c9c772d6471aa24c27274bdd8a223b',NULL,NULL,'Einstein','Albert','','','123456789','','','aeinstein@example.com','',0,'',1,1,NULL,NULL,NULL,'','2015-10-05 08:32:44','2015-10-03 11:43:50',NULL,'',1,'alberteinstein.jpg',NULL,NULL,14,NULL,'','','',NULL,NULL,'aaaaff','',NULL,0,0,NULL,NULL,NULL,NULL,'man',NULL,NULL,NULL,NULL,NULL,NULL,NULL,NULL,NULL),(2,'2010-07-08 13:54:48','2017-02-01 15:06:04',NULL,NULL,'demo',1,NULL,NULL,NULL,1,0,NULL,'fe01ce2a7fbac8fafaed7c982a04e229',NULL,NULL,'Doe','David','','','09123123','','','daviddoe@mycompany.com','',0,'',1,1,NULL,NULL,NULL,'','2016-07-30 23:10:54','2016-07-30 23:04:17',NULL,'',1,'johndoe.png',NULL,NULL,11,NULL,'','','',NULL,NULL,'','',NULL,0,0,NULL,NULL,NULL,NULL,'man',NULL,NULL,NULL,NULL,NULL,NULL,NULL,NULL,NULL),(3,'2010-07-11 16:18:59','2017-02-01 15:06:04',NULL,NULL,'pcurie',1,NULL,NULL,NULL,1,0,NULL,'ab335b4eb4c3c99334f656e5db9584c9',NULL,NULL,'Curie','Pierre','','','','','','pcurie@example.com','',0,'',1,1,NULL,NULL,2,'','2012-12-21 17:38:55',NULL,NULL,'',1,'pierrecurie.jpg',NULL,NULL,14,NULL,'','','',NULL,NULL,'','',NULL,0,0,NULL,NULL,NULL,NULL,NULL,NULL,NULL,NULL,NULL,NULL,NULL,NULL,NULL,NULL),(4,'2013-01-23 17:52:27','2017-02-01 15:06:04',NULL,NULL,'bbookkeeper',1,NULL,NULL,NULL,1,0,NULL,'a7d30b58d647fcf59b7163f9592b1dbb',NULL,NULL,'Bookkeeper','Bob','Bookkeeper','','','','','','',0,'',1,1,17,6,NULL,'','2013-02-25 10:18:41','2013-01-23 17:53:20',NULL,'',1,NULL,NULL,NULL,11,NULL,'','','',NULL,NULL,'','',NULL,0,0,NULL,NULL,NULL,NULL,'man',NULL,NULL,NULL,NULL,NULL,NULL,NULL,NULL,NULL),(10,'2015-10-03 11:47:41','2017-02-01 15:06:04',NULL,NULL,'mcurie',1,NULL,NULL,NULL,1,0,NULL,'52cda011808bb282d1d3625ab607a145',NULL,'t3mnkbhs','Curie','Marie','','','','','','','',0,NULL,1,1,NULL,NULL,NULL,'',NULL,NULL,NULL,'',1,'mariecurie.jpg',NULL,NULL,14,NULL,'','','',NULL,NULL,'ffaaff','',NULL,0,0,NULL,NULL,NULL,NULL,'woman',NULL,NULL,NULL,NULL,NULL,NULL,NULL,NULL,NULL),(11,'2015-10-05 09:07:52','2017-02-01 15:06:04',NULL,NULL,'zzeceo',1,NULL,NULL,NULL,1,0,NULL,'92af989c4c3a5140fb5d73eb77a52454',NULL,'cq78nf9m','Zeceo','Zack','President','','','','','','',0,NULL,1,1,NULL,NULL,NULL,'','2015-10-05 22:48:08','2015-10-05 21:18:46',NULL,'',1,NULL,NULL,NULL,NULL,NULL,'','','',NULL,NULL,'','',NULL,0,0,NULL,NULL,NULL,NULL,NULL,NULL,NULL,NULL,NULL,NULL,NULL,NULL,NULL,NULL),(12,'2015-10-05 09:09:46','2018-01-19 11:24:18',NULL,NULL,'admin',0,NULL,NULL,NULL,1,0,NULL,'f6fdffe48c908deb0f4c3bd36c032e72',NULL,'nd6hgbcr','Adminson','Alice','Admin Technical','','','','','','Alice - 123',1,NULL,1,1,NULL,NULL,NULL,'','2018-03-16 13:54:23','2018-01-19 11:21:41',NULL,'',1,'mariecurie.jpg',NULL,NULL,11,NULL,'','','',NULL,NULL,'','',NULL,0,0,NULL,NULL,NULL,NULL,'woman',NULL,NULL,NULL,NULL,NULL,NULL,NULL,NULL,NULL),(13,'2015-10-05 21:29:35','2017-02-01 15:06:04',NULL,NULL,'ccommercy',1,NULL,NULL,NULL,1,0,NULL,'179858e041af35e8f4c81d68c55fe9da',NULL,'y451ksdv','Commercy','Charle','Commercial leader','','','','','','',0,NULL,1,1,NULL,NULL,NULL,'',NULL,NULL,NULL,'',1,NULL,NULL,NULL,11,NULL,'','','',NULL,NULL,'','',NULL,0,0,NULL,NULL,NULL,NULL,'man',NULL,NULL,NULL,NULL,NULL,NULL,NULL,NULL,NULL),(14,'2015-10-05 21:33:33','2017-02-01 15:06:04',NULL,NULL,'sscientol',1,NULL,NULL,NULL,1,0,NULL,'39bee07ac42f31c98e79cdcd5e5fe4c5',NULL,'s2hp8bxd','Scientol','Sam','Scientist leader','','','','','','',0,NULL,1,1,NULL,NULL,NULL,'',NULL,NULL,NULL,'',1,NULL,NULL,NULL,11,NULL,'','','',NULL,NULL,'','',NULL,0,0,NULL,NULL,NULL,NULL,NULL,NULL,NULL,NULL,NULL,NULL,NULL,NULL,NULL,NULL),(16,'2015-10-05 22:47:52','2017-02-20 16:49:00',NULL,NULL,'ccommerson',1,NULL,NULL,NULL,1,0,NULL,'d68005ccf362b82d084551b6291792a3',NULL,'cx9y1dk0','Charle1','Commerson','Sale representative','','','','','','',0,NULL,1,1,NULL,NULL,NULL,'','2015-10-05 23:46:24','2015-10-05 23:37:31',NULL,'',1,NULL,NULL,NULL,13,NULL,'','','',NULL,NULL,'','',NULL,0,0,NULL,NULL,NULL,NULL,NULL,NULL,NULL,NULL,NULL,NULL,NULL,NULL,NULL,NULL),(17,'2015-10-05 22:48:39','2017-02-01 15:06:04',NULL,NULL,'cc2',1,NULL,NULL,NULL,1,0,NULL,'a964065211872fb76f876c6c3e952ea3',NULL,'gw8cb7xj','Charle2','Commerson','Sale representative','','','','','','',0,NULL,1,1,NULL,NULL,NULL,'','2015-10-05 23:16:06',NULL,NULL,'',0,NULL,NULL,NULL,13,NULL,'','','',NULL,NULL,'','',NULL,0,0,NULL,NULL,NULL,NULL,'man',NULL,NULL,NULL,NULL,NULL,NULL,NULL,NULL,NULL),(18,'2016-01-22 17:27:02','2017-02-01 15:06:04',NULL,NULL,'ldestailleur',1,NULL,NULL,NULL,1,0,NULL,'1bb7805145a7a5066df9e6d585b8b645',NULL,'87g06wbx','Destailleur','Laurent','Project leader of Dolibarr ERP CRM','','','','','ldestailleur@example.com','<div style=\"line-height: 20.8px;\"><strong>Laurent DESTAILLEUR</strong></div>\r\n\r\n<div style=\"line-height: 20.8px;\">\r\n<div style=\"font-family: verdana, helvetica, sans-serif;\"><span style=\"color:rgb(96, 97, 99); font-family:arial; font-size:medium\"><strong>Project Director</strong></span><br />\r\n<span style=\"color:rgb(51, 102, 153)\"><span style=\"color:rgb(153, 51, 153); font-family:tahoma,new york,times,serif\"><span style=\"color:rgb(51, 102, 153)\">ldestailleur@example.com</span></span></span></div>\r\n\r\n<div style=\"font-family: verdana, helvetica, sans-serif;\">&nbsp;</div>\r\n\r\n<div style=\"font-family: verdana, helvetica, sans-serif;\">\r\n<div style=\"color: rgb(0, 0, 0);\"><span style=\"color:rgb(153, 51, 153); font-family:arial,helvetica,sans-serif; font-size:small\"><span style=\"color:rgb(51, 102, 153)\"><a href=\"http://www.facebook.com/teclib\" style=\"color: rgb(153, 51, 153); text-decoration: none; cursor: pointer;\" target=\"_blank\">Facebook</a></span>&nbsp;|&nbsp;<span style=\"color:rgb(51, 102, 153)\"><a href=\"http://twitter.com/teclib\" style=\"color: rgb(153, 51, 153); text-decoration: none; cursor: pointer;\" target=\"_blank\">Twitter</a></span>&nbsp;|&nbsp;<span style=\"color:rgb(51, 102, 153)\"><span style=\"color:rgb(153, 51, 153)\"><a href=\"http://www.teclib.com/\" style=\"color: rgb(153, 51, 153); text-decoration: none; cursor: pointer;\" target=\"_blank\">www.teclib.com</a></span></span></span></div>\r\n</div>\r\n</div>',0,NULL,1,1,10,10,NULL,'More information on http://www.destailleur.fr','2017-09-06 11:55:30','2017-08-30 15:53:25',NULL,'',1,'ldestailleur_200x200.jpg',NULL,NULL,NULL,NULL,'','','',NULL,NULL,'007f7f','',NULL,0,0,NULL,NULL,NULL,NULL,'man',NULL,NULL,NULL,NULL,NULL,NULL,NULL,NULL,NULL),(19,'2017-02-02 03:55:44','2017-02-01 23:56:50',NULL,NULL,'aboston',1,NULL,NULL,NULL,1,0,NULL,'a7a77a5aff2d5fc2f75f2f61507c88d4',NULL,NULL,'Boston','Alex','','','','','','aboston@example.com','<strong>Alex Boston</strong><br />\r\nAdmin support service - 555 01 02 03 04',0,NULL,1,1,NULL,NULL,NULL,'',NULL,NULL,NULL,'',1,NULL,NULL,NULL,12,25.00000000,'','','',NULL,NULL,'ff00ff','',NULL,0,0,NULL,NULL,NULL,32.00000000,NULL,NULL,'2014-11-04 00:00:00',NULL,NULL,NULL,NULL,NULL,NULL,NULL);

--
-- Table structure for table `llx_user_alert`
--

CREATE TABLE `llx_user_alert` (
  `rowid` int(11) NOT NULL AUTO_INCREMENT,
  `type` int(11) DEFAULT NULL,
  `fk_contact` int(11) DEFAULT NULL,
  `fk_user` int(11) DEFAULT NULL,
  PRIMARY KEY (`rowid`)
) ENGINE=InnoDB AUTO_INCREMENT=3 DEFAULT CHARSET=utf8 COLLATE=utf8_unicode_ci;

--
-- Dumping data for table `llx_user_alert`
--

INSERT INTO `llx_user_alert` VALUES (1,1,1,1),(2,1,10,12);

--
-- Table structure for table `llx_user_clicktodial`
--

CREATE TABLE `llx_user_clicktodial` (
  `fk_user` int(11) NOT NULL,
  `url` varchar(255) COLLATE utf8_unicode_ci DEFAULT NULL,
  `login` varchar(32) COLLATE utf8_unicode_ci DEFAULT NULL,
  `pass` varchar(64) COLLATE utf8_unicode_ci DEFAULT NULL,
  `poste` varchar(20) COLLATE utf8_unicode_ci DEFAULT NULL,
  PRIMARY KEY (`fk_user`)
) ENGINE=InnoDB DEFAULT CHARSET=utf8 COLLATE=utf8_unicode_ci;

--
-- Dumping data for table `llx_user_clicktodial`
--


--
-- Table structure for table `llx_user_employment`
--

CREATE TABLE `llx_user_employment` (
  `rowid` int(11) NOT NULL AUTO_INCREMENT,
  `entity` int(11) NOT NULL DEFAULT '1',
  `ref` varchar(50) COLLATE utf8_unicode_ci DEFAULT NULL,
  `ref_ext` varchar(50) COLLATE utf8_unicode_ci DEFAULT NULL,
  `fk_user` int(11) DEFAULT NULL,
  `datec` datetime DEFAULT NULL,
  `tms` timestamp NOT NULL DEFAULT CURRENT_TIMESTAMP ON UPDATE CURRENT_TIMESTAMP,
  `fk_user_creat` int(11) DEFAULT NULL,
  `fk_user_modif` int(11) DEFAULT NULL,
  `job` varchar(128) COLLATE utf8_unicode_ci DEFAULT NULL,
  `status` int(11) NOT NULL,
  `salary` double(24,8) DEFAULT NULL,
  `salaryextra` double(24,8) DEFAULT NULL,
  `weeklyhours` double(16,8) DEFAULT NULL,
  `dateemployment` date DEFAULT NULL,
  `dateemploymentend` date DEFAULT NULL,
  PRIMARY KEY (`rowid`),
  UNIQUE KEY `uk_user_employment` (`ref`,`entity`),
  KEY `fk_user_employment_fk_user` (`fk_user`),
  CONSTRAINT `fk_user_employment_fk_user` FOREIGN KEY (`fk_user`) REFERENCES `llx_user` (`rowid`)
) ENGINE=InnoDB DEFAULT CHARSET=utf8 COLLATE=utf8_unicode_ci;

--
-- Dumping data for table `llx_user_employment`
--


--
-- Table structure for table `llx_user_extrafields`
--

CREATE TABLE `llx_user_extrafields` (
  `rowid` int(11) NOT NULL AUTO_INCREMENT,
  `tms` timestamp NOT NULL DEFAULT CURRENT_TIMESTAMP ON UPDATE CURRENT_TIMESTAMP,
  `fk_object` int(11) NOT NULL,
  `import_key` varchar(14) COLLATE utf8_unicode_ci DEFAULT NULL,
  PRIMARY KEY (`rowid`),
  KEY `idx_user_extrafields` (`fk_object`)
) ENGINE=InnoDB DEFAULT CHARSET=utf8 COLLATE=utf8_unicode_ci;

--
-- Dumping data for table `llx_user_extrafields`
--


--
-- Table structure for table `llx_user_param`
--

CREATE TABLE `llx_user_param` (
  `fk_user` int(11) NOT NULL,
  `entity` int(11) NOT NULL DEFAULT '1',
  `param` varchar(255) COLLATE utf8_unicode_ci NOT NULL,
  `value` text COLLATE utf8_unicode_ci NOT NULL,
  UNIQUE KEY `uk_user_param` (`fk_user`,`param`,`entity`)
) ENGINE=InnoDB DEFAULT CHARSET=utf8 COLLATE=utf8_unicode_ci;

--
-- Dumping data for table `llx_user_param`
--

INSERT INTO `llx_user_param` VALUES (1,1,'MAIN_BOXES_0','1'),(1,1,'MAIN_THEME','eldy'),(1,3,'THEME_ELDY_ENABLE_PERSONALIZED','1'),(1,1,'THEME_ELDY_RGB','ded0ed'),(1,3,'THEME_ELDY_RGB','d0ddc3'),(2,1,'MAIN_BOXES_0','1'),(11,1,'MAIN_BOXES_0','1'),(12,1,'MAIN_BOXES_0','1'),(12,1,'MAIN_LANG_DEFAULT','en_US'),(12,1,'MAIN_SELECTEDFIELDS_/dolibarr_4.0/htdocs/adherents/list.php','d.zip,d.ref,d.lastname,d.firstname,d.company,d.login,d.morphy,t.libelle,d.email,d.datefin,d.statut,'),(12,1,'MAIN_SELECTEDFIELDS_invoicelist','f.tms,f.facnumber,f.ref_client,f.date,f.date_lim_reglement,s.nom,s.town,s.zip,f.fk_mode_reglement,f.total_ht,rtp,f.fk_statut,'),(12,1,'MAIN_SELECTEDFIELDS_projectlist','p.budget_amount,p.ref,p.title,s.nom,commercial,p.dateo,p.datee,p.public,p.opp_amount,p.fk_opp_status,p.opp_percent,p.fk_statut,ef.priority,'),(12,1,'MAIN_SELECTEDFIELDS_proposallist','p.datec,p.ref,p.ref_client,s.nom,s.town,s.zip,p.date,p.fin_validite,p.total_ht,u.login,p.fk_statut,'),(12,1,'MAIN_SELECTEDFIELDS_servicelist','p.ref,p.label,p.duration,p.sellprice,p.minbuyprice,p.tosell,p.tobuy,');

--
-- Table structure for table `llx_user_rib`
--

CREATE TABLE `llx_user_rib` (
  `rowid` int(11) NOT NULL AUTO_INCREMENT,
  `fk_user` int(11) NOT NULL,
  `entity` int(11) NOT NULL DEFAULT '1',
  `datec` datetime DEFAULT NULL,
  `tms` timestamp NOT NULL DEFAULT CURRENT_TIMESTAMP ON UPDATE CURRENT_TIMESTAMP,
  `label` varchar(30) COLLATE utf8_unicode_ci DEFAULT NULL,
  `bank` varchar(255) COLLATE utf8_unicode_ci DEFAULT NULL,
  `code_banque` varchar(128) COLLATE utf8_unicode_ci DEFAULT NULL,
  `code_guichet` varchar(6) COLLATE utf8_unicode_ci DEFAULT NULL,
  `number` varchar(255) COLLATE utf8_unicode_ci DEFAULT NULL,
  `cle_rib` varchar(5) COLLATE utf8_unicode_ci DEFAULT NULL,
  `bic` varchar(11) COLLATE utf8_unicode_ci DEFAULT NULL,
  `iban_prefix` varchar(34) COLLATE utf8_unicode_ci DEFAULT NULL,
  `domiciliation` varchar(255) COLLATE utf8_unicode_ci DEFAULT NULL,
  `proprio` varchar(60) COLLATE utf8_unicode_ci DEFAULT NULL,
  `owner_address` varchar(255) COLLATE utf8_unicode_ci DEFAULT NULL,
  PRIMARY KEY (`rowid`)
) ENGINE=InnoDB DEFAULT CHARSET=utf8 COLLATE=utf8_unicode_ci;

--
-- Dumping data for table `llx_user_rib`
--


--
-- Table structure for table `llx_user_rights`
--

CREATE TABLE `llx_user_rights` (
  `rowid` int(11) NOT NULL AUTO_INCREMENT,
  `entity` int(11) NOT NULL DEFAULT '1',
  `fk_user` int(11) NOT NULL,
  `fk_id` int(11) NOT NULL,
  PRIMARY KEY (`rowid`),
  UNIQUE KEY `uk_user_rights` (`entity`,`fk_user`,`fk_id`),
  KEY `fk_user_rights_fk_user_user` (`fk_user`),
  CONSTRAINT `fk_user_rights_fk_user_user` FOREIGN KEY (`fk_user`) REFERENCES `llx_user` (`rowid`)
) ENGINE=InnoDB AUTO_INCREMENT=16387 DEFAULT CHARSET=utf8 COLLATE=utf8_unicode_ci;

--
-- Dumping data for table `llx_user_rights`
--

INSERT INTO `llx_user_rights` VALUES (12402,1,1,11),(12380,1,1,12),(12385,1,1,13),(12389,1,1,14),(12393,1,1,15),(12398,1,1,16),(12404,1,1,19),(9726,1,1,21),(9700,1,1,22),(9706,1,1,24),(9711,1,1,25),(9716,1,1,26),(9722,1,1,27),(9728,1,1,28),(9978,1,1,31),(9968,1,1,32),(9974,1,1,34),(1910,1,1,36),(9980,1,1,38),(11573,1,1,41),(11574,1,1,42),(11575,1,1,44),(11576,1,1,45),(7184,1,1,61),(7181,1,1,62),(7183,1,1,64),(7185,1,1,67),(7186,1,1,68),(1678,1,1,71),(1673,1,1,72),(1675,1,1,74),(1679,1,1,75),(1677,1,1,76),(1681,1,1,78),(1682,1,1,79),(12322,1,1,81),(12309,1,1,82),(12312,1,1,84),(12314,1,1,86),(12317,1,1,87),(12320,1,1,88),(12323,1,1,89),(11580,1,1,91),(11581,1,1,92),(11582,1,1,93),(11583,1,1,94),(10097,1,1,95),(10099,1,1,96),(10103,1,1,97),(10104,1,1,98),(7139,1,1,101),(7134,1,1,102),(7136,1,1,104),(7137,1,1,105),(7138,1,1,106),(7140,1,1,109),(10229,1,1,111),(10201,1,1,112),(10207,1,1,113),(10213,1,1,114),(10219,1,1,115),(10225,1,1,116),(10231,1,1,117),(12518,1,1,121),(12508,1,1,122),(12514,1,1,125),(12520,1,1,126),(11577,1,1,141),(11578,1,1,142),(11579,1,1,144),(2307,1,1,151),(2304,1,1,152),(2306,1,1,153),(2308,1,1,154),(10092,1,1,161),(10093,1,1,162),(10094,1,1,163),(10095,1,1,164),(10096,1,1,165),(1585,1,1,170),(12342,1,1,171),(12331,1,1,172),(12335,1,1,173),(12339,1,1,174),(12343,1,1,178),(10000,1,1,221),(9990,1,1,222),(9996,1,1,223),(10002,1,1,229),(10007,1,1,237),(10011,1,1,238),(10015,1,1,239),(1686,1,1,241),(1685,1,1,242),(1687,1,1,243),(12604,1,1,251),(12566,1,1,252),(12569,1,1,253),(12572,1,1,254),(12575,1,1,255),(12579,1,1,256),(1617,1,1,258),(12525,1,1,262),(12544,1,1,281),(12534,1,1,282),(12540,1,1,283),(12546,1,1,286),(12288,1,1,300),(12290,1,1,301),(11591,1,1,302),(1763,1,1,331),(1762,1,1,332),(1764,1,1,333),(12582,1,1,341),(12584,1,1,342),(12586,1,1,343),(12588,1,1,344),(12600,1,1,351),(12593,1,1,352),(12597,1,1,353),(12601,1,1,354),(12605,1,1,358),(12560,1,1,531),(12553,1,1,532),(12557,1,1,534),(1625,1,1,536),(12561,1,1,538),(12358,1,1,700),(12348,1,1,701),(12354,1,1,702),(12360,1,1,703),(1755,1,1,1001),(1754,1,1,1002),(1756,1,1,1003),(1758,1,1,1004),(1759,1,1,1005),(7146,1,1,1101),(7143,1,1,1102),(7145,1,1,1104),(7147,1,1,1109),(12412,1,1,1181),(12458,1,1,1182),(12417,1,1,1183),(12420,1,1,1184),(12423,1,1,1185),(12427,1,1,1186),(12431,1,1,1187),(12437,1,1,1188),(12434,1,1,1189),(1578,1,1,1201),(1579,1,1,1202),(12454,1,1,1231),(12443,1,1,1232),(12446,1,1,1233),(12449,1,1,1234),(12452,1,1,1235),(12455,1,1,1236),(12459,1,1,1237),(1736,1,1,1251),(12409,1,1,1321),(12326,1,1,1421),(8190,1,1,1791),(8187,1,1,1792),(8191,1,1,1793),(12264,1,1,2401),(12260,1,1,2402),(12266,1,1,2403),(12280,1,1,2411),(12276,1,1,2412),(12282,1,1,2413),(12286,1,1,2414),(1618,1,1,2500),(12370,1,1,2501),(12367,1,1,2503),(12371,1,1,2515),(9610,1,1,5001),(9611,1,1,5002),(12490,1,1,20001),(12468,1,1,20002),(12474,1,1,20003),(12480,1,1,20004),(12486,1,1,20005),(12492,1,1,20006),(12302,1,1,23001),(12295,1,1,23002),(12299,1,1,23003),(12303,1,1,23004),(7701,1,1,50101),(4984,1,1,50401),(4983,1,1,50402),(4985,1,1,50403),(4987,1,1,50411),(4988,1,1,50412),(4989,1,1,50415),(12498,1,1,55001),(12499,1,1,55002),(3564,1,1,100700),(3565,1,1,100701),(9596,1,1,101051),(9598,1,1,101052),(9600,1,1,101053),(9604,1,1,101060),(9605,1,1,101061),(7177,1,1,101201),(7178,1,1,101202),(10353,1,1,101250),(10355,1,1,101251),(8980,1,1,101261),(8981,1,1,101262),(7616,1,1,101331),(10030,1,1,101701),(10031,1,1,101702),(3582,1,1,102000),(3583,1,1,102001),(9819,1,1,400051),(9823,1,1,400052),(9827,1,1,400053),(9831,1,1,400055),(132,1,2,11),(133,1,2,12),(134,1,2,13),(135,1,2,14),(136,1,2,16),(137,1,2,19),(138,1,2,21),(139,1,2,22),(140,1,2,24),(141,1,2,25),(142,1,2,26),(143,1,2,27),(10359,1,2,31),(145,1,2,32),(10361,1,2,34),(146,1,2,36),(147,1,2,41),(148,1,2,42),(149,1,2,44),(150,1,2,61),(151,1,2,62),(152,1,2,64),(153,1,2,71),(154,1,2,72),(155,1,2,74),(156,1,2,75),(157,1,2,78),(158,1,2,79),(159,1,2,81),(160,1,2,82),(161,1,2,84),(162,1,2,86),(163,1,2,87),(164,1,2,88),(165,1,2,89),(166,1,2,91),(167,1,2,92),(168,1,2,93),(2475,1,2,95),(2476,1,2,96),(2477,1,2,97),(2478,1,2,98),(169,1,2,101),(170,1,2,102),(171,1,2,104),(172,1,2,109),(173,1,2,111),(174,1,2,112),(175,1,2,113),(176,1,2,114),(177,1,2,116),(178,1,2,117),(179,1,2,121),(180,1,2,122),(181,1,2,125),(182,1,2,141),(183,1,2,142),(184,1,2,144),(2479,1,2,151),(2480,1,2,152),(2481,1,2,153),(2482,1,2,154),(185,1,2,161),(186,1,2,162),(187,1,2,163),(188,1,2,164),(189,1,2,165),(190,1,2,170),(2471,1,2,171),(192,1,2,172),(2472,1,2,173),(193,1,2,221),(194,1,2,222),(195,1,2,229),(196,1,2,241),(197,1,2,242),(198,1,2,243),(199,1,2,251),(201,1,2,262),(202,1,2,281),(203,1,2,282),(204,1,2,283),(205,1,2,331),(15072,1,2,510),(2483,1,2,531),(207,1,2,532),(2484,1,2,534),(208,1,2,536),(2473,1,2,700),(210,1,2,701),(211,1,2,702),(2474,1,2,703),(15064,1,2,771),(15057,1,2,772),(15059,1,2,773),(15061,1,2,774),(15063,1,2,775),(15065,1,2,776),(212,1,2,1001),(213,1,2,1002),(214,1,2,1003),(215,1,2,1004),(216,1,2,1005),(217,1,2,1101),(218,1,2,1102),(219,1,2,1104),(220,1,2,1109),(15073,1,2,1121),(15074,1,2,1122),(15075,1,2,1123),(15076,1,2,1124),(15077,1,2,1125),(15078,1,2,1126),(221,1,2,1181),(222,1,2,1182),(223,1,2,1183),(224,1,2,1184),(225,1,2,1185),(226,1,2,1186),(227,1,2,1187),(228,1,2,1188),(229,1,2,1201),(230,1,2,1202),(231,1,2,1231),(232,1,2,1232),(233,1,2,1233),(234,1,2,1234),(235,1,2,1421),(236,1,2,2401),(237,1,2,2402),(238,1,2,2403),(239,1,2,2411),(240,1,2,2412),(241,1,2,2413),(242,1,2,2500),(2470,1,2,2501),(243,1,2,2515),(10363,1,2,20001),(10364,1,2,20002),(10365,1,2,20003),(10366,1,2,20004),(10367,1,2,20005),(10368,1,2,20006),(15054,1,2,23001),(10362,1,2,50101),(15067,1,2,55001),(15066,1,2,59001),(15068,1,2,63001),(15069,1,2,63002),(15070,1,2,63003),(15071,1,2,63004),(10372,1,2,101250),(1807,1,3,11),(1808,1,3,31),(1809,1,3,36),(1810,1,3,41),(1811,1,3,61),(1812,1,3,71),(1813,1,3,72),(1814,1,3,74),(1815,1,3,75),(1816,1,3,78),(1817,1,3,79),(1818,1,3,91),(1819,1,3,95),(1820,1,3,97),(1821,1,3,111),(1822,1,3,121),(1823,1,3,122),(1824,1,3,125),(1825,1,3,161),(1826,1,3,170),(1827,1,3,171),(1828,1,3,172),(1829,1,3,221),(1830,1,3,222),(1831,1,3,229),(1832,1,3,241),(1833,1,3,242),(1834,1,3,243),(1835,1,3,251),(1836,1,3,255),(1837,1,3,256),(1838,1,3,262),(1839,1,3,281),(1840,1,3,282),(1841,1,3,283),(1842,1,3,331),(1843,1,3,531),(1844,1,3,536),(1845,1,3,700),(1846,1,3,1001),(1847,1,3,1002),(1848,1,3,1003),(1849,1,3,1004),(1850,1,3,1005),(1851,1,3,1181),(1852,1,3,1182),(1853,1,3,1201),(1854,1,3,1202),(1855,1,3,1231),(1856,1,3,2401),(1857,1,3,2402),(1858,1,3,2403),(1859,1,3,2411),(1860,1,3,2412),(1861,1,3,2413),(1862,1,3,2500),(1863,1,3,2515),(8026,1,4,11),(8027,1,4,21),(8028,1,4,31),(8029,1,4,41),(8030,1,4,61),(8031,1,4,71),(8032,1,4,72),(8033,1,4,74),(8034,1,4,75),(8035,1,4,78),(8036,1,4,79),(8037,1,4,81),(8038,1,4,91),(8039,1,4,95),(8040,1,4,97),(8041,1,4,101),(8042,1,4,111),(8043,1,4,121),(8044,1,4,151),(8045,1,4,161),(8046,1,4,171),(8047,1,4,221),(8048,1,4,222),(8049,1,4,229),(8050,1,4,241),(8051,1,4,242),(8052,1,4,243),(8146,1,4,251),(8147,1,4,253),(8053,1,4,262),(8054,1,4,281),(8055,1,4,331),(8056,1,4,341),(8057,1,4,342),(8058,1,4,343),(8059,1,4,344),(8060,1,4,531),(8061,1,4,700),(8062,1,4,1001),(8063,1,4,1002),(8064,1,4,1003),(8065,1,4,1004),(8066,1,4,1005),(8067,1,4,1101),(8068,1,4,1181),(8069,1,4,1182),(8070,1,4,1201),(8071,1,4,1202),(8072,1,4,1231),(8073,1,4,2401),(8074,1,4,2501),(8075,1,4,2503),(8076,1,4,2515),(8077,1,4,20001),(8078,1,4,50101),(8079,1,4,101201),(8080,1,4,101261),(8081,1,4,102000),(8082,1,4,400051),(8083,1,4,400052),(8084,1,4,400053),(8085,1,4,400055),(12608,1,10,11),(12609,1,10,21),(12610,1,10,31),(12611,1,10,41),(12612,1,10,61),(12613,1,10,71),(12614,1,10,72),(12615,1,10,74),(12616,1,10,75),(12617,1,10,78),(12618,1,10,79),(12619,1,10,81),(12620,1,10,91),(12621,1,10,95),(12622,1,10,97),(12623,1,10,101),(12624,1,10,111),(12625,1,10,121),(12626,1,10,151),(12627,1,10,161),(12628,1,10,171),(12629,1,10,221),(12630,1,10,222),(12631,1,10,229),(12632,1,10,241),(12633,1,10,242),(12634,1,10,243),(12635,1,10,262),(12636,1,10,281),(12637,1,10,300),(12638,1,10,331),(12639,1,10,341),(12640,1,10,342),(12641,1,10,343),(12642,1,10,344),(12643,1,10,531),(12644,1,10,700),(12645,1,10,1001),(12646,1,10,1002),(12647,1,10,1003),(12648,1,10,1004),(12649,1,10,1005),(12650,1,10,1101),(12651,1,10,1181),(12652,1,10,1182),(12653,1,10,1201),(12654,1,10,1202),(12655,1,10,1231),(12656,1,10,2401),(12657,1,10,2501),(12658,1,10,2503),(12659,1,10,2515),(12660,1,10,20001),(12661,1,10,20002),(12662,1,10,23001),(12663,1,10,50101),(12664,1,11,11),(12665,1,11,21),(12666,1,11,31),(12667,1,11,41),(12668,1,11,61),(12669,1,11,71),(12670,1,11,72),(12671,1,11,74),(12672,1,11,75),(12673,1,11,78),(12674,1,11,79),(12675,1,11,81),(12676,1,11,91),(12677,1,11,95),(12678,1,11,97),(12679,1,11,101),(12680,1,11,111),(12681,1,11,121),(12682,1,11,151),(12683,1,11,161),(12684,1,11,171),(12685,1,11,221),(12686,1,11,222),(12687,1,11,229),(12688,1,11,241),(12689,1,11,242),(12690,1,11,243),(12691,1,11,262),(12692,1,11,281),(12693,1,11,300),(12694,1,11,331),(12695,1,11,341),(12696,1,11,342),(12697,1,11,343),(12698,1,11,344),(12699,1,11,531),(12700,1,11,700),(12701,1,11,1001),(12702,1,11,1002),(12703,1,11,1003),(12704,1,11,1004),(12705,1,11,1005),(12706,1,11,1101),(12707,1,11,1181),(12708,1,11,1182),(12709,1,11,1201),(12710,1,11,1202),(12711,1,11,1231),(12712,1,11,2401),(12713,1,11,2501),(12714,1,11,2503),(12715,1,11,2515),(12716,1,11,20001),(12717,1,11,20002),(12718,1,11,23001),(12719,1,11,50101),(16272,1,12,11),(16262,1,12,12),(16264,1,12,13),(16266,1,12,14),(16268,1,12,15),(16271,1,12,16),(16274,1,12,19),(14146,1,12,21),(14135,1,12,22),(14137,1,12,24),(14139,1,12,25),(14142,1,12,26),(14145,1,12,27),(14148,1,12,28),(14930,1,12,31),(14926,1,12,32),(14929,1,12,34),(14932,1,12,38),(13816,1,12,41),(13813,1,12,42),(13815,1,12,44),(13817,1,12,45),(14094,1,12,61),(14091,1,12,62),(14093,1,12,64),(14095,1,12,67),(14096,1,12,68),(16203,1,12,71),(16198,1,12,72),(16200,1,12,74),(16204,1,12,75),(16202,1,12,76),(16206,1,12,78),(16207,1,12,79),(16242,1,12,81),(16236,1,12,82),(16237,1,12,84),(16238,1,12,86),(16240,1,12,87),(16241,1,12,88),(16243,1,12,89),(15401,1,12,91),(15397,1,12,92),(15400,1,12,93),(15403,1,12,94),(13990,1,12,95),(12734,1,12,97),(14939,1,12,101),(14935,1,12,102),(14936,1,12,104),(14937,1,12,105),(14938,1,12,106),(14940,1,12,109),(15390,1,12,111),(15377,1,12,112),(15380,1,12,113),(15383,1,12,114),(15386,1,12,115),(15389,1,12,116),(15392,1,12,117),(16331,1,12,121),(16327,1,12,122),(16330,1,12,125),(16333,1,12,126),(13821,1,12,141),(13820,1,12,142),(13822,1,12,144),(13912,1,12,151),(13909,1,12,152),(13911,1,12,153),(13913,1,12,154),(14063,1,12,161),(14056,1,12,162),(14058,1,12,163),(14060,1,12,164),(14062,1,12,165),(14064,1,12,167),(13350,1,12,171),(13345,1,12,172),(13347,1,12,173),(13349,1,12,174),(13351,1,12,178),(13838,1,12,221),(13834,1,12,222),(13837,1,12,223),(13840,1,12,229),(13842,1,12,237),(13844,1,12,238),(13846,1,12,239),(13516,1,12,241),(13515,1,12,242),(13517,1,12,243),(16374,1,12,251),(16355,1,12,252),(16357,1,12,253),(16358,1,12,254),(16360,1,12,255),(16362,1,12,256),(16335,1,12,262),(16344,1,12,281),(16340,1,12,282),(16343,1,12,283),(16346,1,12,286),(16225,1,12,300),(16226,1,12,301),(16194,1,12,331),(16193,1,12,332),(16195,1,12,333),(16363,1,12,341),(16364,1,12,342),(16365,1,12,343),(16366,1,12,344),(16372,1,12,351),(16369,1,12,352),(16371,1,12,353),(16373,1,12,354),(16375,1,12,358),(16384,1,12,501),(16378,1,12,502),(13865,1,12,510),(16380,1,12,511),(16381,1,12,512),(16383,1,12,514),(16385,1,12,517),(15291,1,12,520),(15286,1,12,522),(15288,1,12,524),(15290,1,12,525),(15292,1,12,527),(16352,1,12,531),(16349,1,12,532),(16351,1,12,534),(16353,1,12,538),(13358,1,12,700),(16250,1,12,701),(16249,1,12,702),(16252,1,12,703),(15090,1,12,771),(15081,1,12,772),(15083,1,12,773),(15085,1,12,774),(15087,1,12,775),(15089,1,12,776),(15091,1,12,779),(14917,1,12,1001),(14916,1,12,1002),(14918,1,12,1003),(14920,1,12,1004),(14921,1,12,1005),(14945,1,12,1101),(14943,1,12,1102),(14944,1,12,1104),(14946,1,12,1109),(14762,1,12,1121),(14755,1,12,1122),(14757,1,12,1123),(14759,1,12,1124),(14761,1,12,1125),(14763,1,12,1126),(16278,1,12,1181),(16301,1,12,1182),(16281,1,12,1183),(16282,1,12,1184),(16284,1,12,1185),(16286,1,12,1186),(16288,1,12,1187),(16291,1,12,1188),(16289,1,12,1189),(13827,1,12,1201),(13828,1,12,1202),(16299,1,12,1231),(16294,1,12,1232),(16295,1,12,1233),(16297,1,12,1234),(16298,1,12,1235),(16300,1,12,1236),(16302,1,12,1237),(13829,1,12,1251),(16276,1,12,1321),(16277,1,12,1322),(16244,1,12,1421),(16213,1,12,2401),(16212,1,12,2402),(16215,1,12,2403),(16221,1,12,2411),(16220,1,12,2412),(16223,1,12,2413),(16224,1,12,2414),(16256,1,12,2501),(16255,1,12,2503),(16257,1,12,2515),(16386,1,12,3200),(15435,1,12,5001),(15436,1,12,5002),(16317,1,12,20001),(16307,1,12,20002),(16310,1,12,20003),(16313,1,12,20004),(16316,1,12,20005),(16319,1,12,20006),(16232,1,12,23001),(16229,1,12,23002),(16231,1,12,23003),(16233,1,12,23004),(13712,1,12,50101),(15499,1,12,50401),(15501,1,12,50411),(15502,1,12,50412),(15503,1,12,50420),(15504,1,12,50430),(15498,1,12,50440),(16321,1,12,55001),(16322,1,12,55002),(14128,1,12,59001),(14129,1,12,59002),(14130,1,12,59003),(14818,1,12,63001),(14815,1,12,63002),(14817,1,12,63003),(14819,1,12,63004),(15241,1,12,64001),(16009,1,12,101331),(16010,1,12,101332),(16011,1,12,101333),(15438,1,12,101701),(15439,1,12,101702),(12776,1,13,11),(12777,1,13,21),(12778,1,13,31),(12779,1,13,41),(12780,1,13,61),(12781,1,13,71),(12782,1,13,72),(12783,1,13,74),(12784,1,13,75),(12785,1,13,78),(12786,1,13,79),(12787,1,13,81),(12788,1,13,91),(12789,1,13,95),(12790,1,13,97),(12791,1,13,101),(12792,1,13,111),(12793,1,13,121),(12794,1,13,151),(12795,1,13,161),(12796,1,13,171),(12797,1,13,221),(12798,1,13,222),(12799,1,13,229),(12800,1,13,241),(12801,1,13,242),(12802,1,13,243),(12803,1,13,262),(12804,1,13,281),(12805,1,13,300),(12806,1,13,331),(12807,1,13,341),(12808,1,13,342),(12809,1,13,343),(12810,1,13,344),(12811,1,13,531),(12812,1,13,700),(12813,1,13,1001),(12814,1,13,1002),(12815,1,13,1003),(12816,1,13,1004),(12817,1,13,1005),(12818,1,13,1101),(12819,1,13,1181),(12820,1,13,1182),(12821,1,13,1201),(12822,1,13,1202),(12823,1,13,1231),(12824,1,13,2401),(12825,1,13,2501),(12826,1,13,2503),(12827,1,13,2515),(12828,1,13,20001),(12829,1,13,20002),(12830,1,13,23001),(12831,1,13,50101),(12832,1,14,11),(12833,1,14,21),(12834,1,14,31),(12835,1,14,41),(12836,1,14,61),(12837,1,14,71),(12838,1,14,72),(12839,1,14,74),(12840,1,14,75),(12841,1,14,78),(12842,1,14,79),(12843,1,14,81),(12844,1,14,91),(12845,1,14,95),(12846,1,14,97),(12847,1,14,101),(12848,1,14,111),(12849,1,14,121),(12850,1,14,151),(12851,1,14,161),(12852,1,14,171),(12853,1,14,221),(12854,1,14,222),(12855,1,14,229),(12856,1,14,241),(12857,1,14,242),(12858,1,14,243),(12859,1,14,262),(12860,1,14,281),(12861,1,14,300),(12862,1,14,331),(12863,1,14,341),(12864,1,14,342),(12865,1,14,343),(12866,1,14,344),(12867,1,14,531),(12868,1,14,700),(12869,1,14,1001),(12870,1,14,1002),(12871,1,14,1003),(12872,1,14,1004),(12873,1,14,1005),(12874,1,14,1101),(12875,1,14,1181),(12876,1,14,1182),(12877,1,14,1201),(12878,1,14,1202),(12879,1,14,1231),(12880,1,14,2401),(12881,1,14,2501),(12882,1,14,2503),(12883,1,14,2515),(12884,1,14,20001),(12885,1,14,20002),(12886,1,14,23001),(12887,1,14,50101),(12944,1,16,11),(12945,1,16,21),(12946,1,16,31),(13056,1,16,41),(13057,1,16,42),(13058,1,16,44),(13059,1,16,45),(12948,1,16,61),(12949,1,16,71),(12950,1,16,72),(12951,1,16,74),(12952,1,16,75),(12953,1,16,78),(12954,1,16,79),(12955,1,16,81),(12956,1,16,91),(12957,1,16,95),(12958,1,16,97),(12959,1,16,101),(12960,1,16,111),(12961,1,16,121),(13060,1,16,141),(13061,1,16,142),(13062,1,16,144),(12962,1,16,151),(12963,1,16,161),(12964,1,16,171),(12965,1,16,221),(12966,1,16,222),(12967,1,16,229),(12968,1,16,241),(12969,1,16,242),(12970,1,16,243),(13128,1,16,251),(13064,1,16,262),(12972,1,16,281),(12973,1,16,300),(12974,1,16,331),(12975,1,16,341),(12976,1,16,342),(12977,1,16,343),(12978,1,16,344),(12979,1,16,531),(12980,1,16,700),(12981,1,16,1001),(12982,1,16,1002),(12983,1,16,1003),(12984,1,16,1004),(12985,1,16,1005),(12986,1,16,1101),(12987,1,16,1181),(12988,1,16,1182),(12989,1,16,1201),(12990,1,16,1202),(12991,1,16,1231),(12992,1,16,2401),(12993,1,16,2501),(12994,1,16,2503),(12995,1,16,2515),(12996,1,16,20001),(12997,1,16,20002),(12998,1,16,23001),(12999,1,16,50101),(13000,1,17,11),(13001,1,17,21),(13002,1,17,31),(13065,1,17,41),(13066,1,17,42),(13067,1,17,44),(13068,1,17,45),(13004,1,17,61),(13005,1,17,71),(13006,1,17,72),(13007,1,17,74),(13008,1,17,75),(13009,1,17,78),(13010,1,17,79),(13011,1,17,81),(13012,1,17,91),(13013,1,17,95),(13014,1,17,97),(13015,1,17,101),(13016,1,17,111),(13017,1,17,121),(13069,1,17,141),(13070,1,17,142),(13071,1,17,144),(13018,1,17,151),(13019,1,17,161),(13020,1,17,171),(13021,1,17,221),(13022,1,17,222),(13023,1,17,229),(13024,1,17,241),(13025,1,17,242),(13026,1,17,243),(13028,1,17,281),(13029,1,17,300),(13030,1,17,331),(13031,1,17,341),(13032,1,17,342),(13033,1,17,343),(13034,1,17,344),(13035,1,17,531),(13036,1,17,700),(13037,1,17,1001),(13038,1,17,1002),(13039,1,17,1003),(13040,1,17,1004),(13041,1,17,1005),(13042,1,17,1101),(13043,1,17,1181),(13044,1,17,1182),(13045,1,17,1201),(13046,1,17,1202),(13047,1,17,1231),(13048,1,17,2401),(13049,1,17,2501),(13050,1,17,2503),(13051,1,17,2515),(13052,1,17,20001),(13053,1,17,20002),(13054,1,17,23001),(13055,1,17,50101),(14504,1,18,11),(14505,1,18,21),(14506,1,18,31),(14507,1,18,41),(14508,1,18,61),(14509,1,18,71),(14510,1,18,78),(14511,1,18,81),(14512,1,18,91),(14513,1,18,95),(14514,1,18,101),(14515,1,18,111),(14516,1,18,121),(14517,1,18,151),(14518,1,18,161),(14519,1,18,221),(14520,1,18,241),(14521,1,18,262),(14522,1,18,281),(14523,1,18,300),(14524,1,18,331),(14525,1,18,332),(14526,1,18,333),(14527,1,18,341),(14528,1,18,342),(14529,1,18,343),(14530,1,18,344),(14531,1,18,531),(14532,1,18,701),(14533,1,18,771),(14534,1,18,774),(14535,1,18,1001),(14536,1,18,1004),(14537,1,18,1101),(14538,1,18,1181),(14539,1,18,1182),(14540,1,18,1201),(14541,1,18,1231),(14542,1,18,2401),(14543,1,18,2501),(14544,1,18,2503),(14545,1,18,2515),(14546,1,18,20001),(14547,1,18,20002),(14548,1,18,50101),(14549,1,18,59001),(15242,1,19,21),(15243,1,19,31),(15244,1,19,41),(15245,1,19,61),(15246,1,19,71),(15247,1,19,78),(15248,1,19,81),(15249,1,19,101),(15250,1,19,121),(15251,1,19,151),(15252,1,19,161),(15253,1,19,221),(15254,1,19,241),(15255,1,19,262),(15256,1,19,281),(15257,1,19,300),(15258,1,19,331),(15259,1,19,332),(15260,1,19,341),(15261,1,19,342),(15262,1,19,343),(15263,1,19,344),(15264,1,19,531),(15265,1,19,701),(15266,1,19,771),(15267,1,19,774),(15268,1,19,777),(15269,1,19,1001),(15270,1,19,1004),(15271,1,19,1101),(15272,1,19,1121),(15273,1,19,1181),(15274,1,19,1182),(15275,1,19,1201),(15276,1,19,1231),(15277,1,19,2401),(15278,1,19,2501),(15279,1,19,20001),(15280,1,19,20002),(15281,1,19,50101),(15282,1,19,59001),(15283,1,19,63001);

--
-- Table structure for table `llx_usergroup`
--

CREATE TABLE `llx_usergroup` (
  `rowid` int(11) NOT NULL AUTO_INCREMENT,
  `nom` varchar(255) COLLATE utf8_unicode_ci NOT NULL,
  `entity` int(11) NOT NULL DEFAULT '1',
  `datec` datetime DEFAULT NULL,
  `tms` timestamp NOT NULL DEFAULT CURRENT_TIMESTAMP ON UPDATE CURRENT_TIMESTAMP,
  `note` text COLLATE utf8_unicode_ci,
  `model_pdf` varchar(255) COLLATE utf8_unicode_ci DEFAULT NULL,
  PRIMARY KEY (`rowid`),
  UNIQUE KEY `uk_usergroup_name` (`nom`,`entity`)
) ENGINE=InnoDB AUTO_INCREMENT=5 DEFAULT CHARSET=utf8 COLLATE=utf8_unicode_ci;

--
-- Dumping data for table `llx_usergroup`
--

INSERT INTO `llx_usergroup` VALUES (1,'Sale representatives',1,'2013-01-16 20:48:08','2015-10-03 09:44:44','All sales representative users',NULL),(2,'Management',1,'2015-10-03 11:46:25','2015-10-03 09:46:25','',NULL),(3,'Scientists',1,'2015-10-03 11:46:46','2015-10-03 09:46:46','',NULL),(4,'Commercial',1,'2015-10-05 21:30:13','2015-10-05 19:30:13','',NULL);

--
-- Table structure for table `llx_usergroup_extrafields`
--

CREATE TABLE `llx_usergroup_extrafields` (
  `rowid` int(11) NOT NULL AUTO_INCREMENT,
  `tms` timestamp NOT NULL DEFAULT CURRENT_TIMESTAMP ON UPDATE CURRENT_TIMESTAMP,
  `fk_object` int(11) NOT NULL,
  `import_key` varchar(14) COLLATE utf8_unicode_ci DEFAULT NULL,
  PRIMARY KEY (`rowid`),
  KEY `idx_usergroup_extrafields` (`fk_object`)
) ENGINE=InnoDB DEFAULT CHARSET=utf8 COLLATE=utf8_unicode_ci;

--
-- Dumping data for table `llx_usergroup_extrafields`
--


--
-- Table structure for table `llx_usergroup_rights`
--

CREATE TABLE `llx_usergroup_rights` (
  `rowid` int(11) NOT NULL AUTO_INCREMENT,
  `entity` int(11) NOT NULL DEFAULT '1',
  `fk_usergroup` int(11) NOT NULL,
  `fk_id` int(11) NOT NULL,
  PRIMARY KEY (`rowid`),
  UNIQUE KEY `uk_usergroup_rights` (`entity`,`fk_usergroup`,`fk_id`),
  KEY `fk_usergroup_rights_fk_usergroup` (`fk_usergroup`),
  CONSTRAINT `fk_usergroup_rights_fk_usergroup` FOREIGN KEY (`fk_usergroup`) REFERENCES `llx_usergroup` (`rowid`)
) ENGINE=InnoDB AUTO_INCREMENT=200 DEFAULT CHARSET=utf8 COLLATE=utf8_unicode_ci;

--
-- Dumping data for table `llx_usergroup_rights`
--

INSERT INTO `llx_usergroup_rights` VALUES (1,1,1,2401),(2,1,1,2402),(3,1,1,2403),(4,1,1,2411),(5,1,1,2412),(6,1,1,2413),(78,1,2,11),(79,1,2,12),(80,1,2,13),(81,1,2,14),(82,1,2,15),(83,1,2,16),(84,1,2,19),(144,1,2,21),(145,1,2,22),(146,1,2,24),(147,1,2,25),(148,1,2,26),(149,1,2,27),(150,1,2,28),(133,1,2,31),(134,1,2,32),(135,1,2,34),(136,1,2,38),(137,1,2,41),(138,1,2,42),(139,1,2,44),(140,1,2,45),(86,1,2,61),(87,1,2,62),(88,1,2,64),(89,1,2,67),(90,1,2,68),(7,1,2,71),(8,1,2,72),(9,1,2,74),(10,1,2,75),(11,1,2,76),(12,1,2,78),(13,1,2,79),(32,1,2,81),(33,1,2,82),(34,1,2,84),(35,1,2,86),(36,1,2,87),(37,1,2,88),(38,1,2,89),(173,1,2,91),(174,1,2,92),(175,1,2,93),(176,1,2,94),(66,1,2,101),(67,1,2,102),(68,1,2,104),(69,1,2,105),(70,1,2,106),(71,1,2,109),(21,1,2,111),(22,1,2,112),(23,1,2,113),(24,1,2,114),(25,1,2,115),(26,1,2,116),(27,1,2,117),(164,1,2,121),(165,1,2,122),(166,1,2,125),(167,1,2,126),(141,1,2,141),(142,1,2,142),(143,1,2,144),(129,1,2,151),(130,1,2,152),(131,1,2,153),(132,1,2,154),(44,1,2,161),(45,1,2,162),(46,1,2,163),(47,1,2,164),(48,1,2,165),(49,1,2,167),(120,1,2,221),(121,1,2,222),(122,1,2,223),(123,1,2,229),(124,1,2,237),(125,1,2,238),(126,1,2,239),(29,1,2,241),(30,1,2,242),(31,1,2,243),(182,1,2,251),(183,1,2,252),(184,1,2,253),(185,1,2,254),(186,1,2,255),(187,1,2,256),(168,1,2,262),(169,1,2,281),(170,1,2,282),(171,1,2,283),(172,1,2,286),(197,1,2,331),(198,1,2,332),(199,1,2,333),(188,1,2,341),(189,1,2,342),(190,1,2,343),(191,1,2,344),(192,1,2,351),(193,1,2,352),(194,1,2,353),(195,1,2,354),(196,1,2,358),(151,1,2,531),(152,1,2,532),(153,1,2,534),(154,1,2,538),(60,1,2,701),(61,1,2,702),(62,1,2,703),(177,1,2,1001),(178,1,2,1002),(179,1,2,1003),(180,1,2,1004),(181,1,2,1005),(72,1,2,1101),(73,1,2,1102),(74,1,2,1104),(75,1,2,1109),(91,1,2,1181),(92,1,2,1182),(93,1,2,1183),(94,1,2,1184),(95,1,2,1185),(96,1,2,1186),(97,1,2,1187),(98,1,2,1188),(99,1,2,1189),(76,1,2,1201),(77,1,2,1202),(100,1,2,1231),(101,1,2,1232),(102,1,2,1233),(103,1,2,1234),(104,1,2,1235),(105,1,2,1236),(106,1,2,1237),(113,1,2,1251),(85,1,2,1321),(39,1,2,1421),(14,1,2,2401),(15,1,2,2402),(16,1,2,2403),(17,1,2,2411),(18,1,2,2412),(19,1,2,2413),(20,1,2,2414),(63,1,2,2501),(64,1,2,2503),(65,1,2,2515),(114,1,2,20001),(115,1,2,20002),(116,1,2,20003),(117,1,2,20004),(118,1,2,20005),(119,1,2,20006),(50,1,2,23001),(51,1,2,23002),(52,1,2,23003),(53,1,2,23004),(28,1,2,50101),(127,1,2,55001),(128,1,2,55002);

--
-- Table structure for table `llx_usergroup_user`
--

CREATE TABLE `llx_usergroup_user` (
  `rowid` int(11) NOT NULL AUTO_INCREMENT,
  `entity` int(11) NOT NULL DEFAULT '1',
  `fk_user` int(11) NOT NULL,
  `fk_usergroup` int(11) NOT NULL,
  PRIMARY KEY (`rowid`),
  UNIQUE KEY `uk_usergroup_user` (`entity`,`fk_user`,`fk_usergroup`),
  KEY `fk_usergroup_user_fk_user` (`fk_user`),
  KEY `fk_usergroup_user_fk_usergroup` (`fk_usergroup`),
  CONSTRAINT `fk_usergroup_user_fk_user` FOREIGN KEY (`fk_user`) REFERENCES `llx_user` (`rowid`),
  CONSTRAINT `fk_usergroup_user_fk_usergroup` FOREIGN KEY (`fk_usergroup`) REFERENCES `llx_usergroup` (`rowid`)
) ENGINE=InnoDB AUTO_INCREMENT=14 DEFAULT CHARSET=utf8 COLLATE=utf8_unicode_ci;

--
-- Dumping data for table `llx_usergroup_user`
--

INSERT INTO `llx_usergroup_user` VALUES (2,1,1,3),(12,1,2,4),(3,1,3,3),(4,1,11,2),(13,1,12,1),(5,1,13,4),(6,1,16,1),(7,1,17,1),(11,1,18,1);

--
-- Table structure for table `llx_webmail_draft`
--

CREATE TABLE `llx_webmail_draft` (
  `rowid` int(11) NOT NULL AUTO_INCREMENT,
  `entity` int(11) NOT NULL DEFAULT '1',
  `fk_user` int(11) NOT NULL DEFAULT '0',
  `fk_contact` int(11) NOT NULL DEFAULT '0',
  `size` int(11) NOT NULL DEFAULT '0',
  `subject` mediumtext COLLATE utf8_unicode_ci NOT NULL,
  `body` longtext COLLATE utf8_unicode_ci NOT NULL,
  `from` mediumtext COLLATE utf8_unicode_ci NOT NULL,
  `to` mediumtext COLLATE utf8_unicode_ci NOT NULL,
  `cc` mediumtext COLLATE utf8_unicode_ci NOT NULL,
  `bcc` mediumtext COLLATE utf8_unicode_ci NOT NULL,
  `files` int(11) NOT NULL DEFAULT '0',
  `cron` datetime DEFAULT NULL,
  PRIMARY KEY (`rowid`),
  KEY `idx_webmail_draft_fk_user` (`fk_user`),
  KEY `idx_webmail_draft_cron` (`cron`)
) ENGINE=InnoDB DEFAULT CHARSET=utf8 COLLATE=utf8_unicode_ci;

--
-- Dumping data for table `llx_webmail_draft`
--


--
-- Table structure for table `llx_webmail_files`
--

CREATE TABLE `llx_webmail_files` (
  `rowid` int(11) NOT NULL AUTO_INCREMENT,
  `fk_mail` int(11) NOT NULL DEFAULT '0',
  `fk_user` int(11) NOT NULL DEFAULT '0',
  `datetime` datetime NOT NULL DEFAULT '0000-00-00 00:00:00',
  `file_name` text NOT NULL,
  `file` text NOT NULL,
  `file_size` int(11) NOT NULL DEFAULT '0',
  `file_type` varchar(255) NOT NULL DEFAULT '',
  `search` mediumtext NOT NULL,
  PRIMARY KEY (`rowid`),
  KEY `idx_webmail_files_fk_user` (`fk_user`),
  KEY `idx_webmail_files_files` (`fk_mail`)
) ENGINE=InnoDB DEFAULT CHARSET=latin1;

--
-- Dumping data for table `llx_webmail_files`
--


--
-- Table structure for table `llx_webmail_mail`
--

CREATE TABLE `llx_webmail_mail` (
  `rowid` int(11) NOT NULL AUTO_INCREMENT,
  `entity` int(11) NOT NULL DEFAULT '1',
  `fk_user` int(11) NOT NULL DEFAULT '0',
  `fk_soc` int(11) NOT NULL DEFAULT '0',
  `fk_contact` int(11) NOT NULL DEFAULT '0',
  `uidl` varchar(255) NOT NULL DEFAULT '',
  `datetime` datetime NOT NULL DEFAULT '0000-00-00 00:00:00',
  `size` int(11) NOT NULL DEFAULT '0',
  `subject` text NOT NULL,
  `body` mediumtext NOT NULL,
  `state_new` int(11) NOT NULL DEFAULT '0',
  `state_reply` int(11) NOT NULL DEFAULT '0',
  `state_forward` int(11) NOT NULL DEFAULT '0',
  `state_wait` int(11) NOT NULL DEFAULT '0',
  `state_spam` int(11) NOT NULL DEFAULT '0',
  `id_correo` int(11) NOT NULL DEFAULT '0',
  `is_outbox` int(11) NOT NULL DEFAULT '0',
  `state_sent` int(11) NOT NULL DEFAULT '0',
  `state_error` varchar(255) NOT NULL DEFAULT '',
  `state_crt` int(11) NOT NULL DEFAULT '0',
  `state_archiv` int(11) NOT NULL DEFAULT '0',
  `priority` int(11) NOT NULL DEFAULT '0',
  `sensitivity` int(11) NOT NULL DEFAULT '0',
  `from` text NOT NULL,
  `to` text NOT NULL,
  `cc` text NOT NULL,
  `bcc` text NOT NULL,
  `files` int(11) NOT NULL DEFAULT '0',
  `state_delete` int(11) NOT NULL DEFAULT '0',
  PRIMARY KEY (`rowid`),
  KEY `idx_webmail_mail_nospam` (`fk_user`,`state_spam`),
  KEY `idx_webmail_mail_count` (`fk_user`,`state_new`),
  KEY `idx_webmail_mail_sendmail` (`is_outbox`,`state_sent`),
  KEY `idx_webmail_mail_fk_user` (`fk_user`)
) ENGINE=InnoDB AUTO_INCREMENT=2 DEFAULT CHARSET=latin1;

--
-- Dumping data for table `llx_webmail_mail`
--

INSERT INTO `llx_webmail_mail` VALUES (1,1,1,27,0,'1452254519','2016-01-08 16:01:59',0,'Submission of invoice 16','You will find here the invoice 16<br />\r\n<br />\r\nSincerely',0,0,0,0,0,0,1,1,'0',0,0,0,0,'first last <fff@ff.com>','Aljoun Samira <contact@destailleur.fr>','','',1,0);

--
-- Table structure for table `llx_webmail_users`
--

CREATE TABLE `llx_webmail_users` (
  `rowid` int(11) NOT NULL AUTO_INCREMENT,
  `entity` int(11) NOT NULL DEFAULT '1',
  `fk_user` int(11) NOT NULL,
  `login` varchar(255) COLLATE utf8_unicode_ci NOT NULL,
  `password` mediumtext COLLATE utf8_unicode_ci NOT NULL,
  `safemail` tinyint(4) DEFAULT '1',
  `dayssafe` int(11) DEFAULT '10',
  PRIMARY KEY (`rowid`),
  KEY `fk_webmail_users_fk_user` (`fk_user`),
  CONSTRAINT `fk_webmail_users_fk_user` FOREIGN KEY (`fk_user`) REFERENCES `llx_user` (`rowid`)
) ENGINE=InnoDB DEFAULT CHARSET=utf8 COLLATE=utf8_unicode_ci;

--
-- Dumping data for table `llx_webmail_users`
--


--
-- Table structure for table `llx_webmail_users_view`
--

CREATE TABLE `llx_webmail_users_view` (
  `rowid` int(11) NOT NULL AUTO_INCREMENT,
  `fk_user` int(11) NOT NULL,
  `fk_user_view` int(11) NOT NULL,
  PRIMARY KEY (`rowid`)
) ENGINE=InnoDB DEFAULT CHARSET=utf8 COLLATE=utf8_unicode_ci;

--
-- Dumping data for table `llx_webmail_users_view`
--


--
-- Table structure for table `llx_website`
--

CREATE TABLE `llx_website` (
  `rowid` int(11) NOT NULL AUTO_INCREMENT,
  `entity` int(11) NOT NULL DEFAULT '1',
  `ref` varchar(128) COLLATE utf8_unicode_ci DEFAULT NULL,
  `description` varchar(255) COLLATE utf8_unicode_ci DEFAULT NULL,
  `status` int(11) DEFAULT NULL,
  `fk_default_home` int(11) DEFAULT NULL,
  `virtualhost` varchar(255) COLLATE utf8_unicode_ci DEFAULT NULL,
  `date_creation` datetime DEFAULT NULL,
  `date_modification` datetime DEFAULT NULL,
  `tms` timestamp NOT NULL DEFAULT CURRENT_TIMESTAMP ON UPDATE CURRENT_TIMESTAMP,
  `fk_user_create` int(11) DEFAULT NULL,
  `fk_user_modif` int(11) DEFAULT NULL,
  `import_key` varchar(14) COLLATE utf8_unicode_ci DEFAULT NULL,
  PRIMARY KEY (`rowid`),
  UNIQUE KEY `uk_website_ref` (`ref`,`entity`)
) ENGINE=InnoDB DEFAULT CHARSET=utf8 COLLATE=utf8_unicode_ci;

--
-- Dumping data for table `llx_website`
--


--
-- Table structure for table `llx_website_extrafields`
--

CREATE TABLE `llx_website_extrafields` (
  `rowid` int(11) NOT NULL AUTO_INCREMENT,
  `tms` timestamp NOT NULL DEFAULT CURRENT_TIMESTAMP ON UPDATE CURRENT_TIMESTAMP,
  `fk_object` int(11) NOT NULL,
  `import_key` varchar(14) COLLATE utf8_unicode_ci DEFAULT NULL,
  PRIMARY KEY (`rowid`),
  KEY `idx_website_extrafields` (`fk_object`)
) ENGINE=InnoDB DEFAULT CHARSET=utf8 COLLATE=utf8_unicode_ci;

--
-- Dumping data for table `llx_website_extrafields`
--


--
-- Table structure for table `llx_website_page`
--

CREATE TABLE `llx_website_page` (
  `rowid` int(11) NOT NULL AUTO_INCREMENT,
  `fk_website` int(11) NOT NULL,
  `pageurl` varchar(255) COLLATE utf8_unicode_ci DEFAULT NULL,
  `aliasalt` varchar(255) COLLATE utf8_unicode_ci DEFAULT NULL,
  `title` varchar(255) COLLATE utf8_unicode_ci DEFAULT NULL,
  `description` varchar(255) COLLATE utf8_unicode_ci DEFAULT NULL,
  `keywords` varchar(255) COLLATE utf8_unicode_ci DEFAULT NULL,
  `content` mediumtext COLLATE utf8_unicode_ci,
  `status` int(11) DEFAULT '1',
  `date_creation` datetime DEFAULT NULL,
  `date_modification` datetime DEFAULT NULL,
  `tms` timestamp NOT NULL DEFAULT CURRENT_TIMESTAMP ON UPDATE CURRENT_TIMESTAMP,
  `fk_user_create` int(11) DEFAULT NULL,
  `fk_user_modif` int(11) DEFAULT NULL,
  `type_container` varchar(16) COLLATE utf8_unicode_ci NOT NULL DEFAULT 'page',
  `lang` varchar(6) COLLATE utf8_unicode_ci DEFAULT NULL,
  `fk_page` int(11) DEFAULT NULL,
  `grabbed_from` varchar(255) COLLATE utf8_unicode_ci DEFAULT NULL,
  `htmlheader` mediumtext COLLATE utf8_unicode_ci,
  `import_key` varchar(14) COLLATE utf8_unicode_ci DEFAULT NULL,
  PRIMARY KEY (`rowid`),
  UNIQUE KEY `uk_website_page_url` (`fk_website`,`pageurl`),
  CONSTRAINT `fk_website_page_website` FOREIGN KEY (`fk_website`) REFERENCES `llx_website` (`rowid`)
) ENGINE=InnoDB DEFAULT CHARSET=utf8 COLLATE=utf8_unicode_ci;

--
-- Dumping data for table `llx_website_page`
--


--
-- Table structure for table `llx_websiteaccount`
--

CREATE TABLE `llx_websiteaccount` (
  `rowid` int(11) NOT NULL AUTO_INCREMENT,
  `login` varchar(64) COLLATE utf8_unicode_ci NOT NULL,
  `password` varchar(255) COLLATE utf8_unicode_ci DEFAULT NULL,
  `fk_soc` int(11) DEFAULT NULL,
  `date_creation` datetime NOT NULL,
  `tms` timestamp NOT NULL DEFAULT CURRENT_TIMESTAMP ON UPDATE CURRENT_TIMESTAMP,
  `fk_user_creat` int(11) NOT NULL,
  `fk_user_modif` int(11) DEFAULT NULL,
  `import_key` varchar(14) COLLATE utf8_unicode_ci DEFAULT NULL,
  `status` int(11) DEFAULT NULL,
  PRIMARY KEY (`rowid`),
  KEY `idx_websiteaccount_rowid` (`rowid`),
  KEY `idx_websiteaccount_login` (`login`),
  KEY `idx_websiteaccount_fk_soc` (`fk_soc`),
  KEY `idx_websiteaccount_import_key` (`import_key`),
  KEY `idx_websiteaccount_status` (`status`)
) ENGINE=InnoDB DEFAULT CHARSET=utf8 COLLATE=utf8_unicode_ci;

--
-- Dumping data for table `llx_websiteaccount`
--


--
-- Table structure for table `llx_websiteaccount_extrafields`
--

CREATE TABLE `llx_websiteaccount_extrafields` (
  `rowid` int(11) NOT NULL AUTO_INCREMENT,
  `tms` timestamp NOT NULL DEFAULT CURRENT_TIMESTAMP ON UPDATE CURRENT_TIMESTAMP,
  `fk_object` int(11) NOT NULL,
  `import_key` varchar(14) COLLATE utf8_unicode_ci DEFAULT NULL,
  PRIMARY KEY (`rowid`)
) ENGINE=InnoDB DEFAULT CHARSET=utf8 COLLATE=utf8_unicode_ci;

--
-- Dumping data for table `llx_websiteaccount_extrafields`
--


--
-- Table structure for table `llx_workstation`
--

CREATE TABLE `llx_workstation` (
  `rowid` int(11) NOT NULL DEFAULT '0',
  `date_cre` datetime DEFAULT NULL,
  `date_maj` datetime DEFAULT NULL,
  `entity` int(11) NOT NULL DEFAULT '0',
  `fk_usergroup` int(11) NOT NULL DEFAULT '0',
  `name` varchar(255) DEFAULT NULL,
  `background` varchar(255) DEFAULT NULL,
  `type` varchar(10) DEFAULT NULL,
  `code` varchar(10) DEFAULT NULL,
  `nb_hour_prepare` double NOT NULL DEFAULT '0',
  `nb_hour_manufacture` double NOT NULL DEFAULT '0',
  `nb_hour_capacity` double NOT NULL DEFAULT '0',
  `nb_ressource` double NOT NULL DEFAULT '0',
  `thm` double NOT NULL DEFAULT '0',
  `thm_machine` double NOT NULL DEFAULT '0',
  `thm_overtime` double NOT NULL DEFAULT '0',
  `thm_night` double NOT NULL DEFAULT '0',
  `nb_hour_before` double NOT NULL DEFAULT '0',
  `nb_hour_after` double NOT NULL DEFAULT '0',
  `is_parallele` int(11) NOT NULL DEFAULT '0',
  PRIMARY KEY (`rowid`),
  KEY `date_cre` (`date_cre`),
  KEY `date_maj` (`date_maj`),
  KEY `entity` (`entity`),
  KEY `fk_usergroup` (`fk_usergroup`)
) ENGINE=InnoDB DEFAULT CHARSET=latin1;

--
-- Dumping data for table `llx_workstation`
--

INSERT INTO `llx_workstation` VALUES (1,'2018-11-18 17:50:22','2018-11-18 17:50:22',1,4,'aaaa','#','HUMAN','',0,0,0,0,0,0,0,0,0,0,0);

--
-- Table structure for table `llx_workstation_product`
--

CREATE TABLE `llx_workstation_product` (
  `rowid` int(11) NOT NULL DEFAULT '0',
  `date_cre` datetime DEFAULT NULL,
  `date_maj` datetime DEFAULT NULL,
  `fk_product` int(11) NOT NULL DEFAULT '0',
  `fk_workstation` int(11) NOT NULL DEFAULT '0',
  `nb_hour` double NOT NULL DEFAULT '0',
  `rang` double NOT NULL DEFAULT '0',
  `nb_hour_prepare` double NOT NULL DEFAULT '0',
  `nb_hour_manufacture` double NOT NULL DEFAULT '0',
  PRIMARY KEY (`rowid`),
  KEY `date_cre` (`date_cre`),
  KEY `date_maj` (`date_maj`),
  KEY `fk_product` (`fk_product`),
  KEY `fk_workstation` (`fk_workstation`)
) ENGINE=InnoDB DEFAULT CHARSET=latin1;

--
-- Dumping data for table `llx_workstation_product`
--


--
-- Table structure for table `llx_workstation_schedule`
--

CREATE TABLE `llx_workstation_schedule` (
  `rowid` int(11) NOT NULL DEFAULT '0',
  `date_cre` datetime DEFAULT NULL,
  `date_maj` datetime DEFAULT NULL,
  `fk_workstation` int(11) NOT NULL DEFAULT '0',
  `day_moment` varchar(255) DEFAULT NULL,
  `week_day` int(11) NOT NULL DEFAULT '0',
  `nb_ressource` int(11) NOT NULL DEFAULT '0',
  `date_off` datetime DEFAULT NULL,
  `nb_hour_capacity` double NOT NULL DEFAULT '0',
  PRIMARY KEY (`rowid`),
  KEY `date_cre` (`date_cre`),
  KEY `date_maj` (`date_maj`),
  KEY `fk_workstation` (`fk_workstation`),
  KEY `date_off` (`date_off`)
) ENGINE=InnoDB DEFAULT CHARSET=latin1;

--
-- Dumping data for table `llx_workstation_schedule`
--


--
-- Table structure for table `tmp_links`
--

CREATE TABLE `tmp_links` (
  `objectid` int(11) NOT NULL,
  `label` varchar(255) COLLATE utf8_unicode_ci NOT NULL,
  `max_rowid` int(11) DEFAULT NULL,
  `count_rowid` bigint(21) NOT NULL DEFAULT '0'
) ENGINE=InnoDB DEFAULT CHARSET=utf8 COLLATE=utf8_unicode_ci;

--
-- Dumping data for table `tmp_links`
--

INSERT INTO `tmp_links` VALUES (3,'fdf',6,2);

--
-- Table structure for table `tmp_llx_product_batch`
--

CREATE TABLE `tmp_llx_product_batch` (
  `fk_product_stock` int(11) NOT NULL,
  `eatby` datetime DEFAULT NULL,
  `sellby` datetime DEFAULT NULL,
  `batch` varchar(30) CHARACTER SET utf8 COLLATE utf8_unicode_ci DEFAULT NULL,
  `qty` double DEFAULT NULL,
  `nb` bigint(21) NOT NULL DEFAULT '0'
) ENGINE=InnoDB DEFAULT CHARSET=latin1;

--
-- Dumping data for table `tmp_llx_product_batch`
--


--
-- Table structure for table `tmp_llx_product_batch2`
--

CREATE TABLE `tmp_llx_product_batch2` (
  `rowid` int(11) NOT NULL DEFAULT '0',
  `fk_product_stock` int(11) NOT NULL,
  `eatby` datetime DEFAULT NULL,
  `sellby` datetime DEFAULT NULL,
  `batch` varchar(30) CHARACTER SET utf8 COLLATE utf8_unicode_ci DEFAULT NULL,
  `qty` double NOT NULL DEFAULT '0'
) ENGINE=InnoDB DEFAULT CHARSET=latin1;

--
-- Dumping data for table `tmp_llx_product_batch2`
--



