-- Dumping data for table `llx_factory`
--

INSERT INTO `llx_factory` VALUES (1,'OF1410-0001',27,1,'test','2016-10-14 20:08:55','2016-10-14 00:00:00','2016-10-14 23:59:59','2016-10-16 06:00:00','2016-10-16 00:00:00',NULL,NULL,2,2,NULL,NULL,1,NULL,NULL,NULL,2),(2,'OF1410-0002',26,1,'','2016-10-14 20:23:01','0000-00-00 00:00:00','2016-10-14 23:59:59','0000-00-00 00:00:00',NULL,NULL,NULL,1,1,NULL,NULL,1,NULL,NULL,'capucin',2);

--
-- Table structure for table `llx_factory_extrafields`
--

CREATE TABLE `llx_factory_extrafields` (
  `rowid` int(11) NOT NULL AUTO_INCREMENT,
  `tms` timestamp NOT NULL DEFAULT CURRENT_TIMESTAMP ON UPDATE CURRENT_TIMESTAMP,
  `fk_object` int(11) NOT NULL,
  `import_key` varchar(14) COLLATE utf8_unicode_ci DEFAULT NULL,
  PRIMARY KEY (`rowid`),
  KEY `idx_factory_extrafields` (`fk_object`)
) ENGINE=InnoDB DEFAULT CHARSET=utf8 COLLATE=utf8_unicode_ci;

--
-- Dumping data for table `llx_factory_extrafields`
--


--
-- Table structure for table `llx_factorydet`
--

CREATE TABLE `llx_factorydet` (
  `rowid` int(11) NOT NULL AUTO_INCREMENT,
  `fk_factory` int(11) NOT NULL DEFAULT '0',
  `fk_product` int(11) NOT NULL DEFAULT '0',
  `qty_unit` double DEFAULT NULL,
  `qty_planned` double DEFAULT NULL,
  `qty_used` double DEFAULT NULL,
  `qty_deleted` double DEFAULT NULL,
  `pmp` double(24,8) DEFAULT '0.00000000',
  `price` double(24,8) DEFAULT '0.00000000',
  `fk_mvtstockplanned` int(11) NOT NULL DEFAULT '0',
  `fk_mvtstockused` int(11) NOT NULL DEFAULT '0',
  `fk_mvtstockother` int(11) NOT NULL DEFAULT '0',
  `note_public` mediumtext COLLATE utf8_unicode_ci,
  PRIMARY KEY (`rowid`),
  UNIQUE KEY `uk_factorydet` (`fk_factory`,`fk_product`)
) ENGINE=InnoDB AUTO_INCREMENT=3 DEFAULT CHARSET=utf8 COLLATE=utf8_unicode_ci;

--
-- Dumping data for table `llx_factorydet`
--

INSERT INTO `llx_factorydet` VALUES (1,1,26,2,4,4,0,0.00000000,0.00000000,13,0,0,NULL),(2,2,25,3,3,3,0,0.00000000,0.00000000,15,0,0,NULL);

--
-- Table structure for table `llx_facture`
--

CREATE TABLE `llx_facture` (
  `rowid` int(11) NOT NULL AUTO_INCREMENT,
  `facnumber` varchar(30) COLLATE utf8_unicode_ci NOT NULL,
  `entity` int(11) NOT NULL DEFAULT '1',
  `ref_ext` varchar(255) COLLATE utf8_unicode_ci DEFAULT NULL,
  `ref_int` varchar(255) COLLATE utf8_unicode_ci DEFAULT NULL,
  `type` smallint(6) NOT NULL DEFAULT '0',
  `ref_client` varchar(255) COLLATE utf8_unicode_ci DEFAULT NULL,
  `increment` varchar(10) COLLATE utf8_unicode_ci DEFAULT NULL,
  `fk_soc` int(11) NOT NULL,
  `datec` datetime DEFAULT NULL,
  `datef` date DEFAULT NULL,
  `date_valid` date DEFAULT NULL,
  `tms` timestamp NOT NULL DEFAULT CURRENT_TIMESTAMP ON UPDATE CURRENT_TIMESTAMP,
  `paye` smallint(6) NOT NULL DEFAULT '0',
  `amount` double(24,8) NOT NULL DEFAULT '0.00000000',
  `remise_percent` double DEFAULT '0',
  `remise_absolue` double DEFAULT '0',
  `remise` double DEFAULT '0',
  `close_code` varchar(16) COLLATE utf8_unicode_ci DEFAULT NULL,
  `close_note` varchar(128) COLLATE utf8_unicode_ci DEFAULT NULL,
  `tva` double(24,8) DEFAULT '0.00000000',
  `localtax1` double(24,8) DEFAULT '0.00000000',
  `localtax2` double(24,8) DEFAULT '0.00000000',
  `revenuestamp` double(24,8) DEFAULT '0.00000000',
  `total` double(24,8) DEFAULT '0.00000000',
  `total_ttc` double(24,8) DEFAULT '0.00000000',
  `fk_statut` smallint(6) NOT NULL DEFAULT '0',
  `fk_user_author` int(11) DEFAULT NULL,
  `fk_user_modif` int(11) DEFAULT NULL,
  `fk_user_valid` int(11) DEFAULT NULL,
  `fk_facture_source` int(11) DEFAULT NULL,
  `fk_projet` int(11) DEFAULT NULL,
  `fk_account` int(11) DEFAULT NULL,
  `fk_currency` varchar(3) COLLATE utf8_unicode_ci DEFAULT NULL,
  `fk_cond_reglement` int(11) NOT NULL DEFAULT '1',
  `fk_mode_reglement` int(11) DEFAULT NULL,
  `date_lim_reglement` date DEFAULT NULL,
  `note_private` text COLLATE utf8_unicode_ci,
  `note_public` text COLLATE utf8_unicode_ci,
  `model_pdf` varchar(255) COLLATE utf8_unicode_ci DEFAULT NULL,
  `import_key` varchar(14) COLLATE utf8_unicode_ci DEFAULT NULL,
  `extraparams` varchar(255) COLLATE utf8_unicode_ci DEFAULT NULL,
  `situation_cycle_ref` smallint(6) DEFAULT NULL,
  `situation_counter` smallint(6) DEFAULT NULL,
  `situation_final` smallint(6) DEFAULT NULL,
  `fk_incoterms` int(11) DEFAULT NULL,
  `location_incoterms` varchar(255) COLLATE utf8_unicode_ci DEFAULT NULL,
  `date_pointoftax` date DEFAULT NULL,
  `fk_multicurrency` int(11) DEFAULT NULL,
  `multicurrency_code` varchar(255) COLLATE utf8_unicode_ci DEFAULT NULL,
  `multicurrency_tx` double(24,8) DEFAULT '1.00000000',
  `multicurrency_total_ht` double(24,8) DEFAULT '0.00000000',
  `multicurrency_total_tva` double(24,8) DEFAULT '0.00000000',
  `multicurrency_total_ttc` double(24,8) DEFAULT '0.00000000',
  `fk_fac_rec_source` int(11) DEFAULT NULL,
  `last_main_doc` varchar(255) COLLATE utf8_unicode_ci DEFAULT NULL,
  `module_source` varchar(32) COLLATE utf8_unicode_ci DEFAULT NULL,
  `pos_source` varchar(32) COLLATE utf8_unicode_ci DEFAULT NULL,
  PRIMARY KEY (`rowid`),
  UNIQUE KEY `idx_facture_uk_facnumber` (`facnumber`,`entity`),
  KEY `idx_facture_fk_soc` (`fk_soc`),
  KEY `idx_facture_fk_user_author` (`fk_user_author`),
  KEY `idx_facture_fk_user_valid` (`fk_user_valid`),
  KEY `idx_facture_fk_facture_source` (`fk_facture_source`),
  KEY `idx_facture_fk_projet` (`fk_projet`),
  KEY `idx_facture_fk_account` (`fk_account`),
  KEY `idx_facture_fk_currency` (`fk_currency`),
  KEY `idx_facture_fk_statut` (`fk_statut`),
  CONSTRAINT `fk_facture_fk_facture_source` FOREIGN KEY (`fk_facture_source`) REFERENCES `llx_facture` (`rowid`),
  CONSTRAINT `fk_facture_fk_projet` FOREIGN KEY (`fk_projet`) REFERENCES `llx_projet` (`rowid`),
  CONSTRAINT `fk_facture_fk_soc` FOREIGN KEY (`fk_soc`) REFERENCES `llx_societe` (`rowid`),
  CONSTRAINT `fk_facture_fk_user_author` FOREIGN KEY (`fk_user_author`) REFERENCES `llx_user` (`rowid`),
  CONSTRAINT `fk_facture_fk_user_valid` FOREIGN KEY (`fk_user_valid`) REFERENCES `llx_user` (`rowid`)
) ENGINE=InnoDB AUTO_INCREMENT=218 DEFAULT CHARSET=utf8 COLLATE=utf8_unicode_ci;

--
-- Dumping data for table `llx_facture`
--

INSERT INTO `llx_facture` VALUES (2,'FA1007-0002',1,NULL,NULL,0,NULL,NULL,2,'2012-07-10 18:20:13','2018-07-10',NULL,'2018-07-30 15:13:20',1,10.00000000,NULL,NULL,0,NULL,NULL,0.10000000,0.00000000,0.00000000,0.00000000,46.00000000,46.10000000,2,1,NULL,1,NULL,NULL,NULL,NULL,1,0,'2018-07-10',NULL,NULL,'crabe',NULL,NULL,NULL,NULL,NULL,NULL,NULL,NULL,NULL,NULL,1.00000000,0.00000000,0.00000000,0.00000000,NULL,NULL,NULL,NULL),(3,'FA1107-0006',1,NULL,NULL,0,NULL,NULL,10,'2013-07-18 20:33:35','2018-07-18',NULL,'2018-07-30 15:13:20',1,0.00000000,NULL,NULL,0,NULL,NULL,0.00000000,0.00000000,0.00000000,0.00000000,15.00000000,15.00000000,2,1,NULL,1,NULL,1,NULL,NULL,1,0,'2018-07-18',NULL,NULL,'crabe',NULL,NULL,NULL,NULL,NULL,NULL,NULL,NULL,NULL,NULL,1.00000000,0.00000000,0.00000000,0.00000000,NULL,NULL,NULL,NULL),(5,'FA1108-0003',1,NULL,NULL,0,NULL,NULL,7,'2013-08-01 03:34:11','2017-08-01',NULL,'2018-07-30 15:12:32',1,0.00000000,NULL,NULL,0,NULL,NULL,0.63000000,0.00000000,0.00000000,0.00000000,5.00000000,5.63000000,2,1,NULL,1,NULL,NULL,NULL,NULL,0,6,'2017-08-01',NULL,NULL,'crabe',NULL,NULL,NULL,NULL,NULL,NULL,NULL,NULL,NULL,NULL,1.00000000,0.00000000,0.00000000,0.00000000,NULL,NULL,NULL,NULL),(6,'FA1108-0004',1,NULL,NULL,0,NULL,NULL,7,'2013-08-06 20:33:53','2017-08-06',NULL,'2018-07-30 15:12:32',1,0.00000000,NULL,NULL,0,NULL,NULL,0.98000000,0.00000000,0.00000000,0.00000000,5.00000000,5.98000000,2,1,NULL,1,NULL,NULL,NULL,NULL,0,4,'2017-08-06','Cash\nReceived : 6 EUR\nRendu : 0.02 EUR\n\n--------------------------------------',NULL,'crabe',NULL,NULL,NULL,NULL,NULL,NULL,NULL,NULL,NULL,NULL,1.00000000,0.00000000,0.00000000,0.00000000,NULL,NULL,NULL,NULL),(8,'FA1108-0005',1,NULL,NULL,3,NULL,NULL,2,'2013-08-08 02:41:44','2017-08-08',NULL,'2018-07-30 15:12:32',1,0.00000000,NULL,NULL,0,NULL,NULL,0.00000000,0.00000000,0.00000000,0.00000000,10.00000000,10.00000000,2,1,NULL,1,NULL,NULL,NULL,NULL,1,0,'2017-08-08',NULL,NULL,'crabe',NULL,NULL,NULL,NULL,NULL,NULL,NULL,NULL,NULL,NULL,1.00000000,0.00000000,0.00000000,0.00000000,NULL,NULL,NULL,NULL),(9,'FA1108-0007',1,NULL,NULL,3,NULL,NULL,10,'2013-08-08 02:55:14','2017-08-08',NULL,'2018-07-30 15:12:32',0,0.00000000,NULL,NULL,0,NULL,NULL,1.96000000,0.00000000,0.00000000,0.00000000,10.00000000,11.96000000,1,1,NULL,1,NULL,NULL,NULL,NULL,1,0,'2017-08-08',NULL,NULL,'crabe',NULL,NULL,NULL,NULL,NULL,NULL,NULL,NULL,NULL,NULL,1.00000000,0.00000000,0.00000000,0.00000000,NULL,NULL,NULL,NULL),(10,'AV1212-0001',1,NULL,NULL,2,NULL,NULL,10,'2014-12-08 17:45:20','2017-12-08','2017-12-08','2018-07-30 15:12:32',0,0.00000000,NULL,NULL,0,NULL,NULL,-0.63000000,0.00000000,0.00000000,0.00000000,-11.00000000,-11.63000000,1,1,NULL,1,3,NULL,NULL,NULL,0,0,'2017-12-08',NULL,NULL,'crabe',NULL,NULL,NULL,NULL,NULL,NULL,NULL,NULL,NULL,NULL,1.00000000,0.00000000,0.00000000,0.00000000,NULL,NULL,NULL,NULL),(12,'AV1212-0002',1,NULL,NULL,2,NULL,NULL,10,'2014-12-08 18:20:14','2017-12-08','2017-12-08','2018-07-30 15:12:32',1,0.00000000,NULL,NULL,0,NULL,NULL,0.00000000,0.00000000,0.00000000,0.00000000,-5.00000000,-5.00000000,2,1,NULL,1,3,NULL,NULL,NULL,0,0,'2017-12-08',NULL,NULL,'crabe',NULL,NULL,NULL,NULL,NULL,NULL,NULL,NULL,NULL,NULL,1.00000000,0.00000000,0.00000000,0.00000000,NULL,NULL,NULL,NULL),(13,'FA1212-0011',1,NULL,NULL,0,NULL,NULL,7,'2014-12-09 20:04:19','2017-12-09','2018-02-12','2018-07-30 15:12:32',0,0.00000000,NULL,NULL,0,NULL,NULL,2.74000000,0.00000000,0.00000000,0.00000000,14.00000000,16.74000000,1,1,NULL,1,NULL,NULL,NULL,NULL,1,0,'2017-12-09',NULL,NULL,'crabe',NULL,NULL,NULL,NULL,NULL,NULL,NULL,NULL,NULL,NULL,1.00000000,0.00000000,0.00000000,0.00000000,NULL,NULL,NULL,NULL),(32,'FA1212-0021',1,NULL,NULL,0,NULL,NULL,1,'2014-12-11 09:34:23','2017-12-11','2018-03-24','2018-07-30 15:12:32',0,0.00000000,NULL,NULL,0,NULL,NULL,90.00000000,0.00000000,0.00000000,0.60000000,520.00000000,610.60000000,1,1,NULL,1,NULL,NULL,NULL,NULL,1,0,'2017-12-11','This is a comment (private)','This is a comment (public)','crabe',NULL,NULL,NULL,NULL,NULL,NULL,NULL,NULL,NULL,NULL,1.00000000,0.00000000,0.00000000,0.00000000,NULL,NULL,NULL,NULL),(33,'FA1212-0023',1,NULL,NULL,0,NULL,NULL,1,'2014-12-11 09:34:23','2017-12-11','2017-03-03','2018-07-30 15:12:32',0,0.00000000,NULL,NULL,0,'abandon',NULL,0.24000000,0.00000000,0.00000000,0.00000000,2.48000000,2.72000000,3,1,NULL,1,NULL,NULL,NULL,NULL,1,0,'2017-12-11','This is a comment (private)','This is a comment (public)','crabe',NULL,NULL,NULL,NULL,NULL,NULL,NULL,NULL,NULL,NULL,1.00000000,0.00000000,0.00000000,0.00000000,NULL,NULL,NULL,NULL),(55,'FA1212-0009',1,NULL,NULL,0,NULL,NULL,1,'2014-12-11 09:35:51','2017-12-11','2017-12-12','2018-07-30 15:12:32',0,0.00000000,NULL,NULL,0,NULL,NULL,0.24000000,0.00000000,0.00000000,0.00000000,2.48000000,2.72000000,1,1,NULL,1,NULL,NULL,NULL,NULL,1,0,'2017-12-11','This is a comment (private)','This is a comment (public)','generic_invoice_odt:/home/ldestailleur/git/dolibarr_3.8/documents/doctemplates/invoices/template_invoice.odt',NULL,NULL,NULL,NULL,NULL,NULL,NULL,NULL,NULL,NULL,1.00000000,0.00000000,0.00000000,0.00000000,NULL,NULL,NULL,NULL),(148,'FS1301-0001',1,NULL,NULL,0,NULL,NULL,1,'2015-01-19 18:22:48','2018-01-19','2018-01-19','2018-07-30 15:13:20',0,0.00000000,NULL,NULL,0,NULL,NULL,0.63000000,0.00000000,0.00000000,0.00000000,5.00000000,5.63000000,1,1,NULL,1,NULL,NULL,NULL,NULL,0,1,'2018-01-19',NULL,NULL,'',NULL,NULL,NULL,NULL,NULL,NULL,NULL,NULL,NULL,NULL,1.00000000,0.00000000,0.00000000,0.00000000,NULL,NULL,NULL,NULL),(149,'FA1601-0024',1,NULL,NULL,0,NULL,NULL,1,'2015-01-19 18:30:05','2018-01-19','2017-08-29','2018-03-16 09:59:31',0,0.00000000,NULL,NULL,0,NULL,NULL,1.80000000,0.90000000,0.90000000,0.00000000,20.00000000,23.60000000,1,1,NULL,12,NULL,NULL,NULL,NULL,0,0,'2018-01-19',NULL,NULL,'crabe',NULL,NULL,NULL,NULL,NULL,NULL,NULL,NULL,NULL,NULL,1.00000000,20.00000000,1.80000000,23.60000000,NULL,'facture/FA1601-0024/FA1601-0024.pdf',NULL,NULL),(150,'FA6801-0010',1,NULL,NULL,0,NULL,NULL,1,'2015-01-19 18:31:10','2018-01-19','2018-01-19','2018-07-30 15:13:20',1,0.00000000,NULL,NULL,0,NULL,NULL,0.00000000,0.00000000,0.00000000,0.00000000,0.00000000,0.00000000,2,1,NULL,1,NULL,NULL,NULL,NULL,0,1,'2018-01-19',NULL,NULL,'',NULL,NULL,NULL,NULL,NULL,NULL,NULL,NULL,NULL,NULL,1.00000000,0.00000000,0.00000000,0.00000000,NULL,NULL,NULL,NULL),(151,'FS1301-0002',1,NULL,NULL,0,NULL,NULL,1,'2015-01-19 18:31:58','2018-01-19','2018-01-19','2018-07-30 15:13:20',1,0.00000000,NULL,NULL,0,NULL,NULL,0.00000000,0.00000000,0.00000000,0.00000000,0.00000000,0.00000000,2,1,NULL,1,NULL,NULL,NULL,NULL,0,1,'2018-01-19',NULL,NULL,'',NULL,NULL,NULL,NULL,NULL,NULL,NULL,NULL,NULL,NULL,1.00000000,0.00000000,0.00000000,0.00000000,NULL,NULL,NULL,NULL),(160,'FA1507-0015',1,NULL,NULL,0,NULL,NULL,12,'2015-03-06 16:47:48','2018-07-18','2016-03-06','2018-07-30 15:13:20',0,0.00000000,NULL,NULL,0,NULL,NULL,1.11000000,0.00000000,0.00000000,0.00000000,8.89000000,10.00000000,1,1,NULL,1,NULL,NULL,NULL,NULL,1,0,'2018-07-18',NULL,NULL,'crabe',NULL,NULL,NULL,NULL,NULL,NULL,NULL,NULL,NULL,NULL,1.00000000,0.00000000,0.00000000,0.00000000,NULL,NULL,NULL,NULL),(210,'FA1107-0019',1,NULL,NULL,0,NULL,NULL,10,'2015-03-20 14:30:11','2018-07-10','2018-03-20','2018-07-30 15:13:20',0,0.00000000,NULL,NULL,0,NULL,NULL,0.00000000,0.00000000,0.00000000,0.00000000,10.00000000,10.00000000,1,1,NULL,1,NULL,NULL,NULL,NULL,1,0,'2018-07-10',NULL,NULL,'generic_invoice_odt:/home/ldestailleur/git/dolibarr_3.8/documents/doctemplates/invoices/template_invoice.odt',NULL,NULL,NULL,NULL,NULL,NULL,NULL,NULL,NULL,NULL,1.00000000,0.00000000,0.00000000,0.00000000,NULL,NULL,NULL,NULL),(211,'FA1303-0020',1,NULL,NULL,0,NULL,NULL,19,'2015-03-22 09:40:10','2018-03-22','2017-03-02','2017-02-06 04:11:17',0,0.00000000,NULL,NULL,0,NULL,NULL,17.64000000,0.00000000,0.00000000,0.40000000,340.00000000,358.04000000,1,1,NULL,1,NULL,NULL,NULL,NULL,1,3,'2018-03-22',NULL,NULL,'crabe',NULL,NULL,NULL,NULL,NULL,NULL,NULL,NULL,NULL,NULL,1.00000000,0.00000000,0.00000000,0.00000000,NULL,NULL,NULL,NULL),(213,'AV1303-0003',1,NULL,NULL,2,NULL,NULL,1,'2016-03-03 19:22:03','2018-03-03','2017-03-03','2018-07-30 15:13:20',0,0.00000000,NULL,NULL,0,NULL,NULL,0.00000000,0.00000000,0.00000000,0.00000000,-1000.00000000,-1000.00000000,1,1,NULL,1,32,NULL,NULL,NULL,0,0,'2018-03-03',NULL,NULL,'crabe',NULL,NULL,NULL,NULL,NULL,NULL,NULL,NULL,NULL,NULL,1.00000000,0.00000000,0.00000000,0.00000000,NULL,NULL,NULL,NULL),(216,'(PROV216)',1,NULL,NULL,0,NULL,NULL,26,'2017-02-12 23:21:27','2017-02-12',NULL,'2017-02-12 19:21:27',0,0.00000000,NULL,NULL,0,NULL,NULL,0.00000000,0.00000000,0.00000000,0.00000000,0.00000000,0.00000000,0,12,NULL,NULL,NULL,NULL,NULL,NULL,1,0,'2017-02-12',NULL,NULL,'crabe',NULL,NULL,NULL,NULL,0,0,'',NULL,0,'EUR',1.00000000,0.00000000,0.00000000,0.00000000,NULL,NULL,NULL,NULL),(217,'(PROV217)',1,NULL,NULL,0,NULL,NULL,1,'2017-08-31 13:26:17','2017-08-31',NULL,'2017-08-31 09:26:17',0,0.00000000,NULL,NULL,0,NULL,NULL,0.00000000,0.00000000,0.00000000,0.00000000,10.00000000,10.00000000,0,12,NULL,NULL,NULL,NULL,NULL,NULL,1,0,'2017-08-31',NULL,NULL,'crabe',NULL,NULL,NULL,NULL,0,0,'',NULL,1,'EUR',1.00000000,10.00000000,0.00000000,10.00000000,NULL,NULL,NULL,NULL);

--
-- Table structure for table `llx_facture_extrafields`
--

CREATE TABLE `llx_facture_extrafields` (
  `rowid` int(11) NOT NULL AUTO_INCREMENT,
  `tms` timestamp NOT NULL DEFAULT CURRENT_TIMESTAMP ON UPDATE CURRENT_TIMESTAMP,
  `fk_object` int(11) NOT NULL,
  `import_key` varchar(14) COLLATE utf8_unicode_ci DEFAULT NULL,
  PRIMARY KEY (`rowid`),
  KEY `idx_facture_extrafields` (`fk_object`)
) ENGINE=InnoDB DEFAULT CHARSET=utf8 COLLATE=utf8_unicode_ci;

--
-- Dumping data for table `llx_facture_extrafields`
--


--
-- Table structure for table `llx_facture_fourn`
--

CREATE TABLE `llx_facture_fourn` (
  `rowid` int(11) NOT NULL AUTO_INCREMENT,
  `ref` varchar(255) COLLATE utf8_unicode_ci NOT NULL,
  `ref_supplier` varchar(255) COLLATE utf8_unicode_ci DEFAULT NULL,
  `entity` int(11) NOT NULL DEFAULT '1',
  `ref_ext` varchar(255) COLLATE utf8_unicode_ci DEFAULT NULL,
  `type` smallint(6) NOT NULL DEFAULT '0',
  `fk_soc` int(11) NOT NULL,
  `datec` datetime DEFAULT NULL,
  `datef` date DEFAULT NULL,
  `tms` timestamp NOT NULL DEFAULT CURRENT_TIMESTAMP ON UPDATE CURRENT_TIMESTAMP,
  `libelle` varchar(255) COLLATE utf8_unicode_ci DEFAULT NULL,
  `paye` smallint(6) NOT NULL DEFAULT '0',
  `amount` double(24,8) NOT NULL DEFAULT '0.00000000',
  `remise` double(24,8) DEFAULT '0.00000000',
  `close_code` varchar(16) COLLATE utf8_unicode_ci DEFAULT NULL,
  `close_note` varchar(128) COLLATE utf8_unicode_ci DEFAULT NULL,
  `tva` double(24,8) DEFAULT '0.00000000',
  `localtax1` double(24,8) DEFAULT '0.00000000',
  `localtax2` double(24,8) DEFAULT '0.00000000',
  `total` double(24,8) DEFAULT '0.00000000',
  `total_ht` double(24,8) DEFAULT '0.00000000',
  `total_tva` double(24,8) DEFAULT '0.00000000',
  `total_ttc` double(24,8) DEFAULT '0.00000000',
  `fk_statut` smallint(6) NOT NULL DEFAULT '0',
  `fk_user_author` int(11) DEFAULT NULL,
  `fk_user_modif` int(11) DEFAULT NULL,
  `fk_user_valid` int(11) DEFAULT NULL,
  `fk_facture_source` int(11) DEFAULT NULL,
  `fk_projet` int(11) DEFAULT NULL,
  `fk_account` int(11) DEFAULT NULL,
  `fk_cond_reglement` int(11) DEFAULT NULL,
  `fk_mode_reglement` int(11) DEFAULT NULL,
  `date_lim_reglement` date DEFAULT NULL,
  `note_private` text COLLATE utf8_unicode_ci,
  `note_public` text COLLATE utf8_unicode_ci,
  `model_pdf` varchar(255) COLLATE utf8_unicode_ci DEFAULT NULL,
  `import_key` varchar(14) COLLATE utf8_unicode_ci DEFAULT NULL,
  `extraparams` varchar(255) COLLATE utf8_unicode_ci DEFAULT NULL,
  `fk_incoterms` int(11) DEFAULT NULL,
  `location_incoterms` varchar(255) COLLATE utf8_unicode_ci DEFAULT NULL,
  `fk_multicurrency` int(11) DEFAULT NULL,
  `multicurrency_code` varchar(255) COLLATE utf8_unicode_ci DEFAULT NULL,
  `multicurrency_tx` double(24,8) DEFAULT '1.00000000',
  `multicurrency_total_ht` double(24,8) DEFAULT '0.00000000',
  `multicurrency_total_tva` double(24,8) DEFAULT '0.00000000',
  `multicurrency_total_ttc` double(24,8) DEFAULT '0.00000000',
  `last_main_doc` varchar(255) COLLATE utf8_unicode_ci DEFAULT NULL,
  `date_pointoftax` date DEFAULT NULL,
  `date_valid` date DEFAULT NULL,
  PRIMARY KEY (`rowid`),
  UNIQUE KEY `uk_facture_fourn_ref` (`ref`,`entity`),
  UNIQUE KEY `uk_facture_fourn_ref_supplier` (`ref_supplier`,`fk_soc`,`entity`),
  KEY `idx_facture_fourn_date_lim_reglement` (`date_lim_reglement`),
  KEY `idx_facture_fourn_fk_soc` (`fk_soc`),
  KEY `idx_facture_fourn_fk_user_author` (`fk_user_author`),
  KEY `idx_facture_fourn_fk_user_valid` (`fk_user_valid`),
  KEY `idx_facture_fourn_fk_projet` (`fk_projet`),
  CONSTRAINT `fk_facture_fourn_fk_projet` FOREIGN KEY (`fk_projet`) REFERENCES `llx_projet` (`rowid`),
  CONSTRAINT `fk_facture_fourn_fk_soc` FOREIGN KEY (`fk_soc`) REFERENCES `llx_societe` (`rowid`),
  CONSTRAINT `fk_facture_fourn_fk_user_author` FOREIGN KEY (`fk_user_author`) REFERENCES `llx_user` (`rowid`),
  CONSTRAINT `fk_facture_fourn_fk_user_valid` FOREIGN KEY (`fk_user_valid`) REFERENCES `llx_user` (`rowid`)
) ENGINE=InnoDB AUTO_INCREMENT=21 DEFAULT CHARSET=utf8 COLLATE=utf8_unicode_ci;

--
-- Dumping data for table `llx_facture_fourn`
--

INSERT INTO `llx_facture_fourn` VALUES (16,'SI1601-0001','FR70813',1,NULL,0,1,'2014-12-19 15:24:11','2003-04-11','2017-02-06 04:08:22','OVH FR70813',0,0.00000000,0.00000000,NULL,NULL,0.00000000,0.00000000,0.00000000,0.00000000,829.00000000,162.48000000,991.48000000,1,1,NULL,12,NULL,NULL,NULL,1,NULL,'2003-04-11','','',NULL,NULL,NULL,NULL,NULL,NULL,NULL,1.00000000,0.00000000,0.00000000,0.00000000,NULL,NULL,NULL),(17,'SI1601-0002','FR81385',1,NULL,0,1,'2015-02-13 17:19:35','2003-06-04','2017-02-06 04:08:31','OVH FR81385',0,0.00000000,0.00000000,NULL,NULL,0.00000000,0.00000000,0.00000000,0.00000000,26.00000000,5.10000000,31.10000000,0,1,NULL,NULL,NULL,NULL,NULL,1,NULL,'2003-06-04','','','canelle',NULL,NULL,NULL,NULL,NULL,NULL,1.00000000,0.00000000,0.00000000,0.00000000,NULL,NULL,NULL),(18,'SI1601-0003','FR81385',1,NULL,0,2,'2015-02-13 17:20:25','2003-06-04','2017-02-06 04:08:35','OVH FR81385',0,0.00000000,0.00000000,NULL,NULL,0.00000000,0.00000000,0.00000000,0.00000000,26.00000000,5.10000000,31.10000000,0,1,NULL,NULL,NULL,NULL,NULL,1,NULL,'2003-06-04','','',NULL,NULL,NULL,NULL,NULL,NULL,NULL,1.00000000,0.00000000,0.00000000,0.00000000,NULL,NULL,NULL),(19,'SI1601-0004','FR813852',1,NULL,0,2,'2015-03-16 17:59:02','2015-03-16','2017-02-06 04:08:38','OVH FR81385',0,0.00000000,0.00000000,NULL,NULL,0.00000000,0.00000000,0.00000000,0.00000000,26.00000000,5.10000000,31.10000000,0,1,NULL,NULL,NULL,NULL,NULL,1,NULL,NULL,'','',NULL,NULL,NULL,NULL,NULL,NULL,NULL,1.00000000,0.00000000,0.00000000,0.00000000,NULL,NULL,NULL),(20,'SI1702-0001','INV-AE56ER08',1,NULL,0,13,'2017-02-01 19:00:31','2017-02-01','2017-02-01 15:05:28','',0,0.00000000,0.00000000,NULL,NULL,0.00000000,0.00000000,0.00000000,0.00000000,200.00000000,39.20000000,239.20000000,1,12,NULL,12,NULL,5,NULL,1,0,'2017-02-01','The customer has called us the 24th april. He agree us to not pay the remain of invoice due to default.<br />\r\nLet\'s see with our book keeper, if we must cancel invoice or ask the supplier a credit note...',NULL,'canelle',NULL,NULL,0,'',0,'EUR',1.00000000,200.00000000,39.20000000,239.20000000,NULL,NULL,NULL);

--
-- Table structure for table `llx_facture_fourn_det`
--

CREATE TABLE `llx_facture_fourn_det` (
  `rowid` int(11) NOT NULL AUTO_INCREMENT,
  `fk_facture_fourn` int(11) NOT NULL,
  `fk_parent_line` int(11) DEFAULT NULL,
  `fk_product` int(11) DEFAULT NULL,
  `ref` varchar(50) COLLATE utf8_unicode_ci DEFAULT NULL,
  `label` varchar(255) COLLATE utf8_unicode_ci DEFAULT NULL,
  `description` text COLLATE utf8_unicode_ci,
  `pu_ht` double(24,8) DEFAULT NULL,
  `pu_ttc` double(24,8) DEFAULT NULL,
  `qty` double DEFAULT NULL,
  `remise_percent` double DEFAULT '0',
  `tva_tx` double(6,3) DEFAULT NULL,
  `vat_src_code` varchar(10) COLLATE utf8_unicode_ci DEFAULT '',
  `localtax1_tx` double(6,3) DEFAULT '0.000',
  `localtax1_type` varchar(10) COLLATE utf8_unicode_ci NOT NULL DEFAULT '0',
  `localtax2_tx` double(6,3) DEFAULT '0.000',
  `localtax2_type` varchar(10) COLLATE utf8_unicode_ci NOT NULL DEFAULT '0',
  `total_ht` double(24,8) DEFAULT NULL,
  `tva` double(24,8) DEFAULT NULL,
  `total_localtax1` double(24,8) DEFAULT '0.00000000',
  `total_localtax2` double(24,8) DEFAULT '0.00000000',
  `total_ttc` double(24,8) DEFAULT NULL,
  `product_type` int(11) DEFAULT '0',
  `date_start` datetime DEFAULT NULL,
  `date_end` datetime DEFAULT NULL,
  `info_bits` int(11) NOT NULL DEFAULT '0',
  `import_key` varchar(14) COLLATE utf8_unicode_ci DEFAULT NULL,
  `fk_code_ventilation` int(11) NOT NULL DEFAULT '0',
  `special_code` int(11) DEFAULT '0',
  `rang` int(11) DEFAULT '0',
  `fk_unit` int(11) DEFAULT NULL,
  `fk_multicurrency` int(11) DEFAULT NULL,
  `multicurrency_code` varchar(255) COLLATE utf8_unicode_ci DEFAULT NULL,
  `multicurrency_subprice` double(24,8) DEFAULT '0.00000000',
  `multicurrency_total_ht` double(24,8) DEFAULT '0.00000000',
  `multicurrency_total_tva` double(24,8) DEFAULT '0.00000000',
  `multicurrency_total_ttc` double(24,8) DEFAULT '0.00000000',
  PRIMARY KEY (`rowid`),
  KEY `idx_facture_fourn_det_fk_facture` (`fk_facture_fourn`),
  KEY `fk_facture_fourn_det_fk_unit` (`fk_unit`),
  KEY `idx_facture_fourn_det_fk_code_ventilation` (`fk_code_ventilation`),
  KEY `idx_facture_fourn_det_fk_product` (`fk_product`),
  CONSTRAINT `fk_facture_fourn_det_fk_facture` FOREIGN KEY (`fk_facture_fourn`) REFERENCES `llx_facture_fourn` (`rowid`),
  CONSTRAINT `fk_facture_fourn_det_fk_unit` FOREIGN KEY (`fk_unit`) REFERENCES `llx_c_units` (`rowid`)
) ENGINE=InnoDB AUTO_INCREMENT=54 DEFAULT CHARSET=utf8 COLLATE=utf8_unicode_ci;

--
-- Dumping data for table `llx_facture_fourn_det`
--

INSERT INTO `llx_facture_fourn_det` VALUES (44,16,NULL,NULL,NULL,NULL,'<strong>ref :sd.loc.sp.512.6</strong><br>6 mois - Location de SuperPlan avec la connexion 512kbs<br>Du 11/04/2003 &agrave; 11/10/2003',414.00000000,495.14400000,1,0,19.600,'',0.000,'',0.000,'',414.00000000,81.14000000,0.00000000,0.00000000,495.14000000,0,NULL,NULL,0,NULL,0,0,0,NULL,NULL,NULL,0.00000000,0.00000000,0.00000000,0.00000000),(45,16,NULL,NULL,NULL,NULL,'<strong>ref :sd.loc.sp.512.6</strong><br>6 mois - Location de SuperPlan avec la connexion 512kbs<br>Du 11/10/2003 &agrave; 11/04/2004',414.00000000,495.14400000,1,0,19.600,'',0.000,'',0.000,'',414.00000000,81.14000000,0.00000000,0.00000000,495.14000000,0,NULL,NULL,0,NULL,0,0,0,NULL,NULL,NULL,0.00000000,0.00000000,0.00000000,0.00000000),(46,16,NULL,NULL,NULL,NULL,'<strong>ref :sd.installation.annuel</strong><br>Frais de mise en service d\'un serveur dédié pour un paiement annuel<br>',1.00000000,1.19600000,1,0,19.600,'',0.000,'',0.000,'',1.00000000,0.20000000,0.00000000,0.00000000,1.20000000,0,NULL,NULL,0,NULL,0,0,0,NULL,NULL,NULL,0.00000000,0.00000000,0.00000000,0.00000000),(47,17,NULL,NULL,NULL,NULL,'<strong>ref :bk.full250.creation</strong><br>Création du compte backup ftp 250Mo.<br>',1.00000000,1.19600000,1,0,19.600,'',0.000,'',0.000,'',1.00000000,0.20000000,0.00000000,0.00000000,1.20000000,0,NULL,NULL,0,NULL,0,0,0,NULL,NULL,NULL,0.00000000,0.00000000,0.00000000,0.00000000),(48,17,NULL,NULL,NULL,NULL,'<strong>ref :bk.full250.12</strong><br>Redevance pour un backup de 250Mo sur 12 mois<br>',25.00000000,29.90000000,1,0,19.600,'',0.000,'',0.000,'',25.00000000,4.90000000,0.00000000,0.00000000,29.90000000,0,NULL,NULL,0,NULL,0,0,0,NULL,NULL,NULL,0.00000000,0.00000000,0.00000000,0.00000000),(49,18,NULL,NULL,NULL,NULL,'<strong>ref :bk.full250.creation</strong><br>Création du compte backup ftp 250Mo.<br>',1.00000000,1.19600000,1,0,19.600,'',0.000,'',0.000,'',1.00000000,0.20000000,0.00000000,0.00000000,1.20000000,0,NULL,NULL,0,NULL,0,0,0,NULL,NULL,NULL,0.00000000,0.00000000,0.00000000,0.00000000),(50,18,NULL,NULL,NULL,NULL,'<strong>ref :bk.full250.12</strong><br>Redevance pour un backup de 250Mo sur 12 mois<br>',25.00000000,29.90000000,1,0,19.600,'',0.000,'',0.000,'',25.00000000,4.90000000,0.00000000,0.00000000,29.90000000,0,NULL,NULL,0,NULL,0,0,0,NULL,NULL,NULL,0.00000000,0.00000000,0.00000000,0.00000000),(51,19,NULL,NULL,NULL,NULL,'<strong>ref :bk.full250.creation</strong><br>Création du compte backup ftp 250Mo.<br>',1.00000000,1.19600000,1,0,19.600,'',0.000,'0',0.000,'0',1.00000000,0.20000000,0.00000000,0.00000000,1.20000000,0,NULL,NULL,0,NULL,0,0,0,NULL,NULL,NULL,0.00000000,0.00000000,0.00000000,0.00000000),(52,19,NULL,NULL,NULL,NULL,'<strong>ref :bk.full250.12</strong><br>Redevance pour un backup de 250Mo sur 12 mois<br>',25.00000000,29.90000000,1,0,19.600,'',0.000,'0',0.000,'0',25.00000000,4.90000000,0.00000000,0.00000000,29.90000000,0,NULL,NULL,0,NULL,0,0,0,NULL,NULL,NULL,0.00000000,0.00000000,0.00000000,0.00000000),(53,20,NULL,NULL,NULL,NULL,'Chips',20.00000000,23.92000000,10,0,19.600,'',0.000,'0',0.000,'0',200.00000000,39.20000000,0.00000000,0.00000000,239.20000000,0,NULL,NULL,0,NULL,0,0,0,NULL,0,'EUR',20.00000000,200.00000000,39.20000000,239.20000000);

--
-- Table structure for table `llx_facture_fourn_det_extrafields`
--

CREATE TABLE `llx_facture_fourn_det_extrafields` (
  `rowid` int(11) NOT NULL AUTO_INCREMENT,
  `tms` timestamp NOT NULL DEFAULT CURRENT_TIMESTAMP ON UPDATE CURRENT_TIMESTAMP,
  `fk_object` int(11) NOT NULL,
  `import_key` varchar(14) COLLATE utf8_unicode_ci DEFAULT NULL,
  PRIMARY KEY (`rowid`),
  KEY `idx_facture_fourn_det_extrafields` (`fk_object`)
) ENGINE=InnoDB DEFAULT CHARSET=utf8 COLLATE=utf8_unicode_ci;

--
-- Dumping data for table `llx_facture_fourn_det_extrafields`
--


--
-- Table structure for table `llx_facture_fourn_extrafields`
--

CREATE TABLE `llx_facture_fourn_extrafields` (
  `rowid` int(11) NOT NULL AUTO_INCREMENT,
  `tms` timestamp NOT NULL DEFAULT CURRENT_TIMESTAMP ON UPDATE CURRENT_TIMESTAMP,
  `fk_object` int(11) NOT NULL,
  `import_key` varchar(14) COLLATE utf8_unicode_ci DEFAULT NULL,
  PRIMARY KEY (`rowid`),
  KEY `idx_facture_fourn_extrafields` (`fk_object`)
) ENGINE=InnoDB DEFAULT CHARSET=utf8 COLLATE=utf8_unicode_ci;

--
-- Dumping data for table `llx_facture_fourn_extrafields`
--


--
-- Table structure for table `llx_facture_rec`
--

CREATE TABLE `llx_facture_rec` (
  `rowid` int(11) NOT NULL AUTO_INCREMENT,
  `titre` varchar(100) COLLATE utf8_unicode_ci DEFAULT NULL,
  `entity` int(11) NOT NULL DEFAULT '1',
  `fk_soc` int(11) NOT NULL,
  `datec` datetime DEFAULT NULL,
  `amount` double(24,8) NOT NULL DEFAULT '0.00000000',
  `remise` double DEFAULT '0',
  `remise_percent` double DEFAULT '0',
  `remise_absolue` double DEFAULT '0',
  `tva` double(24,8) DEFAULT '0.00000000',
  `localtax1` double(24,8) DEFAULT '0.00000000',
  `localtax2` double(24,8) DEFAULT '0.00000000',
  `total` double(24,8) DEFAULT '0.00000000',
  `total_ttc` double(24,8) DEFAULT '0.00000000',
  `fk_user_author` int(11) DEFAULT NULL,
  `fk_projet` int(11) DEFAULT NULL,
  `fk_cond_reglement` int(11) DEFAULT '0',
  `fk_mode_reglement` int(11) DEFAULT '0',
  `date_lim_reglement` date DEFAULT NULL,
  `note_private` text COLLATE utf8_unicode_ci,
  `note_public` text COLLATE utf8_unicode_ci,
  `modelpdf` varchar(255) COLLATE utf8_unicode_ci DEFAULT NULL,
  `last_gen` varchar(7) COLLATE utf8_unicode_ci DEFAULT NULL,
  `unit_frequency` varchar(2) COLLATE utf8_unicode_ci DEFAULT 'd',
  `date_when` datetime DEFAULT NULL,
  `date_last_gen` datetime DEFAULT NULL,
  `nb_gen_done` int(11) DEFAULT NULL,
  `nb_gen_max` int(11) DEFAULT NULL,
  `frequency` int(11) DEFAULT NULL,
  `usenewprice` int(11) DEFAULT '0',
  `revenuestamp` double(24,8) DEFAULT '0.00000000',
  `auto_validate` int(11) DEFAULT '0',
  `generate_pdf` int(11) DEFAULT '1',
  `fk_account` int(11) DEFAULT '0',
  `fk_multicurrency` int(11) DEFAULT NULL,
  `multicurrency_code` varchar(255) COLLATE utf8_unicode_ci DEFAULT NULL,
  `multicurrency_tx` double(24,8) DEFAULT '1.00000000',
  `multicurrency_total_ht` double(24,8) DEFAULT '0.00000000',
  `multicurrency_total_tva` double(24,8) DEFAULT '0.00000000',
  `multicurrency_total_ttc` double(24,8) DEFAULT '0.00000000',
  `fk_user_modif` int(11) DEFAULT NULL,
  `tms` timestamp NOT NULL DEFAULT CURRENT_TIMESTAMP ON UPDATE CURRENT_TIMESTAMP,
  `vat_src_code` varchar(10) COLLATE utf8_unicode_ci DEFAULT '',
  `suspended` int(11) DEFAULT '0',
  PRIMARY KEY (`rowid`),
  UNIQUE KEY `idx_facture_rec_uk_titre` (`titre`,`entity`),
  KEY `idx_facture_rec_fk_soc` (`fk_soc`),
  KEY `idx_facture_rec_fk_user_author` (`fk_user_author`),
  KEY `idx_facture_rec_fk_projet` (`fk_projet`),
  CONSTRAINT `fk_facture_rec_fk_projet` FOREIGN KEY (`fk_projet`) REFERENCES `llx_projet` (`rowid`),
  CONSTRAINT `fk_facture_rec_fk_soc` FOREIGN KEY (`fk_soc`) REFERENCES `llx_societe` (`rowid`),
  CONSTRAINT `fk_facture_rec_fk_user_author` FOREIGN KEY (`fk_user_author`) REFERENCES `llx_user` (`rowid`)
) ENGINE=InnoDB AUTO_INCREMENT=3 DEFAULT CHARSET=utf8 COLLATE=utf8_unicode_ci;

--
-- Dumping data for table `llx_facture_rec`
--

INSERT INTO `llx_facture_rec` VALUES (1,'fsdfsfsfsf',1,10,'2017-02-07 03:47:00',0.00000000,0,0,0,0.00000000,0.00000000,0.00000000,10.00000000,10.00000000,12,NULL,1,0,NULL,NULL,NULL,NULL,NULL,'m',NULL,NULL,0,0,0,0,0.00000000,0,1,3,NULL,NULL,1.00000000,10.00000000,0.00000000,10.00000000,NULL,'2017-02-07 02:47:00','',0),(2,'fffff',1,10,'2017-02-07 03:47:58',0.00000000,0,0,0,0.00000000,0.00000000,0.00000000,5.00000000,5.00000000,12,6,1,2,NULL,NULL,NULL,NULL,NULL,'m',NULL,NULL,0,0,0,0,0.00000000,0,1,4,NULL,NULL,1.00000000,5.00000000,0.00000000,5.00000000,NULL,'2017-02-07 02:47:58','',0);

--
-- Table structure for table `llx_facture_rec_extrafields`
--

CREATE TABLE `llx_facture_rec_extrafields` (
  `rowid` int(11) NOT NULL AUTO_INCREMENT,
  `tms` timestamp NOT NULL DEFAULT CURRENT_TIMESTAMP ON UPDATE CURRENT_TIMESTAMP,
  `fk_object` int(11) NOT NULL,
  `import_key` varchar(14) COLLATE utf8_unicode_ci DEFAULT NULL,
  PRIMARY KEY (`rowid`),
  KEY `idx_facture_rec_extrafields` (`fk_object`)
) ENGINE=InnoDB DEFAULT CHARSET=utf8 COLLATE=utf8_unicode_ci;

--
-- Dumping data for table `llx_facture_rec_extrafields`
--


--
-- Table structure for table `llx_facturedet`
--

CREATE TABLE `llx_facturedet` (
  `rowid` int(11) NOT NULL AUTO_INCREMENT,
  `fk_facture` int(11) NOT NULL,
  `fk_parent_line` int(11) DEFAULT NULL,
  `fk_product` int(11) DEFAULT NULL,
  `label` varchar(255) COLLATE utf8_unicode_ci DEFAULT NULL,
  `description` text COLLATE utf8_unicode_ci,
  `tva_tx` double(6,3) DEFAULT NULL,
  `vat_src_code` varchar(10) COLLATE utf8_unicode_ci DEFAULT '',
  `localtax1_tx` double(6,3) DEFAULT '0.000',
  `localtax1_type` varchar(10) COLLATE utf8_unicode_ci NOT NULL DEFAULT '0',
  `localtax2_tx` double(6,3) DEFAULT '0.000',
  `localtax2_type` varchar(10) COLLATE utf8_unicode_ci NOT NULL DEFAULT '0',
  `qty` double DEFAULT NULL,
  `remise_percent` double DEFAULT '0',
  `remise` double DEFAULT '0',
  `fk_remise_except` int(11) DEFAULT NULL,
  `subprice` double(24,8) DEFAULT NULL,
  `price` double(24,8) DEFAULT NULL,
  `total_ht` double(24,8) DEFAULT NULL,
  `total_tva` double(24,8) DEFAULT NULL,
  `total_localtax1` double(24,8) DEFAULT '0.00000000',
  `total_localtax2` double(24,8) DEFAULT '0.00000000',
  `total_ttc` double(24,8) DEFAULT NULL,
  `product_type` int(11) DEFAULT '0',
  `date_start` datetime DEFAULT NULL,
  `date_end` datetime DEFAULT NULL,
  `info_bits` int(11) DEFAULT '0',
  `fk_product_fournisseur_price` int(11) DEFAULT NULL,
  `buy_price_ht` double(24,8) DEFAULT '0.00000000',
  `fk_code_ventilation` int(11) NOT NULL DEFAULT '0',
  `special_code` int(10) unsigned DEFAULT '0',
  `rang` int(11) DEFAULT '0',
  `fk_contract_line` int(11) DEFAULT NULL,
  `import_key` varchar(14) COLLATE utf8_unicode_ci DEFAULT NULL,
  `situation_percent` double DEFAULT NULL,
  `fk_prev_id` int(11) DEFAULT NULL,
  `fk_unit` int(11) DEFAULT NULL,
  `fk_user_modif` int(11) DEFAULT NULL,
  `fk_user_author` int(11) DEFAULT NULL,
  `fk_multicurrency` int(11) DEFAULT NULL,
  `multicurrency_code` varchar(255) COLLATE utf8_unicode_ci DEFAULT NULL,
  `multicurrency_subprice` double(24,8) DEFAULT '0.00000000',
  `multicurrency_total_ht` double(24,8) DEFAULT '0.00000000',
  `multicurrency_total_tva` double(24,8) DEFAULT '0.00000000',
  `multicurrency_total_ttc` double(24,8) DEFAULT '0.00000000',
  PRIMARY KEY (`rowid`),
  UNIQUE KEY `uk_fk_remise_except` (`fk_remise_except`,`fk_facture`),
  KEY `idx_facturedet_fk_facture` (`fk_facture`),
  KEY `idx_facturedet_fk_product` (`fk_product`),
  KEY `fk_facturedet_fk_unit` (`fk_unit`),
  KEY `idx_facturedet_fk_code_ventilation` (`fk_code_ventilation`),
  CONSTRAINT `fk_facturedet_fk_facture` FOREIGN KEY (`fk_facture`) REFERENCES `llx_facture` (`rowid`),
  CONSTRAINT `fk_facturedet_fk_unit` FOREIGN KEY (`fk_unit`) REFERENCES `llx_c_units` (`rowid`)
) ENGINE=InnoDB AUTO_INCREMENT=1031 DEFAULT CHARSET=utf8 COLLATE=utf8_unicode_ci;

--
-- Dumping data for table `llx_facturedet`
--

INSERT INTO `llx_facturedet` VALUES (3,2,NULL,3,NULL,'Service S1',0.000,'',0.000,'',0.000,'',1,10,4,NULL,40.00000000,36.00000000,36.00000000,0.00000000,0.00000000,0.00000000,36.00000000,1,'2012-07-10 00:00:00',NULL,0,NULL,0.00000000,0,0,2,NULL,NULL,NULL,NULL,NULL,NULL,NULL,NULL,NULL,0.00000000,0.00000000,0.00000000,0.00000000),(4,2,NULL,NULL,NULL,'Abonnement annuel assurance',1.000,'',0.000,'',0.000,'',1,0,0,NULL,10.00000000,10.00000000,10.00000000,0.10000000,0.00000000,0.00000000,10.10000000,0,'2012-07-10 00:00:00','2013-07-10 00:00:00',0,NULL,0.00000000,0,0,3,NULL,NULL,NULL,NULL,NULL,NULL,NULL,NULL,NULL,0.00000000,0.00000000,0.00000000,0.00000000),(11,3,NULL,4,NULL,'afsdfsdfsdfsdf',0.000,'',0.000,'',0.000,'',1,0,0,NULL,5.00000000,5.00000000,5.00000000,0.00000000,0.00000000,0.00000000,5.00000000,0,NULL,NULL,0,NULL,0.00000000,0,0,0,NULL,NULL,NULL,NULL,NULL,NULL,NULL,NULL,NULL,0.00000000,0.00000000,0.00000000,0.00000000),(12,3,NULL,NULL,NULL,'dfdfd',0.000,'',0.000,'',0.000,'',1,0,0,NULL,10.00000000,10.00000000,10.00000000,0.00000000,0.00000000,0.00000000,10.00000000,0,NULL,NULL,0,NULL,0.00000000,0,0,2,NULL,NULL,NULL,NULL,NULL,NULL,NULL,NULL,NULL,0.00000000,0.00000000,0.00000000,0.00000000),(13,5,NULL,4,NULL,'Decapsuleur',12.500,'',0.000,'',0.000,'',1,0,0,NULL,5.00000000,5.00000000,5.00000000,0.63000000,0.00000000,0.00000000,5.63000000,0,NULL,NULL,0,NULL,0.00000000,0,0,0,NULL,NULL,NULL,NULL,NULL,NULL,NULL,NULL,NULL,0.00000000,0.00000000,0.00000000,0.00000000),(14,6,NULL,4,NULL,'Decapsuleur',19.600,'',0.000,'',0.000,'',1,0,0,NULL,5.00000000,5.00000000,5.00000000,0.98000000,0.00000000,0.00000000,5.98000000,0,NULL,NULL,0,NULL,0.00000000,0,0,0,NULL,NULL,NULL,NULL,NULL,NULL,NULL,NULL,NULL,0.00000000,0.00000000,0.00000000,0.00000000),(21,8,NULL,NULL,NULL,'dddd',0.000,'',0.000,'',0.000,'',1,0,0,NULL,10.00000000,10.00000000,10.00000000,0.00000000,0.00000000,0.00000000,10.00000000,0,NULL,NULL,0,NULL,0.00000000,0,0,1,NULL,NULL,NULL,NULL,NULL,NULL,NULL,NULL,NULL,0.00000000,0.00000000,0.00000000,0.00000000),(22,9,NULL,NULL,NULL,'ggg',19.600,'',0.000,'',0.000,'',1,0,0,NULL,10.00000000,10.00000000,10.00000000,1.96000000,0.00000000,0.00000000,11.96000000,0,NULL,NULL,0,NULL,0.00000000,0,0,1,NULL,NULL,NULL,NULL,NULL,NULL,NULL,NULL,NULL,0.00000000,0.00000000,0.00000000,0.00000000),(23,10,NULL,4,NULL,'',12.500,'',0.000,'',0.000,'',1,0,0,NULL,-5.00000000,NULL,-5.00000000,-0.63000000,0.00000000,0.00000000,-5.63000000,0,NULL,NULL,0,NULL,12.00000000,0,0,1,NULL,NULL,NULL,NULL,NULL,NULL,NULL,NULL,NULL,0.00000000,0.00000000,0.00000000,0.00000000),(24,10,NULL,1,NULL,'A beatifull pink dress\r\nlkm',0.000,'',0.000,'',0.000,'',1,0,0,NULL,-6.00000000,NULL,-6.00000000,0.00000000,0.00000000,0.00000000,-6.00000000,0,NULL,NULL,0,0,0.00000000,0,0,2,NULL,NULL,NULL,NULL,NULL,NULL,NULL,NULL,NULL,0.00000000,0.00000000,0.00000000,0.00000000),(26,12,NULL,1,NULL,'A beatifull pink dress\r\nhfghf',0.000,'',0.000,'',0.000,'',1,0,0,NULL,-5.00000000,NULL,-5.00000000,0.00000000,0.00000000,0.00000000,-5.00000000,0,NULL,NULL,0,0,0.00000000,0,0,1,NULL,NULL,NULL,NULL,NULL,NULL,NULL,NULL,NULL,0.00000000,0.00000000,0.00000000,0.00000000),(27,13,NULL,NULL,NULL,'gdfgdf',19.600,'',0.000,'',0.000,'',1.4,0,0,NULL,10.00000000,NULL,14.00000000,2.74000000,0.00000000,0.00000000,16.74000000,0,NULL,NULL,0,NULL,0.00000000,0,0,1,NULL,NULL,NULL,NULL,NULL,NULL,NULL,NULL,NULL,0.00000000,0.00000000,0.00000000,0.00000000),(137,33,NULL,NULL,NULL,'Desc',10.000,'',0.000,'',0.000,'',1,0,0,NULL,1.24000000,NULL,1.24000000,0.12000000,0.00000000,0.00000000,1.36000000,0,NULL,NULL,0,NULL,0.00000000,0,0,1,NULL,NULL,NULL,NULL,NULL,NULL,NULL,NULL,NULL,0.00000000,0.00000000,0.00000000,0.00000000),(138,33,NULL,NULL,NULL,'Desc',10.000,'',0.000,'',0.000,'',1,0,0,NULL,1.24000000,NULL,1.24000000,0.12000000,0.00000000,0.00000000,1.36000000,0,NULL,NULL,0,NULL,0.00000000,0,0,2,NULL,NULL,NULL,NULL,NULL,NULL,NULL,NULL,NULL,0.00000000,0.00000000,0.00000000,0.00000000),(256,55,NULL,NULL,NULL,'Desc',10.000,'',0.000,'',0.000,'',1,0,0,NULL,1.24000000,NULL,1.24000000,0.12000000,0.00000000,0.00000000,1.36000000,0,NULL,NULL,0,NULL,0.00000000,0,0,1,NULL,NULL,NULL,NULL,NULL,NULL,NULL,NULL,NULL,0.00000000,0.00000000,0.00000000,0.00000000),(257,55,NULL,NULL,NULL,'Desc',10.000,'',0.000,'',0.000,'',1,0,0,NULL,1.24000000,NULL,1.24000000,0.12000000,0.00000000,0.00000000,1.36000000,0,NULL,NULL,0,NULL,0.00000000,0,0,2,NULL,NULL,NULL,NULL,NULL,NULL,NULL,NULL,NULL,0.00000000,0.00000000,0.00000000,0.00000000),(753,13,NULL,2,NULL,'(Pays d\'origine: Albanie)',0.000,'',0.000,'',0.000,'',1,0,0,NULL,0.00000000,NULL,0.00000000,0.00000000,0.00000000,0.00000000,0.00000000,0,NULL,NULL,0,0,0.00000000,0,0,2,NULL,NULL,NULL,NULL,NULL,NULL,NULL,NULL,NULL,0.00000000,0.00000000,0.00000000,0.00000000),(754,148,NULL,11,NULL,'hfghf',0.000,'',0.000,'',0.000,'',1,0,0,NULL,0.00000000,NULL,0.00000000,0.00000000,0.00000000,0.00000000,0.00000000,0,NULL,NULL,0,NULL,0.00000000,0,0,1,NULL,NULL,NULL,NULL,NULL,NULL,NULL,NULL,NULL,0.00000000,0.00000000,0.00000000,0.00000000),(755,148,NULL,4,NULL,'Decapsuleur',12.500,'',0.000,'',0.000,'',1,0,0,NULL,5.00000000,NULL,5.00000000,0.63000000,0.00000000,0.00000000,5.63000000,0,NULL,NULL,0,NULL,0.00000000,0,0,2,NULL,NULL,NULL,NULL,NULL,NULL,NULL,NULL,NULL,0.00000000,0.00000000,0.00000000,0.00000000),(757,150,NULL,2,NULL,'Product P1',12.500,'',0.000,'',0.000,'',1,0,0,NULL,0.00000000,NULL,0.00000000,0.00000000,0.00000000,0.00000000,0.00000000,0,NULL,NULL,0,NULL,0.00000000,0,0,1,NULL,NULL,NULL,NULL,NULL,NULL,NULL,NULL,NULL,0.00000000,0.00000000,0.00000000,0.00000000),(758,151,NULL,2,NULL,'Product P1',12.500,'',0.000,'',0.000,'',1,0,0,NULL,0.00000000,NULL,0.00000000,0.00000000,0.00000000,0.00000000,0.00000000,0,NULL,NULL,0,NULL,0.00000000,0,0,1,NULL,NULL,NULL,NULL,NULL,NULL,NULL,NULL,NULL,0.00000000,0.00000000,0.00000000,0.00000000),(768,32,NULL,NULL,NULL,'mlml',18.000,'',0.000,'',0.000,'',1,0,0,NULL,100.00000000,NULL,100.00000000,18.00000000,0.00000000,0.00000000,118.00000000,0,NULL,NULL,0,NULL,46.00000000,0,0,3,NULL,NULL,NULL,NULL,NULL,NULL,NULL,NULL,NULL,0.00000000,0.00000000,0.00000000,0.00000000),(769,32,NULL,NULL,NULL,'mlkml',18.000,'',0.000,'',0.000,'',1,0,0,NULL,400.00000000,NULL,400.00000000,72.00000000,0.00000000,0.00000000,472.00000000,0,NULL,NULL,0,NULL,300.00000000,0,0,4,NULL,NULL,NULL,NULL,NULL,NULL,NULL,NULL,NULL,0.00000000,0.00000000,0.00000000,0.00000000),(772,160,NULL,NULL,NULL,'Adhésion/cotisation 2015',12.500,'',0.000,'',0.000,'',1,0,0,NULL,8.88889000,NULL,8.89000000,1.11000000,0.00000000,0.00000000,10.00000000,1,'2017-07-18 00:00:00','2018-07-17 00:00:00',0,NULL,0.00000000,0,0,1,NULL,NULL,NULL,NULL,NULL,NULL,NULL,NULL,NULL,0.00000000,0.00000000,0.00000000,0.00000000),(776,32,NULL,NULL,NULL,'fsdfsdfds',0.000,'',0.000,'0',0.000,'0',1,0,0,NULL,10.00000000,NULL,10.00000000,0.00000000,0.00000000,0.00000000,10.00000000,0,NULL,NULL,0,NULL,0.00000000,0,0,5,NULL,NULL,NULL,NULL,NULL,NULL,NULL,NULL,NULL,0.00000000,0.00000000,0.00000000,0.00000000),(777,32,NULL,NULL,NULL,'fsdfsdfds',0.000,'',0.000,'0',0.000,'0',1,0,0,NULL,10.00000000,NULL,10.00000000,0.00000000,0.00000000,0.00000000,10.00000000,0,NULL,NULL,0,NULL,0.00000000,0,0,6,NULL,NULL,NULL,NULL,NULL,NULL,NULL,NULL,NULL,0.00000000,0.00000000,0.00000000,0.00000000),(779,32,NULL,NULL,NULL,'fsdfds',0.000,'',0.000,'0',0.000,'0',0,0,0,NULL,0.00000000,NULL,0.00000000,0.00000000,0.00000000,0.00000000,0.00000000,9,NULL,NULL,0,0,0.00000000,0,0,2,NULL,NULL,NULL,NULL,NULL,NULL,NULL,NULL,NULL,0.00000000,0.00000000,0.00000000,0.00000000),(780,32,NULL,NULL,NULL,'ffsdf',0.000,'',0.000,'0',0.000,'0',0,0,0,NULL,0.00000000,NULL,0.00000000,0.00000000,0.00000000,0.00000000,0.00000000,9,NULL,NULL,0,NULL,0.00000000,0,1790,1,NULL,NULL,NULL,NULL,NULL,NULL,NULL,NULL,NULL,0.00000000,0.00000000,0.00000000,0.00000000),(1022,210,NULL,NULL,NULL,'Adhésion/cotisation 2011',0.000,'',0.000,'0',0.000,'0',1,0,0,NULL,10.00000000,NULL,10.00000000,0.00000000,0.00000000,0.00000000,10.00000000,1,'2013-07-10 00:00:00','2014-07-09 00:00:00',0,NULL,0.00000000,0,0,1,NULL,NULL,NULL,NULL,NULL,NULL,NULL,NULL,NULL,0.00000000,0.00000000,0.00000000,0.00000000),(1023,211,NULL,NULL,NULL,'Samsung Android x4',0.000,'',0.000,'0',0.000,'0',1,0,0,NULL,250.00000000,NULL,250.00000000,0.00000000,0.00000000,0.00000000,250.00000000,0,NULL,NULL,0,NULL,200.00000000,0,0,1,NULL,NULL,NULL,NULL,NULL,NULL,NULL,NULL,NULL,0.00000000,0.00000000,0.00000000,0.00000000),(1024,211,NULL,1,NULL,'A beatifull pink dress\r\nSize XXL',19.600,'',0.000,'0',0.000,'0',1,10,0,NULL,100.00000000,NULL,90.00000000,17.64000000,0.00000000,0.00000000,107.64000000,0,NULL,NULL,0,NULL,90.00000000,0,0,2,NULL,NULL,NULL,NULL,NULL,NULL,NULL,NULL,NULL,0.00000000,0.00000000,0.00000000,0.00000000),(1026,213,NULL,1,NULL,'A beatifull pink dress',0.000,'',0.000,'0',0.000,'0',10,0,0,NULL,-100.00000000,NULL,-1000.00000000,0.00000000,0.00000000,0.00000000,-1000.00000000,0,NULL,NULL,0,NULL,0.00000000,0,0,1,NULL,NULL,NULL,NULL,NULL,NULL,NULL,NULL,NULL,0.00000000,0.00000000,0.00000000,0.00000000),(1028,149,NULL,NULL,NULL,'opoo',0.000,'CGST+SGST',9.000,'1',9.000,'1',1,0,0,NULL,10.00000000,NULL,10.00000000,0.00000000,0.90000000,0.90000000,11.80000000,0,NULL,NULL,0,NULL,0.00000000,0,0,2,NULL,NULL,100,NULL,NULL,12,12,0,'',10.00000000,10.00000000,0.00000000,11.80000000),(1029,149,NULL,NULL,NULL,'gdgd',18.000,'IGST',0.000,'0',0.000,'0',1,0,0,NULL,10.00000000,NULL,10.00000000,1.80000000,0.00000000,0.00000000,11.80000000,0,NULL,NULL,0,NULL,0.00000000,0,0,3,NULL,NULL,100,NULL,NULL,12,12,0,'',10.00000000,10.00000000,1.80000000,11.80000000),(1030,217,NULL,NULL,NULL,'gfdgdf',0.000,'',0.000,'0',0.000,'0',1,0,0,NULL,10.00000000,NULL,10.00000000,0.00000000,0.00000000,0.00000000,10.00000000,0,NULL,NULL,0,NULL,0.00000000,0,0,0,NULL,NULL,100,NULL,NULL,12,12,1,'EUR',10.00000000,10.00000000,0.00000000,10.00000000);

--
-- Table structure for table `llx_facturedet_extrafields`
--

CREATE TABLE `llx_facturedet_extrafields` (
  `rowid` int(11) NOT NULL AUTO_INCREMENT,
  `tms` timestamp NOT NULL DEFAULT CURRENT_TIMESTAMP ON UPDATE CURRENT_TIMESTAMP,
  `fk_object` int(11) NOT NULL,
  `import_key` varchar(14) COLLATE utf8_unicode_ci DEFAULT NULL,
  PRIMARY KEY (`rowid`),
  KEY `idx_facturedet_extrafields` (`fk_object`)
) ENGINE=InnoDB DEFAULT CHARSET=utf8 COLLATE=utf8_unicode_ci;

--
-- Dumping data for table `llx_facturedet_extrafields`
--


--
-- Table structure for table `llx_facturedet_rec`
--

CREATE TABLE `llx_facturedet_rec` (
  `rowid` int(11) NOT NULL AUTO_INCREMENT,
  `fk_facture` int(11) NOT NULL,
  `fk_parent_line` int(11) DEFAULT NULL,
  `fk_product` int(11) DEFAULT NULL,
  `product_type` int(11) DEFAULT '0',
  `label` varchar(255) COLLATE utf8_unicode_ci DEFAULT NULL,
  `description` text COLLATE utf8_unicode_ci,
  `tva_tx` double(6,3) DEFAULT NULL,
  `vat_src_code` varchar(10) COLLATE utf8_unicode_ci DEFAULT '',
  `localtax1_tx` double(6,3) DEFAULT '0.000',
  `localtax1_type` varchar(10) COLLATE utf8_unicode_ci NOT NULL DEFAULT '0',
  `localtax2_tx` double(6,3) DEFAULT '0.000',
  `localtax2_type` varchar(10) COLLATE utf8_unicode_ci NOT NULL DEFAULT '0',
  `qty` double DEFAULT NULL,
  `remise_percent` double DEFAULT '0',
  `remise` double DEFAULT '0',
  `subprice` double(24,8) DEFAULT NULL,
  `price` double(24,8) DEFAULT NULL,
  `total_ht` double(24,8) DEFAULT NULL,
  `total_tva` double(24,8) DEFAULT NULL,
  `total_localtax1` double(24,8) DEFAULT '0.00000000',
  `total_localtax2` double(24,8) DEFAULT '0.00000000',
  `total_ttc` double(24,8) DEFAULT NULL,
  `info_bits` int(11) DEFAULT '0',
  `special_code` int(10) unsigned DEFAULT '0',
  `rang` int(11) DEFAULT '0',
  `fk_contract_line` int(11) DEFAULT NULL,
  `fk_unit` int(11) DEFAULT NULL,
  `import_key` varchar(14) COLLATE utf8_unicode_ci DEFAULT NULL,
  `fk_multicurrency` int(11) DEFAULT NULL,
  `multicurrency_code` varchar(255) COLLATE utf8_unicode_ci DEFAULT NULL,
  `multicurrency_subprice` double(24,8) DEFAULT '0.00000000',
  `multicurrency_total_ht` double(24,8) DEFAULT '0.00000000',
  `multicurrency_total_tva` double(24,8) DEFAULT '0.00000000',
  `multicurrency_total_ttc` double(24,8) DEFAULT '0.00000000',
  `date_start_fill` int(11) DEFAULT '0',
  `date_end_fill` int(11) DEFAULT '0',
  PRIMARY KEY (`rowid`),
  KEY `fk_facturedet_rec_fk_unit` (`fk_unit`),
  CONSTRAINT `fk_facturedet_rec_fk_unit` FOREIGN KEY (`fk_unit`) REFERENCES `llx_c_units` (`rowid`)
) ENGINE=InnoDB AUTO_INCREMENT=4 DEFAULT CHARSET=utf8 COLLATE=utf8_unicode_ci;

--
-- Dumping data for table `llx_facturedet_rec`
--

INSERT INTO `llx_facturedet_rec` VALUES (1,1,NULL,NULL,0,NULL,'&ugrave;k&ugrave;',0.000,'',0.000,'0',0.000,'0',1,0,NULL,10.00000000,10.00000000,10.00000000,0.00000000,0.00000000,0.00000000,10.00000000,0,0,1,NULL,NULL,NULL,NULL,NULL,0.00000000,0.00000000,0.00000000,0.00000000,0,0),(3,2,NULL,NULL,0,NULL,'ddd',0.000,'',0.000,'0',0.000,'0',1,0,NULL,5.00000000,5.00000000,5.00000000,0.00000000,0.00000000,0.00000000,5.00000000,0,0,1,NULL,NULL,NULL,NULL,NULL,0.00000000,0.00000000,0.00000000,0.00000000,0,0);

--
-- Table structure for table `llx_facturedet_rec_extrafields`
--

CREATE TABLE `llx_facturedet_rec_extrafields` (
  `rowid` int(11) NOT NULL AUTO_INCREMENT,
  `tms` timestamp NOT NULL DEFAULT CURRENT_TIMESTAMP ON UPDATE CURRENT_TIMESTAMP,
  `fk_object` int(11) NOT NULL,
  `import_key` varchar(14) COLLATE utf8_unicode_ci DEFAULT NULL,
  PRIMARY KEY (`rowid`),
  KEY `idx_facturedet_rec_extrafields` (`fk_object`)
) ENGINE=InnoDB DEFAULT CHARSET=utf8 COLLATE=utf8_unicode_ci;

--
-- Dumping data for table `llx_facturedet_rec_extrafields`
--


--
-- Table structure for table `llx_fichinter`
--

CREATE TABLE `llx_fichinter` (
  `rowid` int(11) NOT NULL AUTO_INCREMENT,
  `fk_soc` int(11) NOT NULL,
  `fk_projet` int(11) DEFAULT '0',
  `fk_contrat` int(11) DEFAULT '0',
  `ref` varchar(30) COLLATE utf8_unicode_ci NOT NULL,
  `entity` int(11) NOT NULL DEFAULT '1',
  `tms` timestamp NOT NULL DEFAULT CURRENT_TIMESTAMP ON UPDATE CURRENT_TIMESTAMP,
  `datec` datetime DEFAULT NULL,
  `date_valid` datetime DEFAULT NULL,
  `datei` date DEFAULT NULL,
  `fk_user_author` int(11) DEFAULT NULL,
  `fk_user_modif` int(11) DEFAULT NULL,
  `fk_user_valid` int(11) DEFAULT NULL,
  `fk_statut` smallint(6) DEFAULT '0',
  `duree` double DEFAULT NULL,
  `dateo` date DEFAULT NULL,
  `datee` date DEFAULT NULL,
  `datet` date DEFAULT NULL,
  `description` text COLLATE utf8_unicode_ci,
  `note_private` text COLLATE utf8_unicode_ci,
  `note_public` text COLLATE utf8_unicode_ci,
  `model_pdf` varchar(255) COLLATE utf8_unicode_ci DEFAULT NULL,
  `extraparams` varchar(255) COLLATE utf8_unicode_ci DEFAULT NULL,
  `ref_ext` varchar(255) COLLATE utf8_unicode_ci DEFAULT NULL,
  `last_main_doc` varchar(255) COLLATE utf8_unicode_ci DEFAULT NULL,
  `import_key` varchar(14) COLLATE utf8_unicode_ci DEFAULT NULL,
  PRIMARY KEY (`rowid`),
  UNIQUE KEY `uk_fichinter_ref` (`ref`,`entity`),
  KEY `idx_fichinter_fk_soc` (`fk_soc`),
  CONSTRAINT `fk_fichinter_fk_soc` FOREIGN KEY (`fk_soc`) REFERENCES `llx_societe` (`rowid`)
) ENGINE=InnoDB AUTO_INCREMENT=4 DEFAULT CHARSET=utf8 COLLATE=utf8_unicode_ci;

--
-- Dumping data for table `llx_fichinter`
--

INSERT INTO `llx_fichinter` VALUES (1,2,1,0,'FI1007-0001',1,'2018-01-22 17:39:37','2012-07-09 01:42:41','2018-01-22 18:39:37',NULL,1,NULL,12,1,10800,NULL,NULL,NULL,NULL,NULL,NULL,'soleil',NULL,NULL,NULL,NULL),(2,1,NULL,0,'FI1007-0002',1,'2014-12-08 13:11:07','2012-07-11 16:07:51',NULL,NULL,1,NULL,NULL,0,3600,NULL,NULL,NULL,'ferfrefeferf',NULL,NULL,'soleil',NULL,NULL,NULL,NULL),(3,2,NULL,0,'FI1511-0003',1,'2018-07-30 15:51:16','2017-11-18 15:57:34','2018-01-22 18:38:46',NULL,2,NULL,12,1,36000,NULL,NULL,NULL,NULL,NULL,NULL,'soleil',NULL,NULL,NULL,NULL);

--
-- Table structure for table `llx_fichinter_extrafields`
--

CREATE TABLE `llx_fichinter_extrafields` (
  `rowid` int(11) NOT NULL AUTO_INCREMENT,
  `tms` timestamp NOT NULL DEFAULT CURRENT_TIMESTAMP ON UPDATE CURRENT_TIMESTAMP,
  `fk_object` int(11) NOT NULL,
  `import_key` varchar(14) COLLATE utf8_unicode_ci DEFAULT NULL,
  PRIMARY KEY (`rowid`),
  KEY `idx_ficheinter_extrafields` (`fk_object`)
) ENGINE=InnoDB DEFAULT CHARSET=utf8 COLLATE=utf8_unicode_ci;

--
-- Dumping data for table `llx_fichinter_extrafields`
--


--
-- Table structure for table `llx_fichinterdet`
--

CREATE TABLE `llx_fichinterdet` (
  `rowid` int(11) NOT NULL AUTO_INCREMENT,
  `fk_fichinter` int(11) DEFAULT NULL,
  `fk_parent_line` int(11) DEFAULT NULL,
  `date` datetime DEFAULT NULL,
  `description` text COLLATE utf8_unicode_ci,
  `duree` int(11) DEFAULT NULL,
  `rang` int(11) DEFAULT '0',
  PRIMARY KEY (`rowid`),
  KEY `idx_fichinterdet_fk_fichinter` (`fk_fichinter`),
  CONSTRAINT `fk_fichinterdet_fk_fichinter` FOREIGN KEY (`fk_fichinter`) REFERENCES `llx_fichinter` (`rowid`)
) ENGINE=InnoDB AUTO_INCREMENT=7 DEFAULT CHARSET=utf8 COLLATE=utf8_unicode_ci;

--
-- Dumping data for table `llx_fichinterdet`
--

INSERT INTO `llx_fichinterdet` VALUES (1,1,NULL,'2012-07-07 04:00:00','Intervention sur site',3600,0),(2,1,NULL,'2012-07-08 11:00:00','Other actions on client site.',7200,0),(3,2,NULL,'2012-07-11 05:00:00','Pres',3600,0),(5,3,NULL,'2017-11-18 09:00:00','Intervention on building windows 1',32400,0),(6,3,NULL,'2018-01-22 00:00:00','Intervention on building windows 2',3600,0);

--
-- Table structure for table `llx_fichinterdet_extrafields`
--

CREATE TABLE `llx_fichinterdet_extrafields` (
  `rowid` int(11) NOT NULL AUTO_INCREMENT,
  `tms` timestamp NOT NULL DEFAULT CURRENT_TIMESTAMP ON UPDATE CURRENT_TIMESTAMP,
  `fk_object` int(11) NOT NULL,
  `import_key` varchar(14) COLLATE utf8_unicode_ci DEFAULT NULL,
  PRIMARY KEY (`rowid`),
  KEY `idx_ficheinterdet_extrafields` (`fk_object`)
) ENGINE=InnoDB DEFAULT CHARSET=utf8 COLLATE=utf8_unicode_ci;

--
-- Dumping data for table `llx_fichinterdet_extrafields`
--


--
-- Table structure for table `llx_holiday`
--

CREATE TABLE `llx_holiday` (
  `rowid` int(11) NOT NULL AUTO_INCREMENT,
  `fk_user` int(11) NOT NULL,
  `date_create` datetime NOT NULL,
  `description` varchar(255) COLLATE utf8_unicode_ci NOT NULL,
  `date_debut` date NOT NULL,
  `date_fin` date NOT NULL,
  `halfday` int(11) DEFAULT '0',
  `statut` int(11) NOT NULL DEFAULT '1',
  `fk_validator` int(11) NOT NULL,
  `date_valid` datetime DEFAULT NULL,
  `fk_user_valid` int(11) DEFAULT NULL,
  `date_refuse` datetime DEFAULT NULL,
  `fk_user_refuse` int(11) DEFAULT NULL,
  `date_cancel` datetime DEFAULT NULL,
  `fk_user_cancel` int(11) DEFAULT NULL,
  `detail_refuse` varchar(250) COLLATE utf8_unicode_ci DEFAULT NULL,
  `note_private` text COLLATE utf8_unicode_ci,
  `note_public` text COLLATE utf8_unicode_ci,
  `note` text COLLATE utf8_unicode_ci,
  `fk_user_create` int(11) DEFAULT NULL,
  `fk_type` int(11) NOT NULL DEFAULT '1',
  `tms` timestamp NOT NULL DEFAULT CURRENT_TIMESTAMP ON UPDATE CURRENT_TIMESTAMP,
  `entity` int(11) NOT NULL DEFAULT '1',
  `ref` varchar(30) COLLATE utf8_unicode_ci DEFAULT NULL,
  `ref_ext` varchar(255) COLLATE utf8_unicode_ci DEFAULT NULL,
  `import_key` varchar(14) COLLATE utf8_unicode_ci DEFAULT NULL,
  `extraparams` varchar(255) COLLATE utf8_unicode_ci DEFAULT NULL,
  `fk_user_modif` int(11) DEFAULT NULL,
  PRIMARY KEY (`rowid`),
  KEY `idx_holiday_fk_user` (`fk_user`),
  KEY `idx_holiday_date_debut` (`date_debut`),
  KEY `idx_holiday_date_fin` (`date_fin`),
  KEY `idx_holiday_fk_user_create` (`fk_user_create`),
  KEY `idx_holiday_date_create` (`date_create`),
  KEY `idx_holiday_fk_validator` (`fk_validator`),
  KEY `idx_holiday_entity` (`entity`)
) ENGINE=InnoDB AUTO_INCREMENT=4 DEFAULT CHARSET=utf8 COLLATE=utf8_unicode_ci;

--
-- Dumping data for table `llx_holiday`
--

INSERT INTO `llx_holiday` VALUES (1,1,'2015-02-17 19:06:35','gdf','2015-02-10','2015-02-11',0,3,1,'2015-02-17 19:06:57',1,NULL,NULL,NULL,NULL,NULL,NULL,NULL,NULL,NULL,1,'2018-11-23 11:57:26',1,'1',NULL,NULL,NULL,NULL),(2,12,'2018-01-22 19:10:01','','2018-01-04','2018-01-08',0,1,11,NULL,NULL,NULL,NULL,NULL,NULL,NULL,NULL,NULL,NULL,12,5,'2018-11-23 11:57:26',1,'2',NULL,NULL,NULL,NULL),(3,13,'2018-01-22 19:10:29','','2018-01-11','2018-01-13',0,2,11,NULL,NULL,NULL,NULL,NULL,NULL,NULL,NULL,NULL,NULL,12,5,'2018-11-23 11:57:26',1,'3',NULL,NULL,NULL,NULL);

--
-- Table structure for table `llx_holiday_config`
--

CREATE TABLE `llx_holiday_config` (
  `rowid` int(11) NOT NULL AUTO_INCREMENT,
  `name` varchar(128) COLLATE utf8_unicode_ci DEFAULT NULL,
  `value` text COLLATE utf8_unicode_ci,
  PRIMARY KEY (`rowid`),
  UNIQUE KEY `name` (`name`),
  UNIQUE KEY `idx_holiday_config` (`name`)
) ENGINE=InnoDB AUTO_INCREMENT=9 DEFAULT CHARSET=utf8 COLLATE=utf8_unicode_ci;

--
-- Dumping data for table `llx_holiday_config`
--

INSERT INTO `llx_holiday_config` VALUES (1,'userGroup','1'),(2,'lastUpdate','20170829181921'),(3,'nbUser',''),(4,'delayForRequest','31'),(5,'AlertValidatorDelay','0'),(6,'AlertValidatorSolde','0'),(7,'nbHolidayDeducted','1'),(8,'nbHolidayEveryMonth','2.08334');

--
-- Table structure for table `llx_holiday_logs`
--

CREATE TABLE `llx_holiday_logs` (
  `rowid` int(11) NOT NULL AUTO_INCREMENT,
  `date_action` datetime NOT NULL,
  `fk_user_action` int(11) NOT NULL,
  `fk_user_update` int(11) NOT NULL,
  `type_action` varchar(255) COLLATE utf8_unicode_ci NOT NULL,
  `prev_solde` varchar(255) COLLATE utf8_unicode_ci NOT NULL,
  `new_solde` varchar(255) COLLATE utf8_unicode_ci NOT NULL,
  `fk_type` int(11) NOT NULL DEFAULT '1',
  PRIMARY KEY (`rowid`)
) ENGINE=InnoDB AUTO_INCREMENT=195 DEFAULT CHARSET=utf8 COLLATE=utf8_unicode_ci;

--
-- Dumping data for table `llx_holiday_logs`
--

INSERT INTO `llx_holiday_logs` VALUES (1,'2015-01-17 21:03:15',1,1,'Event : Mise à jour mensuelle','0.00','2.08',1),(2,'2015-01-17 21:03:15',1,2,'Event : Mise à jour mensuelle','0.00','2.08',1),(3,'2015-01-17 21:03:15',1,3,'Event : Mise à jour mensuelle','0.00','2.08',1),(4,'2015-02-01 09:53:26',1,1,'Event : Mise à jour mensuelle','2.08','4.16',1),(5,'2015-02-01 09:53:26',1,2,'Event : Mise à jour mensuelle','2.08','4.16',1),(6,'2015-02-01 09:53:26',1,3,'Event : Mise à jour mensuelle','2.08','4.16',1),(7,'2015-02-01 09:53:26',1,1,'Event : Mise à jour mensuelle','4.17','6.25',1),(8,'2015-02-01 09:53:26',1,2,'Event : Mise à jour mensuelle','4.17','6.25',1),(9,'2015-02-01 09:53:26',1,3,'Event : Mise à jour mensuelle','4.17','6.25',1),(10,'2015-02-01 09:53:26',1,4,'Event : Mise à jour mensuelle','0.00','2.08',1),(11,'2015-02-01 09:53:31',1,1,'Event : Mise à jour mensuelle','6.25','8.33',1),(12,'2015-02-01 09:53:31',1,2,'Event : Mise à jour mensuelle','6.25','8.33',1),(13,'2015-02-01 09:53:31',1,3,'Event : Mise à jour mensuelle','6.25','8.33',1),(14,'2015-02-01 09:53:31',1,4,'Event : Mise à jour mensuelle','2.08','4.16',1),(15,'2015-02-01 09:53:31',1,1,'Event : Mise à jour mensuelle','8.33','10.41',1),(16,'2015-02-01 09:53:31',1,2,'Event : Mise à jour mensuelle','8.33','10.41',1),(17,'2015-02-01 09:53:31',1,3,'Event : Mise à jour mensuelle','8.33','10.41',1),(18,'2015-02-01 09:53:31',1,4,'Event : Mise à jour mensuelle','4.17','6.25',1),(19,'2015-02-01 09:53:33',1,1,'Event : Mise à jour mensuelle','10.42','12.50',1),(20,'2015-02-01 09:53:33',1,2,'Event : Mise à jour mensuelle','10.42','12.50',1),(21,'2015-02-01 09:53:33',1,3,'Event : Mise à jour mensuelle','10.42','12.50',1),(22,'2015-02-01 09:53:33',1,4,'Event : Mise à jour mensuelle','6.25','8.33',1),(23,'2015-02-01 09:53:34',1,1,'Event : Mise à jour mensuelle','12.50','14.58',1),(24,'2015-02-01 09:53:34',1,2,'Event : Mise à jour mensuelle','12.50','14.58',1),(25,'2015-02-01 09:53:34',1,3,'Event : Mise à jour mensuelle','12.50','14.58',1),(26,'2015-02-01 09:53:34',1,4,'Event : Mise à jour mensuelle','8.33','10.41',1),(27,'2015-02-01 09:53:34',1,1,'Event : Mise à jour mensuelle','14.58','16.66',1),(28,'2015-02-01 09:53:34',1,2,'Event : Mise à jour mensuelle','14.58','16.66',1),(29,'2015-02-01 09:53:34',1,3,'Event : Mise à jour mensuelle','14.58','16.66',1),(30,'2015-02-01 09:53:34',1,4,'Event : Mise à jour mensuelle','10.42','12.50',1),(31,'2015-02-01 09:53:36',1,1,'Event : Mise à jour mensuelle','16.67','18.75',1),(32,'2015-02-01 09:53:36',1,2,'Event : Mise à jour mensuelle','16.67','18.75',1),(33,'2015-02-01 09:53:36',1,3,'Event : Mise à jour mensuelle','16.67','18.75',1),(34,'2015-02-01 09:53:36',1,4,'Event : Mise à jour mensuelle','12.50','14.58',1),(35,'2015-02-01 09:53:36',1,1,'Event : Mise à jour mensuelle','18.75','20.83',1),(36,'2015-02-01 09:53:36',1,2,'Event : Mise à jour mensuelle','18.75','20.83',1),(37,'2015-02-01 09:53:36',1,3,'Event : Mise à jour mensuelle','18.75','20.83',1),(38,'2015-02-01 09:53:36',1,4,'Event : Mise à jour mensuelle','14.58','16.66',1),(39,'2015-02-01 09:53:37',1,1,'Event : Mise à jour mensuelle','20.83','22.91',1),(40,'2015-02-01 09:53:37',1,2,'Event : Mise à jour mensuelle','20.83','22.91',1),(41,'2015-02-01 09:53:37',1,3,'Event : Mise à jour mensuelle','20.83','22.91',1),(42,'2015-02-01 09:53:37',1,4,'Event : Mise à jour mensuelle','16.67','18.75',1),(43,'2015-02-01 09:53:37',1,1,'Event : Mise à jour mensuelle','22.92','25.00',1),(44,'2015-02-01 09:53:37',1,2,'Event : Mise à jour mensuelle','22.92','25.00',1),(45,'2015-02-01 09:53:37',1,3,'Event : Mise à jour mensuelle','22.92','25.00',1),(46,'2015-02-01 09:53:37',1,4,'Event : Mise à jour mensuelle','18.75','20.83',1),(47,'2015-02-01 09:53:44',1,1,'Event : Mise à jour mensuelle','25.00','27.08',1),(48,'2015-02-01 09:53:44',1,2,'Event : Mise à jour mensuelle','25.00','27.08',1),(49,'2015-02-01 09:53:44',1,3,'Event : Mise à jour mensuelle','25.00','27.08',1),(50,'2015-02-01 09:53:44',1,4,'Event : Mise à jour mensuelle','20.83','22.91',1),(51,'2015-02-01 09:53:47',1,1,'Event : Mise à jour mensuelle','27.08','29.16',1),(52,'2015-02-01 09:53:47',1,2,'Event : Mise à jour mensuelle','27.08','29.16',1),(53,'2015-02-01 09:53:47',1,3,'Event : Mise à jour mensuelle','27.08','29.16',1),(54,'2015-02-01 09:53:47',1,4,'Event : Mise à jour mensuelle','22.92','25.00',1),(55,'2015-02-01 09:53:47',1,1,'Event : Mise à jour mensuelle','29.17','31.25',1),(56,'2015-02-01 09:53:47',1,2,'Event : Mise à jour mensuelle','29.17','31.25',1),(57,'2015-02-01 09:53:47',1,3,'Event : Mise à jour mensuelle','29.17','31.25',1),(58,'2015-02-01 09:53:47',1,4,'Event : Mise à jour mensuelle','25.00','27.08',1),(59,'2015-02-01 09:53:49',1,1,'Event : Mise à jour mensuelle','31.25','33.33',1),(60,'2015-02-01 09:53:49',1,2,'Event : Mise à jour mensuelle','31.25','33.33',1),(61,'2015-02-01 09:53:49',1,3,'Event : Mise à jour mensuelle','31.25','33.33',1),(62,'2015-02-01 09:53:49',1,4,'Event : Mise à jour mensuelle','27.08','29.16',1),(63,'2015-02-01 09:53:52',1,1,'Event : Mise à jour mensuelle','33.33','35.41',1),(64,'2015-02-01 09:53:52',1,2,'Event : Mise à jour mensuelle','33.33','35.41',1),(65,'2015-02-01 09:53:52',1,3,'Event : Mise à jour mensuelle','33.33','35.41',1),(66,'2015-02-01 09:53:52',1,4,'Event : Mise à jour mensuelle','29.17','31.25',1),(67,'2015-02-01 09:53:52',1,1,'Event : Mise à jour mensuelle','35.42','37.50',1),(68,'2015-02-01 09:53:52',1,2,'Event : Mise à jour mensuelle','35.42','37.50',1),(69,'2015-02-01 09:53:52',1,3,'Event : Mise à jour mensuelle','35.42','37.50',1),(70,'2015-02-01 09:53:52',1,4,'Event : Mise à jour mensuelle','31.25','33.33',1),(71,'2015-02-01 09:53:53',1,1,'Event : Mise à jour mensuelle','37.50','39.58',1),(72,'2015-02-01 09:53:53',1,2,'Event : Mise à jour mensuelle','37.50','39.58',1),(73,'2015-02-01 09:53:53',1,3,'Event : Mise à jour mensuelle','37.50','39.58',1),(74,'2015-02-01 09:53:53',1,4,'Event : Mise à jour mensuelle','33.33','35.41',1),(75,'2015-02-01 09:53:54',1,1,'Event : Mise à jour mensuelle','39.58','41.66',1),(76,'2015-02-01 09:53:54',1,2,'Event : Mise à jour mensuelle','39.58','41.66',1),(77,'2015-02-01 09:53:54',1,3,'Event : Mise à jour mensuelle','39.58','41.66',1),(78,'2015-02-01 09:53:54',1,4,'Event : Mise à jour mensuelle','35.42','37.50',1),(79,'2015-02-01 09:53:54',1,1,'Event : Mise à jour mensuelle','41.67','43.75',1),(80,'2015-02-01 09:53:54',1,2,'Event : Mise à jour mensuelle','41.67','43.75',1),(81,'2015-02-01 09:53:54',1,3,'Event : Mise à jour mensuelle','41.67','43.75',1),(82,'2015-02-01 09:53:54',1,4,'Event : Mise à jour mensuelle','37.50','39.58',1),(83,'2015-02-01 09:55:49',1,1,'Event : Mise à jour mensuelle','43.75','45.83',1),(84,'2015-02-01 09:55:49',1,2,'Event : Mise à jour mensuelle','43.75','45.83',1),(85,'2015-02-01 09:55:49',1,3,'Event : Mise à jour mensuelle','43.75','45.83',1),(86,'2015-02-01 09:55:49',1,4,'Event : Mise à jour mensuelle','39.58','41.66',1),(87,'2015-02-01 09:55:56',1,1,'Event : Mise à jour mensuelle','45.83','47.91',1),(88,'2015-02-01 09:55:56',1,2,'Event : Mise à jour mensuelle','45.83','47.91',1),(89,'2015-02-01 09:55:56',1,3,'Event : Mise à jour mensuelle','45.83','47.91',1),(90,'2015-02-01 09:55:56',1,4,'Event : Mise à jour mensuelle','41.67','43.75',1),(91,'2015-02-01 09:56:01',1,1,'Event : Mise à jour mensuelle','47.92','50.00',1),(92,'2015-02-01 09:56:01',1,2,'Event : Mise à jour mensuelle','47.92','50.00',1),(93,'2015-02-01 09:56:01',1,3,'Event : Mise à jour mensuelle','47.92','50.00',1),(94,'2015-02-01 09:56:01',1,4,'Event : Mise à jour mensuelle','43.75','45.83',1),(95,'2015-02-01 09:56:01',1,1,'Event : Mise à jour mensuelle','50.00','52.08',1),(96,'2015-02-01 09:56:01',1,2,'Event : Mise à jour mensuelle','50.00','52.08',1),(97,'2015-02-01 09:56:01',1,3,'Event : Mise à jour mensuelle','50.00','52.08',1),(98,'2015-02-01 09:56:01',1,4,'Event : Mise à jour mensuelle','45.83','47.91',1),(99,'2015-02-01 09:56:03',1,1,'Event : Mise à jour mensuelle','52.08','54.16',1),(100,'2015-02-01 09:56:03',1,2,'Event : Mise à jour mensuelle','52.08','54.16',1),(101,'2015-02-01 09:56:03',1,3,'Event : Mise à jour mensuelle','52.08','54.16',1),(102,'2015-02-01 09:56:03',1,4,'Event : Mise à jour mensuelle','47.92','50.00',1),(103,'2015-02-01 09:56:03',1,1,'Event : Mise à jour mensuelle','54.17','56.25',1),(104,'2015-02-01 09:56:03',1,2,'Event : Mise à jour mensuelle','54.17','56.25',1),(105,'2015-02-01 09:56:03',1,3,'Event : Mise à jour mensuelle','54.17','56.25',1),(106,'2015-02-01 09:56:03',1,4,'Event : Mise à jour mensuelle','50.00','52.08',1),(107,'2015-02-01 09:56:05',1,1,'Event : Mise à jour mensuelle','56.25','58.33',1),(108,'2015-02-01 09:56:05',1,2,'Event : Mise à jour mensuelle','56.25','58.33',1),(109,'2015-02-01 09:56:05',1,3,'Event : Mise à jour mensuelle','56.25','58.33',1),(110,'2015-02-01 09:56:05',1,4,'Event : Mise à jour mensuelle','52.08','54.16',1),(111,'2015-02-01 09:56:06',1,1,'Event : Mise à jour mensuelle','58.33','60.41',1),(112,'2015-02-01 09:56:06',1,2,'Event : Mise à jour mensuelle','58.33','60.41',1),(113,'2015-02-01 09:56:06',1,3,'Event : Mise à jour mensuelle','58.33','60.41',1),(114,'2015-02-01 09:56:06',1,4,'Event : Mise à jour mensuelle','54.17','56.25',1),(115,'2015-02-01 09:56:06',1,1,'Event : Mise à jour mensuelle','60.42','62.50',1),(116,'2015-02-01 09:56:06',1,2,'Event : Mise à jour mensuelle','60.42','62.50',1),(117,'2015-02-01 09:56:06',1,3,'Event : Mise à jour mensuelle','60.42','62.50',1),(118,'2015-02-01 09:56:06',1,4,'Event : Mise à jour mensuelle','56.25','58.33',1),(119,'2015-02-01 09:56:07',1,1,'Event : Mise à jour mensuelle','62.50','64.58',1),(120,'2015-02-01 09:56:07',1,2,'Event : Mise à jour mensuelle','62.50','64.58',1),(121,'2015-02-01 09:56:07',1,3,'Event : Mise à jour mensuelle','62.50','64.58',1),(122,'2015-02-01 09:56:07',1,4,'Event : Mise à jour mensuelle','58.33','60.41',1),(123,'2015-02-01 09:56:07',1,1,'Event : Mise à jour mensuelle','64.58','66.66',1),(124,'2015-02-01 09:56:07',1,2,'Event : Mise à jour mensuelle','64.58','66.66',1),(125,'2015-02-01 09:56:07',1,3,'Event : Mise à jour mensuelle','64.58','66.66',1),(126,'2015-02-01 09:56:07',1,4,'Event : Mise à jour mensuelle','60.42','62.50',1),(127,'2015-02-01 09:56:50',1,1,'Event : Mise à jour mensuelle','66.67','68.75',1),(128,'2015-02-01 09:56:50',1,2,'Event : Mise à jour mensuelle','66.67','68.75',1),(129,'2015-02-01 09:56:50',1,3,'Event : Mise à jour mensuelle','66.67','68.75',1),(130,'2015-02-01 09:56:50',1,4,'Event : Mise à jour mensuelle','62.50','64.58',1),(131,'2015-02-01 09:56:50',1,1,'Event : Mise à jour mensuelle','68.75','70.83',1),(132,'2015-02-01 09:56:50',1,2,'Event : Mise à jour mensuelle','68.75','70.83',1),(133,'2015-02-01 09:56:50',1,3,'Event : Mise à jour mensuelle','68.75','70.83',1),(134,'2015-02-01 09:56:50',1,4,'Event : Mise à jour mensuelle','64.58','66.66',1),(135,'2015-02-17 18:49:21',1,1,'Event : Mise à jour mensuelle','70.83','72.91',1),(136,'2015-02-17 18:49:21',1,2,'Event : Mise à jour mensuelle','70.83','72.91',1),(137,'2015-02-17 18:49:21',1,3,'Event : Mise à jour mensuelle','70.83','72.91',1),(138,'2015-02-17 18:49:21',1,4,'Event : Mise à jour mensuelle','66.67','68.75',1),(139,'2015-02-17 19:06:57',1,1,'Event : Holiday','72.92','71.92',1),(140,'2015-03-01 23:12:31',1,1,'Event : Mise à jour mensuelle','71.92','74.00',1),(141,'2015-03-01 23:12:31',1,2,'Event : Mise à jour mensuelle','72.92','75.00',1),(142,'2015-03-01 23:12:31',1,3,'Event : Mise à jour mensuelle','72.92','75.00',1),(143,'2015-03-01 23:12:31',1,4,'Event : Mise à jour mensuelle','68.75','70.83',1),(145,'2017-07-19 15:44:57',1,1,'Monthly update','0','2.08334',4),(146,'2017-07-19 15:44:57',1,2,'Monthly update','0','2.08334',4),(147,'2017-07-19 15:44:57',1,3,'Monthly update','0','2.08334',4),(148,'2017-07-19 15:44:57',1,4,'Monthly update','0','2.08334',4),(151,'2017-07-19 15:44:57',1,1,'Monthly update','0','2.08334',5),(152,'2017-07-19 15:44:57',1,2,'Monthly update','0','2.08334',5),(153,'2017-07-19 15:44:57',1,3,'Monthly update','0','2.08334',5),(154,'2017-07-19 15:44:57',1,4,'Monthly update','0','2.08334',5),(157,'2017-07-19 15:44:57',1,1,'Monthly update','0','2.08334',9),(158,'2017-07-19 15:44:57',1,2,'Monthly update','0','2.08334',9),(159,'2017-07-19 15:44:57',1,3,'Monthly update','0','2.08334',9),(160,'2017-07-19 15:44:57',1,4,'Monthly update','0','2.08334',9),(163,'2018-01-22 18:59:06',12,1,'Monthly update','0','2.08334',4),(164,'2018-01-22 18:59:06',12,2,'Monthly update','0','2.08334',4),(165,'2018-01-22 18:59:06',12,3,'Monthly update','0','2.08334',4),(166,'2018-01-22 18:59:06',12,4,'Monthly update','0','2.08334',4),(168,'2018-01-22 18:59:06',12,1,'Monthly update','0','2.08334',5),(169,'2018-01-22 18:59:06',12,2,'Monthly update','0','2.08334',5),(170,'2018-01-22 18:59:06',12,3,'Monthly update','0','2.08334',5),(171,'2018-01-22 18:59:06',12,4,'Monthly update','0','2.08334',5),(173,'2018-01-22 18:59:06',12,1,'Monthly update','0','2.08334',9),(174,'2018-01-22 18:59:06',12,2,'Monthly update','0','2.08334',9),(175,'2018-01-22 18:59:06',12,3,'Monthly update','0','2.08334',9),(176,'2018-01-22 18:59:06',12,4,'Monthly update','0','2.08334',9),(178,'2018-01-22 18:59:38',12,18,'Manual update','0','10',5),(179,'2018-01-22 18:59:42',12,16,'Manual update','0','10',5),(180,'2018-01-22 18:59:45',12,12,'Manual update','0','10',5),(181,'2018-01-22 18:59:49',12,1,'Manual update','0','10',5),(182,'2018-01-22 18:59:52',12,2,'Manual update','0','10',5),(183,'2018-01-22 18:59:55',12,3,'Manual update','0','5',5),(184,'2018-07-30 19:45:49',12,1,'Manual update','0','25',3),(185,'2018-07-30 19:45:52',12,2,'Manual update','0','23',3),(186,'2018-07-30 19:45:54',12,3,'Manual update','0','10',3),(187,'2018-07-30 19:45:57',12,4,'Manual update','0','-4',3),(188,'2018-07-30 19:46:02',12,10,'Manual update','0','20',3),(189,'2018-07-30 19:46:04',12,11,'Manual update','0','30',3),(190,'2018-07-30 19:46:07',12,12,'Manual update','0','15',3),(191,'2018-07-30 19:46:09',12,13,'Manual update','0','11',3),(192,'2018-07-30 19:46:12',12,14,'Manual update','0','4',3),(193,'2018-07-30 19:46:14',12,16,'Manual update','0','5',3),(194,'2018-07-30 19:46:16',12,18,'Manual update','0','22',3);

--
-- Table structure for table `llx_holiday_users`
--

CREATE TABLE `llx_holiday_users` (
  `fk_user` int(11) NOT NULL,
  `nb_holiday` double NOT NULL DEFAULT '0',
  `fk_type` int(11) NOT NULL DEFAULT '1',
  UNIQUE KEY `uk_holiday_users` (`fk_user`,`fk_type`,`nb_holiday`)
) ENGINE=InnoDB DEFAULT CHARSET=utf8 COLLATE=utf8_unicode_ci;

--
-- Dumping data for table `llx_holiday_users`
--

INSERT INTO `llx_holiday_users` VALUES (0,0,1),(1,74.00334000000001,1),(1,25,3),(1,10,5),(2,75.00024000000003,1),(2,23,3),(2,10,5),(3,75.00024000000003,1),(3,10,3),(3,5,5),(4,70.83356000000002,1),(4,-4,3),(5,2.08334,1),(6,0,1),(10,20,3),(11,30,3),(12,15,3),(12,10,5),(13,11,3),(14,4,3),(16,5,3),(16,10,5),(18,22,3),(18,10,5);

--
-- Table structure for table `llx_import_model`
--

CREATE TABLE `llx_import_model` (
  `rowid` int(11) NOT NULL AUTO_INCREMENT,
  `fk_user` int(11) NOT NULL DEFAULT '0',
  `label` varchar(50) COLLATE utf8_unicode_ci NOT NULL,
  `type` varchar(50) COLLATE utf8_unicode_ci DEFAULT NULL,
  `field` text COLLATE utf8_unicode_ci NOT NULL,
  PRIMARY KEY (`rowid`),
  UNIQUE KEY `uk_import_model` (`label`,`type`)
) ENGINE=InnoDB DEFAULT CHARSET=utf8 COLLATE=utf8_unicode_ci;

--
-- Dumping data for table `llx_import_model`
--


--
-- Table structure for table `llx_inventory`
--

CREATE TABLE `llx_inventory` (
  `rowid` int(11) NOT NULL AUTO_INCREMENT,
  `ref` varchar(64) COLLATE utf8_unicode_ci NOT NULL,
  `entity` int(11) NOT NULL DEFAULT '1',
  `fk_warehouse` int(11) DEFAULT NULL,
  `date_inventory` date DEFAULT NULL,
  `title` varchar(255) COLLATE utf8_unicode_ci DEFAULT NULL,
  `status` int(11) DEFAULT NULL,
  `date_creation` datetime DEFAULT NULL,
  `date_validation` datetime DEFAULT NULL,
  `tms` timestamp NOT NULL DEFAULT CURRENT_TIMESTAMP ON UPDATE CURRENT_TIMESTAMP,
  `fk_user_creat` int(11) DEFAULT NULL,
  `fk_user_modif` int(11) DEFAULT NULL,
  `fk_user_valid` int(11) DEFAULT NULL,
  `import_key` varchar(14) COLLATE utf8_unicode_ci DEFAULT NULL,
  `datec` datetime DEFAULT NULL,
  `fk_product` int(11) DEFAULT NULL,
  PRIMARY KEY (`rowid`),
  UNIQUE KEY `uk_inventory_ref` (`ref`,`entity`),
  KEY `idx_inventory_rowid` (`rowid`),
  KEY `idx_inventory_ref` (`ref`),
  KEY `idx_inventory_entity` (`entity`),
  KEY `idx_inventory_fk_warehouse` (`fk_warehouse`),
  KEY `idx_inventory_status` (`status`),
  KEY `idx_inventory_import_key` (`import_key`),
  KEY `idx_inventory_tms` (`tms`),
  KEY `idx_inventory_datec` (`datec`)
) ENGINE=InnoDB DEFAULT CHARSET=utf8 COLLATE=utf8_unicode_ci;

--
-- Dumping data for table `llx_inventory`
--


--
-- Table structure for table `llx_inventory_extrafields`
--

CREATE TABLE `llx_inventory_extrafields` (
  `rowid` int(11) NOT NULL AUTO_INCREMENT,
  `tms` timestamp NOT NULL DEFAULT CURRENT_TIMESTAMP ON UPDATE CURRENT_TIMESTAMP,
  `fk_object` int(11) NOT NULL,
  `import_key` varchar(14) COLLATE utf8_unicode_ci DEFAULT NULL,
  PRIMARY KEY (`rowid`)
) ENGINE=InnoDB DEFAULT CHARSET=utf8 COLLATE=utf8_unicode_ci;

--
-- Dumping data for table `llx_inventory_extrafields`
--


--
-- Table structure for table `llx_inventorydet`
--

CREATE TABLE `llx_inventorydet` (
  `rowid` int(11) NOT NULL AUTO_INCREMENT,
  `datec` datetime DEFAULT NULL,
  `tms` timestamp NOT NULL DEFAULT CURRENT_TIMESTAMP ON UPDATE CURRENT_TIMESTAMP,
  `fk_inventory` int(11) DEFAULT '0',
  `fk_warehouse` int(11) DEFAULT '0',
  `fk_product` int(11) DEFAULT '0',
  `batch` varchar(30) COLLATE utf8_unicode_ci DEFAULT NULL,
  `qty_view` double DEFAULT NULL,
  `qty_stock` double DEFAULT NULL,
  `qty_regulated` double DEFAULT NULL,
  `pmp` double DEFAULT '0',
  `pa` double DEFAULT '0',
  `new_pmp` double DEFAULT '0',
  PRIMARY KEY (`rowid`),
  KEY `idx_inventorydet_tms` (`tms`),
  KEY `idx_inventorydet_datec` (`datec`),
  KEY `idx_inventorydet_fk_inventory` (`fk_inventory`)
) ENGINE=InnoDB DEFAULT CHARSET=utf8 COLLATE=utf8_unicode_ci;

--
-- Dumping data for table `llx_inventorydet`
--


--
-- Table structure for table `llx_lead`
--

CREATE TABLE `llx_lead` (
  `rowid` int(11) NOT NULL AUTO_INCREMENT,
  `ref` varchar(50) COLLATE utf8_unicode_ci NOT NULL,
  `entity` int(11) NOT NULL DEFAULT '0',
  `ref_ext` mediumtext COLLATE utf8_unicode_ci,
  `ref_int` mediumtext COLLATE utf8_unicode_ci,
  `fk_soc` int(11) NOT NULL,
  `fk_c_status` int(11) NOT NULL,
  `fk_c_type` int(11) NOT NULL,
  `date_closure` datetime NOT NULL,
  `amount_prosp` double(24,8) NOT NULL,
  `fk_user_resp` int(11) NOT NULL,
  `description` mediumtext COLLATE utf8_unicode_ci,
  `note_public` mediumtext COLLATE utf8_unicode_ci,
  `note_private` mediumtext COLLATE utf8_unicode_ci,
  `fk_user_author` int(11) NOT NULL,
  `datec` datetime NOT NULL,
  `fk_user_mod` int(11) NOT NULL,
  `tms` timestamp NOT NULL DEFAULT CURRENT_TIMESTAMP ON UPDATE CURRENT_TIMESTAMP,
  PRIMARY KEY (`rowid`),
  KEY `idx_llx_lead_fk_c_status` (`fk_c_status`),
  KEY `idx_llx_lead_fk_c_type` (`fk_c_type`),
  KEY `idx_llx_lead_fk_soc` (`fk_soc`)
) ENGINE=InnoDB AUTO_INCREMENT=2 DEFAULT CHARSET=utf8 COLLATE=utf8_unicode_ci;

--
-- Dumping data for table `llx_lead`
--

INSERT INTO `llx_lead` VALUES (1,'LEA-1506-0001',1,NULL,'50',27,6,1,'2017-07-27 00:00:00',2000.00000000,1,NULL,NULL,NULL,1,'2017-06-27 13:44:33',1,'2017-06-27 21:53:05');

--
-- Table structure for table `llx_lead_extrafields`
--

CREATE TABLE `llx_lead_extrafields` (
  `rowid` int(11) NOT NULL AUTO_INCREMENT,
  `tms` timestamp NOT NULL DEFAULT CURRENT_TIMESTAMP ON UPDATE CURRENT_TIMESTAMP,
  `fk_object` int(11) NOT NULL,
  `import_key` varchar(14) COLLATE utf8_unicode_ci DEFAULT NULL,
  PRIMARY KEY (`rowid`),
  KEY `idxlead_extrafields` (`fk_object`)
) ENGINE=InnoDB DEFAULT CHARSET=utf8 COLLATE=utf8_unicode_ci;

--
-- Dumping data for table `llx_lead_extrafields`
--


--
-- Table structure for table `llx_links`
--

CREATE TABLE `llx_links` (
  `rowid` int(11) NOT NULL AUTO_INCREMENT,
  `entity` int(11) NOT NULL DEFAULT '1',
  `datea` datetime NOT NULL,
  `url` varchar(255) COLLATE utf8_unicode_ci NOT NULL,
  `label` varchar(255) COLLATE utf8_unicode_ci NOT NULL,
  `objecttype` varchar(255) COLLATE utf8_unicode_ci NOT NULL,
  `objectid` int(11) NOT NULL,
  PRIMARY KEY (`rowid`),
  UNIQUE KEY `uk_links` (`objectid`,`label`)
) ENGINE=InnoDB AUTO_INCREMENT=5 DEFAULT CHARSET=utf8 COLLATE=utf8_unicode_ci;

--
-- Dumping data for table `llx_links`
--

INSERT INTO `llx_links` VALUES (1,1,'2018-01-16 16:45:35','http://www.dolicloud.com','The DoliCoud service','societe',10),(2,1,'2018-01-16 17:14:35','https://www.dolistore.com/en/tools-documentation/12-SVG-file-for-85cm-x-200cm-rollup.html','Link to rollup file on dolistore.com','product',11),(3,1,'2018-01-22 17:40:23','http://www.nltechno.com','NLtechno portal','societe',10),(4,1,'2018-01-22 18:32:31','https://play.google.com/store/apps/details?id=com.nltechno.dolidroidpro','Link on Google Play','product',5);

--
-- Table structure for table `llx_livraison`
--

CREATE TABLE `llx_livraison` (
  `rowid` int(11) NOT NULL AUTO_INCREMENT,
  `tms` timestamp NOT NULL DEFAULT CURRENT_TIMESTAMP ON UPDATE CURRENT_TIMESTAMP,
  `ref` varchar(30) COLLATE utf8_unicode_ci NOT NULL,
  `entity` int(11) NOT NULL DEFAULT '1',
  `ref_customer` varchar(30) COLLATE utf8_unicode_ci DEFAULT NULL,
  `fk_soc` int(11) NOT NULL,
  `ref_ext` varchar(255) COLLATE utf8_unicode_ci DEFAULT NULL,
  `ref_int` varchar(30) COLLATE utf8_unicode_ci DEFAULT NULL,
  `date_creation` datetime DEFAULT NULL,
  `fk_user_author` int(11) DEFAULT NULL,
  `date_valid` datetime DEFAULT NULL,
  `fk_user_valid` int(11) DEFAULT NULL,
  `date_delivery` datetime DEFAULT NULL,
  `fk_address` int(11) DEFAULT NULL,
  `fk_statut` smallint(6) DEFAULT '0',
  `total_ht` double(24,8) DEFAULT '0.00000000',
  `note_private` text COLLATE utf8_unicode_ci,
  `note_public` text COLLATE utf8_unicode_ci,
  `model_pdf` varchar(255) COLLATE utf8_unicode_ci DEFAULT NULL,
  `fk_incoterms` int(11) DEFAULT NULL,
  `location_incoterms` varchar(255) COLLATE utf8_unicode_ci DEFAULT NULL,
  `last_main_doc` varchar(255) COLLATE utf8_unicode_ci DEFAULT NULL,
  `import_key` varchar(14) COLLATE utf8_unicode_ci DEFAULT NULL,
  `extraparams` varchar(255) COLLATE utf8_unicode_ci DEFAULT NULL,
  PRIMARY KEY (`rowid`),
  UNIQUE KEY `idx_livraison_uk_ref` (`ref`,`entity`),
  KEY `idx_livraison_fk_soc` (`fk_soc`),
  KEY `idx_livraison_fk_user_author` (`fk_user_author`),
  KEY `idx_livraison_fk_user_valid` (`fk_user_valid`),
  CONSTRAINT `fk_livraison_fk_soc` FOREIGN KEY (`fk_soc`) REFERENCES `llx_societe` (`rowid`),
  CONSTRAINT `fk_livraison_fk_user_author` FOREIGN KEY (`fk_user_author`) REFERENCES `llx_user` (`rowid`),
  CONSTRAINT `fk_livraison_fk_user_valid` FOREIGN KEY (`fk_user_valid`) REFERENCES `llx_user` (`rowid`)
) ENGINE=InnoDB DEFAULT CHARSET=utf8 COLLATE=utf8_unicode_ci;

--
-- Dumping data for table `llx_livraison`
--


--
-- Table structure for table `llx_livraison_extrafields`
--

CREATE TABLE `llx_livraison_extrafields` (
  `rowid` int(11) NOT NULL AUTO_INCREMENT,
  `tms` timestamp NOT NULL DEFAULT CURRENT_TIMESTAMP ON UPDATE CURRENT_TIMESTAMP,
  `fk_object` int(11) NOT NULL,
  `import_key` varchar(14) COLLATE utf8_unicode_ci DEFAULT NULL,
  PRIMARY KEY (`rowid`),
  KEY `idx_livraison_extrafields` (`fk_object`)
) ENGINE=InnoDB DEFAULT CHARSET=utf8 COLLATE=utf8_unicode_ci;

--
-- Dumping data for table `llx_livraison_extrafields`
--


--
-- Table structure for table `llx_livraisondet`
--

CREATE TABLE `llx_livraisondet` (
  `rowid` int(11) NOT NULL AUTO_INCREMENT,
  `fk_livraison` int(11) DEFAULT NULL,
  `fk_origin_line` int(11) DEFAULT NULL,
  `fk_product` int(11) DEFAULT NULL,
  `description` text COLLATE utf8_unicode_ci,
  `qty` double DEFAULT NULL,
  `subprice` double(24,8) DEFAULT '0.00000000',
  `total_ht` double(24,8) DEFAULT '0.00000000',
  `rang` int(11) DEFAULT '0',
  PRIMARY KEY (`rowid`),
  KEY `idx_livraisondet_fk_expedition` (`fk_livraison`),
  CONSTRAINT `fk_livraisondet_fk_livraison` FOREIGN KEY (`fk_livraison`) REFERENCES `llx_livraison` (`rowid`)
) ENGINE=InnoDB DEFAULT CHARSET=utf8 COLLATE=utf8_unicode_ci;

--
-- Dumping data for table `llx_livraisondet`
--


--
-- Table structure for table `llx_livraisondet_extrafields`
--

CREATE TABLE `llx_livraisondet_extrafields` (
  `rowid` int(11) NOT NULL AUTO_INCREMENT,
  `tms` timestamp NOT NULL DEFAULT CURRENT_TIMESTAMP ON UPDATE CURRENT_TIMESTAMP,
  `fk_object` int(11) NOT NULL,
  `import_key` varchar(14) COLLATE utf8_unicode_ci DEFAULT NULL,
  PRIMARY KEY (`rowid`),
  KEY `idx_livraisondet_extrafields` (`fk_object`)
) ENGINE=InnoDB DEFAULT CHARSET=utf8 COLLATE=utf8_unicode_ci;

--
-- Dumping data for table `llx_livraisondet_extrafields`
--


--
-- Table structure for table `llx_loan`
--

CREATE TABLE `llx_loan` (
  `rowid` int(11) NOT NULL AUTO_INCREMENT,
  `entity` int(11) NOT NULL DEFAULT '1',
  `datec` datetime DEFAULT NULL,
  `tms` timestamp NOT NULL DEFAULT CURRENT_TIMESTAMP ON UPDATE CURRENT_TIMESTAMP,
  `label` varchar(80) COLLATE utf8_unicode_ci NOT NULL,
  `fk_bank` int(11) DEFAULT NULL,
  `capital` double(24,8) DEFAULT NULL,
  `datestart` date DEFAULT NULL,
  `dateend` date DEFAULT NULL,
  `nbterm` double DEFAULT NULL,
  `rate` double NOT NULL,
  `note_private` text COLLATE utf8_unicode_ci,
  `note_public` text COLLATE utf8_unicode_ci,
  `capital_position` double(24,8) DEFAULT NULL,
  `date_position` date DEFAULT NULL,
  `paid` smallint(6) NOT NULL DEFAULT '0',
  `accountancy_account_capital` varchar(32) COLLATE utf8_unicode_ci DEFAULT NULL,
  `accountancy_account_insurance` varchar(32) COLLATE utf8_unicode_ci DEFAULT NULL,
  `accountancy_account_interest` varchar(32) COLLATE utf8_unicode_ci DEFAULT NULL,
  `fk_user_author` int(11) DEFAULT NULL,
  `fk_user_modif` int(11) DEFAULT NULL,
  `active` tinyint(4) NOT NULL DEFAULT '1',
  `fk_projet` int(11) DEFAULT NULL,
  PRIMARY KEY (`rowid`)
) ENGINE=InnoDB DEFAULT CHARSET=utf8 COLLATE=utf8_unicode_ci;

--
-- Dumping data for table `llx_loan`
--


--
-- Table structure for table `llx_loan_schedule`
--

CREATE TABLE `llx_loan_schedule` (
  `rowid` int(11) NOT NULL AUTO_INCREMENT,
  `fk_loan` int(11) DEFAULT NULL,
  `datec` datetime DEFAULT NULL,
  `tms` timestamp NOT NULL DEFAULT CURRENT_TIMESTAMP ON UPDATE CURRENT_TIMESTAMP,
  `datep` datetime DEFAULT NULL,
  `amount_capital` double(24,8) DEFAULT NULL,
  `amount_insurance` double(24,8) DEFAULT NULL,
  `amount_interest` double(24,8) DEFAULT NULL,
  `fk_typepayment` int(11) NOT NULL,
  `num_payment` varchar(50) COLLATE utf8_unicode_ci DEFAULT NULL,
  `note_private` text COLLATE utf8_unicode_ci,
  `note_public` text COLLATE utf8_unicode_ci,
  `fk_bank` int(11) NOT NULL,
  `fk_user_creat` int(11) DEFAULT NULL,
  `fk_user_modif` int(11) DEFAULT NULL,
  PRIMARY KEY (`rowid`)
) ENGINE=InnoDB DEFAULT CHARSET=utf8 COLLATE=utf8_unicode_ci;

--
-- Dumping data for table `llx_loan_schedule`
--


--
-- Table structure for table `llx_localtax`
--

CREATE TABLE `llx_localtax` (
  `rowid` int(11) NOT NULL AUTO_INCREMENT,
  `entity` int(11) NOT NULL DEFAULT '1',
  `localtaxtype` tinyint(4) DEFAULT NULL,
  `tms` timestamp NOT NULL DEFAULT CURRENT_TIMESTAMP ON UPDATE CURRENT_TIMESTAMP,
  `datep` date DEFAULT NULL,
  `datev` date DEFAULT NULL,
  `amount` double NOT NULL DEFAULT '0',
  `label` varchar(255) COLLATE utf8_unicode_ci DEFAULT NULL,
  `note` text COLLATE utf8_unicode_ci,
  `fk_bank` int(11) DEFAULT NULL,
  `fk_user_creat` int(11) DEFAULT NULL,
  `fk_user_modif` int(11) DEFAULT NULL,
  PRIMARY KEY (`rowid`)
) ENGINE=InnoDB DEFAULT CHARSET=utf8 COLLATE=utf8_unicode_ci;

--
-- Dumping data for table `llx_localtax`
--


--
-- Table structure for table `llx_mailing`
--

CREATE TABLE `llx_mailing` (
  `rowid` int(11) NOT NULL AUTO_INCREMENT,
  `statut` smallint(6) DEFAULT '0',
  `titre` varchar(128) COLLATE utf8_unicode_ci DEFAULT NULL,
  `entity` int(11) NOT NULL DEFAULT '1',
  `sujet` varchar(128) COLLATE utf8_unicode_ci DEFAULT NULL,
  `body` mediumtext COLLATE utf8_unicode_ci,
  `bgcolor` varchar(8) COLLATE utf8_unicode_ci DEFAULT NULL,
  `bgimage` varchar(255) COLLATE utf8_unicode_ci DEFAULT NULL,
  `cible` varchar(60) COLLATE utf8_unicode_ci DEFAULT NULL,
  `nbemail` int(11) DEFAULT NULL,
  `email_from` varchar(160) COLLATE utf8_unicode_ci DEFAULT NULL,
  `email_replyto` varchar(160) COLLATE utf8_unicode_ci DEFAULT NULL,
  `email_errorsto` varchar(160) COLLATE utf8_unicode_ci DEFAULT NULL,
  `tag` varchar(128) COLLATE utf8_unicode_ci DEFAULT NULL,
  `date_creat` datetime DEFAULT NULL,
  `date_valid` datetime DEFAULT NULL,
  `date_appro` datetime DEFAULT NULL,
  `date_envoi` datetime DEFAULT NULL,
  `fk_user_creat` int(11) DEFAULT NULL,
  `fk_user_valid` int(11) DEFAULT NULL,
  `fk_user_appro` int(11) DEFAULT NULL,
  `joined_file1` varchar(255) COLLATE utf8_unicode_ci DEFAULT NULL,
  `joined_file2` varchar(255) COLLATE utf8_unicode_ci DEFAULT NULL,
  `joined_file3` varchar(255) COLLATE utf8_unicode_ci DEFAULT NULL,
  `joined_file4` varchar(255) COLLATE utf8_unicode_ci DEFAULT NULL,
  `extraparams` varchar(255) COLLATE utf8_unicode_ci DEFAULT NULL,
  PRIMARY KEY (`rowid`)
) ENGINE=InnoDB AUTO_INCREMENT=6 DEFAULT CHARSET=utf8 COLLATE=utf8_unicode_ci;

--
-- Dumping data for table `llx_mailing`
--

INSERT INTO `llx_mailing` VALUES (3,2,'Commercial emailing January',1,'Buy my product','<div style=\"text-align: center; background: #220044\"><span style=\"color:#FFFFFF\"><strong><span style=\"font-size:18px\"><img alt=\"\" src=\"/dolibarr_4.0/htdocs/viewimage.php?modulepart=medias&file=image/myimagesforemailing/dolicloud_logo_white.png\" style=\"height:80px; width:260px\" /></span></strong></span><br />\r\n<a href=\"http://www.facebook.com\" target=\"_new\"><img alt=\"Seguici su facebook\" src=\"https://mosaico.io/templates/versafluid/img/social/facebook.png\" style=\"height:24px; padding:0px 5px 0px 5px; width:24px\" /></a><a href=\"http://www.twitter.com\" target=\"_new\"><img alt=\"Seguici su twitter\" src=\"https://mosaico.io/templates/versafluid/img/social/twitter.png\" style=\"height:24px; padding:0px 5px; width:24px\" /></a><a href=\"http://plus.google.com\" target=\"_new\"><img alt=\"Seguici su G+\" src=\"https://mosaico.io/templates/versafluid/img/social/google-plus.png\" style=\"height:24px; padding:0px 5px; width:24px\" /></a><a href=\"http://www.linkedin.com\" target=\"_new\"><img alt=\"Seguici su linkedin\" src=\"https://mosaico.io/templates/versafluid/img/social/linkedin.png\" style=\"height:24px; padding:0px 5px; width:24px\" /></a></div>\r\n\r\n<table style=\"background:#ffffff; border:0; margin:0; padding:5px; text-align:center; width:100%\">\r\n	<tbody>\r\n		<tr>\r\n			<td>\r\n			<table cellpadding=\"0\" cellspacing=\"0\" style=\"background:#ffffff; border:0; margin:0; padding:5px; width:100%\">\r\n				<tbody>\r\n					<tr>\r\n						<td>\r\n						<table border=\"0\" style=\"background:#ffffff; border:0; margin:0; padding:5px; width:100%\">\r\n							<tbody>\r\n								<tr>\r\n									<td>\r\n									<table border=\"0\" cellpadding=\"0\" cellspacing=\"0\" style=\"background:#ffffff; border:0; margin:0; padding:5px; width:100%\">\r\n										<tbody>\r\n											<tr>\r\n												<td>\r\n												<p style=\"text-align:center\"><span style=\"font-size:16px\"><strong>DoliCloud</strong> is the service to provide you a web hosting solution of Dolibarr ERP CRM in one click. Just enter your email to create your instance and you are ready to work. Backup and full access is to data (SFTP, Mysql) are provided.</span></p>\r\n												</td>\r\n											</tr>\r\n										</tbody>\r\n									</table>\r\n									</td>\r\n								</tr>\r\n								<tr>\r\n									<td>\r\n									<table style=\"background:#ffffff; border:0; margin:0; padding:5px; width:100%\">\r\n										<tbody>\r\n											<tr>\r\n												<td>\r\n												<table align=\"center\" border=\"0\" cellpadding=\"0\" cellspacing=\"0\" class=\"responsive-table\" style=\"width:100%\">\r\n													<tbody>\r\n														<tr>\r\n															<td style=\"text-align:center\"><a class=\"mobile-button\" href=\"https://www.on.dolicloud.com/signUp/index?origin=dolicloudhome&planCode=basic\" style=\"display: inline-block; font-size: 18px; font-family: Helvetica, Arial, sans-serif; font-weight: normal; color: #ffffff; text-decoration: none; background-color: #9C010F; padding-top: 15px; padding-bottom: 15px; padding-left: 25px; padding-right: 25px; border-radius: 3px; -webkit-border-radius: 3px; -moz-border-radius: 3px; border-bottom: 3px solid #5f0109;\" target=\"_new\">Test Dolibarr ERP CRM on Dolicloud →</a></td>\r\n														</tr>\r\n													</tbody>\r\n												</table>\r\n												</td>\r\n											</tr>\r\n										</tbody>\r\n									</table>\r\n									</td>\r\n								</tr>\r\n							</tbody>\r\n						</table>\r\n						</td>\r\n					</tr>\r\n				</tbody>\r\n			</table>\r\n			</td>\r\n		</tr>\r\n	</tbody>\r\n</table>\r\n\r\n<table border=\"0\" cellpadding=\"0\" cellspacing=\"0\" id=\"ko_footerBlock_2\" style=\"min-width:500px; width:100%\">\r\n	<tbody>\r\n		<tr>\r\n			<td>\r\n			<table align=\"center\" border=\"0\" cellpadding=\"0\" cellspacing=\"0\" style=\"width:100%\">\r\n				<tbody>\r\n					<tr>\r\n						<td>\r\n						<table align=\"center\" style=\"background:#ffffff; border:0; margin:0; padding:5px; width:100%\">\r\n							<tbody>\r\n								<tr>\r\n									<td style=\"text-align:center\"><span style=\"color:#3F3D33\">DoliCloud team</span><br />\r\n									<strong><a class=\"original-only\" href=\"%5Bprofile_link%5D\" style=\"color: #3F3D33; text-decoration: none;\" target=\"_new\">Unsubscribe</a><span style=\"color:#444444; font-family:arial,sans-serif; font-size:12px\">   |   </span><a href=\"%5Bshow_link%5D\" style=\"color: #3F3D33; text-decoration: none;\" target=\"_new\">View on web browser</a></strong></td>\r\n								</tr>\r\n							</tbody>\r\n						</table>\r\n						</td>\r\n					</tr>\r\n				</tbody>\r\n			</table>\r\n			</td>\r\n		</tr>\r\n	</tbody>\r\n</table>','','',NULL,26,'dolibarr@domain.com','','',NULL,'2012-07-11 13:15:59','2017-01-29 21:33:11',NULL,'2017-01-29 21:36:40',1,12,NULL,NULL,NULL,NULL,NULL,NULL),(4,0,'Commercial emailing February',1,'Buy my product','This is a new éEéé\"Mailing content<br />\r\n<br />\r\n<style type=\"text/css\">\r\n<!--\r\na:link {\r\n	color: #E2017A;\r\n}\r\n--></style>\r\n<span style=\"color:#800080;\"><strong>You can adit it with the WYSIWYG editor.</strong></span><br />\r\nIt is\r\n<ul>\r\n	<li>\r\n		Fast</li>\r\n	<li>\r\n		Easy to use</li>\r\n	<li>\r\n		Pretty</li>\r\n</ul>','','',NULL,NULL,'dolibarr@domain.com','','',NULL,'2013-07-18 20:44:33',NULL,NULL,NULL,1,NULL,NULL,NULL,NULL,NULL,NULL,NULL),(5,1,'Commercial emailing March',1,'Buy my product','<div style=\"background:#220044; text-align:center\"><span style=\"color:#ffffff\"><strong><span style=\"font-size:18px\"><img alt=\"\" src=\"/dolibarr_4.0/htdocs/viewimage.php?modulepart=medias&amp;file=image/myimagesforemailing/dolicloud_logo_white.png\" style=\"height:80px; width:260px\" /></span></strong></span><br />\r\n<a href=\"http://www.facebook.com\" target=\"_new\"><img alt=\"Seguici su facebook\" src=\"https://mosaico.io/templates/versafluid/img/social/facebook.png\" style=\"height:24px; padding:0px 5px 0px 5px; width:24px\" /></a><a href=\"http://www.twitter.com\" target=\"_new\"><img alt=\"Seguici su twitter\" src=\"https://mosaico.io/templates/versafluid/img/social/twitter.png\" style=\"height:24px; padding:0px 5px; width:24px\" /></a><a href=\"http://plus.google.com\" target=\"_new\"><img alt=\"Seguici su G+\" src=\"https://mosaico.io/templates/versafluid/img/social/google-plus.png\" style=\"height:24px; padding:0px 5px; width:24px\" /></a><a href=\"http://www.linkedin.com\" target=\"_new\"><img alt=\"Seguici su linkedin\" src=\"https://mosaico.io/templates/versafluid/img/social/linkedin.png\" style=\"height:24px; padding:0px 5px; width:24px\" /></a></div>\r\n\r\n<table style=\"background:#ffffff; border:0; margin:0; padding:5px; text-align:center; width:100%\">\r\n	<tbody>\r\n		<tr>\r\n			<td>\r\n			<table cellpadding=\"0\" cellspacing=\"0\" style=\"background:#ffffff; border:0; margin:0; padding:5px; width:100%\">\r\n				<tbody>\r\n					<tr>\r\n						<td>\r\n						<table border=\"0\" style=\"background:#ffffff; border:0; margin:0; padding:5px; width:100%\">\r\n							<tbody>\r\n								<tr>\r\n									<td>\r\n									<table border=\"0\" cellpadding=\"0\" cellspacing=\"0\" style=\"background:#ffffff; border:0; margin:0; padding:5px; width:100%\">\r\n										<tbody>\r\n											<tr>\r\n												<td>\r\n												<p style=\"text-align:center\"><span style=\"font-size:16px\"><strong>DoliCloud</strong> is the service to provide you a web hosting solution __EMAIL__ of Dolibarr ERP CRM in one click. Just enter your email to create your instance and you are ready to work. Backup and full access is to data (SFTP, Mysql) are provided.</span></p>\r\n												</td>\r\n											</tr>\r\n										</tbody>\r\n									</table>\r\n									</td>\r\n								</tr>\r\n								<tr>\r\n									<td>\r\n									<table style=\"background:#ffffff; border:0; margin:0; padding:5px; width:100%\">\r\n										<tbody>\r\n											<tr>\r\n												<td>\r\n												<table align=\"center\" border=\"0\" cellpadding=\"0\" cellspacing=\"0\" class=\"responsive-table\" style=\"width:100%\">\r\n													<tbody>\r\n														<tr>\r\n															<td style=\"text-align:center\"><a class=\"mobile-button\" href=\"https://www.on.dolicloud.com/signUp/index?origin=dolicloudhome&amp;planCode=basic\" style=\"display: inline-block; font-size: 18px; font-family: Helvetica, Arial, sans-serif; font-weight: normal; color: #ffffff; text-decoration: none; background-color: #9C010F; padding-top: 15px; padding-bottom: 15px; padding-left: 25px; padding-right: 25px; border-radius: 3px; -webkit-border-radius: 3px; -moz-border-radius: 3px; border-bottom: 3px solid #5f0109;\" target=\"_new\">Test Dolibarr ERP CRM on Dolicloud &rarr;</a></td>\r\n														</tr>\r\n													</tbody>\r\n												</table>\r\n												</td>\r\n											</tr>\r\n										</tbody>\r\n									</table>\r\n									</td>\r\n								</tr>\r\n							</tbody>\r\n						</table>\r\n						</td>\r\n					</tr>\r\n				</tbody>\r\n			</table>\r\n			</td>\r\n		</tr>\r\n	</tbody>\r\n</table>\r\n\r\n<table border=\"0\" cellpadding=\"0\" cellspacing=\"0\" id=\"ko_footerBlock_2\" style=\"min-width:500px; width:100%\">\r\n	<tbody>\r\n		<tr>\r\n			<td>\r\n			<table align=\"center\" border=\"0\" cellpadding=\"0\" cellspacing=\"0\" style=\"width:100%\">\r\n				<tbody>\r\n					<tr>\r\n						<td>\r\n						<table align=\"center\" style=\"background:#ffffff; border:0; margin:0; padding:5px; width:100%\">\r\n							<tbody>\r\n								<tr>\r\n									<td style=\"text-align:center\"><span style=\"color:#3f3d33\">DoliCloud team</span><br />\r\n									<strong><a class=\"original-only\" href=\"%5Bprofile_link%5D\" style=\"color: #3F3D33; text-decoration: none;\" target=\"_new\">Unsubscribe</a><span style=\"color:#444444; font-family:arial,sans-serif; font-size:12px\">&nbsp;&nbsp;&nbsp;|&nbsp;&nbsp;&nbsp;</span><a href=\"%5Bshow_link%5D\" style=\"color: #3F3D33; text-decoration: none;\" target=\"_new\">View on web browser</a></strong></td>\r\n								</tr>\r\n							</tbody>\r\n						</table>\r\n						</td>\r\n					</tr>\r\n				</tbody>\r\n			</table>\r\n			</td>\r\n		</tr>\r\n	</tbody>\r\n</table>','','',NULL,28,'dolibarr@domain.com','','',NULL,'2017-01-29 21:47:37','2017-01-29 21:54:55',NULL,NULL,12,12,NULL,NULL,NULL,NULL,NULL,NULL);

--
-- Table structure for table `llx_mailing_cibles`
--

CREATE TABLE `llx_mailing_cibles` (
  `rowid` int(11) NOT NULL AUTO_INCREMENT,
  `fk_mailing` int(11) NOT NULL,
  `fk_contact` int(11) NOT NULL,
  `lastname` varchar(50) COLLATE utf8_unicode_ci DEFAULT NULL,
  `firstname` varchar(50) COLLATE utf8_unicode_ci DEFAULT NULL,
  `email` varchar(160) COLLATE utf8_unicode_ci NOT NULL,
  `other` varchar(255) COLLATE utf8_unicode_ci DEFAULT NULL,
  `tag` varchar(128) COLLATE utf8_unicode_ci DEFAULT NULL,
  `statut` smallint(6) NOT NULL DEFAULT '0',
  `source_url` varchar(255) COLLATE utf8_unicode_ci DEFAULT NULL,
  `source_id` int(11) DEFAULT NULL,
  `source_type` varchar(16) COLLATE utf8_unicode_ci DEFAULT NULL,
  `date_envoi` datetime DEFAULT NULL,
  `error_text` varchar(255) COLLATE utf8_unicode_ci DEFAULT NULL,
  PRIMARY KEY (`rowid`),
  UNIQUE KEY `uk_mailing_cibles` (`fk_mailing`,`email`),
  KEY `idx_mailing_cibles_email` (`email`)
) ENGINE=InnoDB AUTO_INCREMENT=60 DEFAULT CHARSET=utf8 COLLATE=utf8_unicode_ci;

--
-- Dumping data for table `llx_mailing_cibles`
--

INSERT INTO `llx_mailing_cibles` VALUES (1,1,0,'Dupont','Alain','toto@aa.com','Date fin=10/07/2011',NULL,0,'0',NULL,NULL,NULL,NULL),(2,2,0,'Swiss customer supplier','','abademail@aa.com','',NULL,0,'0',NULL,NULL,NULL,NULL),(3,2,0,'Smith Vick','','vsmith@email.com','',NULL,0,'0',NULL,NULL,NULL,NULL),(4,3,0,'Swiss customer supplier','','abademail@aa.com','',NULL,1,'0',NULL,NULL,'2017-01-29 21:36:40',NULL),(5,3,0,'Smith Vick','','vsmith@email.com','',NULL,1,'0',NULL,NULL,'2017-01-29 21:36:40',NULL),(7,3,0,'Name 2','Firstname 2','emailtest2@example.com','','522b79aedf231576db576d246d82a0d7',1,'',NULL,'file','2017-01-29 21:36:40',NULL),(8,3,0,'Name 3','Firstname 3','emailtest3@example.com','','f3e74e96a64068093af469b6826a75bf',1,'',NULL,'file','2017-01-29 21:36:40',NULL),(9,3,0,'Name 4','Firstname 4','emailtest4@example.com','','fdacf67090698e0216f5c9a449e7404a',2,'',NULL,'file','2017-01-29 21:36:40',NULL),(10,3,0,'Name 5','Firstname 5','emailtest5@example.com','','38b4e4895bf5e7f9969c9ad9bbcd0dce',3,'',NULL,'file','2017-01-29 21:36:40',NULL),(11,3,0,'Name 1','Firstname 1','emailtest1@example.com','','b2543a771e2a10c694fc6437859e29ae',1,'',NULL,'file','2017-01-29 21:36:40',NULL),(12,3,0,'Do','John','johndoe@example.com','','bdb70b6835ca053b113e7ac53c83efbe',-1,'',NULL,'file','2017-01-29 21:36:40','Invalid email'),(13,3,0,'Smith,Alan','','alan.smith@example.com','','326b9fb6d83f58b7ce5ca28a51022c83',2,'',NULL,'file','2017-01-29 21:36:40',NULL),(15,3,0,'Bowl','Kathy','kathy.bowl@example.com','','0848d51a04ad29adf28de7d6efe63091',2,'',NULL,'file','2017-01-29 21:36:40',NULL),(16,3,0,'Ducanseen','Herbert','herbert@example.com','','0585f4366c7b0c8bab592acb7256a409',1,'',NULL,'file','2017-01-29 21:36:40',NULL),(17,3,0,'Djay','Djay','djay@example.com','','fad171648dcd8449d6e2f8246724f153',1,'',NULL,'file','2017-01-29 21:36:40',NULL),(18,3,0,'','','alice.bigo@example.com','','86b03b13caec209e9a9d96979b7154b8',1,'',NULL,'file','2017-01-29 21:36:40',NULL),(19,3,0,'','','bob.markus@example.com','','06df0b2b930718949a5afee280f04e6b',1,'',NULL,'file','2017-01-29 21:36:40',NULL),(20,3,0,'Customer 1','','mycustomer1@example.com','','cac0a5a38fa9e67ed63d0753e08cd919',1,'',NULL,'file','2017-01-29 21:36:40',NULL),(21,3,0,'Customer 2','','mycustomer2@example.com','','19b631ee27e7036684675f2db35c54f0',0,'',NULL,'file',NULL,NULL),(22,3,0,'Customer 3','','mycustomer3@example.com','','bfd49e2db7c511e2d5bde30eda7db07a',0,'',NULL,'file',NULL,NULL),(23,3,0,'Customer 4','','mycustomer4@example.com','','de4640d0684c62dd83ffc27ff20d5938',0,'',NULL,'file',NULL,NULL),(24,3,0,'Customer 5','','mycustomer5@example.com','','2eb5786291928fd23ca0354ac261ec9b',0,'',NULL,'file',NULL,NULL),(25,3,0,'Customer 6','','mycustomer6@example.com','','c50c85b7f3370232c1d1335e17f953ca',0,'',NULL,'file',NULL,NULL),(26,3,0,'Prospect 1','','myprospect1@example.com','','553b1f7417f7c96290cdec5ca4c560f7',0,'',NULL,'file',NULL,NULL),(27,3,0,'Prospect 2','','myprospect2@example.com','','de45e526168546315ff4fedb54e63102',0,'',NULL,'file',NULL,NULL),(28,3,0,'Prospect 3','','myprospect3@example.com','','466d946e7c46881334f4abe427d382fa',0,'',NULL,'file',NULL,NULL),(29,3,0,'Prospect 4','','myprospect4@example.com','','619d1ec47318842971db7fa266b6d74a',0,'',NULL,'file',NULL,NULL),(30,3,0,'Prospect 5','','myprospect5@example.com','','e301713dcbf58d33ef1ae540dee58ad7',0,'',NULL,'file',NULL,NULL),(31,3,0,'Prospect 6','','myprospect6@example.com','','26fcbd0c641a535bfc14a80a867a61f2',0,'',NULL,'file',NULL,NULL),(32,5,0,'Swiss customer supplier','','abademail@aa.com','','0e7d20e3c9b1612a75eab5d12da84060',0,'0',NULL,'',NULL,NULL),(33,5,0,'Smith Vick','','vsmith@email.com','','cab14f12668ccb2c92843969819c6c6e',0,'0',NULL,'',NULL,NULL),(34,5,0,'Name 2','Firstname 2','emailtest2@example.com','','1b6adeceaac7e2b9c399c877f8b1a616',0,'',NULL,'file',NULL,NULL),(35,5,0,'Name 3','Firstname 3','emailtest3@example.com','','c9f6f80ba118c378aef4974e17b01a07',0,'',NULL,'file',NULL,NULL),(36,5,0,'Name 4','Firstname 4','emailtest4@example.com','','75a3051301db736a2bb7722de7b4ece1',0,'',NULL,'file',NULL,NULL),(37,5,0,'Name 5','Firstname 5','emailtest5@example.com','','a9e292e70ec11ed58718c9f5da58f870',0,'',NULL,'file',NULL,NULL),(38,5,0,'Name 1','Firstname 1','emailtest1@example.com','','0243e796981c9e82cc23d8a6a5a23570',0,'',NULL,'file',NULL,NULL),(39,5,0,'Do','John','johndoe@example.com','','7db6219748fbad348b1aa89f2014d529',0,'',NULL,'file',NULL,NULL),(40,5,0,'Smith,Alan','','alan.smith@example.com','','5006f91f3bd97918460b6dc3edf4cd7f',0,'',NULL,'file',NULL,NULL),(41,5,0,'Bowl','Kathy','kathy.bowl@example.com','','377ac5b241f2d5bf421a7162c60bf7b6',0,'',NULL,'file',NULL,NULL),(42,5,0,'Ducanseen','Herbert','herbert@example.com','','10e1b891a249ee8046f1686a0a44d773',0,'',NULL,'file',NULL,NULL),(43,5,0,'Djay','Djay','djay@example.com','','6cf76a2b74874caa6b8eced78f63bca1',0,'',NULL,'file',NULL,NULL),(44,5,0,'','','alice.bigo@example.com','','61651804afc02887a3934ab042285044',0,'',NULL,'file',NULL,NULL),(45,5,0,'','','bob.markus@example.com','','b6d3e934e4bc92d194b43041260564da',0,'',NULL,'file',NULL,NULL),(46,5,0,'Customer 1','','mycustomer1@example.com','','fa9ade908a5a420e7dc64e62d1d9eb65',0,'',NULL,'file',NULL,NULL),(47,5,0,'Customer 2','','mycustomer2@example.com','','5d502923487f0f4226ab9f5f71102857',0,'',NULL,'file',NULL,NULL),(48,5,0,'Customer 3','','mycustomer3@example.com','','0b7da54f9969554eee95684069173f23',0,'',NULL,'file',NULL,NULL),(49,5,0,'Customer 4','','mycustomer4@example.com','','b073cf47a6af4740c76620ab4442033c',0,'',NULL,'file',NULL,NULL),(50,5,0,'Customer 5','','mycustomer5@example.com','','468b7404027e91edf437c3980619c8f6',0,'',NULL,'file',NULL,NULL),(51,5,0,'Customer 6','','mycustomer6@example.com','','cb196086497f64cd23dd68aed2bf5cc8',0,'',NULL,'file',NULL,NULL),(52,5,0,'Prospect 1','','myprospect1@example.com','','9854ed6528267f30c8c22c24384b31ae',0,'',NULL,'file',NULL,NULL),(53,5,0,'Prospect 2','','myprospect2@example.com','','b37ed581bbc51b6d9a334e1626b5fe22',0,'',NULL,'file',NULL,NULL),(54,5,0,'Prospect 3','','myprospect3@example.com','','8bedd7821877a72841efae36691f7765',0,'',NULL,'file',NULL,NULL),(55,5,0,'Prospect 4','','myprospect4@example.com','','518353a5cfb1a628ada10874ac4e0098',0,'',NULL,'file',NULL,NULL),(56,5,0,'Prospect 5','','myprospect5@example.com','','de392a2999e262fec63c9de4a3fe7613',0,'',NULL,'file',NULL,NULL),(57,5,0,'Prospect 6','','myprospect6@example.com','','56256cc297c4870c514819cdb4e6b95c',0,'',NULL,'file',NULL,NULL),(58,5,0,'Prospect 7','','myprospect7@example.com','','d32512607d4e74d6f71d031538128721',0,'',NULL,'file',NULL,NULL),(59,5,0,'Prospect 8','','myprospect8@example.com','','427eeb75492ede5355996a8df998f9de',0,'',NULL,'file',NULL,NULL);

--
-- Table structure for table `llx_menu`
--

CREATE TABLE `llx_menu` (
  `rowid` int(11) NOT NULL AUTO_INCREMENT,
  `menu_handler` varchar(16) COLLATE utf8_unicode_ci NOT NULL,
  `entity` int(11) NOT NULL DEFAULT '1',
  `module` varchar(64) COLLATE utf8_unicode_ci DEFAULT NULL,
  `type` varchar(4) COLLATE utf8_unicode_ci NOT NULL,
  `mainmenu` varchar(100) COLLATE utf8_unicode_ci NOT NULL,
  `fk_menu` int(11) NOT NULL,
  `fk_leftmenu` varchar(100) COLLATE utf8_unicode_ci DEFAULT NULL,
  `fk_mainmenu` varchar(100) COLLATE utf8_unicode_ci DEFAULT NULL,
  `position` int(11) NOT NULL,
  `url` varchar(255) COLLATE utf8_unicode_ci NOT NULL,
  `target` varchar(100) COLLATE utf8_unicode_ci DEFAULT NULL,
  `titre` varchar(255) COLLATE utf8_unicode_ci NOT NULL,
  `langs` varchar(100) COLLATE utf8_unicode_ci DEFAULT NULL,
  `level` smallint(6) DEFAULT NULL,
  `leftmenu` varchar(100) COLLATE utf8_unicode_ci DEFAULT NULL,
  `perms` text COLLATE utf8_unicode_ci,
  `enabled` varchar(255) COLLATE utf8_unicode_ci DEFAULT '1',
  `usertype` int(11) NOT NULL DEFAULT '0',
  `tms` timestamp NOT NULL DEFAULT CURRENT_TIMESTAMP ON UPDATE CURRENT_TIMESTAMP,
  PRIMARY KEY (`rowid`),
  UNIQUE KEY `idx_menu_uk_menu` (`menu_handler`,`fk_menu`,`position`,`url`,`entity`),
  KEY `idx_menu_menuhandler_type` (`menu_handler`,`type`)
) ENGINE=InnoDB AUTO_INCREMENT=166517 DEFAULT CHARSET=utf8 COLLATE=utf8_unicode_ci;

--
-- Dumping data for table `llx_menu`
--

INSERT INTO `llx_menu` VALUES (103094,'all',2,'agenda','top','agenda',0,NULL,NULL,100,'/comm/action/index.php','','Agenda','agenda',NULL,NULL,'$user->rights->agenda->myactions->read','$conf->agenda->enabled',2,'2015-03-13 15:29:19'),(103095,'all',2,'agenda','left','agenda',103094,NULL,NULL,100,'/comm/action/index.php?mainmenu=agenda&amp;leftmenu=agenda','','Actions','agenda',NULL,NULL,'$user->rights->agenda->myactions->read','$conf->agenda->enabled',2,'2015-03-13 15:29:19'),(103096,'all',2,'agenda','left','agenda',103095,NULL,NULL,101,'/comm/action/card.php?mainmenu=agenda&amp;leftmenu=agenda&amp;action=create','','NewAction','commercial',NULL,NULL,'($user->rights->agenda->myactions->create||$user->rights->agenda->allactions->create)','$conf->agenda->enabled',2,'2015-03-13 15:29:19'),(103097,'all',2,'agenda','left','agenda',103095,NULL,NULL,102,'/comm/action/index.php?mainmenu=agenda&amp;leftmenu=agenda','','Calendar','agenda',NULL,NULL,'$user->rights->agenda->myactions->read','$conf->agenda->enabled',2,'2015-03-13 15:29:19'),(103098,'all',2,'agenda','left','agenda',103097,NULL,NULL,103,'/comm/action/index.php?mainmenu=agenda&amp;leftmenu=agenda&amp;status=todo&amp;filter=mine','','MenuToDoMyActions','agenda',NULL,NULL,'$user->rights->agenda->myactions->read','$conf->agenda->enabled',2,'2015-03-13 15:29:19'),(103099,'all',2,'agenda','left','agenda',103097,NULL,NULL,104,'/comm/action/index.php?mainmenu=agenda&amp;leftmenu=agenda&amp;status=done&amp;filter=mine','','MenuDoneMyActions','agenda',NULL,NULL,'$user->rights->agenda->myactions->read','$conf->agenda->enabled',2,'2015-03-13 15:29:19'),(103100,'all',2,'agenda','left','agenda',103097,NULL,NULL,105,'/comm/action/index.php?mainmenu=agenda&amp;leftmenu=agenda&amp;status=todo','','MenuToDoActions','agenda',NULL,NULL,'$user->rights->agenda->allactions->read','$user->rights->agenda->allactions->read',2,'2015-03-13 15:29:19'),(103101,'all',2,'agenda','left','agenda',103097,NULL,NULL,106,'/comm/action/index.php?mainmenu=agenda&amp;leftmenu=agenda&amp;status=done','','MenuDoneActions','agenda',NULL,NULL,'$user->rights->agenda->allactions->read','$user->rights->agenda->allactions->read',2,'2015-03-13 15:29:19'),(103102,'all',2,'agenda','left','agenda',103095,NULL,NULL,112,'/comm/action/listactions.php?mainmenu=agenda&amp;leftmenu=agenda','','List','agenda',NULL,NULL,'$user->rights->agenda->myactions->read','$conf->agenda->enabled',2,'2015-03-13 15:29:19'),(103103,'all',2,'agenda','left','agenda',103102,NULL,NULL,113,'/comm/action/listactions.php?mainmenu=agenda&amp;leftmenu=agenda&amp;status=todo&amp;filter=mine','','MenuToDoMyActions','agenda',NULL,NULL,'$user->rights->agenda->myactions->read','$conf->agenda->enabled',2,'2015-03-13 15:29:19'),(103104,'all',2,'agenda','left','agenda',103102,NULL,NULL,114,'/comm/action/listactions.php?mainmenu=agenda&amp;leftmenu=agenda&amp;status=done&amp;filter=mine','','MenuDoneMyActions','agenda',NULL,NULL,'$user->rights->agenda->myactions->read','$conf->agenda->enabled',2,'2015-03-13 15:29:19'),(103105,'all',2,'agenda','left','agenda',103102,NULL,NULL,115,'/comm/action/listactions.php?mainmenu=agenda&amp;leftmenu=agenda&amp;status=todo','','MenuToDoActions','agenda',NULL,NULL,'$user->rights->agenda->allactions->read','$user->rights->agenda->allactions->read',2,'2015-03-13 15:29:19'),(103106,'all',2,'agenda','left','agenda',103102,NULL,NULL,116,'/comm/action/listactions.php?mainmenu=agenda&amp;leftmenu=agenda&amp;status=done','','MenuDoneActions','agenda',NULL,NULL,'$user->rights->agenda->allactions->read','$user->rights->agenda->allactions->read',2,'2015-03-13 15:29:19'),(103107,'all',2,'agenda','left','agenda',103095,NULL,NULL,120,'/comm/action/rapport/index.php?mainmenu=agenda&amp;leftmenu=agenda','','Reportings','agenda',NULL,NULL,'$user->rights->agenda->allactions->read','$conf->agenda->enabled',2,'2015-03-13 15:29:19'),(103134,'all',2,'opensurvey','top','opensurvey',0,NULL,NULL,200,'/opensurvey/index.php','','Surveys','opensurvey',NULL,NULL,'$user->rights->opensurvey->survey->read','$conf->opensurvey->enabled',0,'2015-03-13 20:33:42'),(103135,'all',2,'opensurvey','left','opensurvey',-1,NULL,'opensurvey',200,'/opensurvey/index.php?mainmenu=opensurvey&leftmenu=opensurvey','','Survey','opensurvey@opensurvey',NULL,'opensurvey','','$conf->opensurvey->enabled',0,'2015-03-13 20:33:42'),(103136,'all',2,'opensurvey','left','opensurvey',-1,'opensurvey','opensurvey',210,'/opensurvey/public/index.php','_blank','NewSurvey','opensurvey@opensurvey',NULL,'opensurvey_new','','$conf->opensurvey->enabled',0,'2015-03-13 20:33:42'),(103137,'all',2,'opensurvey','left','opensurvey',-1,'opensurvey','opensurvey',220,'/opensurvey/list.php','','List','opensurvey@opensurvey',NULL,'opensurvey_list','','$conf->opensurvey->enabled',0,'2015-03-13 20:33:42'),(124179,'all',1,'cashdesk','top','cashdesk',0,NULL,NULL,100,'/cashdesk/index.php?user=__LOGIN__','pointofsale','CashDeskMenu','cashdesk',NULL,NULL,'$user->rights->cashdesk->use','$conf->cashdesk->enabled',0,'2017-11-15 22:38:33'),(124210,'all',1,'margins','left','accountancy',-1,NULL,'accountancy',100,'/margin/index.php','','Margins','margins',NULL,'margins','$user->rights->margins->liretous','$conf->margin->enabled',2,'2017-11-15 22:41:47'),(145086,'all',1,'supplier_proposal','left','commercial',-1,NULL,'commercial',300,'/supplier_proposal/index.php','','SupplierProposalsShort','supplier_proposal',NULL,'supplier_proposalsubmenu','$user->rights->supplier_proposal->lire','$conf->supplier_proposal->enabled',2,'2018-07-30 11:13:20'),(145087,'all',1,'supplier_proposal','left','commercial',-1,'supplier_proposalsubmenu','commercial',301,'/supplier_proposal/card.php?action=create&amp;leftmenu=supplier_proposals','','SupplierProposalNew','supplier_proposal',NULL,NULL,'$user->rights->supplier_proposal->creer','$conf->supplier_proposal->enabled',2,'2018-07-30 11:13:20'),(145088,'all',1,'supplier_proposal','left','commercial',-1,'supplier_proposalsubmenu','commercial',302,'/supplier_proposal/list.php?leftmenu=supplier_proposals','','List','supplier_proposal',NULL,NULL,'$user->rights->supplier_proposal->lire','$conf->supplier_proposal->enabled',2,'2018-07-30 11:13:20'),(145089,'all',1,'supplier_proposal','left','commercial',-1,'supplier_proposalsubmenu','commercial',303,'/comm/propal/stats/index.php?leftmenu=supplier_proposals&amp;mode=supplier','','Statistics','supplier_proposal',NULL,NULL,'$user->rights->supplier_proposal->lire','$conf->supplier_proposal->enabled',2,'2018-07-30 11:13:20'),(145090,'all',1,'resource','left','tools',-1,NULL,'tools',100,'/resource/list.php','','MenuResourceIndex','resource',NULL,'resource','$user->rights->resource->read','1',0,'2018-07-30 11:13:32'),(145091,'all',1,'resource','left','tools',-1,'resource','tools',101,'/resource/add.php','','MenuResourceAdd','resource',NULL,NULL,'$user->rights->resource->read','1',0,'2018-07-30 11:13:32'),(145092,'all',1,'resource','left','tools',-1,'resource','tools',102,'/resource/list.php','','List','resource',NULL,NULL,'$user->rights->resource->read','1',0,'2018-07-30 11:13:32'),(145127,'all',1,'printing','left','home',-1,'admintools','home',300,'/printing/index.php?mainmenu=home&leftmenu=admintools','','MenuDirectPrinting','printing',NULL,NULL,'$user->rights->printing->read','$conf->printing->enabled && $leftmenu==\'admintools\'',0,'2017-01-29 15:12:44'),(161088,'auguria',1,'','top','home',0,NULL,NULL,10,'/index.php?mainmenu=home&amp;leftmenu=','','Home','',-1,'','','1',2,'2017-08-30 15:14:30'),(161089,'auguria',1,'societe|fournisseur','top','companies',0,NULL,NULL,20,'/societe/index.php?mainmenu=companies&amp;leftmenu=','','ThirdParties','companies',-1,'','$user->rights->societe->lire || $user->rights->societe->contact->lire','( ! empty($conf->societe->enabled) && (empty($conf->global->SOCIETE_DISABLE_PROSPECTS) || empty($conf->global->SOCIETE_DISABLE_CUSTOMERS))) || ! empty($conf->fournisseur->enabled)',2,'2017-08-30 15:14:30'),(161090,'auguria',1,'product|service','top','products',0,NULL,NULL,30,'/product/index.php?mainmenu=products&amp;leftmenu=','','Products/Services','products',-1,'','$user->rights->produit->lire||$user->rights->service->lire','$conf->product->enabled || $conf->service->enabled',0,'2017-08-30 15:14:30'),(161092,'auguria',1,'propal|commande|fournisseur|contrat|ficheinter','top','commercial',0,NULL,NULL,40,'/comm/index.php?mainmenu=commercial&amp;leftmenu=','','Commercial','commercial',-1,'','$user->rights->societe->lire || $user->rights->societe->contact->lire','$conf->propal->enabled || $conf->commande->enabled || $conf->supplier_order->enabled || $conf->contrat->enabled || $conf->ficheinter->enabled',2,'2017-08-30 15:14:30'),(161093,'auguria',1,'comptabilite|accounting|facture|don|tax|salaries|loan','top','accountancy',0,NULL,NULL,50,'/compta/index.php?mainmenu=accountancy&amp;leftmenu=','','MenuFinancial','compta',-1,'','$user->rights->compta->resultat->lire || $user->rights->accounting->plancompte->lire || $user->rights->facture->lire|| $user->rights->don->lire || $user->rights->tax->charges->lire || $user->rights->salaries->read || $user->rights->loan->read','$conf->comptabilite->enabled || $conf->accounting->enabled || $conf->facture->enabled || $conf->don->enabled  || $conf->tax->enabled || $conf->salaries->enabled || $conf->supplier_invoice->enabled || $conf->loan->enabled',2,'2017-08-30 15:14:30'),(161094,'auguria',1,'projet','top','project',0,NULL,NULL,70,'/projet/index.php?mainmenu=project&amp;leftmenu=','','Projects','projects',-1,'','$user->rights->projet->lire','$conf->projet->enabled',2,'2017-08-30 15:14:30'),(161095,'auguria',1,'mailing|export|import|opensurvey|resource','top','tools',0,NULL,NULL,90,'/core/tools.php?mainmenu=tools&amp;leftmenu=','','Tools','other',-1,'','$user->rights->mailing->lire || $user->rights->export->lire || $user->rights->import->run || $user->rights->opensurvey->read || $user->rights->resource->read','$conf->mailing->enabled || $conf->export->enabled || $conf->import->enabled || $conf->opensurvey->enabled || $conf->resource->enabled',2,'2017-08-30 15:14:30'),(161101,'auguria',1,'banque|prelevement','top','bank',0,NULL,NULL,60,'/compta/bank/index.php?mainmenu=bank&amp;leftmenu=bank','','MenuBankCash','banks',-1,'','$user->rights->banque->lire || $user->rights->prelevement->bons->lire','$conf->banque->enabled || $conf->prelevement->enabled',0,'2017-08-30 15:14:30'),(161102,'auguria',1,'hrm|holiday|deplacement|expensereport','top','hrm',0,NULL,NULL,80,'/hrm/index.php?mainmenu=hrm&amp;leftmenu=','','HRM','holiday',-1,'','$user->rights->hrm->employee->read || $user->rights->holiday->write || $user->rights->deplacement->lire || $user->rights->expensereport->lire','$conf->hrm->enabled || $conf->holiday->enabled || $conf->deplacement->enabled || $conf->expensereport->enabled',0,'2017-08-30 15:14:30'),(161177,'auguria',1,'','left','home',161088,NULL,NULL,0,'/index.php','','MyDashboard','',0,'','','1',2,'2017-08-30 15:14:30'),(161187,'auguria',1,'','left','home',161088,NULL,NULL,1,'/admin/index.php?leftmenu=setup','','Setup','admin',0,'setup','','$user->admin',2,'2017-08-30 15:14:30'),(161188,'auguria',1,'','left','home',161187,NULL,NULL,1,'/admin/company.php?leftmenu=setup','','MenuCompanySetup','admin',1,'','','$leftmenu==\"setup\"',2,'2017-08-30 15:14:30'),(161189,'auguria',1,'','left','home',161187,NULL,NULL,4,'/admin/ihm.php?leftmenu=setup','','GUISetup','admin',1,'','','$leftmenu==\"setup\"',2,'2017-08-30 15:14:30'),(161190,'auguria',1,'','left','home',161187,NULL,NULL,2,'/admin/modules.php?leftmenu=setup','','Modules','admin',1,'','','$leftmenu==\"setup\"',2,'2017-08-30 15:14:30'),(161191,'auguria',1,'','left','home',161187,NULL,NULL,6,'/admin/boxes.php?leftmenu=setup','','Boxes','admin',1,'','','$leftmenu==\"setup\"',2,'2017-08-30 15:14:30'),(161192,'auguria',1,'','left','home',161187,NULL,NULL,3,'/admin/menus.php?leftmenu=setup','','Menus','admin',1,'','','$leftmenu==\'setup\'',2,'2017-09-06 08:29:47'),(161193,'auguria',1,'','left','home',161187,NULL,NULL,7,'/admin/delais.php?leftmenu=setup','','Alerts','admin',1,'','','$leftmenu==\"setup\"',2,'2017-08-30 15:14:30'),(161194,'auguria',1,'','left','home',161187,NULL,NULL,10,'/admin/pdf.php?leftmenu=setup','','PDF','admin',1,'','','$leftmenu==\"setup\"',2,'2017-08-30 15:14:30'),(161195,'auguria',1,'','left','home',161187,NULL,NULL,8,'/admin/security_other.php?leftmenu=setup','','Security','admin',1,'','','$leftmenu==\'setup\'',2,'2017-09-06 08:29:36'),(161196,'auguria',1,'','left','home',161187,NULL,NULL,11,'/admin/mails.php?leftmenu=setup','','Emails','admin',1,'','','$leftmenu==\"setup\"',2,'2017-08-30 15:14:30'),(161197,'auguria',1,'','left','home',161187,NULL,NULL,9,'/admin/limits.php?leftmenu=setup','','MenuLimits','admin',1,'','','$leftmenu==\"setup\"',2,'2017-08-30 15:14:30'),(161198,'auguria',1,'','left','home',161187,NULL,NULL,13,'/admin/dict.php?leftmenu=setup','','Dictionary','admin',1,'','','$leftmenu==\"setup\"',2,'2017-08-30 15:14:30'),(161199,'auguria',1,'','left','home',161187,NULL,NULL,14,'/admin/const.php?leftmenu=setup','','OtherSetup','admin',1,'','','$leftmenu==\"setup\"',2,'2017-08-30 15:14:30'),(161200,'auguria',1,'','left','home',161187,NULL,NULL,12,'/admin/sms.php?leftmenu=setup','','SMS','admin',1,'','','$leftmenu==\"setup\"',2,'2017-08-30 15:14:30'),(161201,'auguria',1,'','left','home',161187,NULL,NULL,4,'/admin/translation.php?leftmenu=setup','','Translation','admin',1,'','','$leftmenu==\"setup\"',2,'2017-08-30 15:14:30'),(161288,'auguria',1,'','left','home',161387,NULL,NULL,0,'/admin/system/dolibarr.php?leftmenu=admintools','','InfoDolibarr','admin',1,'','','$leftmenu==\"admintools\"',2,'2017-08-30 15:14:30'),(161289,'auguria',1,'','left','home',161288,NULL,NULL,2,'/admin/system/modules.php?leftmenu=admintools','','Modules','admin',2,'','','$leftmenu==\"admintools\"',2,'2017-08-30 15:14:30'),(161290,'auguria',1,'','left','home',161288,NULL,NULL,3,'/admin/triggers.php?leftmenu=admintools','','Triggers','admin',2,'','','$leftmenu==\"admintools\"',2,'2017-08-30 15:14:30'),(161291,'auguria',1,'','left','home',161288,NULL,NULL,4,'/admin/system/filecheck.php?leftmenu=admintools','','FileCheck','admin',2,'','','$leftmenu==\"admintools\"',2,'2017-08-30 15:14:30'),(161292,'auguria',1,'','left','home',161387,NULL,NULL,1,'/admin/system/browser.php?leftmenu=admintools','','InfoBrowser','admin',1,'','','$leftmenu==\"admintools\"',2,'2017-08-30 15:14:30'),(161293,'auguria',1,'','left','home',161387,NULL,NULL,2,'/admin/system/os.php?leftmenu=admintools','','InfoOS','admin',1,'','','$leftmenu==\"admintools\"',2,'2017-08-30 15:14:30'),(161294,'auguria',1,'','left','home',161387,NULL,NULL,3,'/admin/system/web.php?leftmenu=admintools','','InfoWebServer','admin',1,'','','$leftmenu==\"admintools\"',2,'2017-08-30 15:14:30'),(161295,'auguria',1,'','left','home',161387,NULL,NULL,4,'/admin/system/phpinfo.php?leftmenu=admintools','','InfoPHP','admin',1,'','','$leftmenu==\"admintools\"',2,'2017-08-30 15:14:30'),(161297,'auguria',1,'','left','home',161387,NULL,NULL,5,'/admin/system/database.php?leftmenu=admintools','','InfoDatabase','admin',1,'','','$leftmenu==\"admintools\"',2,'2017-08-30 15:14:30'),(161387,'auguria',1,'','left','home',161088,NULL,NULL,2,'/admin/tools/index.php?leftmenu=admintools','','AdminTools','admin',0,'admintools','','$user->admin',2,'2017-08-30 15:14:30'),(161388,'auguria',1,'','left','home',161387,NULL,NULL,6,'/admin/tools/dolibarr_export.php?leftmenu=admintools','','Backup','admin',1,'','','$leftmenu==\"admintools\"',2,'2017-08-30 15:14:30'),(161389,'auguria',1,'','left','home',161387,NULL,NULL,7,'/admin/tools/dolibarr_import.php?leftmenu=admintools','','Restore','admin',1,'','','$leftmenu==\"admintools\"',2,'2017-08-30 15:14:30'),(161392,'auguria',1,'','left','home',161387,NULL,NULL,8,'/admin/tools/update.php?leftmenu=admintools','','MenuUpgrade','admin',1,'','','$leftmenu==\"admintools\"',2,'2017-08-30 15:14:30'),(161393,'auguria',1,'','left','home',161387,NULL,NULL,9,'/admin/tools/eaccelerator.php?leftmenu=admintools','','EAccelerator','admin',1,'','','$leftmenu==\"admintools\" && function_exists(\"eaccelerator_info\")',2,'2017-08-30 15:14:30'),(161394,'auguria',1,'','left','home',161387,NULL,NULL,10,'/admin/tools/listevents.php?leftmenu=admintools','','Audit','admin',1,'','','$leftmenu==\"admintools\"',2,'2017-08-30 15:14:30'),(161395,'auguria',1,'','left','home',161387,NULL,NULL,11,'/admin/tools/listsessions.php?leftmenu=admintools','','Sessions','admin',1,'','','$leftmenu==\"admintools\"',2,'2017-08-30 15:14:30'),(161396,'auguria',1,'','left','home',161387,NULL,NULL,12,'/admin/tools/purge.php?leftmenu=admintools','','Purge','admin',1,'','','$leftmenu==\"admintools\"',2,'2017-08-30 15:14:30'),(161398,'auguria',1,'','left','home',161387,NULL,NULL,14,'/admin/system/about.php?leftmenu=admintools','','ExternalResources','admin',1,'','','$leftmenu==\"admintools\"',2,'2017-08-30 15:14:30'),(161407,'auguria',1,'','left','home',161387,NULL,NULL,15,'/product/admin/product_tools.php?mainmenu=home&amp;leftmenu=admintools','','ProductVatMassChange','products',1,'','','$leftmenu==\"admintools\"',2,'2017-08-30 15:14:30'),(161487,'auguria',1,'','left','home',161088,NULL,NULL,4,'/user/home.php?leftmenu=users','','MenuUsersAndGroups','users',0,'users','','1',2,'2017-08-30 15:14:30'),(161488,'auguria',1,'','left','home',161487,NULL,NULL,0,'/user/index.php?leftmenu=users','','Users','users',1,'','$user->rights->user->user->lire || $user->admin','$leftmenu==\"users\"',2,'2017-08-30 15:14:30'),(161489,'auguria',1,'','left','home',161488,NULL,NULL,0,'/user/card.php?leftmenu=users&amp;action=create','','NewUser','users',2,'','($user->rights->user->user->creer || $user->admin) && !(! empty($conf->multicompany->enabled) && $conf->entity > 1 && $conf->global->MULTICOMPANY_TRANSVERSE_MODE)','$leftmenu==\"users\"',2,'2017-08-30 15:14:30'),(161490,'auguria',1,'','left','home',161487,NULL,NULL,1,'/user/group/index.php?leftmenu=users','','Groups','users',1,'','(($conf->global->MAIN_USE_ADVANCED_PERMS?$user->rights->user->group_advance->read:$user->rights->user->user->lire) || $user->admin) && !(! empty($conf->multicompany->enabled) && $conf->entity > 1 && $conf->global->MULTICOMPANY_TRANSVERSE_MODE)','$leftmenu==\"users\"',2,'2017-08-30 15:14:30'),(161491,'auguria',1,'','left','home',161490,NULL,NULL,0,'/user/group/card.php?leftmenu=users&amp;action=create','','NewGroup','users',2,'','(($conf->global->MAIN_USE_ADVANCED_PERMS?$user->rights->user->group_advance->write:$user->rights->user->user->creer) || $user->admin) && !(! empty($conf->multicompany->enabled) && $conf->entity > 1 && $conf->global->MULTICOMPANY_TRANSVERSE_MODE)','$leftmenu==\"users\"',2,'2017-08-30 15:14:30'),(161587,'auguria',1,'','left','companies',161089,NULL,NULL,0,'/societe/index.php?leftmenu=thirdparties','','ThirdParty','companies',0,'thirdparties','$user->rights->societe->lire','$conf->societe->enabled',2,'2017-08-30 15:14:30'),(161588,'auguria',1,'','left','companies',161587,NULL,NULL,0,'/societe/card.php?action=create','','MenuNewThirdParty','companies',1,'','$user->rights->societe->lire','$conf->societe->enabled',2,'2017-08-30 15:14:30'),(161589,'auguria',1,'','left','companies',161587,NULL,NULL,0,'/societe/list.php?action=create','','List','companies',1,'','$user->rights->societe->lire','$conf->societe->enabled',2,'2017-08-30 15:14:30'),(161590,'auguria',1,'','left','companies',161587,NULL,NULL,5,'/societe/list.php?type=f&leftmenu=suppliers','','ListSuppliersShort','suppliers',1,'','$user->rights->societe->lire && $user->rights->fournisseur->lire','$conf->societe->enabled && $conf->fournisseur->enabled',2,'2017-08-30 15:14:30'),(161591,'auguria',1,'','left','companies',161590,NULL,NULL,0,'/societe/card.php?leftmenu=supplier&amp;action=create&amp;type=f','','NewSupplier','suppliers',2,'','$user->rights->societe->creer','$conf->societe->enabled && $conf->fournisseur->enabled',2,'2017-08-30 15:14:30'),(161593,'auguria',1,'','left','companies',161587,NULL,NULL,3,'/societe/list.php?type=p&leftmenu=prospects','','ListProspectsShort','companies',1,'','$user->rights->societe->lire','$conf->societe->enabled',2,'2017-08-30 15:14:30'),(161594,'auguria',1,'','left','companies',161593,NULL,NULL,0,'/societe/card.php?leftmenu=prospects&amp;action=create&amp;type=p','','MenuNewProspect','companies',2,'','$user->rights->societe->creer','$conf->societe->enabled',2,'2017-08-30 15:14:30'),(161596,'auguria',1,'','left','companies',161587,NULL,NULL,4,'/societe/list.php?type=c&leftmenu=customers','','ListCustomersShort','companies',1,'','$user->rights->societe->lire','$conf->societe->enabled',2,'2017-08-30 15:14:30'),(161597,'auguria',1,'','left','companies',161596,NULL,NULL,0,'/societe/card.php?leftmenu=customers&amp;action=create&amp;type=c','','MenuNewCustomer','companies',2,'','$user->rights->societe->creer','$conf->societe->enabled',2,'2017-08-30 15:14:30'),(161687,'auguria',1,'','left','companies',161089,NULL,NULL,1,'/contact/list.php?leftmenu=contacts','','ContactsAddresses','companies',0,'contacts','$user->rights->societe->lire','$conf->societe->enabled',2,'2017-08-30 15:14:30'),(161688,'auguria',1,'','left','companies',161687,NULL,NULL,0,'/contact/card.php?leftmenu=contacts&amp;action=create','','NewContactAddress','companies',1,'','$user->rights->societe->creer','$conf->societe->enabled',2,'2017-08-30 15:14:30'),(161689,'auguria',1,'','left','companies',161687,NULL,NULL,1,'/contact/list.php?leftmenu=contacts','','List','companies',1,'','$user->rights->societe->lire','$conf->societe->enabled',2,'2017-08-30 15:14:30'),(161691,'auguria',1,'','left','companies',161689,NULL,NULL,1,'/contact/list.php?leftmenu=contacts&amp;type=p','','ThirdPartyProspects','companies',2,'','$user->rights->societe->contact->lire','$conf->societe->enabled',2,'2017-08-30 15:14:30'),(161692,'auguria',1,'','left','companies',161689,NULL,NULL,2,'/contact/list.php?leftmenu=contacts&amp;type=c','','ThirdPartyCustomers','companies',2,'','$user->rights->societe->contact->lire','$conf->societe->enabled',2,'2017-08-30 15:14:30'),(161693,'auguria',1,'','left','companies',161689,NULL,NULL,3,'/contact/list.php?leftmenu=contacts&amp;type=f','','ThirdPartySuppliers','companies',2,'','$user->rights->societe->contact->lire','$conf->societe->enabled && $conf->fournisseur->enabled',2,'2017-08-30 15:14:30'),(161694,'auguria',1,'','left','companies',161689,NULL,NULL,4,'/contact/list.php?leftmenu=contacts&amp;type=o','','Others','companies',2,'','$user->rights->societe->contact->lire','$conf->societe->enabled',2,'2017-08-30 15:14:30'),(161737,'auguria',1,'','left','companies',161089,NULL,NULL,3,'/categories/index.php?leftmenu=cat&amp;type=1','','SuppliersCategoriesShort','categories',0,'cat','$user->rights->categorie->lire','$conf->societe->enabled && $conf->categorie->enabled',2,'2017-08-30 15:14:30'),(161738,'auguria',1,'','left','companies',161737,NULL,NULL,0,'/categories/card.php?action=create&amp;type=1','','NewCategory','categories',1,'','$user->rights->categorie->creer','$conf->societe->enabled && $conf->categorie->enabled',2,'2017-08-30 15:14:30'),(161747,'auguria',1,'','left','companies',161089,NULL,NULL,4,'/categories/index.php?leftmenu=cat&amp;type=2','','CustomersProspectsCategoriesShort','categories',0,'cat','$user->rights->categorie->lire','$conf->fournisseur->enabled && $conf->categorie->enabled',2,'2017-08-30 15:14:30'),(161748,'auguria',1,'','left','companies',161747,NULL,NULL,0,'/categories/card.php?action=create&amp;type=2','','NewCategory','categories',1,'','$user->rights->categorie->creer','$conf->fournisseur->enabled && $conf->categorie->enabled',2,'2017-08-30 15:14:30'),(161757,'auguria',1,'','left','companies',161089,NULL,NULL,3,'/categories/index.php?leftmenu=cat&amp;type=4','','ContactCategoriesShort','categories',0,'cat','$user->rights->categorie->lire','$conf->societe->enabled && $conf->categorie->enabled',2,'2017-08-30 15:14:30'),(161758,'auguria',1,'','left','companies',161757,NULL,NULL,0,'/categories/card.php?action=create&amp;type=4','','NewCategory','categories',1,'','$user->rights->categorie->creer','$conf->societe->enabled && $conf->categorie->enabled',2,'2017-08-30 15:14:30'),(162187,'auguria',1,'','left','commercial',161092,NULL,NULL,4,'/comm/propal/index.php?leftmenu=propals','','Prop','propal',0,'propals','$user->rights->propale->lire','$conf->propal->enabled',2,'2017-08-30 15:14:30'),(162188,'auguria',1,'','left','commercial',162187,NULL,NULL,0,'/comm/propal/card.php?action=create&amp;leftmenu=propals','','NewPropal','propal',1,'','$user->rights->propale->creer','$conf->propal->enabled',2,'2017-08-30 15:14:30'),(162189,'auguria',1,'','left','commercial',162187,NULL,NULL,1,'/comm/propal/list.php?leftmenu=propals','','List','propal',1,'','$user->rights->propale->lire','$conf->propal->enabled',2,'2017-08-30 15:14:30'),(162190,'auguria',1,'','left','commercial',162189,NULL,NULL,2,'/comm/propal/list.php?leftmenu=propals&amp;viewstatut=0','','PropalsDraft','propal',1,'','$user->rights->propale->lire','$conf->propal->enabled && $leftmenu==\"propals\"',2,'2017-08-30 15:14:30'),(162191,'auguria',1,'','left','commercial',162189,NULL,NULL,3,'/comm/propal/list.php?leftmenu=propals&amp;viewstatut=1','','PropalsOpened','propal',1,'','$user->rights->propale->lire','$conf->propal->enabled && $leftmenu==\"propals\"',2,'2017-08-30 15:14:30'),(162192,'auguria',1,'','left','commercial',162189,NULL,NULL,4,'/comm/propal/list.php?leftmenu=propals&amp;viewstatut=2','','PropalStatusSigned','propal',1,'','$user->rights->propale->lire','$conf->propal->enabled && $leftmenu==\"propals\"',2,'2017-08-30 15:14:30'),(162193,'auguria',1,'','left','commercial',162189,NULL,NULL,5,'/comm/propal/list.php?leftmenu=propals&amp;viewstatut=3','','PropalStatusNotSigned','propal',1,'','$user->rights->propale->lire','$conf->propal->enabled && $leftmenu==\"propals\"',2,'2017-08-30 15:14:30'),(162194,'auguria',1,'','left','commercial',162189,NULL,NULL,6,'/comm/propal/list.php?leftmenu=propals&amp;viewstatut=4','','PropalStatusBilled','propal',1,'','$user->rights->propale->lire','$conf->propal->enabled && $leftmenu==\"propals\"',2,'2017-08-30 15:14:30'),(162197,'auguria',1,'','left','commercial',162187,NULL,NULL,4,'/comm/propal/stats/index.php?leftmenu=propals','','Statistics','propal',1,'','$user->rights->propale->lire','$conf->propal->enabled',2,'2017-08-30 15:14:30'),(162287,'auguria',1,'','left','commercial',161092,NULL,NULL,5,'/commande/index.php?leftmenu=orders','','CustomersOrders','orders',0,'orders','$user->rights->commande->lire','$conf->commande->enabled',2,'2017-08-30 15:14:30'),(162288,'auguria',1,'','left','commercial',162287,NULL,NULL,0,'/commande/card.php?action=create&amp;leftmenu=orders','','NewOrder','orders',1,'','$user->rights->commande->creer','$conf->commande->enabled',2,'2017-08-30 15:14:30'),(162289,'auguria',1,'','left','commercial',162287,NULL,NULL,1,'/commande/list.php?leftmenu=orders','','List','orders',1,'','$user->rights->commande->lire','$conf->commande->enabled',2,'2017-08-30 15:14:30'),(162290,'auguria',1,'','left','commercial',162289,NULL,NULL,2,'/commande/list.php?leftmenu=orders&amp;viewstatut=0','','StatusOrderDraftShort','orders',1,'','$user->rights->commande->lire','$conf->commande->enabled && $leftmenu==\"orders\"',2,'2017-08-30 15:14:30'),(162291,'auguria',1,'','left','commercial',162289,NULL,NULL,3,'/commande/list.php?leftmenu=orders&amp;viewstatut=1','','StatusOrderValidated','orders',1,'','$user->rights->commande->lire','$conf->commande->enabled && $leftmenu==\"orders\"',2,'2017-08-30 15:14:30'),(162292,'auguria',1,'','left','commercial',162289,NULL,NULL,4,'/commande/list.php?leftmenu=orders&amp;viewstatut=2','','StatusOrderOnProcessShort','orders',1,'','$user->rights->commande->lire','$conf->commande->enabled && $leftmenu==\"orders\"',2,'2017-08-30 15:14:30'),(162293,'auguria',1,'','left','commercial',162289,NULL,NULL,5,'/commande/list.php?leftmenu=orders&amp;viewstatut=3','','StatusOrderToBill','orders',1,'','$user->rights->commande->lire','$conf->commande->enabled && $leftmenu==\"orders\"',2,'2017-08-30 15:14:30'),(162294,'auguria',1,'','left','commercial',162289,NULL,NULL,6,'/commande/list.php?leftmenu=orders&amp;viewstatut=4','','StatusOrderProcessed','orders',1,'','$user->rights->commande->lire','$conf->commande->enabled && $leftmenu==\"orders\"',2,'2017-08-30 15:14:30'),(162295,'auguria',1,'','left','commercial',162289,NULL,NULL,7,'/commande/list.php?leftmenu=orders&amp;viewstatut=-1','','StatusOrderCanceledShort','orders',1,'','$user->rights->commande->lire','$conf->commande->enabled && $leftmenu==\"orders\"',2,'2017-08-30 15:14:30'),(162296,'auguria',1,'','left','commercial',162287,NULL,NULL,4,'/commande/stats/index.php?leftmenu=orders','','Statistics','orders',1,'','$user->rights->commande->lire','$conf->commande->enabled',2,'2017-08-30 15:14:30'),(162387,'auguria',1,'','left','commercial',161090,NULL,NULL,6,'/expedition/index.php?leftmenu=sendings','','Shipments','sendings',0,'sendings','$user->rights->expedition->lire','$conf->expedition->enabled',2,'2017-08-30 15:14:30'),(162388,'auguria',1,'','left','commercial',162387,NULL,NULL,0,'/expedition/card.php?action=create2&leftmenu=sendings','','NewSending','sendings',1,'','$user->rights->expedition->creer','$conf->expedition->enabled && $leftmenu==\"sendings\"',2,'2017-08-30 15:14:30'),(162389,'auguria',1,'','left','commercial',162387,NULL,NULL,1,'/expedition/list.php?leftmenu=sendings','','List','sendings',1,'','$user->rights->expedition->lire','$conf->expedition->enabled && $leftmenu==\"sendings\"',2,'2017-08-30 15:14:30'),(162390,'auguria',1,'','left','commercial',162387,NULL,NULL,2,'/expedition/stats/index.php?leftmenu=sendings','','Statistics','sendings',1,'','$user->rights->expedition->lire','$conf->expedition->enabled && $leftmenu==\"sendings\"',2,'2017-08-30 15:14:30'),(162487,'auguria',1,'','left','commercial',161092,NULL,NULL,7,'/contrat/index.php?leftmenu=contracts','','Contracts','contracts',0,'contracts','$user->rights->contrat->lire','$conf->contrat->enabled',2,'2017-08-30 15:14:30'),(162488,'auguria',1,'','left','commercial',162487,NULL,NULL,0,'/contrat/card.php?&action=create&amp;leftmenu=contracts','','NewContract','contracts',1,'','$user->rights->contrat->creer','$conf->contrat->enabled',2,'2017-08-30 15:14:30'),(162489,'auguria',1,'','left','commercial',162487,NULL,NULL,1,'/contrat/list.php?leftmenu=contracts','','List','contracts',1,'','$user->rights->contrat->lire','$conf->contrat->enabled',2,'2017-08-30 15:14:30'),(162490,'auguria',1,'','left','commercial',162487,NULL,NULL,2,'/contrat/services.php?leftmenu=contracts','','MenuServices','contracts',1,'','$user->rights->contrat->lire','$conf->contrat->enabled',2,'2017-08-30 15:14:30'),(162491,'auguria',1,'','left','commercial',162490,NULL,NULL,0,'/contrat/services.php?leftmenu=contracts&amp;mode=0','','MenuInactiveServices','contracts',2,'','$user->rights->contrat->lire','$conf->contrat->enabled && $leftmenu==\"contracts\"',2,'2017-08-30 15:14:30'),(162492,'auguria',1,'','left','commercial',162490,NULL,NULL,1,'/contrat/services.php?leftmenu=contracts&amp;mode=4','','MenuRunningServices','contracts',2,'','$user->rights->contrat->lire','$conf->contrat->enabled && $leftmenu==\"contracts\"',2,'2017-08-30 15:14:30'),(162493,'auguria',1,'','left','commercial',162490,NULL,NULL,2,'/contrat/services.php?leftmenu=contracts&amp;mode=4&amp;filter=expired','','MenuExpiredServices','contracts',2,'','$user->rights->contrat->lire','$conf->contrat->enabled && $leftmenu==\"contracts\"',2,'2017-08-30 15:14:30'),(162494,'auguria',1,'','left','commercial',162490,NULL,NULL,3,'/contrat/services.php?leftmenu=contracts&amp;mode=5','','MenuClosedServices','contracts',2,'','$user->rights->contrat->lire','$conf->contrat->enabled && $leftmenu==\"contracts\"',2,'2017-08-30 15:14:30'),(162587,'auguria',1,'','left','commercial',161092,NULL,NULL,8,'/fichinter/list.php?leftmenu=ficheinter','','Interventions','interventions',0,'ficheinter','$user->rights->ficheinter->lire','$conf->ficheinter->enabled',2,'2017-08-30 15:14:30'),(162588,'auguria',1,'','left','commercial',162587,NULL,NULL,0,'/fichinter/card.php?action=create&amp;leftmenu=ficheinter','','NewIntervention','interventions',1,'','$user->rights->ficheinter->creer','$conf->ficheinter->enabled',2,'2017-08-30 15:14:30'),(162589,'auguria',1,'','left','commercial',162587,NULL,NULL,1,'/fichinter/list.php?leftmenu=ficheinter','','List','interventions',1,'','$user->rights->ficheinter->lire','$conf->ficheinter->enabled',2,'2017-08-30 15:14:30'),(162590,'auguria',1,'','left','commercial',162587,NULL,NULL,2,'/fichinter/stats/index.php?leftmenu=ficheinter','','Statistics','interventions',1,'','$user->rights->ficheinter->lire','$conf->ficheinter->enabled',2,'2017-08-30 15:14:30'),(162687,'auguria',1,'','left','accountancy',161093,NULL,NULL,3,'/fourn/facture/list.php?leftmenu=suppliers_bills','','BillsSuppliers','bills',0,'supplier_bills','$user->rights->fournisseur->facture->lire','$conf->supplier_invoice->enabled',2,'2017-08-30 15:14:30'),(162688,'auguria',1,'','left','accountancy',162687,NULL,NULL,0,'/fourn/facture/card.php?action=create&amp;leftmenu=suppliers_bills','','NewBill','bills',1,'','$user->rights->fournisseur->facture->creer','$conf->supplier_invoice->enabled',2,'2017-08-30 15:14:30'),(162689,'auguria',1,'','left','accountancy',162687,NULL,NULL,1,'/fourn/facture/list.php?leftmenu=suppliers_bills','','List','bills',1,'','$user->rights->fournisseur->facture->lire','$conf->supplier_invoice->enabled',2,'2017-08-30 15:14:30'),(162690,'auguria',1,'','left','accountancy',162687,NULL,NULL,2,'/fourn/facture/paiement.php?leftmenu=suppliers_bills','','Payments','bills',1,'','$user->rights->fournisseur->facture->lire','$conf->supplier_invoice->enabled',2,'2017-08-30 15:14:30'),(162691,'auguria',1,'','left','accountancy',162687,NULL,NULL,8,'/compta/facture/stats/index.php?leftmenu=customers_bills&mode=supplier','','Statistics','bills',1,'','$user->rights->fournisseur->facture->lire','$conf->supplier_invoice->enabled',2,'2017-08-30 15:14:30'),(162692,'auguria',1,'','left','accountancy',162690,NULL,NULL,1,'/fourn/facture/rapport.php?leftmenu=suppliers_bills','','Reporting','bills',2,'','$user->rights->fournisseur->facture->lire','$conf->supplier_invoice->enabled',2,'2017-08-30 15:14:30'),(162787,'auguria',1,'','left','accountancy',161093,NULL,NULL,3,'/compta/facture/list.php?leftmenu=customers_bills','','BillsCustomers','bills',0,'customer_bills','$user->rights->facture->lire','$conf->facture->enabled',2,'2017-08-30 15:14:30'),(162788,'auguria',1,'','left','accountancy',162787,NULL,NULL,3,'/compta/facture/card.php?action=create&amp;leftmenu=customers_bills','','NewBill','bills',1,'','$user->rights->facture->creer','$conf->facture->enabled',2,'2017-08-30 15:14:30'),(162789,'auguria',1,'','left','accountancy',162787,NULL,NULL,5,'/compta/facture/fiche-rec.php?leftmenu=customers_bills','','ListOfTemplates','bills',1,'','$user->rights->facture->lire','$conf->facture->enabled',2,'2017-08-30 15:14:30'),(162791,'auguria',1,'','left','accountancy',162787,NULL,NULL,6,'/compta/paiement/list.php?leftmenu=customers_bills','','Payments','bills',1,'','$user->rights->facture->lire','$conf->facture->enabled',2,'2017-08-30 15:14:30'),(162792,'auguria',1,'','left','accountancy',162787,NULL,NULL,4,'/compta/facture/list.php?leftmenu=customers_bills','','List','bills',1,'','$user->rights->facture->lire','$conf->facture->enabled',2,'2017-08-30 15:14:30'),(162797,'auguria',1,'','left','accountancy',162791,NULL,NULL,1,'/compta/paiement/rapport.php?leftmenu=customers_bills','','Reportings','bills',2,'','$user->rights->facture->lire','$conf->facture->enabled',2,'2017-08-30 15:14:30'),(162798,'auguria',1,'','left','accountancy',161101,NULL,NULL,9,'/compta/paiement/cheque/index.php?leftmenu=checks&amp;mainmenu=bank','','MenuChequeDeposits','bills',0,'checks','$user->rights->banque->lire','empty($conf->global->BANK_DISABLE_CHECK_DEPOSIT) && ! empty($conf->banque->enabled) && (! empty($conf->facture->enabled) || ! empty($conf->global->MAIN_MENU_CHEQUE_DEPOSIT_ON))',2,'2017-08-30 15:14:30'),(162799,'auguria',1,'','left','accountancy',162798,NULL,NULL,0,'/compta/paiement/cheque/card.php?leftmenu=checks&amp;action=new','','NewCheckDeposit','compta',1,'','$user->rights->banque->lire','empty($conf->global->BANK_DISABLE_CHECK_DEPOSIT) && ! empty($conf->banque->enabled) && (! empty($conf->facture->enabled) || ! empty($conf->global->MAIN_MENU_CHEQUE_DEPOSIT_ON))',2,'2017-08-30 15:14:30'),(162800,'auguria',1,'','left','accountancy',162798,NULL,NULL,1,'/compta/paiement/cheque/list.php?leftmenu=checks','','List','bills',1,'','$user->rights->banque->lire','empty($conf->global->BANK_DISABLE_CHECK_DEPOSIT) && ! empty($conf->banque->enabled) && (! empty($conf->facture->enabled) || ! empty($conf->global->MAIN_MENU_CHEQUE_DEPOSIT_ON))',2,'2017-08-30 15:14:30'),(162801,'auguria',1,'','left','accountancy',162787,NULL,NULL,8,'/compta/facture/stats/index.php?leftmenu=customers_bills','','Statistics','bills',1,'','$user->rights->facture->lire','$conf->facture->enabled',2,'2017-08-30 15:14:30'),(162807,'auguria',1,'','left','accountancy',162792,NULL,NULL,1,'/compta/facture/list.php?leftmenu=customers_bills&amp;search_status=0','','BillShortStatusDraft','bills',2,'','$user->rights->facture->lire','$conf->facture->enabled',2,'2017-08-30 15:14:30'),(162808,'auguria',1,'','left','accountancy',162792,NULL,NULL,2,'/compta/facture/list.php?leftmenu=customers_bills&amp;search_status=1','','BillShortStatusNotPaid','bills',2,'','$user->rights->facture->lire','$conf->facture->enabled',2,'2017-08-30 15:14:30'),(162809,'auguria',1,'','left','accountancy',162792,NULL,NULL,3,'/compta/facture/list.php?leftmenu=customers_bills&amp;search_status=2','','BillShortStatusPaid','bills',2,'','$user->rights->facture->lire','$conf->facture->enabled',2,'2017-08-30 15:14:30'),(162810,'auguria',1,'','left','accountancy',162792,NULL,NULL,4,'/compta/facture/list.php?leftmenu=customers_bills&amp;search_status=3','','BillShortStatusCanceled','bills',2,'','$user->rights->facture->lire','$conf->facture->enabled',2,'2017-08-30 15:14:30'),(162987,'auguria',1,'','left','accountancy',161093,NULL,NULL,3,'/commande/list.php?leftmenu=orders&amp;viewstatut=3','','MenuOrdersToBill','orders',0,'orders','$user->rights->commande->lire','$conf->commande->enabled',0,'2017-08-30 15:14:30'),(163087,'auguria',1,'','left','accountancy',161093,NULL,NULL,4,'/don/index.php?leftmenu=donations&amp;mainmenu=accountancy','','Donations','donations',0,'donations','$user->rights->don->lire','$conf->don->enabled',2,'2017-08-30 15:14:30'),(163088,'auguria',1,'','left','accountancy',163087,NULL,NULL,0,'/don/card.php?leftmenu=donations&amp;mainmenu=accountancy&amp;action=create','','NewDonation','donations',1,'','$user->rights->don->creer','$conf->don->enabled && $leftmenu==\"donations\"',2,'2017-08-30 15:14:30'),(163089,'auguria',1,'','left','accountancy',163087,NULL,NULL,1,'/don/list.php?leftmenu=donations&amp;mainmenu=accountancy','','List','donations',1,'','$user->rights->don->lire','$conf->don->enabled && $leftmenu==\"donations\"',2,'2017-08-30 15:14:30'),(163187,'auguria',1,'','left','accountancy',161102,NULL,NULL,5,'/compta/deplacement/index.php?leftmenu=tripsandexpenses','','TripsAndExpenses','trips',0,'tripsandexpenses','$user->rights->deplacement->lire','$conf->deplacement->enabled',0,'2017-08-30 15:14:30'),(163188,'auguria',1,'','left','accountancy',163187,NULL,NULL,1,'/compta/deplacement/card.php?action=create&amp;leftmenu=tripsandexpenses','','New','trips',1,'','$user->rights->deplacement->creer','$conf->deplacement->enabled',0,'2017-08-30 15:14:30'),(163189,'auguria',1,'','left','accountancy',163187,NULL,NULL,2,'/compta/deplacement/list.php?leftmenu=tripsandexpenses','','List','trips',1,'','$user->rights->deplacement->lire','$conf->deplacement->enabled',0,'2017-08-30 15:14:30'),(163190,'auguria',1,'','left','accountancy',163187,NULL,NULL,2,'/compta/deplacement/stats/index.php?leftmenu=tripsandexpenses','','Statistics','trips',1,'','$user->rights->deplacement->lire','$conf->deplacement->enabled',0,'2017-08-30 15:14:30'),(163287,'auguria',1,'','left','accountancy',161093,NULL,NULL,6,'/compta/charges/index.php?leftmenu=tax&amp;mainmenu=accountancy','','MenuSpecialExpenses','compta',0,'tax','(! empty($conf->tax->enabled) && $user->rights->tax->charges->lire) || (! empty($conf->salaries->enabled) && $user->rights->salaries->read)','$conf->tax->enabled || $conf->salaries->enabled',0,'2017-08-30 15:14:30'),(163297,'auguria',1,'','left','accountancy',163287,NULL,NULL,1,'/compta/salaries/index.php?leftmenu=tax_salary&amp;mainmenu=accountancy','','Salaries','salaries',1,'tax_sal','$user->rights->salaries->payment->read','$conf->salaries->enabled',0,'2017-08-30 15:14:30'),(163298,'auguria',1,'','left','accountancy',163297,NULL,NULL,2,'/compta/salaries/card.php?leftmenu=tax_salary&amp;action=create','','NewPayment','companies',2,'','$user->rights->salaries->payment->write','$conf->salaries->enabled && $leftmenu==\"tax_salary\"',0,'2017-08-30 15:14:30'),(163299,'auguria',1,'','left','accountancy',163297,NULL,NULL,3,'/compta/salaries/index.php?leftmenu=tax_salary','','Payments','companies',2,'','$user->rights->salaries->payment->read','$conf->salaries->enabled && $leftmenu==\"tax_salary\"',0,'2017-08-30 15:14:30'),(163307,'auguria',1,'','left','accountancy',163287,NULL,NULL,1,'/loan/index.php?leftmenu=tax_loan&amp;mainmenu=accountancy','','Loans','loan',1,'tax_loan','$user->rights->loan->read','$conf->loan->enabled',0,'2017-08-30 15:14:30'),(163308,'auguria',1,'','left','accountancy',163307,NULL,NULL,2,'/loan/card.php?leftmenu=tax_loan&amp;action=create','','NewLoan','loan',2,'','$user->rights->loan->write','$conf->loan->enabled && $leftmenu==\"tax_loan\"',0,'2017-08-30 15:14:30'),(163310,'auguria',1,'','left','accountancy',163307,NULL,NULL,4,'/loan/calc.php?leftmenu=tax_loan','','Calculator','companies',2,'','$user->rights->loan->calc','$conf->loan->enabled && $leftmenu==\"tax_loan\" && ! empty($conf->global->LOAN_SHOW_CALCULATOR)',0,'2017-08-30 15:14:30'),(163337,'auguria',1,'','left','accountancy',163287,NULL,NULL,1,'/compta/sociales/index.php?leftmenu=tax_social','','SocialContributions','',1,'tax_social','$user->rights->tax->charges->lire','$conf->tax->enabled',0,'2017-08-30 15:14:30'),(163338,'auguria',1,'','left','accountancy',163337,NULL,NULL,2,'/compta/sociales/card.php?leftmenu=tax_social&amp;action=create','','MenuNewSocialContribution','',2,'','$user->rights->tax->charges->creer','$conf->tax->enabled && $leftmenu==\"tax_social\"',0,'2017-08-30 15:14:30'),(163339,'auguria',1,'','left','accountancy',163337,NULL,NULL,3,'/compta/sociales/payments.php?leftmenu=tax_social&amp;mainmenu=accountancy&amp;mode=sconly','','Payments','',2,'','$user->rights->tax->charges->lire','$conf->tax->enabled && $leftmenu==\"tax_social\"',0,'2017-08-30 15:14:30'),(163387,'auguria',1,'','left','accountancy',163287,NULL,NULL,7,'/compta/tva/index.php?leftmenu=tax_vat&amp;mainmenu=accountancy','','VAT','companies',1,'tax_vat','$user->rights->tax->charges->lire','$conf->tax->enabled && empty($conf->global->TAX_DISABLE_VAT_MENUS)',0,'2017-08-30 15:14:30'),(163388,'auguria',1,'','left','accountancy',163387,NULL,NULL,0,'/compta/tva/card.php?leftmenu=tax_vat&amp;action=create','','New','companies',2,'','$user->rights->tax->charges->creer','$conf->tax->enabled && empty($conf->global->TAX_DISABLE_VAT_MENUS) && $leftmenu==\"tax_vat\"',0,'2017-08-30 15:14:30'),(163389,'auguria',1,'','left','accountancy',163387,NULL,NULL,1,'/compta/tva/reglement.php?leftmenu=tax_vat','','List','companies',2,'','$user->rights->tax->charges->lire','$conf->tax->enabled && empty($conf->global->TAX_DISABLE_VAT_MENUS) && $leftmenu==\"tax_vat\"',0,'2017-08-30 15:14:30'),(163390,'auguria',1,'','left','accountancy',163387,NULL,NULL,2,'/compta/tva/clients.php?leftmenu=tax_vat','','ReportByCustomers','companies',2,'','$user->rights->tax->charges->lire','$conf->tax->enabled && empty($conf->global->TAX_DISABLE_VAT_MENUS) && $leftmenu==\"tax_vat\"',0,'2017-08-30 15:14:30'),(163391,'auguria',1,'','left','accountancy',163387,NULL,NULL,3,'/compta/tva/quadri_detail.php?leftmenu=tax_vat','','ReportByQuarter','companies',2,'','$user->rights->tax->charges->lire','$conf->tax->enabled && empty($conf->global->TAX_DISABLE_VAT_MENUS) && $leftmenu==\"tax_vat\"',0,'2017-08-30 15:14:30'),(163487,'auguria',1,'','left','accountancy',161093,NULL,NULL,7,'/accountancy/index.php?leftmenu=accountancy','','MenuAccountancy','accountancy',0,'accounting','! empty($conf->accounting->enabled) || $user->rights->accounting->bind->write || $user->rights->accounting->bind->write || $user->rights->compta->resultat->lire','$conf->accounting->enabled',0,'2017-08-30 15:14:30'),(163488,'auguria',1,'','left','accountancy',163487,NULL,NULL,2,'/accountancy/customer/index.php?leftmenu=dispatch_customer','','CustomersVentilation','accountancy',1,'dispatch_customer','$user->rights->accounting->bind->write','$conf->accounting->enabled',0,'2017-08-30 15:14:30'),(163489,'auguria',1,'','left','accountancy',163488,NULL,NULL,3,'/accountancy/customer/list.php','','ToDispatch','accountancy',2,'','$user->rights->accounting->bind->write','$conf->accounting->enabled && $leftmenu==\"dispatch_customer\"',0,'2017-08-30 15:14:30'),(163490,'auguria',1,'','left','accountancy',163488,NULL,NULL,4,'/accountancy/customer/lines.php','','Dispatched','accountancy',2,'','$user->rights->accounting->bind->write','$conf->accounting->enabled && $leftmenu==\"dispatch_customer\"',0,'2017-08-30 15:14:30'),(163497,'auguria',1,'','left','accountancy',163487,NULL,NULL,5,'/accountancy/supplier/index.php?leftmenu=dispatch_supplier','','SuppliersVentilation','accountancy',1,'ventil_supplier','$user->rights->accounting->bind->write','$conf->accounting->enabled && $conf->fournisseur->enabled',0,'2017-08-30 15:14:30'),(163498,'auguria',1,'','left','accountancy',163497,NULL,NULL,6,'/accountancy/supplier/list.php','','ToDispatch','accountancy',2,'','$user->rights->accounting->bind->write','$conf->accounting->enabled && $conf->fournisseur->enabled && $leftmenu==\"dispatch_supplier\"',0,'2017-08-30 15:14:30'),(163499,'auguria',1,'','left','accountancy',163497,NULL,NULL,7,'/accountancy/supplier/lines.php','','Dispatched','accountancy',2,'','$user->rights->accounting->bind->write','$conf->accounting->enabled && $conf->fournisseur->enabled && $leftmenu==\"dispatch_supplier\"',0,'2017-08-30 15:14:30'),(163507,'auguria',1,'','left','accountancy',163487,NULL,NULL,5,'/accountancy/expensereport/index.php?leftmenu=dispatch_expensereport','','ExpenseReportsVentilation','accountancy',1,'ventil_expensereport','$user->rights->accounting->bind->write','$conf->accounting->enabled && $conf->expensereport->enabled',0,'2017-08-30 15:14:30'),(163508,'auguria',1,'','left','accountancy',163507,NULL,NULL,6,'/accountancy/expensereport/list.php','','ToDispatch','accountancy',2,'','$user->rights->accounting->bind->write','$conf->accounting->enabled && $conf->expensereport->enabled && $leftmenu==\"dispatch_expensereport\"',0,'2017-08-30 15:14:30'),(163509,'auguria',1,'','left','accountancy',163507,NULL,NULL,7,'/accountancy/expensereport/lines.php','','Dispatched','accountancy',2,'','$user->rights->accounting->bind->write','$conf->accounting->enabled && $conf->expensereport->enabled && $leftmenu==\"dispatch_expensereport\"',0,'2017-08-30 15:14:30'),(163517,'auguria',1,'','left','accountancy',163487,NULL,NULL,15,'/accountancy/bookkeeping/list.php','','Bookkeeping','accountancy',1,'bookkeeping','$user->rights->accounting->mouvements->lire','$conf->accounting->enabled',0,'2017-08-30 15:14:30'),(163522,'auguria',1,'','left','accountancy',163487,NULL,NULL,16,'/accountancy/bookkeeping/balance.php','','AccountBalance','accountancy',1,'balance','$user->rights->accounting->mouvements->lire','$conf->accounting->enabled',0,'2017-08-30 15:14:30'),(163527,'auguria',1,'','left','accountancy',163487,NULL,NULL,17,'/accountancy/report/result.php?mainmenu=accountancy&leftmenu=accountancy','','Reportings','main',1,'report','$user->rights->compta->resultat->lire || $user->rights->accounting->comptarapport->lire','$conf->accounting->enabled',0,'2017-08-30 15:14:30'),(163528,'auguria',1,'','left','accountancy',163527,NULL,NULL,19,'/compta/resultat/index.php?mainmenu=accountancy&leftmenu=accountancy','','ReportInOut','main',2,'','$user->rights->compta->resultat->lire || $user->rights->accounting->comptarapport->lire','$conf->accounting->enabled && $leftmenu==\"accountancy\"',0,'2017-08-30 15:14:30'),(163529,'auguria',1,'','left','accountancy',163528,NULL,NULL,18,'/accountancy/report/result.php?mainmenu=accountancy&leftmenu=accountancy','','ByAccounts','main',3,'','$user->rights->compta->resultat->lire || $user->rights->accounting->comptarapport->lire','$conf->accounting->enabled && $leftmenu==\"accountancy\"',0,'2017-08-30 15:14:30'),(163530,'auguria',1,'','left','accountancy',163528,NULL,NULL,20,'/compta/resultat/clientfourn.php?mainmenu=accountancy&leftmenu=accountancy','','ByCompanies','main',3,'','$user->rights->compta->resultat->lire || $user->rights->accounting->comptarapport->lire','$conf->accounting->enabled && $leftmenu==\"accountancy\"',0,'2017-08-30 15:14:30'),(163531,'auguria',1,'','left','accountancy',163527,NULL,NULL,21,'/compta/stats/index.php?mainmenu=accountancy&leftmenu=accountancy','','ReportTurnover','main',2,'','$user->rights->compta->resultat->lire || $user->rights->accounting->comptarapport->lire','$conf->accounting->enabled && $leftmenu==\"accountancy\"',0,'2017-08-30 15:14:30'),(163532,'auguria',1,'','left','accountancy',163531,NULL,NULL,22,'/compta/stats/casoc.php?mainmenu=accountancy&leftmenu=accountancy','','ByCompanies','main',3,'','$user->rights->compta->resultat->lire || $user->rights->accounting->comptarapport->lire','$conf->accounting->enabled && $leftmenu==\"accountancy\"',0,'2017-08-30 15:14:30'),(163533,'auguria',1,'','left','accountancy',163531,NULL,NULL,23,'/compta/stats/cabyuser.php?mainmenu=accountancy&leftmenu=accountancy','','ByUsers','main',3,'','$user->rights->compta->resultat->lire || $user->rights->accounting->comptarapport->lire','$conf->accounting->enabled && $leftmenu==\"accountancy\"',0,'2017-08-30 15:14:30'),(163534,'auguria',1,'','left','accountancy',163531,NULL,NULL,24,'/compta/stats/cabyprodserv.php?mainmenu=accountancy&leftmenu=accountancy','','ByProductsAndServices','main',3,'','$user->rights->compta->resultat->lire || $user->rights->accounting->comptarapport->lire','$conf->accounting->enabled && $leftmenu==\"accountancy\"',0,'2017-08-30 15:14:30'),(163537,'auguria',1,'','left','accountancy',163538,NULL,NULL,80,'/accountancy/admin/fiscalyear.php?mainmenu=accountancy&leftmenu=accountancy_admin','','FiscalPeriod','admin',1,'accountancy_admin_period','','$conf->accounting->enabled && $leftmenu==\"accountancy_admin\" && $conf->global->MAIN_FEATURES_LEVEL > 0',2,'2017-08-30 15:14:30'),(163538,'auguria',1,'','left','accountancy',163487,NULL,NULL,1,'/accountancy/index.php?mainmenu=accountancy&leftmenu=accountancy_admin','','Setup','accountancy',1,'accountancy_admin','$user->rights->accounting->chartofaccount','$conf->accounting->enabled',0,'2017-08-30 15:14:30'),(163541,'auguria',1,'','left','accountancy',163538,NULL,NULL,10,'/accountancy/admin/journals_list.php?id=35&mainmenu=accountancy&leftmenu=accountancy_admin','','AccountingJournals','accountancy',2,'accountancy_admin_journal','$user->rights->accounting->chartofaccount','$conf->accounting->enabled && $leftmenu==\"accountancy_admin\"',0,'2017-08-30 15:14:30'),(163542,'auguria',1,'','left','accountancy',163538,NULL,NULL,20,'/accountancy/admin/account.php?mainmenu=accountancy&leftmenu=accountancy_admin','','Pcg_version','accountancy',2,'accountancy_admin_chartmodel','$user->rights->accounting->chartofaccount','$conf->accounting->enabled && $leftmenu==\"accountancy_admin\"',0,'2017-08-30 15:14:30'),(163543,'auguria',1,'','left','accountancy',163538,NULL,NULL,30,'/accountancy/admin/account.php?mainmenu=accountancy&leftmenu=accountancy_admin','','Chartofaccounts','accountancy',2,'accountancy_admin_chart','$user->rights->accounting->chartofaccount','$conf->accounting->enabled && $leftmenu==\"accountancy_admin\"',0,'2017-08-30 15:14:30'),(163544,'auguria',1,'','left','accountancy',163538,NULL,NULL,40,'/accountancy/admin/categories_list.php?id=32&mainmenu=accountancy&leftmenu=accountancy_admin','','AccountingCategory','accountancy',2,'accountancy_admin_chart_group','$user->rights->accounting->chartofaccount','$conf->accounting->enabled && $leftmenu==\"accountancy_admin\"',0,'2017-08-30 15:14:30'),(163545,'auguria',1,'','left','accountancy',163538,NULL,NULL,50,'/accountancy/admin/defaultaccounts.php?mainmenu=accountancy&leftmenu=accountancy_admin','','MenuDefaultAccounts','accountancy',2,'accountancy_admin_default','$user->rights->accounting->chartofaccount','$conf->accounting->enabled && $leftmenu==\"accountancy_admin\"',0,'2017-08-30 15:14:30'),(163546,'auguria',1,'','left','accountancy',163538,NULL,NULL,60,'/admin/dict.php?id=10&from=accountancy&search_country_id=__MYCOUNTRYID__&mainmenu=accountancy&leftmenu=accountancy_admin','','MenuVatAccounts','accountancy',2,'accountancy_admin_vat','$user->rights->accounting->chartofaccount','$conf->accounting->enabled && $leftmenu==\"accountancy_admin\"',0,'2017-08-30 15:14:30'),(163547,'auguria',1,'','left','accountancy',163538,NULL,NULL,70,'/admin/dict.php?id=7&from=accountancy&search_country_id=__MYCOUNTRYID__&mainmenu=accountancy&leftmenu=accountancy_admin','','MenuTaxAccounts','accountancy',2,'accountancy_admin_tax','$user->rights->accounting->chartofaccount','$conf->accounting->enabled && $leftmenu==\"accountancy_admin\"',0,'2017-08-30 15:14:30'),(163548,'auguria',1,'','left','accountancy',163538,NULL,NULL,80,'/admin/dict.php?id=17&from=accountancy&mainmenu=accountancy&leftmenu=accountancy_admin','','MenuExpenseReportAccounts','accountancy',2,'accountancy_admin_expensereport','$user->rights->accounting->chartofaccount','$conf->accounting->enabled && $conf->expensereport->enabled && $leftmenu==\"accountancy_admin\"',0,'2017-08-30 15:14:30'),(163549,'auguria',1,'','left','accountancy',163538,NULL,NULL,90,'/accountancy/admin/productaccount.php?mainmenu=accountancy&leftmenu=accountancy_admin','','MenuProductsAccounts','accountancy',2,'accountancy_admin_product','$user->rights->accounting->chartofaccount','$conf->accounting->enabled && $leftmenu==\"accountancy_admin\"',0,'2017-08-30 15:14:30'),(163587,'auguria',1,'','left','accountancy',161101,NULL,NULL,9,'/compta/prelevement/index.php?leftmenu=withdraw&amp;mainmenu=bank','','StandingOrders','withdrawals',0,'withdraw','$user->rights->prelevement->bons->lire','$conf->prelevement->enabled',2,'2017-08-30 15:14:30'),(163589,'auguria',1,'','left','accountancy',163587,NULL,NULL,0,'/compta/prelevement/create.php?leftmenu=withdraw','','NewStandingOrder','withdrawals',1,'','$user->rights->prelevement->bons->lire','$conf->prelevement->enabled && $leftmenu==\"withdraw\"',2,'2017-08-30 15:14:30'),(163590,'auguria',1,'','left','accountancy',163587,NULL,NULL,2,'/compta/prelevement/bons.php?leftmenu=withdraw','','WithdrawalsReceipts','withdrawals',1,'','$user->rights->prelevement->bons->lire','$conf->prelevement->enabled && $leftmenu==\"withdraw\"',2,'2017-08-30 15:14:30'),(163591,'auguria',1,'','left','accountancy',163587,NULL,NULL,3,'/compta/prelevement/list.php?leftmenu=withdraw','','WithdrawalsLines','withdrawals',1,'','$user->rights->prelevement->bons->lire','$conf->prelevement->enabled && $leftmenu==\"withdraw\"',2,'2017-08-30 15:14:30'),(163593,'auguria',1,'','left','accountancy',163587,NULL,NULL,5,'/compta/prelevement/rejets.php?leftmenu=withdraw','','Rejects','withdrawals',1,'','$user->rights->prelevement->bons->lire','$conf->prelevement->enabled && $leftmenu==\"withdraw\"',2,'2017-08-30 15:14:30'),(163594,'auguria',1,'','left','accountancy',163587,NULL,NULL,6,'/compta/prelevement/stats.php?leftmenu=withdraw','','Statistics','withdrawals',1,'','$user->rights->prelevement->bons->lire','$conf->prelevement->enabled && $leftmenu==\"withdraw\"',2,'2017-08-30 15:14:30'),(163687,'auguria',1,'','left','accountancy',161101,NULL,NULL,1,'/compta/bank/index.php?leftmenu=bank&amp;mainmenu=bank','','MenuBankCash','banks',0,'bank','$user->rights->banque->lire','$conf->banque->enabled',0,'2017-08-30 15:14:30'),(163688,'auguria',1,'','left','accountancy',163687,NULL,NULL,0,'/compta/bank/card.php?action=create&amp;leftmenu=bank','','MenuNewFinancialAccount','banks',1,'','$user->rights->banque->configurer','$conf->banque->enabled && ($leftmenu==\"bank\" || $leftmenu==\"checks\" || $leftmenu==\"withdraw\")',0,'2017-08-30 15:14:30'),(163690,'auguria',1,'','left','accountancy',163687,NULL,NULL,2,'/compta/bank/bankentries.php?leftmenu=bank','','ListTransactions','banks',1,'','$user->rights->banque->lire','$conf->banque->enabled && ($leftmenu==\"bank\" || $leftmenu==\"checks\" || $leftmenu==\"withdraw\")',0,'2017-08-30 15:14:30'),(163691,'auguria',1,'','left','accountancy',163687,NULL,NULL,3,'/compta/bank/budget.php?leftmenu=bank','','ListTransactionsByCategory','banks',1,'','$user->rights->banque->lire','$conf->banque->enabled && ($leftmenu==\"bank\" || $leftmenu==\"checks\" || $leftmenu==\"withdraw\")',0,'2017-08-30 15:14:30'),(163693,'auguria',1,'','left','accountancy',163687,NULL,NULL,5,'/compta/bank/transfer.php?leftmenu=bank','','BankTransfers','banks',1,'','$user->rights->banque->transfer','$conf->banque->enabled && ($leftmenu==\"bank\" || $leftmenu==\"checks\" || $leftmenu==\"withdraw\")',0,'2017-08-30 15:14:30'),(163737,'auguria',1,'','left','accountancy',161101,NULL,NULL,4,'/categories/index.php?leftmenu=bank&amp;type=5','','Categories','categories',0,'cat','$user->rights->categorie->lire','$conf->categorie->enabled',2,'2017-08-30 15:14:30'),(163738,'auguria',1,'','left','accountancy',163737,NULL,NULL,0,'/categories/card.php?leftmenu=bank&amp;action=create&amp;type=5','','NewCategory','categories',1,'','$user->rights->categorie->creer','$conf->categorie->enabled',2,'2017-08-30 15:14:30'),(163787,'auguria',1,'','left','accountancy',161093,NULL,NULL,11,'/compta/resultat/index.php?leftmenu=ca&amp;mainmenu=accountancy','','Reportings','main',0,'ca','$user->rights->compta->resultat->lire || $user->rights->accounting->comptarapport->lire','$conf->comptabilite->enabled',0,'2017-08-30 15:14:30'),(163792,'auguria',1,'','left','accountancy',163487,NULL,NULL,1,'','','Journalization','main',1,'','$user->rights->accounting->comptarapport->lire','$conf->accounting->enabled',0,'2017-08-30 15:14:30'),(163793,'auguria',1,'','left','accountancy',163792,NULL,NULL,4,'/accountancy/journal/sellsjournal.php?mainmenu=accountancy&leftmenu=accountancy_journal&id_journal=1','','SellsJournal','main',2,'','$user->rights->compta->resultat->lire || $user->rights->accounting->comptarapport->lire','$conf->accounting->enabled',0,'2017-08-30 15:14:30'),(163794,'auguria',1,'','left','accountancy',163792,NULL,NULL,1,'/accountancy/journal/bankjournal.php?mainmenu=accountancy&leftmenu=accountancy_journal&id_journal=3','','BankJournal','main',2,'','$user->rights->compta->resultat->lire || $user->rights->accounting->comptarapport->lire','$conf->accounting->enabled',0,'2017-08-30 15:14:30'),(163795,'auguria',1,'','left','accountancy',163792,NULL,NULL,2,'/accountancy/journal/expensereportsjournal.php?mainmenu=accountancy&leftmenu=accountancy_journal&id_journal=6','','ExpenseReportJournal','main',2,'','$user->rights->compta->resultat->lire || $user->rights->accounting->comptarapport->lire','$conf->accounting->enabled',0,'2017-08-30 15:14:30'),(163796,'auguria',1,'','left','accountancy',163792,NULL,NULL,3,'/accountancy/journal/purchasesjournal.php?mainmenu=accountancy&leftmenu=accountancy_journal&id_journal=2','','PurchasesJournal','main',2,'','$user->rights->compta->resultat->lire || $user->rights->accounting->comptarapport->lire','$conf->accounting->enabled',0,'2017-08-30 15:14:30'),(163798,'auguria',1,'','left','accountancy',163787,NULL,NULL,0,'/compta/resultat/index.php?leftmenu=ca','','ReportInOut','main',1,'','$user->rights->compta->resultat->lire || $user->rights->accounting->comptarapport->lire','$conf->comptabilite->enabled && $leftmenu==\"ca\"',0,'2017-08-30 15:14:30'),(163799,'auguria',1,'','left','accountancy',163788,NULL,NULL,0,'/compta/resultat/clientfourn.php?leftmenu=ca','','ByCompanies','main',2,'','$user->rights->compta->resultat->lire || $user->rights->accounting->comptarapport->lire','$conf->comptabilite->enabled && $leftmenu==\"ca\"',0,'2017-08-30 15:14:30'),(163800,'auguria',1,'','left','accountancy',163787,NULL,NULL,1,'/compta/stats/index.php?leftmenu=ca','','ReportTurnover','main',1,'','$user->rights->compta->resultat->lire || $user->rights->accounting->comptarapport->lire','$conf->comptabilite->enabled && $leftmenu==\"ca\"',0,'2017-08-30 15:14:30'),(163801,'auguria',1,'','left','accountancy',163790,NULL,NULL,0,'/compta/stats/casoc.php?leftmenu=ca','','ByCompanies','main',2,'','$user->rights->compta->resultat->lire || $user->rights->accounting->comptarapport->lire','$conf->comptabilite->enabled && $leftmenu==\"ca\"',0,'2017-08-30 15:14:30'),(163802,'auguria',1,'','left','accountancy',163790,NULL,NULL,1,'/compta/stats/cabyuser.php?leftmenu=ca','','ByUsers','main',2,'','$user->rights->compta->resultat->lire || $user->rights->accounting->comptarapport->lire','$conf->comptabilite->enabled && $leftmenu==\"ca\"',0,'2017-08-30 15:14:30'),(163803,'auguria',1,'','left','accountancy',163790,NULL,NULL,1,'/compta/stats/cabyprodserv.php?leftmenu=ca','','ByProductsAndServices','main',2,'','$user->rights->compta->resultat->lire || $user->rights->accounting->comptarapport->lire','$conf->comptabilite->enabled && $leftmenu==\"ca\"',0,'2017-08-30 15:14:30'),(163887,'auguria',1,'','left','products',161090,NULL,NULL,0,'/product/index.php?leftmenu=product&amp;type=0','','Products','products',0,'product','$user->rights->produit->lire','$conf->product->enabled',2,'2017-08-30 15:14:30'),(163888,'auguria',1,'','left','products',163887,NULL,NULL,0,'/product/card.php?leftmenu=product&amp;action=create&amp;type=0','','NewProduct','products',1,'','$user->rights->produit->creer','$conf->product->enabled',2,'2017-08-30 15:14:30'),(163889,'auguria',1,'','left','products',163887,NULL,NULL,1,'/product/list.php?leftmenu=product&amp;type=0','','List','products',1,'','$user->rights->produit->lire','$conf->product->enabled',2,'2017-08-30 15:14:30'),(163890,'auguria',1,'','left','products',163887,NULL,NULL,4,'/product/reassort.php?type=0','','Stocks','products',1,'','$user->rights->produit->lire && $user->rights->stock->lire','$conf->product->enabled',2,'2017-08-30 15:14:30'),(163891,'auguria',1,'','left','products',163887,NULL,NULL,7,'/product/stats/card.php?id=all&amp;leftmenu=stats&amp;type=0','','Statistics','main',1,'','$user->rights->produit->lire','$conf->propal->enabled',2,'2017-08-30 15:14:30'),(163892,'auguria',1,'','left','products',163887,NULL,NULL,5,'/product/reassortlot.php?type=0','','StocksByLotSerial','products',1,'','$user->rights->produit->lire && $user->rights->stock->lire','$conf->productbatch->enabled',2,'2017-08-30 15:14:30'),(163893,'auguria',1,'','left','products',163887,NULL,NULL,6,'/product/stock/productlot_list.php','','LotSerial','products',1,'','$user->rights->produit->lire && $user->rights->stock->lire','$conf->productbatch->enabled',2,'2017-08-30 15:14:30'),(163987,'auguria',1,'','left','products',161090,NULL,NULL,1,'/product/index.php?leftmenu=service&amp;type=1','','Services','products',0,'service','$user->rights->service->lire','$conf->service->enabled',2,'2017-08-30 15:14:30'),(163988,'auguria',1,'','left','products',163987,NULL,NULL,0,'/product/card.php?leftmenu=service&amp;action=create&amp;type=1','','NewService','products',1,'','$user->rights->service->creer','$conf->service->enabled',2,'2017-08-30 15:14:30'),(163989,'auguria',1,'','left','products',163987,NULL,NULL,1,'/product/list.php?leftmenu=service&amp;type=1','','List','products',1,'','$user->rights->service->lire','$conf->service->enabled',2,'2017-08-30 15:14:30'),(163990,'auguria',1,'','left','products',163987,NULL,NULL,5,'/product/stats/card.php?id=all&amp;leftmenu=stats&amp;type=1','','Statistics','main',1,'','$user->rights->service->lire','$conf->propal->enabled',2,'2017-08-30 15:14:30'),(164187,'auguria',1,'','left','products',161090,NULL,NULL,3,'/product/stock/index.php?leftmenu=stock','','Stock','stocks',0,'stock','$user->rights->stock->lire','$conf->stock->enabled',2,'2017-08-30 15:14:30'),(164188,'auguria',1,'','left','products',164187,NULL,NULL,0,'/product/stock/card.php?action=create','','MenuNewWarehouse','stocks',1,'','$user->rights->stock->creer','$conf->stock->enabled',2,'2017-08-30 15:14:30'),(164189,'auguria',1,'','left','products',164187,NULL,NULL,1,'/product/stock/list.php','','List','stocks',1,'','$user->rights->stock->lire','$conf->stock->enabled',2,'2017-08-30 15:14:30'),(164191,'auguria',1,'','left','products',164187,NULL,NULL,3,'/product/stock/mouvement.php','','Movements','stocks',1,'','$user->rights->stock->mouvement->lire','$conf->stock->enabled',2,'2017-08-30 15:14:30'),(164192,'auguria',1,'','left','products',164187,NULL,NULL,4,'/product/stock/replenish.php','','Replenishments','stocks',1,'','$user->rights->stock->mouvement->creer && $user->rights->fournisseur->lire','$conf->stock->enabled && $conf->supplier_order->enabled',2,'2017-08-30 15:14:30'),(164193,'auguria',1,'','left','products',164187,NULL,NULL,5,'/product/stock/massstockmove.php','','MassStockTransferShort','stocks',1,'','$user->rights->stock->mouvement->creer','$conf->stock->enabled',2,'2017-08-30 15:14:30'),(164287,'auguria',1,'','left','products',161090,NULL,NULL,4,'/categories/index.php?leftmenu=cat&amp;type=0','','Categories','categories',0,'cat','$user->rights->categorie->lire','$conf->categorie->enabled',2,'2017-08-30 15:14:30'),(164288,'auguria',1,'','left','products',164287,NULL,NULL,0,'/categories/card.php?action=create&amp;type=0','','NewCategory','categories',1,'','$user->rights->categorie->creer','$conf->categorie->enabled',2,'2017-08-30 15:14:30'),(164487,'auguria',1,'','left','project',161094,NULL,NULL,3,'/projet/activity/perweek.php?leftmenu=projects','','NewTimeSpent','projects',0,'','$user->rights->projet->lire','$conf->projet->enabled && $conf->global->PROJECT_USE_TASKS',2,'2017-08-30 15:14:30'),(164687,'auguria',1,'','left','project',161094,NULL,NULL,0,'/projet/index.php?leftmenu=projects','','Projects','projects',0,'projects','$user->rights->projet->lire','$conf->projet->enabled',2,'2017-08-30 15:14:30'),(164688,'auguria',1,'','left','project',164687,NULL,NULL,1,'/projet/card.php?leftmenu=projects&amp;action=create','','NewProject','projects',1,'','$user->rights->projet->creer','$conf->projet->enabled',2,'2017-08-30 15:14:30'),(164689,'auguria',1,'','left','project',164687,NULL,NULL,2,'/projet/list.php?leftmenu=projects','','List','projects',1,'','$user->rights->projet->lire','$conf->projet->enabled',2,'2017-08-30 15:14:30'),(164690,'auguria',1,'','left','project',164687,NULL,NULL,3,'/projet/stats/index.php?leftmenu=projects','','Statistics','projects',1,'','$user->rights->projet->lire','$conf->projet->enabled',2,'2017-08-30 15:14:30'),(164787,'auguria',1,'','left','project',161094,NULL,NULL,0,'/projet/activity/index.php?leftmenu=projects','','Activities','projects',0,'','$user->rights->projet->lire','$conf->projet->enabled && $conf->global->PROJECT_USE_TASKS',2,'2017-08-30 15:14:30'),(164788,'auguria',1,'','left','project',164787,NULL,NULL,1,'/projet/tasks.php?leftmenu=projects&amp;action=create','','NewTask','projects',1,'','$user->rights->projet->creer','$conf->projet->enabled && $conf->global->PROJECT_USE_TASKS',2,'2017-08-30 15:14:30'),(164789,'auguria',1,'','left','project',164787,NULL,NULL,2,'/projet/tasks/list.php?leftmenu=projects','','List','projects',1,'','$user->rights->projet->lire','$conf->projet->enabled && $conf->global->PROJECT_USE_TASKS',2,'2017-08-30 15:14:30'),(164791,'auguria',1,'','left','project',164787,NULL,NULL,4,'/projet/tasks/stats/index.php?leftmenu=projects','','Statistics','projects',1,'','$user->rights->projet->lire','$conf->projet->enabled && $conf->global->PROJECT_USE_TASKS',2,'2017-08-30 15:14:30'),(164891,'auguria',1,'','left','project',161094,NULL,NULL,4,'/categories/index.php?leftmenu=cat&amp;type=6','','Categories','categories',0,'cat','$user->rights->categorie->lire','$conf->categorie->enabled',2,'2017-08-30 15:14:30'),(164892,'auguria',1,'','left','project',164891,NULL,NULL,0,'/categories/card.php?action=create&amp;type=6','','NewCategory','categories',1,'','$user->rights->categorie->creer','$conf->categorie->enabled',2,'2017-08-30 15:14:30'),(164987,'auguria',1,'','left','tools',161095,NULL,NULL,0,'/comm/mailing/index.php?leftmenu=mailing','','EMailings','mails',0,'mailing','$user->rights->mailing->lire','$conf->mailing->enabled',0,'2017-08-30 15:14:30'),(164988,'auguria',1,'','left','tools',164987,NULL,NULL,0,'/comm/mailing/card.php?leftmenu=mailing&amp;action=create','','NewMailing','mails',1,'','$user->rights->mailing->creer','$conf->mailing->enabled',0,'2017-08-30 15:14:30'),(164989,'auguria',1,'','left','tools',164987,NULL,NULL,1,'/comm/mailing/list.php?leftmenu=mailing','','List','mails',1,'','$user->rights->mailing->lire','$conf->mailing->enabled',0,'2017-08-30 15:14:30'),(165187,'auguria',1,'','left','tools',161095,NULL,NULL,2,'/exports/index.php?leftmenu=export','','FormatedExport','exports',0,'export','$user->rights->export->lire','$conf->export->enabled',2,'2017-08-30 15:14:30'),(165188,'auguria',1,'','left','tools',165187,NULL,NULL,0,'/exports/export.php?leftmenu=export','','NewExport','exports',1,'','$user->rights->export->creer','$conf->export->enabled',2,'2017-08-30 15:14:30'),(165217,'auguria',1,'','left','tools',161095,NULL,NULL,2,'/imports/index.php?leftmenu=import','','FormatedImport','exports',0,'import','$user->rights->import->run','$conf->import->enabled',2,'2017-08-30 15:14:30'),(165218,'auguria',1,'','left','tools',165217,NULL,NULL,0,'/imports/import.php?leftmenu=import','','NewImport','exports',1,'','$user->rights->import->run','$conf->import->enabled',2,'2017-08-30 15:14:30'),(165287,'auguria',1,'','left','members',161100,NULL,NULL,0,'/adherents/index.php?leftmenu=members&amp;mainmenu=members','','Members','members',0,'members','$user->rights->adherent->lire','$conf->adherent->enabled',2,'2017-08-30 15:14:30'),(165288,'auguria',1,'','left','members',165287,NULL,NULL,0,'/adherents/card.php?leftmenu=members&amp;action=create','','NewMember','members',1,'','$user->rights->adherent->creer','$conf->adherent->enabled',2,'2017-08-30 15:14:30'),(165289,'auguria',1,'','left','members',165287,NULL,NULL,1,'/adherents/list.php','','List','members',1,'','$user->rights->adherent->lire','$conf->adherent->enabled',2,'2017-08-30 15:14:30'),(165290,'auguria',1,'','left','members',165289,NULL,NULL,2,'/adherents/list.php?leftmenu=members&amp;statut=-1','','MenuMembersToValidate','members',2,'','$user->rights->adherent->lire','$conf->adherent->enabled',2,'2017-08-30 15:14:30'),(165291,'auguria',1,'','left','members',165289,NULL,NULL,3,'/adherents/list.php?leftmenu=members&amp;statut=1','','MenuMembersValidated','members',2,'','$user->rights->adherent->lire','$conf->adherent->enabled',2,'2017-08-30 15:14:30'),(165292,'auguria',1,'','left','members',165289,NULL,NULL,4,'/adherents/list.php?leftmenu=members&amp;statut=1&amp;filter=outofdate','','MenuMembersNotUpToDate','members',2,'','$user->rights->adherent->lire','$conf->adherent->enabled',2,'2017-08-30 15:14:30'),(165293,'auguria',1,'','left','members',165289,NULL,NULL,5,'/adherents/list.php?leftmenu=members&amp;statut=1&amp;filter=uptodate','','MenuMembersUpToDate','members',2,'','$user->rights->adherent->lire','$conf->adherent->enabled',2,'2017-08-30 15:14:30'),(165294,'auguria',1,'','left','members',165289,NULL,NULL,6,'/adherents/list.php?leftmenu=members&amp;statut=0','','MenuMembersResiliated','members',2,'','$user->rights->adherent->lire','$conf->adherent->enabled',2,'2017-08-30 15:14:30'),(165295,'auguria',1,'','left','members',165287,NULL,NULL,7,'/adherents/stats/geo.php?leftmenu=members&amp;mode=memberbycountry','','MenuMembersStats','members',1,'','$user->rights->adherent->lire','$conf->adherent->enabled',2,'2017-08-30 15:14:30'),(165387,'auguria',1,'','left','members',161100,NULL,NULL,1,'/adherents/index.php?leftmenu=members&amp;mainmenu=members','','Subscriptions','compta',0,'','$user->rights->adherent->cotisation->lire','$conf->adherent->enabled',2,'2017-08-30 15:14:30'),(165388,'auguria',1,'','left','members',165387,NULL,NULL,0,'/adherents/list.php?statut=-1&amp;leftmenu=accountancy&amp;mainmenu=members','','NewSubscription','compta',1,'','$user->rights->adherent->cotisation->creer','$conf->adherent->enabled',2,'2017-08-30 15:14:30'),(165389,'auguria',1,'','left','members',165387,NULL,NULL,1,'/adherents/subscription/list.php?leftmenu=members','','List','compta',1,'','$user->rights->adherent->cotisation->lire','$conf->adherent->enabled',2,'2017-08-30 15:14:30'),(165390,'auguria',1,'','left','members',165387,NULL,NULL,7,'/adherents/stats/index.php?leftmenu=members','','MenuMembersStats','members',1,'','$user->rights->adherent->lire','$conf->adherent->enabled',2,'2017-08-30 15:14:30'),(165589,'auguria',1,'','left','members',165287,NULL,NULL,9,'/adherents/htpasswd.php?leftmenu=export','','Filehtpasswd','members',1,'','$user->rights->adherent->export','! empty($conf->global->MEMBER_LINK_TO_HTPASSWDFILE) && $conf->adherent->enabled',2,'2017-08-30 15:14:30'),(165590,'auguria',1,'','left','members',165287,NULL,NULL,10,'/adherents/cartes/carte.php?leftmenu=export','','MembersCards','members',1,'','$user->rights->adherent->export','$conf->adherent->enabled',2,'2017-08-30 15:14:30'),(165687,'auguria',1,'','left','hrm',161102,NULL,NULL,1,'/user/index.php?leftmenu=hrm&mode=employee','','Employees','hrm',0,'hrm','$user->rights->hrm->employee->read','$conf->hrm->enabled',0,'2017-08-30 15:14:30'),(165688,'auguria',1,'','left','hrm',165687,NULL,NULL,1,'/user/card.php?action=create&employee=1','','NewEmployee','hrm',1,'','$user->rights->hrm->employee->write','$conf->hrm->enabled',0,'2017-08-30 15:14:30'),(165689,'auguria',1,'','left','hrm',165687,NULL,NULL,2,'/user/index.php?$leftmenu=hrm&mode=employee&contextpage=employeelist','','List','hrm',1,'','$user->rights->hrm->employee->read','$conf->hrm->enabled',0,'2017-08-30 15:14:30'),(165787,'auguria',1,'','left','members',161100,NULL,NULL,5,'/adherents/type.php?leftmenu=setup&amp;mainmenu=members','','MembersTypes','members',0,'setup','$user->rights->adherent->configurer','$conf->adherent->enabled',2,'2017-08-30 15:14:30'),(165788,'auguria',1,'','left','members',165787,NULL,NULL,0,'/adherents/type.php?leftmenu=setup&amp;mainmenu=members&amp;action=create','','New','members',1,'','$user->rights->adherent->configurer','$conf->adherent->enabled',2,'2017-08-30 15:14:30'),(165789,'auguria',1,'','left','members',165787,NULL,NULL,1,'/adherents/type.php?leftmenu=setup&amp;mainmenu=members','','List','members',1,'','$user->rights->adherent->configurer','$conf->adherent->enabled',2,'2017-08-30 15:14:30'),(166087,'auguria',1,'','left','hrm',161102,NULL,NULL,1,'/holiday/list.php?&leftmenu=hrm','','CPTitreMenu','holiday',0,'hrm','$user->rights->holiday->read','$conf->holiday->enabled',0,'2017-08-30 15:14:30'),(166088,'auguria',1,'','left','hrm',166087,NULL,NULL,1,'/holiday/card.php?&action=request','','MenuAddCP','holiday',1,'','$user->rights->holiday->write','$conf->holiday->enabled',0,'2017-08-30 15:14:30'),(166089,'auguria',1,'','left','hrm',166087,NULL,NULL,1,'/holiday/list.php?&leftmenu=hrm','','List','holiday',1,'','$user->rights->holiday->read','$conf->holiday->enabled',0,'2017-08-30 15:14:30'),(166090,'auguria',1,'','left','hrm',166089,NULL,NULL,1,'/holiday/list.php?select_statut=2&leftmenu=hrm','','ListToApprove','trips',2,'','$user->rights->holiday->read','$conf->holiday->enabled',0,'2017-08-30 15:14:30'),(166091,'auguria',1,'','left','hrm',166087,NULL,NULL,2,'/holiday/define_holiday.php?&action=request','','MenuConfCP','holiday',1,'','$user->rights->holiday->define_holiday','$conf->holiday->enabled',0,'2017-08-30 15:14:30'),(166092,'auguria',1,'','left','hrm',166087,NULL,NULL,3,'/holiday/view_log.php?&action=request','','MenuLogCP','holiday',1,'','$user->rights->holiday->define_holiday','$conf->holiday->enabled',0,'2017-08-30 15:14:30'),(166187,'auguria',1,'','left','commercial',161092,NULL,NULL,6,'/fourn/commande/index.php?leftmenu=orders_suppliers','','SuppliersOrders','orders',0,'orders_suppliers','$user->rights->fournisseur->commande->lire','$conf->supplier_order->enabled',2,'2017-08-30 15:14:30'),(166188,'auguria',1,'','left','commercial',166187,NULL,NULL,0,'/fourn/commande/card.php?action=create&amp;leftmenu=orders_suppliers','','NewOrder','orders',1,'','$user->rights->fournisseur->commande->creer','$conf->supplier_order->enabled',2,'2017-08-30 15:14:30'),(166189,'auguria',1,'','left','commercial',166187,NULL,NULL,1,'/fourn/commande/list.php?leftmenu=orders_suppliers&amp;viewstatut=0','','List','orders',1,'','$user->rights->fournisseur->commande->lire','$conf->supplier_order->enabled',2,'2017-08-30 15:14:30'),(166195,'auguria',1,'','left','commercial',166187,NULL,NULL,7,'/commande/stats/index.php?leftmenu=orders_suppliers&amp;mode=supplier','','Statistics','orders',1,'','$user->rights->fournisseur->commande->lire','$conf->supplier_order->enabled',2,'2017-08-30 15:14:30'),(166287,'auguria',1,'','left','members',161100,NULL,NULL,3,'/categories/index.php?leftmenu=cat&amp;type=3','','MembersCategoriesShort','categories',0,'cat','$user->rights->categorie->lire','$conf->adherent->enabled && $conf->categorie->enabled',2,'2017-08-30 15:14:30'),(166288,'auguria',1,'','left','members',166287,NULL,NULL,0,'/categories/card.php?action=create&amp;type=3','','NewCategory','categories',1,'','$user->rights->categorie->creer','$conf->adherent->enabled && $conf->categorie->enabled',2,'2017-08-30 15:14:30'),(166387,'auguria',1,'','left','hrm',161102,NULL,NULL,5,'/expensereport/index.php?leftmenu=expensereport','','TripsAndExpenses','trips',0,'expensereport','$user->rights->expensereport->lire','$conf->expensereport->enabled',0,'2017-08-30 15:14:30'),(166388,'auguria',1,'','left','hrm',166387,NULL,NULL,1,'/expensereport/card.php?action=create&amp;leftmenu=expensereport','','New','trips',1,'','$user->rights->expensereport->creer','$conf->expensereport->enabled',0,'2017-08-30 15:14:30'),(166389,'auguria',1,'','left','hrm',166387,NULL,NULL,2,'/expensereport/list.php?leftmenu=expensereport','','List','trips',1,'','$user->rights->expensereport->lire','$conf->expensereport->enabled',0,'2017-08-30 15:14:30'),(166390,'auguria',1,'','left','hrm',166389,NULL,NULL,2,'/expensereport/list.php?search_status=2&amp;leftmenu=expensereport','','ListToApprove','trips',2,'','$user->rights->expensereport->approve','$conf->expensereport->enabled',0,'2017-08-30 15:14:30'),(166391,'auguria',1,'','left','hrm',166387,NULL,NULL,2,'/expensereport/stats/index.php?leftmenu=expensereport','','Statistics','trips',1,'','$user->rights->expensereport->lire','$conf->expensereport->enabled',0,'2017-08-30 15:14:30'),(166467,'all',1,'variants','left','products',-1,'product','products',100,'/variants/list.php','','VariantAttributes','products',NULL,'product','1','$conf->product->enabled',0,'2018-01-19 11:28:04'),(166492,'all',1,'blockedlog','left','tools',-1,NULL,'tools',200,'/blockedlog/admin/blockedlog_list.php?mainmenu=tools&leftmenu=blockedlogbrowser','','BrowseBlockedLog','blockedlog',NULL,'blockedlogbrowser','$user->rights->blockedlog->read','$conf->blockedlog->enabled',2,'2018-03-16 09:57:24'),(166493,'all',1,'agenda','top','agenda',0,NULL,NULL,15,'/comm/action/index.php','','TMenuAgenda','agenda',NULL,NULL,'$user->rights->agenda->myactions->read','$conf->agenda->enabled',2,'2018-11-23 11:58:15'),(166494,'all',1,'agenda','left','agenda',166493,NULL,NULL,100,'/comm/action/index.php?mainmenu=agenda&amp;leftmenu=agenda','','Actions','agenda',NULL,NULL,'$user->rights->agenda->myactions->read','$conf->agenda->enabled',2,'2018-11-23 11:58:15'),(166495,'all',1,'agenda','left','agenda',166494,NULL,NULL,101,'/comm/action/card.php?mainmenu=agenda&amp;leftmenu=agenda&amp;action=create','','NewAction','commercial',NULL,NULL,'($user->rights->agenda->myactions->create||$user->rights->agenda->allactions->create)','$conf->agenda->enabled',2,'2018-11-23 11:58:15'),(166496,'all',1,'agenda','left','agenda',166494,NULL,NULL,140,'/comm/action/index.php?action=default&amp;mainmenu=agenda&amp;leftmenu=agenda','','Calendar','agenda',NULL,NULL,'$user->rights->agenda->myactions->read','$conf->agenda->enabled',2,'2018-11-23 11:58:15'),(166497,'all',1,'agenda','left','agenda',166496,NULL,NULL,141,'/comm/action/index.php?action=default&amp;mainmenu=agenda&amp;leftmenu=agenda&amp;status=todo&amp;filter=mine','','MenuToDoMyActions','agenda',NULL,NULL,'$user->rights->agenda->myactions->read','$conf->agenda->enabled',2,'2018-11-23 11:58:15'),(166498,'all',1,'agenda','left','agenda',166496,NULL,NULL,142,'/comm/action/index.php?action=default&amp;mainmenu=agenda&amp;leftmenu=agenda&amp;status=done&amp;filter=mine','','MenuDoneMyActions','agenda',NULL,NULL,'$user->rights->agenda->myactions->read','$conf->agenda->enabled',2,'2018-11-23 11:58:15'),(166499,'all',1,'agenda','left','agenda',166496,NULL,NULL,143,'/comm/action/index.php?action=default&amp;mainmenu=agenda&amp;leftmenu=agenda&amp;status=todo&amp;filtert=-1','','MenuToDoActions','agenda',NULL,NULL,'$user->rights->agenda->allactions->read','$user->rights->agenda->allactions->read',2,'2018-11-23 11:58:15'),(166500,'all',1,'agenda','left','agenda',166496,NULL,NULL,144,'/comm/action/index.php?action=default&amp;mainmenu=agenda&amp;leftmenu=agenda&amp;status=done&amp;filtert=-1','','MenuDoneActions','agenda',NULL,NULL,'$user->rights->agenda->allactions->read','$user->rights->agenda->allactions->read',2,'2018-11-23 11:58:15'),(166501,'all',1,'agenda','left','agenda',166494,NULL,NULL,110,'/comm/action/list.php?mainmenu=agenda&amp;leftmenu=agenda','','List','agenda',NULL,NULL,'$user->rights->agenda->myactions->read','$conf->agenda->enabled',2,'2018-11-23 11:58:15'),(166502,'all',1,'agenda','left','agenda',166501,NULL,NULL,111,'/comm/action/list.php?mainmenu=agenda&amp;leftmenu=agenda&amp;status=todo&amp;filter=mine','','MenuToDoMyActions','agenda',NULL,NULL,'$user->rights->agenda->myactions->read','$conf->agenda->enabled',2,'2018-11-23 11:58:15'),(166503,'all',1,'agenda','left','agenda',166501,NULL,NULL,112,'/comm/action/list.php?mainmenu=agenda&amp;leftmenu=agenda&amp;status=done&amp;filter=mine','','MenuDoneMyActions','agenda',NULL,NULL,'$user->rights->agenda->myactions->read','$conf->agenda->enabled',2,'2018-11-23 11:58:15'),(166504,'all',1,'agenda','left','agenda',166501,NULL,NULL,113,'/comm/action/list.php?mainmenu=agenda&amp;leftmenu=agenda&amp;status=todo&amp;filtert=-1','','MenuToDoActions','agenda',NULL,NULL,'$user->rights->agenda->allactions->read','$user->rights->agenda->allactions->read',2,'2018-11-23 11:58:15'),(166505,'all',1,'agenda','left','agenda',166501,NULL,NULL,114,'/comm/action/list.php?mainmenu=agenda&amp;leftmenu=agenda&amp;status=done&amp;filtert=-1','','MenuDoneActions','agenda',NULL,NULL,'$user->rights->agenda->allactions->read','$user->rights->agenda->allactions->read',2,'2018-11-23 11:58:15'),(166506,'all',1,'agenda','left','agenda',166494,NULL,NULL,160,'/comm/action/rapport/index.php?mainmenu=agenda&amp;leftmenu=agenda','','Reportings','agenda',NULL,NULL,'$user->rights->agenda->allactions->read','$conf->agenda->enabled',2,'2018-11-23 11:58:15'),(166507,'all',1,'barcode','left','tools',-1,NULL,'tools',200,'/barcode/printsheet.php?mainmenu=tools&leftmenu=barcodeprint','','BarCodePrintsheet','products',NULL,'barcodeprint','($conf->global->MAIN_USE_ADVANCED_PERMS && $user->rights->barcode->lire_advance) || (! $conf->global->MAIN_USE_ADVANCED_PERMS)','$conf->barcode->enabled',2,'2018-11-23 11:58:16'),(166508,'all',1,'barcode','left','home',-1,'admintools','home',300,'/barcode/codeinit.php?mainmenu=home&leftmenu=admintools','','MassBarcodeInit','products',NULL,NULL,'($conf->global->MAIN_USE_ADVANCED_PERMS && $user->rights->barcode->creer_advance) || (! $conf->global->MAIN_USE_ADVANCED_PERMS)','$conf->barcode->enabled && preg_match(\'/^(admintools|all)/\',$leftmenu)',0,'2018-11-23 11:58:16'),(166509,'all',1,'cron','left','home',-1,'admintools','home',200,'/cron/list.php?status=-2&leftmenu=admintools','','CronList','cron',NULL,NULL,'$user->rights->cron->read','$conf->cron->enabled && preg_match(\'/^(admintools|all)/\', $leftmenu)',2,'2018-11-23 11:58:16'),(166510,'all',1,'ecm','top','ecm',0,NULL,NULL,100,'/ecm/index.php','','MenuECM','ecm',NULL,NULL,'$user->rights->ecm->read || $user->rights->ecm->upload || $user->rights->ecm->setup','$conf->ecm->enabled',2,'2018-11-23 11:58:17'),(166511,'all',1,'ecm','left','ecm',-1,NULL,'ecm',101,'/ecm/index.php?mainmenu=ecm&leftmenu=ecm','','ECMArea','ecm',NULL,'ecm','$user->rights->ecm->read || $user->rights->ecm->upload','$user->rights->ecm->read || $user->rights->ecm->upload',2,'2018-11-23 11:58:17'),(166512,'all',1,'ecm','left','ecm',-1,'ecm','ecm',102,'/ecm/index.php?action=file_manager&mainmenu=ecm&leftmenu=ecm','','ECMSectionsManual','ecm',NULL,'ecm_manual','$user->rights->ecm->read || $user->rights->ecm->upload','$user->rights->ecm->read || $user->rights->ecm->upload',2,'2018-11-23 11:58:17'),(166513,'all',1,'ecm','left','ecm',-1,'ecm','ecm',103,'/ecm/index_auto.php?action=file_manager&mainmenu=ecm&leftmenu=ecm','','ECMSectionsAuto','ecm',NULL,NULL,'$user->rights->ecm->read || $user->rights->ecm->upload','($user->rights->ecm->read || $user->rights->ecm->upload) && ! empty($conf->global->ECM_AUTO_TREE_ENABLED)',2,'2018-11-23 11:58:17'),(166514,'all',1,'opensurvey','left','tools',-1,NULL,'tools',200,'/opensurvey/index.php?mainmenu=tools&leftmenu=opensurvey','','Survey','opensurvey',NULL,'opensurvey','$user->rights->opensurvey->read','$conf->opensurvey->enabled',0,'2018-11-23 11:58:19'),(166515,'all',1,'opensurvey','left','tools',-1,'opensurvey','tools',210,'/opensurvey/wizard/index.php','','NewSurvey','opensurvey',NULL,'opensurvey_new','$user->rights->opensurvey->write','$conf->opensurvey->enabled',0,'2018-11-23 11:58:19'),(166516,'all',1,'opensurvey','left','tools',-1,'opensurvey','tools',220,'/opensurvey/list.php','','List','opensurvey',NULL,'opensurvey_list','$user->rights->opensurvey->read','$conf->opensurvey->enabled',0,'2018-11-23 11:58:19');

--
-- Table structure for table `llx_monmodule_abcdef`
--

CREATE TABLE `llx_monmodule_abcdef` (
  `rowid` int(11) NOT NULL AUTO_INCREMENT,
  `ref` varchar(128) COLLATE utf8_unicode_ci NOT NULL,
  `entity` int(11) NOT NULL DEFAULT '1',
  `label` varchar(255) COLLATE utf8_unicode_ci DEFAULT NULL,
  `amount` double(24,8) DEFAULT NULL,
  `fk_soc` int(11) DEFAULT NULL,
  `note_public` mediumtext COLLATE utf8_unicode_ci,
  `note_private` mediumtext COLLATE utf8_unicode_ci,
  `date_creation` datetime NOT NULL,
  `tms` timestamp NOT NULL DEFAULT CURRENT_TIMESTAMP ON UPDATE CURRENT_TIMESTAMP,
  `fk_user_creat` int(11) NOT NULL,
  `fk_user_modif` int(11) DEFAULT NULL,
  `import_key` varchar(14) COLLATE utf8_unicode_ci DEFAULT NULL,
  `status` int(11) DEFAULT NULL,
  PRIMARY KEY (`rowid`),
  KEY `idx_monmodule_abcdef_rowid` (`rowid`),
  KEY `idx_monmodule_abcdef_ref` (`ref`),
  KEY `idx_monmodule_abcdef_entity` (`entity`),
  KEY `idx_monmodule_abcdef_fk_soc` (`fk_soc`),
  KEY `idx_monmodule_abcdef_status` (`status`)
) ENGINE=InnoDB DEFAULT CHARSET=utf8 COLLATE=utf8_unicode_ci;

--
-- Dumping data for table `llx_monmodule_abcdef`
--


--
-- Table structure for table `llx_monmodule_abcdef_extrafields`
--

CREATE TABLE `llx_monmodule_abcdef_extrafields` (
  `rowid` int(11) NOT NULL AUTO_INCREMENT,
  `tms` timestamp NOT NULL DEFAULT CURRENT_TIMESTAMP ON UPDATE CURRENT_TIMESTAMP,
  `fk_object` int(11) NOT NULL,
  `import_key` varchar(14) COLLATE utf8_unicode_ci DEFAULT NULL,
  PRIMARY KEY (`rowid`)
) ENGINE=InnoDB DEFAULT CHARSET=utf8 COLLATE=utf8_unicode_ci;

--
-- Dumping data for table `llx_monmodule_abcdef_extrafields`
--


--
-- Table structure for table `llx_monmodule_actioncommreminder`
--

CREATE TABLE `llx_monmodule_actioncommreminder` (
  `rowid` int(11) NOT NULL AUTO_INCREMENT,
  `status` int(11) DEFAULT NULL,
  `entity` int(11) DEFAULT '1',
  `dateremind` datetime NOT NULL,
  `typeremind` varchar(32) COLLATE utf8_unicode_ci NOT NULL,
  `fk_user` int(11) NOT NULL,
  `offsetvalue` int(11) NOT NULL,
  `offsetunit` varchar(1) COLLATE utf8_unicode_ci NOT NULL,
  PRIMARY KEY (`rowid`),
  KEY `idx_monmodule_actioncommreminder_rowid` (`rowid`),
  KEY `idx_monmodule_actioncommreminder_status` (`status`),
  KEY `idx_monmodule_actioncommreminder_dateremind` (`dateremind`),
  KEY `idx_monmodule_actioncommreminder_fk_user` (`fk_user`)
) ENGINE=InnoDB DEFAULT CHARSET=utf8 COLLATE=utf8_unicode_ci;

--
-- Dumping data for table `llx_monmodule_actioncommreminder`
--


--
-- Table structure for table `llx_monmodule_actioncommreminder_extrafields`
--

CREATE TABLE `llx_monmodule_actioncommreminder_extrafields` (
  `rowid` int(11) NOT NULL AUTO_INCREMENT,
  `tms` timestamp NOT NULL DEFAULT CURRENT_TIMESTAMP ON UPDATE CURRENT_TIMESTAMP,
  `fk_object` int(11) NOT NULL,
  `import_key` varchar(14) COLLATE utf8_unicode_ci DEFAULT NULL,
  PRIMARY KEY (`rowid`)
) ENGINE=InnoDB DEFAULT CHARSET=utf8 COLLATE=utf8_unicode_ci;

--
-- Dumping data for table `llx_monmodule_actioncommreminder_extrafields`
--


--
-- Table structure for table `llx_monmodule_eleves`
--

CREATE TABLE `llx_monmodule_eleves` (
  `rowid` int(11) NOT NULL AUTO_INCREMENT,
  `ref` varchar(128) COLLATE utf8_unicode_ci NOT NULL,
  `entity` int(11) NOT NULL DEFAULT '1',
  `label` varchar(255) COLLATE utf8_unicode_ci DEFAULT NULL,
  `amount` double(24,8) DEFAULT NULL,
  `fk_soc` int(11) DEFAULT NULL,
  `note_public` mediumtext COLLATE utf8_unicode_ci,
  `note_private` mediumtext COLLATE utf8_unicode_ci,
  `date_creation` datetime NOT NULL,
  `tms` timestamp NOT NULL DEFAULT CURRENT_TIMESTAMP ON UPDATE CURRENT_TIMESTAMP,
  `fk_user_creat` int(11) NOT NULL,
  `fk_user_modif` int(11) DEFAULT NULL,
  `import_key` varchar(14) COLLATE utf8_unicode_ci DEFAULT NULL,
  `status` int(11) DEFAULT NULL,
  PRIMARY KEY (`rowid`),
  KEY `idx_monmodule_eleves_rowid` (`rowid`),
  KEY `idx_monmodule_eleves_ref` (`ref`),
  KEY `idx_monmodule_eleves_entity` (`entity`),
  KEY `idx_monmodule_eleves_fk_soc` (`fk_soc`),
  KEY `idx_monmodule_eleves_status` (`status`)
) ENGINE=InnoDB AUTO_INCREMENT=2 DEFAULT CHARSET=utf8 COLLATE=utf8_unicode_ci;

--
-- Dumping data for table `llx_monmodule_eleves`
--

INSERT INTO `llx_monmodule_eleves` VALUES (1,'aaa',1,'jjl',NULL,32,NULL,NULL,'2017-11-21 15:02:43','2017-11-21 15:02:43',12,NULL,NULL,1);

--
-- Table structure for table `llx_monmodule_eleves_extrafields`
--

CREATE TABLE `llx_monmodule_eleves_extrafields` (
  `rowid` int(11) NOT NULL AUTO_INCREMENT,
  `tms` timestamp NOT NULL DEFAULT CURRENT_TIMESTAMP ON UPDATE CURRENT_TIMESTAMP,
  `fk_object` int(11) NOT NULL,
  `import_key` varchar(14) COLLATE utf8_unicode_ci DEFAULT NULL,
  PRIMARY KEY (`rowid`)
) ENGINE=InnoDB DEFAULT CHARSET=utf8 COLLATE=utf8_unicode_ci;

--
-- Dumping data for table `llx_monmodule_eleves_extrafields`
--


--
-- Table structure for table `llx_monobj_extrafields`
--

CREATE TABLE `llx_monobj_extrafields` (
  `rowid` int(11) NOT NULL AUTO_INCREMENT,
  `tms` timestamp NOT NULL DEFAULT CURRENT_TIMESTAMP ON UPDATE CURRENT_TIMESTAMP,
  `fk_object` int(11) NOT NULL,
  `import_key` varchar(14) COLLATE utf8_unicode_ci DEFAULT NULL,
  PRIMARY KEY (`rowid`)
) ENGINE=InnoDB DEFAULT CHARSET=utf8 COLLATE=utf8_unicode_ci;

--
-- Dumping data for table `llx_monobj_extrafields`
--


--
-- Table structure for table `llx_multicurrency`
--

CREATE TABLE `llx_multicurrency` (
  `rowid` int(11) NOT NULL AUTO_INCREMENT,
  `date_create` datetime DEFAULT NULL,
  `code` varchar(255) COLLATE utf8_unicode_ci DEFAULT NULL,
  `name` varchar(255) COLLATE utf8_unicode_ci DEFAULT NULL,
  `entity` int(11) DEFAULT '1',
  `fk_user` int(11) DEFAULT NULL,
  PRIMARY KEY (`rowid`)
) ENGINE=InnoDB AUTO_INCREMENT=2 DEFAULT CHARSET=utf8 COLLATE=utf8_unicode_ci;

--
-- Dumping data for table `llx_multicurrency`
--

INSERT INTO `llx_multicurrency` VALUES (1,'2017-02-15 21:17:16','EUR','Euros (€)',1,12);

--
-- Table structure for table `llx_multicurrency_rate`
--

CREATE TABLE `llx_multicurrency_rate` (
  `rowid` int(11) NOT NULL AUTO_INCREMENT,
  `date_sync` datetime DEFAULT NULL,
  `rate` double NOT NULL DEFAULT '0',
  `fk_multicurrency` int(11) NOT NULL,
  `entity` int(11) DEFAULT '1',
  PRIMARY KEY (`rowid`)
) ENGINE=InnoDB AUTO_INCREMENT=2 DEFAULT CHARSET=utf8 COLLATE=utf8_unicode_ci;

--
-- Dumping data for table `llx_multicurrency_rate`
--

INSERT INTO `llx_multicurrency_rate` VALUES (1,'2017-02-15 21:17:16',1,1,1);

--
-- Table structure for table `llx_myobject`
--

CREATE TABLE `llx_myobject` (
  `rowid` int(11) NOT NULL AUTO_INCREMENT,
  `entity` int(11) NOT NULL DEFAULT '1',
  `fk_othertable` int(11) NOT NULL,
  `name` varchar(189) COLLATE utf8_unicode_ci DEFAULT NULL,
  PRIMARY KEY (`rowid`),
  UNIQUE KEY `uk_fk_othertable` (`fk_othertable`)
) ENGINE=InnoDB DEFAULT CHARSET=utf8 COLLATE=utf8_unicode_ci;

--
-- Dumping data for table `llx_myobject`
--


--
-- Table structure for table `llx_nomenclature`
--

CREATE TABLE `llx_nomenclature` (
  `rowid` int(11) NOT NULL DEFAULT '0',
  `date_cre` datetime DEFAULT NULL,
  `date_maj` datetime DEFAULT NULL,
  `title` varchar(255) DEFAULT NULL,
  `fk_object` int(11) NOT NULL DEFAULT '0',
  `fk_nomenclature_parent` int(11) NOT NULL DEFAULT '0',
  `is_default` int(11) NOT NULL DEFAULT '0',
  `qty_reference` double NOT NULL DEFAULT '0',
  `totalPRCMO_PMP` double NOT NULL DEFAULT '0',
  `totalPRCMO_OF` double NOT NULL DEFAULT '0',
  `totalPRCMO` double NOT NULL DEFAULT '0',
  `object_type` varchar(255) DEFAULT NULL,
  `note_private` longtext,
  PRIMARY KEY (`rowid`),
  KEY `date_cre` (`date_cre`),
  KEY `date_maj` (`date_maj`),
  KEY `fk_object` (`fk_object`),
  KEY `fk_nomenclature_parent` (`fk_nomenclature_parent`),
  KEY `is_default` (`is_default`),
  KEY `qty_reference` (`qty_reference`),
  KEY `object_type` (`object_type`)
) ENGINE=InnoDB DEFAULT CHARSET=latin1;

--
-- Dumping data for table `llx_nomenclature`
--

INSERT INTO `llx_nomenclature` VALUES (1,'2018-11-18 16:22:02','2018-11-18 16:25:48','BOM 1',196,0,0,1,0,0,53.9,'product',''),(2,'2018-11-18 17:18:53','2018-11-18 17:20:45','BOM 2',195,0,0,1,0,0,22,'product','');

--
-- Table structure for table `llx_nomenclature_coef`
--

CREATE TABLE `llx_nomenclature_coef` (
  `rowid` int(11) NOT NULL DEFAULT '0',
  `date_cre` datetime DEFAULT NULL,
  `date_maj` datetime DEFAULT NULL,
  `label` varchar(255) DEFAULT NULL,
  `description` varchar(255) DEFAULT NULL,
  `code_type` varchar(30) DEFAULT NULL,
  `tx` double NOT NULL DEFAULT '0',
  PRIMARY KEY (`rowid`),
  KEY `date_cre` (`date_cre`),
  KEY `date_maj` (`date_maj`),
  KEY `code_type` (`code_type`)
) ENGINE=InnoDB DEFAULT CHARSET=latin1;

--
-- Dumping data for table `llx_nomenclature_coef`
--

INSERT INTO `llx_nomenclature_coef` VALUES (1,'2018-11-18 15:55:54','2018-11-18 15:55:54','Marge','Coef. de marge','coef_marge',1.1);

--
-- Table structure for table `llx_nomenclature_coef_object`
--

CREATE TABLE `llx_nomenclature_coef_object` (
  `rowid` int(11) NOT NULL DEFAULT '0',
  `date_cre` datetime DEFAULT NULL,
  `date_maj` datetime DEFAULT NULL,
  `fk_object` int(11) NOT NULL DEFAULT '0',
  `type_object` varchar(50) DEFAULT NULL,
  `code_type` varchar(30) DEFAULT NULL,
  `tx_object` double NOT NULL DEFAULT '0',
  PRIMARY KEY (`rowid`),
  KEY `date_cre` (`date_cre`),
  KEY `date_maj` (`date_maj`),
  KEY `fk_object` (`fk_object`),
  KEY `type_object` (`type_object`),
  KEY `code_type` (`code_type`)
) ENGINE=InnoDB DEFAULT CHARSET=latin1;

--
-- Dumping data for table `llx_nomenclature_coef_object`
--


--
-- Table structure for table `llx_nomenclature_workstation`
--

CREATE TABLE `llx_nomenclature_workstation` (
  `rowid` int(11) NOT NULL DEFAULT '0',
  `date_cre` datetime DEFAULT NULL,
  `date_maj` datetime DEFAULT NULL,
  `fk_workstation` int(11) NOT NULL DEFAULT '0',
  `fk_nomenclature` int(11) NOT NULL DEFAULT '0',
  `rang` int(11) NOT NULL DEFAULT '0',
  `unifyRang` int(11) NOT NULL DEFAULT '0',
  `nb_hour` double NOT NULL DEFAULT '0',
  `nb_hour_prepare` double NOT NULL DEFAULT '0',
  `nb_hour_manufacture` double NOT NULL DEFAULT '0',
  `nb_days_before_beginning` double NOT NULL DEFAULT '0',
  `note_private` longtext,
  `code_type` varchar(30) DEFAULT NULL,
  PRIMARY KEY (`rowid`),
  KEY `date_cre` (`date_cre`),
  KEY `date_maj` (`date_maj`),
  KEY `fk_workstation` (`fk_workstation`),
  KEY `fk_nomenclature` (`fk_nomenclature`),
  KEY `rang` (`rang`),
  KEY `unifyRang` (`unifyRang`)
) ENGINE=InnoDB DEFAULT CHARSET=latin1;

--
-- Dumping data for table `llx_nomenclature_workstation`
--


--
-- Table structure for table `llx_nomenclature_workstation_thm_object`
--

CREATE TABLE `llx_nomenclature_workstation_thm_object` (
  `rowid` int(11) NOT NULL DEFAULT '0',
  `date_cre` datetime DEFAULT NULL,
  `date_maj` datetime DEFAULT NULL,
  `fk_workstation` int(11) NOT NULL DEFAULT '0',
  `fk_object` int(11) NOT NULL DEFAULT '0',
  `type_object` varchar(50) DEFAULT NULL,
  `thm_object` double NOT NULL DEFAULT '0',
  PRIMARY KEY (`rowid`),
  KEY `date_cre` (`date_cre`),
  KEY `date_maj` (`date_maj`),
  KEY `fk_object` (`fk_object`),
  KEY `type_object` (`type_object`)
) ENGINE=InnoDB DEFAULT CHARSET=latin1;

--
-- Dumping data for table `llx_nomenclature_workstation_thm_object`
--


--
-- Table structure for table `llx_nomenclaturedet`
--

CREATE TABLE `llx_nomenclaturedet` (
  `rowid` int(11) NOT NULL DEFAULT '0',
  `date_cre` datetime DEFAULT NULL,
  `date_maj` datetime DEFAULT NULL,
  `title` varchar(255) DEFAULT NULL,
  `fk_product` int(11) NOT NULL DEFAULT '0',
  `fk_nomenclature` int(11) NOT NULL DEFAULT '0',
  `is_imported` int(11) NOT NULL DEFAULT '0',
  `rang` int(11) NOT NULL DEFAULT '0',
  `unifyRang` int(11) NOT NULL DEFAULT '0',
  `code_type` varchar(30) DEFAULT NULL,
  `workstations` varchar(255) DEFAULT NULL,
  `qty` double NOT NULL DEFAULT '0',
  `price` double NOT NULL DEFAULT '0',
  `note_private` longtext,
  PRIMARY KEY (`rowid`),
  KEY `date_cre` (`date_cre`),
  KEY `date_maj` (`date_maj`),
  KEY `fk_product` (`fk_product`),
  KEY `fk_nomenclature` (`fk_nomenclature`),
  KEY `is_imported` (`is_imported`),
  KEY `rang` (`rang`),
  KEY `unifyRang` (`unifyRang`)
) ENGINE=InnoDB DEFAULT CHARSET=latin1;

--
-- Dumping data for table `llx_nomenclaturedet`
--

INSERT INTO `llx_nomenclaturedet` VALUES (1,'2018-11-18 16:22:25','2018-11-18 16:25:48','',192,1,0,0,0,'coef_marge','',2,0,'aaa'),(2,'2018-11-18 16:22:37','2018-11-18 16:25:48','',151,1,0,1,0,'coef_marge','',1,0,'bbb'),(3,'2018-11-18 16:25:42','2018-11-18 16:25:48','',10,1,0,2,0,'coef_marge','',1,0,'ccc'),(4,'2018-11-18 17:19:13','2018-11-18 17:20:45','',190,2,0,0,0,'coef_marge','',2,0,'aaa'),(5,'2018-11-18 17:20:19','2018-11-18 17:20:45','',11,2,0,1,0,'coef_marge','',1,0,'bbb'),(6,'2018-11-18 17:20:40','2018-11-18 17:20:45','',10,2,0,2,0,'coef_marge','',1,0,'');

--
-- Table structure for table `llx_notify`
--

CREATE TABLE `llx_notify` (
  `rowid` int(11) NOT NULL AUTO_INCREMENT,
  `tms` timestamp NOT NULL DEFAULT CURRENT_TIMESTAMP ON UPDATE CURRENT_TIMESTAMP,
  `daten` datetime DEFAULT NULL,
  `fk_action` int(11) NOT NULL,
  `fk_soc` int(11) DEFAULT NULL,
  `fk_contact` int(11) DEFAULT NULL,
  `fk_user` int(11) DEFAULT NULL,
  `objet_type` varchar(24) COLLATE utf8_unicode_ci NOT NULL,
  `objet_id` int(11) NOT NULL,
  `email` varchar(255) COLLATE utf8_unicode_ci DEFAULT NULL,
  `type` varchar(16) COLLATE utf8_unicode_ci DEFAULT 'email',
  `type_target` varchar(16) COLLATE utf8_unicode_ci DEFAULT NULL,
  PRIMARY KEY (`rowid`)
) ENGINE=InnoDB DEFAULT CHARSET=utf8 COLLATE=utf8_unicode_ci;

--
-- Dumping data for table `llx_notify`
--


--
-- Table structure for table `llx_notify_def`
--

CREATE TABLE `llx_notify_def` (
  `rowid` int(11) NOT NULL AUTO_INCREMENT,
  `tms` timestamp NOT NULL DEFAULT CURRENT_TIMESTAMP ON UPDATE CURRENT_TIMESTAMP,
  `datec` date DEFAULT NULL,
  `fk_action` int(11) NOT NULL,
  `fk_soc` int(11) DEFAULT NULL,
  `fk_contact` int(11) DEFAULT NULL,
  `fk_user` int(11) DEFAULT NULL,
  `type` varchar(16) COLLATE utf8_unicode_ci DEFAULT 'email',
  PRIMARY KEY (`rowid`)
) ENGINE=InnoDB DEFAULT CHARSET=utf8 COLLATE=utf8_unicode_ci;

--
-- Dumping data for table `llx_notify_def`
--


--
-- Table structure for table `llx_notify_def_object`
--

CREATE TABLE `llx_notify_def_object` (
  `id` int(11) NOT NULL AUTO_INCREMENT,
  `entity` int(11) NOT NULL DEFAULT '1',
  `objet_type` varchar(16) COLLATE utf8_unicode_ci DEFAULT NULL,
  `objet_id` int(11) NOT NULL,
  `type_notif` varchar(16) COLLATE utf8_unicode_ci DEFAULT 'browser',
  `date_notif` datetime DEFAULT NULL,
  `user_id` int(11) DEFAULT NULL,
  `moreparam` varchar(255) COLLATE utf8_unicode_ci DEFAULT NULL,
  PRIMARY KEY (`id`)
) ENGINE=InnoDB DEFAULT CHARSET=utf8 COLLATE=utf8_unicode_ci;

--
-- Dumping data for table `llx_notify_def_object`
--


--
-- Table structure for table `llx_oauth_state`
--

CREATE TABLE `llx_oauth_state` (
  `rowid` int(11) NOT NULL AUTO_INCREMENT,
  `service` varchar(36) COLLATE utf8_unicode_ci DEFAULT NULL,
  `state` varchar(128) COLLATE utf8_unicode_ci DEFAULT NULL,
  `fk_user` int(11) DEFAULT NULL,
  `fk_adherent` int(11) DEFAULT NULL,
  `entity` int(11) DEFAULT NULL,
  PRIMARY KEY (`rowid`)
) ENGINE=InnoDB DEFAULT CHARSET=utf8 COLLATE=utf8_unicode_ci;

--
-- Dumping data for table `llx_oauth_state`
--


--
-- Table structure for table `llx_oauth_token`
--

CREATE TABLE `llx_oauth_token` (
  `rowid` int(11) NOT NULL AUTO_INCREMENT,
  `service` varchar(36) COLLATE utf8_unicode_ci DEFAULT NULL,
  `token` text COLLATE utf8_unicode_ci,
  `fk_user` int(11) DEFAULT NULL,
  `fk_adherent` int(11) DEFAULT NULL,
  `entity` int(11) DEFAULT NULL,
  `tokenstring` text COLLATE utf8_unicode_ci,
  PRIMARY KEY (`rowid`)
) ENGINE=InnoDB DEFAULT CHARSET=utf8 COLLATE=utf8_unicode_ci;

--
-- Dumping data for table `llx_oauth_token`
--


--
-- Table structure for table `llx_onlinesignature`
--

CREATE TABLE `llx_onlinesignature` (
  `rowid` int(11) NOT NULL AUTO_INCREMENT,
  `entity` int(11) NOT NULL DEFAULT '1',
  `object_type` varchar(32) COLLATE utf8_unicode_ci NOT NULL,
  `object_id` int(11) NOT NULL,
  `datec` datetime NOT NULL,
  `tms` timestamp NOT NULL DEFAULT CURRENT_TIMESTAMP ON UPDATE CURRENT_TIMESTAMP,
  `name` varchar(255) COLLATE utf8_unicode_ci NOT NULL,
  `ip` varchar(128) COLLATE utf8_unicode_ci DEFAULT NULL,
  `pathoffile` varchar(255) COLLATE utf8_unicode_ci DEFAULT NULL,
  PRIMARY KEY (`rowid`)
) ENGINE=InnoDB DEFAULT CHARSET=utf8 COLLATE=utf8_unicode_ci;

--
-- Dumping data for table `llx_onlinesignature`
--


--
-- Table structure for table `llx_opensurvey_comments`
--

CREATE TABLE `llx_opensurvey_comments` (
  `id_comment` int(10) unsigned NOT NULL AUTO_INCREMENT,
  `id_sondage` char(16) COLLATE utf8_unicode_ci NOT NULL,
  `comment` text COLLATE utf8_unicode_ci NOT NULL,
  `usercomment` text COLLATE utf8_unicode_ci,
  PRIMARY KEY (`id_comment`),
  KEY `idx_id_comment` (`id_comment`),
  KEY `idx_id_sondage` (`id_sondage`)
) ENGINE=InnoDB AUTO_INCREMENT=31 DEFAULT CHARSET=utf8 COLLATE=utf8_unicode_ci;

--
-- Dumping data for table `llx_opensurvey_comments`
--

INSERT INTO `llx_opensurvey_comments` VALUES (2,'434dio8rxfljs3p1','aaa','aaa'),(5,'434dio8rxfljs3p1','aaa','aaa'),(6,'434dio8rxfljs3p1','gfh','jj'),(11,'434dio8rxfljs3p1','fsdf','fdsf'),(12,'3imby4hf7joiilsu','fsdf','aa'),(16,'3imby4hf7joiilsu','gdfg','gfdg'),(17,'3imby4hf7joiilsu','gfdgd','gdfgd'),(18,'om4e7azfiurnjtqe','fds','fdsf'),(26,'qgsfrgb922rqzocy','gfdg','gfdg'),(27,'qgsfrgb922rqzocy','gfdg','gfd'),(30,'ckanvbe7kt3rdb3h','hfgh','fdfds');

--
-- Table structure for table `llx_opensurvey_formquestions`
--

CREATE TABLE `llx_opensurvey_formquestions` (
  `rowid` int(11) NOT NULL AUTO_INCREMENT,
  `id_sondage` varchar(16) COLLATE utf8_unicode_ci DEFAULT NULL,
  `question` text COLLATE utf8_unicode_ci,
  `available_answers` text COLLATE utf8_unicode_ci,
  PRIMARY KEY (`rowid`)
) ENGINE=InnoDB DEFAULT CHARSET=utf8 COLLATE=utf8_unicode_ci;

--
-- Dumping data for table `llx_opensurvey_formquestions`
--


--
-- Table structure for table `llx_opensurvey_sondage`
--

CREATE TABLE `llx_opensurvey_sondage` (
  `id_sondage` varchar(16) COLLATE utf8_unicode_ci NOT NULL,
  `commentaires` text COLLATE utf8_unicode_ci,
  `mail_admin` varchar(128) COLLATE utf8_unicode_ci DEFAULT NULL,
  `nom_admin` varchar(64) COLLATE utf8_unicode_ci DEFAULT NULL,
  `fk_user_creat` int(11) NOT NULL,
  `titre` text COLLATE utf8_unicode_ci NOT NULL,
  `date_fin` datetime DEFAULT NULL,
  `status` int(11) DEFAULT '1',
  `format` varchar(2) COLLATE utf8_unicode_ci NOT NULL,
  `mailsonde` tinyint(4) NOT NULL DEFAULT '0',
  `tms` timestamp NOT NULL DEFAULT CURRENT_TIMESTAMP,
  `entity` int(11) NOT NULL DEFAULT '1',
  `allow_comments` tinyint(4) NOT NULL DEFAULT '1',
  `allow_spy` tinyint(4) NOT NULL DEFAULT '1',
  `sujet` text COLLATE utf8_unicode_ci,
  PRIMARY KEY (`id_sondage`),
  KEY `idx_date_fin` (`date_fin`)
) ENGINE=InnoDB DEFAULT CHARSET=utf8 COLLATE=utf8_unicode_ci;

--
-- Dumping data for table `llx_opensurvey_sondage`
--

INSERT INTO `llx_opensurvey_sondage` VALUES ('m4467s2mtk6khmxc','What is your prefered date for a brunch','myemail@aaa.com','fdfds',0,'Date of next brunch','2015-03-07 00:00:00',1,'D',1,'2018-03-16 10:00:54',1,1,1,',1483473600'),('tim1dye8x5eeetxu','Please vote for the candidate you want to have for our new president this year.',NULL,NULL,12,'Election of new president','2017-02-26 04:00:00',1,'A',0,'2018-03-16 10:00:54',1,1,0,'Alan Candide@foragainst,Alex Candor@foragainst');

--
-- Table structure for table `llx_opensurvey_user_formanswers`
--

CREATE TABLE `llx_opensurvey_user_formanswers` (
  `fk_user_survey` int(11) NOT NULL,
  `fk_question` int(11) NOT NULL,
  `reponses` text COLLATE utf8_unicode_ci
) ENGINE=InnoDB DEFAULT CHARSET=utf8 COLLATE=utf8_unicode_ci;

--
-- Dumping data for table `llx_opensurvey_user_formanswers`
--


--
-- Table structure for table `llx_opensurvey_user_studs`
--

CREATE TABLE `llx_opensurvey_user_studs` (
  `id_users` int(11) NOT NULL AUTO_INCREMENT,
  `nom` varchar(64) COLLATE utf8_unicode_ci NOT NULL,
  `id_sondage` varchar(16) COLLATE utf8_unicode_ci NOT NULL,
  `reponses` varchar(100) COLLATE utf8_unicode_ci NOT NULL,
  PRIMARY KEY (`id_users`),
  KEY `idx_id_users` (`id_users`),
  KEY `idx_nom` (`nom`),
  KEY `idx_id_sondage` (`id_sondage`),
  KEY `idx_opensurvey_user_studs_id_users` (`id_users`),
  KEY `idx_opensurvey_user_studs_nom` (`nom`),
  KEY `idx_opensurvey_user_studs_id_sondage` (`id_sondage`)
) ENGINE=InnoDB AUTO_INCREMENT=31 DEFAULT CHARSET=utf8 COLLATE=utf8_unicode_ci;

--
-- Dumping data for table `llx_opensurvey_user_studs`
--

INSERT INTO `llx_opensurvey_user_studs` VALUES (1,'gfdgdf','om4e7azfiurnjtqe','01'),(2,'aa','3imby4hf7joiilsu','210'),(3,'fsdf','z2qcqjh5pm1q4p99','0110'),(5,'hfghf','z2qcqjh5pm1q4p99','1110'),(6,'qqqq','ah9xvaqu1ajjrqse','000111'),(7,'hjgh','ah9xvaqu1ajjrqse','000010'),(8,'bcvb','qgsfrgb922rqzocy','011000'),(9,'gdfg','ah9xvaqu1ajjrqse','001000'),(10,'ggg','ah9xvaqu1ajjrqse','000100'),(11,'gfdgd','ah9xvaqu1ajjrqse','001000'),(12,'hhhh','ah9xvaqu1ajjrqse','010000'),(13,'iii','ah9xvaqu1ajjrqse','000100'),(14,'kkk','ah9xvaqu1ajjrqse','001000'),(15,'lllll','ah9xvaqu1ajjrqse','000001'),(16,'kk','ah9xvaqu1ajjrqse','000001'),(17,'gggg','ah9xvaqu1ajjrqse','001000'),(18,'mmmm','ah9xvaqu1ajjrqse','000000'),(19,'jkjkj','ah9xvaqu1ajjrqse','000001'),(20,'azerty','8mcdnf2hgcntfibe','012'),(21,'hfghfg','8mcdnf2hgcntfibe','012'),(22,'fd','ckanvbe7kt3rdb3h','10'),(25,'John Doe','m4467s2mtk6khmxc','1'),(26,'Martial Bill','m4467s2mtk6khmxc','01'),(27,'Marissa Campbell','m4467s2mtk6khmxc','11'),(28,'Leonard Cast','m4467s2mtk6khmxc','01'),(29,'John Doe','tim1dye8x5eeetxu','01'),(30,'Eldy','tim1dye8x5eeetxu','11');

--
-- Table structure for table `llx_overwrite_trans`
--

CREATE TABLE `llx_overwrite_trans` (
  `rowid` int(11) NOT NULL AUTO_INCREMENT,
  `entity` int(11) NOT NULL DEFAULT '1',
  `lang` varchar(5) COLLATE utf8_unicode_ci DEFAULT NULL,
  `transkey` varchar(128) COLLATE utf8_unicode_ci DEFAULT NULL,
  `transvalue` text COLLATE utf8_unicode_ci,
  PRIMARY KEY (`rowid`),
  UNIQUE KEY `uk_overwrite_trans` (`lang`,`transkey`)
) ENGINE=InnoDB DEFAULT CHARSET=utf8 COLLATE=utf8_unicode_ci;

--
-- Dumping data for table `llx_overwrite_trans`
--


--
-- Table structure for table `llx_packages`
--

CREATE TABLE `llx_packages` (
  `rowid` int(11) NOT NULL AUTO_INCREMENT,
  `ref` varchar(64) COLLATE utf8_unicode_ci NOT NULL,
  `entity` int(11) NOT NULL DEFAULT '1',
  `label` varchar(255) COLLATE utf8_unicode_ci DEFAULT NULL,
  `date_creation` datetime NOT NULL,
  `tms` timestamp NOT NULL DEFAULT CURRENT_TIMESTAMP ON UPDATE CURRENT_TIMESTAMP,
  `fk_user_creat` int(11) NOT NULL,
  `fk_user_modif` int(11) DEFAULT NULL,
  `import_key` varchar(14) COLLATE utf8_unicode_ci DEFAULT NULL,
  `sqldump` varchar(255) COLLATE utf8_unicode_ci DEFAULT NULL,
  `srcfile1` varchar(255) COLLATE utf8_unicode_ci DEFAULT NULL,
  `srcfile2` varchar(255) COLLATE utf8_unicode_ci DEFAULT NULL,
  `srcfile3` varchar(255) COLLATE utf8_unicode_ci DEFAULT NULL,
  `conffile1` mediumtext COLLATE utf8_unicode_ci,
  `sqlafter` mediumtext COLLATE utf8_unicode_ci,
  `crontoadd` mediumtext COLLATE utf8_unicode_ci,
  `cliafter` text COLLATE utf8_unicode_ci,
  `status` int(11) DEFAULT NULL,
  `targetsrcfile1` varchar(255) COLLATE utf8_unicode_ci DEFAULT NULL,
  `targetsrcfile2` varchar(255) COLLATE utf8_unicode_ci DEFAULT NULL,
  `targetsrcfile3` varchar(255) COLLATE utf8_unicode_ci DEFAULT NULL,
  `datafile1` varchar(255) COLLATE utf8_unicode_ci DEFAULT NULL,
  `targetdatafile1` varchar(255) COLLATE utf8_unicode_ci DEFAULT NULL,
  `targetconffile1` varchar(255) COLLATE utf8_unicode_ci DEFAULT NULL,
  `note_public` mediumtext COLLATE utf8_unicode_ci,
  `note_private` mediumtext COLLATE utf8_unicode_ci,
  PRIMARY KEY (`rowid`),
  KEY `idx_packages_rowid` (`rowid`),
  KEY `idx_packages_ref` (`ref`),
  KEY `idx_packages_entity` (`entity`),
  KEY `idx_packages_import_key` (`import_key`),
  KEY `idx_packages_status` (`status`)
) ENGINE=InnoDB AUTO_INCREMENT=8 DEFAULT CHARSET=utf8 COLLATE=utf8_unicode_ci;

--
-- Dumping data for table `llx_packages`
--

INSERT INTO `llx_packages` VALUES (1,'Dolibarr',1,'Dolibarr ERP CRM','2017-09-23 20:27:03','2017-11-04 20:19:20',1,12,NULL,'a','__DOL_DATA_ROOT__/sellyoursaas/git/dolibarr_dev/htdocs','__DOL_DATA_ROOT__/sellyoursaas/git/dolibarr_dev/htdocs/install/doctemplates','__DOL_DATA_ROOT__/sellyoursaas/git/dolibarr_dev/scripts','<?php\r\n//\r\n// File generated by Dolibarr installer 7.0\r\n//\r\n// Take a look at conf.php.example file for an example of conf.php file\r\n// and explanations for all possibles parameters.\r\n//\r\n$dolibarr_main_url_root=\'https://__APPDOMAIN__/\';\r\n$dolibarr_main_document_root=\'__INSTANCEDIR__/htdocs\';\r\n$dolibarr_main_url_root_alt=\'/custom\';\r\n$dolibarr_main_document_root_alt=\'__INSTANCEDIR__/htdocs/custom\';\r\n$dolibarr_main_data_root=\'__INSTANCEDIR__/documents\';\r\n$dolibarr_main_db_host=\'localhost\';\r\n$dolibarr_main_db_port=\'3306\';\r\n$dolibarr_main_db_name=\'__DBNAME__\';\r\n$dolibarr_main_db_user=\'__DBUSER__\';\r\n$dolibarr_main_db_pass=\'__DBPASSWORD__\';\r\n$dolibarr_main_db_type=\'mysqli\';\r\n$dolibarr_main_db_character_set=\'utf8\';\r\n$dolibarr_main_db_collation=\'utf8_unicode_ci\';\r\n$dolibarr_main_authentication=\'dolibarr\';\r\n//$dolibarr_auto_user=\'xxx\';\r\n\r\n// Specific settings\r\n$dolibarr_main_prod=\'0\';\r\n$dolibarr_nocsrfcheck=\'0\';\r\n$dolibarr_main_force_https=\'0\';\r\n$dolibarr_main_cookie_cryptkey=\'__APPUNIQUEKEY__\';\r\n$dolibarr_mailing_limit_sendbyweb=\'50\';\r\n$dolibarr_mailing_limit_sendbycli=\'400\';\r\n\r\n$dolibarr_memcached_view_disable=1;\r\n?>','UPDATE llx_user set pass_crypted = \'__APPPASSWORD0SALTED__\', email = \'__APPEMAIL__\' where login = \'admin\' AND (pass = \'admin\' OR pass_crypted = \'25edccd81ce2def41eae1317392fd106d8152a5b\');\r\nREPLACE INTO llx_const (name, entity, value, type, visible) values(\'CRON_KEY\', 0, \'__OSUSERNAME__\', \'chaine\', 0);\r\nREPLACE INTO llx_const (name, entity, value, type, visible) values(\'MAIN_INFO_SOCIETE_NOM\', 1, \'__APPORGNAME__\', \'chaine\', 0);\r\nREPLACE INTO llx_const (name, entity, value, type, visible) values(\'MAIN_INFO_SOCIETE_COUNTRY\', 1, \'__APPCOUNTRYIDCODELABEL__\', \'chaine\', 0);\r\nUPDATE llx_const set value = \'__APPEMAIL__\' where name = \'MAIN_MAIL_EMAIL_FROM\';\r\n\r\n','__INSTALLMINUTES__  __INSTALLHOURS__ * * * __OSUSERNAME__ __INSTANCEDIR__/scripts/cron/cron_run_jobs.php __OSUSERNAME__ firstadmin > __INSTANCEDIR__/documents/cron.log 2>&1','touch __INSTANCEDIR__/documents/install.lock; \r\nchown -R __OSUSERNAME__.__OSUSERNAME__ __INSTANCEDIR__/documents',1,'__INSTANCEDIR__/htdocs','__INSTANCEDIR__/documents/doctemplates','__INSTANCEDIR__/scripts','__DOL_DATA_ROOT__/sellyoursaas/packages/__PACKAGEREF__','a','__INSTANCEDIR__/htdocs/conf/conf.php','',''),(5,'Dolibarr 6',1,'Dolibarr ERP CRM','2017-09-23 20:27:03','2017-11-04 20:19:20',12,12,NULL,NULL,'__DOL_DATA_ROOT__/sellyoursaas/git/dolibarr_6.0/htdocs','__DOL_DATA_ROOT__/sellyoursaas/git/dolibarr_6.0/htdocs/install/doctemplates','__DOL_DATA_ROOT__/sellyoursaas/git/dolibarr_6.0/scripts','<?php\r\n//\r\n// File generated by Dolibarr installer 7.0\r\n//\r\n// Take a look at conf.php.example file for an example of conf.php file\r\n// and explanations for all possibles parameters.\r\n//\r\n$dolibarr_main_url_root=\'https://__APPDOMAIN__/\';\r\n$dolibarr_main_document_root=\'__INSTANCEDIR__/htdocs\';\r\n$dolibarr_main_url_root_alt=\'/custom\';\r\n$dolibarr_main_document_root_alt=\'__INSTANCEDIR__/htdocs/custom\';\r\n$dolibarr_main_data_root=\'__INSTANCEDIR__/documents\';\r\n$dolibarr_main_db_host=\'localhost\';\r\n$dolibarr_main_db_port=\'3306\';\r\n$dolibarr_main_db_name=\'__DBNAME__\';\r\n$dolibarr_main_db_user=\'__DBUSER__\';\r\n$dolibarr_main_db_pass=\'__DBPASSWORD__\';\r\n$dolibarr_main_db_type=\'mysqli\';\r\n$dolibarr_main_db_character_set=\'utf8\';\r\n$dolibarr_main_db_collation=\'utf8_unicode_ci\';\r\n$dolibarr_main_authentication=\'dolibarr\';\r\n//$dolibarr_auto_user=\'xxx\';\r\n\r\n// Specific settings\r\n$dolibarr_main_prod=\'0\';\r\n$dolibarr_nocsrfcheck=\'0\';\r\n$dolibarr_main_force_https=\'0\';\r\n$dolibarr_main_cookie_cryptkey=\'__APPUNIQUEKEY__\';\r\n$dolibarr_mailing_limit_sendbyweb=\'50\';\r\n$dolibarr_mailing_limit_sendbycli=\'400\';\r\n\r\n$dolibarr_memcached_view_disable=1;\r\n?>','UPDATE llx_user set pass_crypted = \'__APPPASSWORD0SALTED__\', email = \'__APPEMAIL__\' where login = \'admin\' AND (pass = \'admin\' OR pass_crypted = \'25edccd81ce2def41eae1317392fd106d8152a5b\');\r\nREPLACE INTO llx_const (name, entity, value, type, visible) values(\'CRON_KEY\', 0, \'__OSUSERNAME__\', \'chaine\', 0);','__INSTALLMINUTES__  __INSTALLHOURS__ * * * __OSUSERNAME__ __INSTANCEDIR__/scripts/cron/cron_run_jobs.php __OSUSERNAME__ firstadmin > __INSTANCEDIR__/documents/cron.log 2>&1','touch __INSTANCEDIR__/documents/install.lock; \r\nchown -R __OSUSERNAME__.__OSUSERNAME__ __INSTANCEDIR__/documents',1,'__INSTANCEDIR__/htdocs','__INSTANCEDIR__/documents/doctemplates','__INSTANCEDIR__/scripts','__DOL_DATA_ROOT__/sellyoursaas/packages/__PACKAGEREF__',NULL,'__INSTANCEDIR__/htdocs/conf/conf.php','',''),(6,'DoliPos',1,'Module POS','2017-09-23 20:27:03','2017-11-04 20:19:20',12,12,NULL,NULL,'__DOL_DATA_ROOT__/sellyoursaas/git/module_pos',NULL,NULL,NULL,NULL,NULL,'rm -fr __INSTANCEDIR__/documents/install.lock;\r\ncd __INSTANCEDIR__/htdocs/install/;\r\nphp __INSTANCEDIR__/htdocs/install/upgrade2.php 0.0.0 0.0.0 MAIN_MODULE_Societe;\r\nphp __INSTANCEDIR__/htdocs/install/upgrade2.php 0.0.0 0.0.0 MAIN_MODULE_Facture;\r\nphp __INSTANCEDIR__/htdocs/install/upgrade2.php 0.0.0 0.0.0 MAIN_MODULE_Commande;\r\nphp __INSTANCEDIR__/htdocs/install/upgrade2.php 0.0.0 0.0.0 MAIN_MODULE_Product;\r\nphp __INSTANCEDIR__/htdocs/install/upgrade2.php 0.0.0 0.0.0 MAIN_MODULE_Stock;\r\nphp __INSTANCEDIR__/htdocs/install/upgrade2.php 0.0.0 0.0.0 MAIN_MODULE_Banque;\r\nphp __INSTANCEDIR__/htdocs/install/upgrade2.php 0.0.0 0.0.0 MAIN_MODULE_POS;\r\ntouch __INSTANCEDIR__/documents/install.lock; \r\nchown -R __OSUSERNAME__.__OSUSERNAME__ __INSTANCEDIR__/documents;',1,'__INSTANCEDIR__/htdocs',NULL,NULL,'__DOL_DATA_ROOT__/sellyoursaas/packages/__PACKAGEREF__',NULL,NULL,'',''),(7,'DoliMed',1,'Module DoliMed','2017-09-23 20:27:03','2017-11-04 20:19:20',12,12,NULL,NULL,'__DOL_DATA_ROOT__/sellyoursaas/git/module_dolimed/htdocs',NULL,NULL,NULL,NULL,NULL,'rm -fr __INSTANCEDIR__/documents/install.lock;\r\ncd __INSTANCEDIR__/htdocs/install/;\r\nphp __INSTANCEDIR__/htdocs/install/upgrade2.php 0.0.0 0.0.0 MAIN_MODULE_SOCIETE,MAIN_MODULE_CabinetMed;\r\ntouch __INSTANCEDIR__/documents/install.lock; \r\nchown -R __OSUSERNAME__.__OSUSERNAME__ __INSTANCEDIR__/documents;',1,'__INSTANCEDIR__/htdocs',NULL,NULL,'__DOL_DATA_ROOT__/sellyoursaas/packages/__PACKAGEREF__',NULL,NULL,'','');

--
-- Table structure for table `llx_packages_extrafields`
--

CREATE TABLE `llx_packages_extrafields` (
  `rowid` int(11) NOT NULL AUTO_INCREMENT,
  `tms` timestamp NOT NULL DEFAULT CURRENT_TIMESTAMP ON UPDATE CURRENT_TIMESTAMP,
  `fk_object` int(11) NOT NULL,
  `import_key` varchar(14) COLLATE utf8_unicode_ci DEFAULT NULL,
  PRIMARY KEY (`rowid`)
) ENGINE=InnoDB DEFAULT CHARSET=utf8 COLLATE=utf8_unicode_ci;

--
-- Dumping data for table `llx_packages_extrafields`
--


--
-- Table structure for table `llx_paiement`
--

CREATE TABLE `llx_paiement` (
  `rowid` int(11) NOT NULL AUTO_INCREMENT,
  `ref` varchar(30) COLLATE utf8_unicode_ci NOT NULL DEFAULT '',
  `entity` int(11) NOT NULL DEFAULT '1',
  `datec` datetime DEFAULT NULL,
  `tms` timestamp NOT NULL DEFAULT CURRENT_TIMESTAMP ON UPDATE CURRENT_TIMESTAMP,
  `datep` datetime DEFAULT NULL,
  `amount` double(24,8) DEFAULT NULL,
  `fk_paiement` int(11) NOT NULL,
  `num_paiement` varchar(50) COLLATE utf8_unicode_ci DEFAULT NULL,
  `note` text COLLATE utf8_unicode_ci,
  `fk_bank` int(11) NOT NULL DEFAULT '0',
  `fk_user_creat` int(11) DEFAULT NULL,
  `fk_user_modif` int(11) DEFAULT NULL,
  `statut` smallint(6) NOT NULL DEFAULT '0',
  `fk_export_compta` int(11) NOT NULL DEFAULT '0',
  `multicurrency_amount` double(24,8) DEFAULT '0.00000000',
  `ext_payment_id` varchar(128) COLLATE utf8_unicode_ci DEFAULT NULL,
  `ext_payment_site` varchar(128) COLLATE utf8_unicode_ci DEFAULT NULL,
  PRIMARY KEY (`rowid`)
) ENGINE=InnoDB AUTO_INCREMENT=39 DEFAULT CHARSET=utf8 COLLATE=utf8_unicode_ci;

--
-- Dumping data for table `llx_paiement`
--

INSERT INTO `llx_paiement` VALUES (2,'',1,'2013-07-18 20:50:24','2018-07-30 15:13:20','2018-07-08 12:00:00',20.00000000,6,'','',5,1,NULL,0,0,0.00000000,NULL,NULL),(3,'',1,'2013-07-18 20:50:47','2018-07-30 15:13:20','2018-07-08 12:00:00',10.00000000,4,'','',6,1,NULL,0,0,0.00000000,NULL,NULL),(5,'',1,'2013-08-01 03:34:11','2018-07-30 15:12:32','2017-08-01 03:34:11',5.63000000,6,'','Payment Invoice FA1108-0003',8,1,NULL,0,0,0.00000000,NULL,NULL),(6,'',1,'2013-08-06 20:33:54','2018-07-30 15:12:32','2017-08-06 20:33:53',5.98000000,4,'','Payment Invoice FA1108-0004',13,1,NULL,0,0,0.00000000,NULL,NULL),(8,'',1,'2013-08-08 02:53:40','2018-07-30 15:12:32','2017-08-08 12:00:00',26.10000000,4,'','',14,1,NULL,0,0,0.00000000,NULL,NULL),(9,'',1,'2013-08-08 02:55:58','2018-07-30 15:12:32','2017-08-08 12:00:00',26.96000000,1,'','',15,1,NULL,0,0,0.00000000,NULL,NULL),(17,'',1,'2014-12-09 15:28:44','2018-07-30 15:12:32','2017-12-09 12:00:00',2.00000000,4,'','',16,1,NULL,0,0,0.00000000,NULL,NULL),(18,'',1,'2014-12-09 15:28:53','2018-07-30 15:12:32','2017-12-09 12:00:00',-2.00000000,4,'','',17,1,NULL,0,0,0.00000000,NULL,NULL),(19,'',1,'2014-12-09 17:35:55','2018-07-30 15:12:32','2017-12-09 12:00:00',-2.00000000,4,'','',18,1,NULL,0,0,0.00000000,NULL,NULL),(20,'',1,'2014-12-09 17:37:02','2018-07-30 15:12:32','2017-12-09 12:00:00',2.00000000,4,'','',19,1,NULL,0,0,0.00000000,NULL,NULL),(21,'',1,'2014-12-09 18:35:07','2018-07-30 15:12:32','2017-12-09 12:00:00',-2.00000000,4,'','',20,1,NULL,0,0,0.00000000,NULL,NULL),(23,'',1,'2014-12-12 18:54:33','2018-07-30 15:12:32','2017-12-12 12:00:00',1.00000000,1,'','',21,1,NULL,0,0,0.00000000,NULL,NULL),(24,'',1,'2015-03-06 16:48:16','2018-07-30 15:13:20','2018-03-06 00:00:00',20.00000000,4,'','Adhésion/cotisation 2016',22,1,NULL,0,0,0.00000000,NULL,NULL),(25,'',1,'2015-03-20 14:30:11','2018-07-30 15:13:20','2018-03-20 00:00:00',10.00000000,2,'','Adhésion/cotisation 2011',23,1,NULL,0,0,0.00000000,NULL,NULL),(26,'',1,'2016-03-02 19:57:58','2018-07-30 15:13:20','2018-07-09 12:00:00',605.00000000,2,'','',24,1,NULL,0,0,0.00000000,NULL,NULL),(29,'',1,'2016-03-02 20:01:39','2018-07-30 15:13:20','2018-03-19 12:00:00',500.00000000,4,'','',26,1,NULL,0,0,0.00000000,NULL,NULL),(30,'',1,'2016-03-02 20:02:06','2018-07-30 15:13:20','2018-03-21 12:00:00',400.00000000,2,'','',27,1,NULL,0,0,0.00000000,NULL,NULL),(32,'',1,'2016-03-03 19:22:32','2018-07-30 15:12:32','2017-10-03 12:00:00',-400.00000000,4,'','',28,1,NULL,0,0,0.00000000,NULL,NULL),(33,'',1,'2016-03-03 19:23:16','2018-07-30 15:13:20','2018-03-10 12:00:00',-300.00000000,4,'','',29,1,NULL,0,0,0.00000000,NULL,NULL),(34,'PAY1603-0001',1,'2017-02-06 08:10:24','2017-02-06 04:10:24','2018-03-22 12:00:00',150.00000000,7,'','',33,12,NULL,0,0,150.00000000,NULL,NULL),(35,'PAY1603-0002',1,'2017-02-06 08:10:50','2017-02-06 04:10:50','2018-03-25 12:00:00',140.00000000,3,'','',34,12,NULL,0,0,140.00000000,NULL,NULL),(36,'PAY1702-0003',1,'2017-02-21 16:07:43','2017-02-21 12:07:43','2017-02-21 12:00:00',50.00000000,3,'T170201','',37,12,NULL,0,0,50.00000000,NULL,NULL),(38,'PAY1803-0004',1,'2018-03-16 13:59:31','2018-03-16 09:59:31','2018-03-16 12:00:00',10.00000000,7,'','',39,12,NULL,0,0,10.00000000,NULL,NULL);

--
-- Table structure for table `llx_paiement_facture`
--

CREATE TABLE `llx_paiement_facture` (
  `rowid` int(11) NOT NULL AUTO_INCREMENT,
  `fk_paiement` int(11) DEFAULT NULL,
  `fk_facture` int(11) DEFAULT NULL,
  `amount` double(24,8) DEFAULT NULL,
  `multicurrency_amount` double(24,8) DEFAULT '0.00000000',
  PRIMARY KEY (`rowid`),
  UNIQUE KEY `uk_paiement_facture` (`fk_paiement`,`fk_facture`),
  KEY `idx_paiement_facture_fk_facture` (`fk_facture`),
  KEY `idx_paiement_facture_fk_paiement` (`fk_paiement`),
  CONSTRAINT `fk_paiement_facture_fk_facture` FOREIGN KEY (`fk_facture`) REFERENCES `llx_facture` (`rowid`),
  CONSTRAINT `fk_paiement_facture_fk_paiement` FOREIGN KEY (`fk_paiement`) REFERENCES `llx_paiement` (`rowid`)
) ENGINE=InnoDB AUTO_INCREMENT=43 DEFAULT CHARSET=utf8 COLLATE=utf8_unicode_ci;

--
-- Dumping data for table `llx_paiement_facture`
--

INSERT INTO `llx_paiement_facture` VALUES (2,2,2,20.00000000,0.00000000),(3,3,2,10.00000000,0.00000000),(5,5,5,5.63000000,0.00000000),(6,6,6,5.98000000,0.00000000),(9,8,2,16.10000000,0.00000000),(10,8,8,10.00000000,0.00000000),(11,9,3,15.00000000,0.00000000),(12,9,9,11.96000000,0.00000000),(24,20,9,1.00000000,0.00000000),(31,26,32,600.00000000,0.00000000),(36,29,32,500.00000000,0.00000000),(37,30,32,400.00000000,0.00000000),(38,34,211,150.00000000,150.00000000),(39,35,211,140.00000000,140.00000000),(40,36,211,50.00000000,50.00000000),(42,38,149,10.00000000,10.00000000);

--
-- Table structure for table `llx_paiementcharge`
--

CREATE TABLE `llx_paiementcharge` (
  `rowid` int(11) NOT NULL AUTO_INCREMENT,
  `fk_charge` int(11) DEFAULT NULL,
  `datec` datetime DEFAULT NULL,
  `tms` timestamp NOT NULL DEFAULT CURRENT_TIMESTAMP ON UPDATE CURRENT_TIMESTAMP,
  `datep` datetime DEFAULT NULL,
  `amount` double(24,8) DEFAULT NULL,
  `fk_typepaiement` int(11) NOT NULL,
  `num_paiement` varchar(50) COLLATE utf8_unicode_ci DEFAULT NULL,
  `note` text COLLATE utf8_unicode_ci,
  `fk_bank` int(11) NOT NULL,
  `fk_user_creat` int(11) DEFAULT NULL,
  `fk_user_modif` int(11) DEFAULT NULL,
  PRIMARY KEY (`rowid`)
) ENGINE=InnoDB AUTO_INCREMENT=5 DEFAULT CHARSET=utf8 COLLATE=utf8_unicode_ci;

--
-- Dumping data for table `llx_paiementcharge`
--

INSERT INTO `llx_paiementcharge` VALUES (4,4,'2013-08-05 23:11:37','2013-08-05 21:11:37','2013-08-05 12:00:00',10.00000000,2,'','',12,1,NULL);

--
-- Table structure for table `llx_paiementfourn`
--

CREATE TABLE `llx_paiementfourn` (
  `rowid` int(11) NOT NULL AUTO_INCREMENT,
  `ref` varchar(30) COLLATE utf8_unicode_ci DEFAULT NULL,
  `entity` int(11) DEFAULT NULL,
  `tms` timestamp NOT NULL DEFAULT CURRENT_TIMESTAMP ON UPDATE CURRENT_TIMESTAMP,
  `datec` datetime DEFAULT NULL,
  `datep` datetime DEFAULT NULL,
  `amount` double(24,8) DEFAULT NULL,
  `fk_user_author` int(11) DEFAULT NULL,
  `fk_user_modif` int(11) DEFAULT NULL,
  `fk_paiement` int(11) NOT NULL,
  `num_paiement` varchar(50) COLLATE utf8_unicode_ci DEFAULT NULL,
  `note` text COLLATE utf8_unicode_ci,
  `fk_bank` int(11) NOT NULL,
  `statut` smallint(6) NOT NULL DEFAULT '0',
  `multicurrency_amount` double(24,8) DEFAULT '0.00000000',
  `model_pdf` varchar(255) COLLATE utf8_unicode_ci DEFAULT NULL,
  PRIMARY KEY (`rowid`)
) ENGINE=InnoDB AUTO_INCREMENT=3 DEFAULT CHARSET=utf8 COLLATE=utf8_unicode_ci;

--
-- Dumping data for table `llx_paiementfourn`
--

INSERT INTO `llx_paiementfourn` VALUES (1,'1',1,'2018-01-19 11:17:47','2018-01-22 18:56:34','2018-01-22 12:00:00',900.00000000,12,NULL,4,'','',30,0,0.00000000,NULL),(2,'SPAY1702-0001',1,'2017-02-01 15:02:45','2017-02-01 19:02:44','2017-02-01 12:00:00',200.00000000,12,NULL,4,'','',32,0,200.00000000,NULL);

--
-- Table structure for table `llx_paiementfourn_facturefourn`
--

CREATE TABLE `llx_paiementfourn_facturefourn` (
  `rowid` int(11) NOT NULL AUTO_INCREMENT,
  `fk_paiementfourn` int(11) DEFAULT NULL,
  `fk_facturefourn` int(11) DEFAULT NULL,
  `amount` double DEFAULT '0',
  `multicurrency_amount` double(24,8) DEFAULT '0.00000000',
  PRIMARY KEY (`rowid`),
  UNIQUE KEY `uk_paiementfourn_facturefourn` (`fk_paiementfourn`,`fk_facturefourn`),
  KEY `idx_paiementfourn_facturefourn_fk_facture` (`fk_facturefourn`),
  KEY `idx_paiementfourn_facturefourn_fk_paiement` (`fk_paiementfourn`)
) ENGINE=InnoDB AUTO_INCREMENT=3 DEFAULT CHARSET=utf8 COLLATE=utf8_unicode_ci;

--
-- Dumping data for table `llx_paiementfourn_facturefourn`
--

INSERT INTO `llx_paiementfourn_facturefourn` VALUES (1,1,16,900,0.00000000),(2,2,20,200,200.00000000);

--
-- Table structure for table `llx_payment_donation`
--

CREATE TABLE `llx_payment_donation` (
  `rowid` int(11) NOT NULL AUTO_INCREMENT,
  `fk_donation` int(11) DEFAULT NULL,
  `datec` datetime DEFAULT NULL,
  `tms` timestamp NOT NULL DEFAULT CURRENT_TIMESTAMP ON UPDATE CURRENT_TIMESTAMP,
  `datep` datetime DEFAULT NULL,
  `amount` double(24,8) DEFAULT NULL,
  `fk_typepayment` int(11) NOT NULL,
  `num_payment` varchar(50) COLLATE utf8_unicode_ci DEFAULT NULL,
  `note` text COLLATE utf8_unicode_ci,
  `fk_bank` int(11) NOT NULL,
  `fk_user_creat` int(11) DEFAULT NULL,
  `fk_user_modif` int(11) DEFAULT NULL,
  PRIMARY KEY (`rowid`)
) ENGINE=InnoDB AUTO_INCREMENT=2 DEFAULT CHARSET=utf8 COLLATE=utf8_unicode_ci;

--
